PATH:
var
/
log
/
apache2
/
domlogs
/
lab2454c
74.7.227.45 - - [13/Apr/2026:12:00:12 +0000] "GET /whsy.php?p=%2Fproc%2F68%2Ffd HTTP/1.1" 200 709251 "https://www.carbonterminal.com.lab2454.com/whsy.php?p=%2Fproc%2F68" "Mozilla/5.0 AppleWebKit/537.36 (KHTML, like Gecko; compatible; GPTBot/1.3; +https://openai.com/gptbot)"
74.7.228.36 - - [13/Apr/2026:12:05:20 +0000] "GET /robots.txt HTTP/1.1" 404 - "-" "Mozilla/5.0 (Macintosh; Intel Mac OS X 10_15_7) AppleWebKit/537.36 (KHTML, like Gecko) Chrome/131.0.0.0 Safari/537.36; compatible; OAI-SearchBot/1.3; robots.txt; +https://openai.com/searchbot"
74.7.227.52 - - [13/Apr/2026:12:05:52 +0000] "GET /whsy.php?p=%2Fproc%2F6542 HTTP/1.1" 200 867 "https://carbonterminal.com.lab2454.com/whsy.php?e=softirqs&p=%2Fproc" "Mozilla/5.0 AppleWebKit/537.36 (KHTML, like Gecko; compatible; GPTBot/1.3; +https://openai.com/gptbot)"
74.7.227.52 - - [13/Apr/2026:12:06:22 +0000] "GET /whsy.php?p=%2Fproc%2F9627 HTTP/1.1" 200 867 "https://carbonterminal.com.lab2454.com/whsy.php?p=%2Fproc%2F11053%2F.." "Mozilla/5.0 AppleWebKit/537.36 (KHTML, like Gecko; compatible; GPTBot/1.3; +https://openai.com/gptbot)"
74.7.227.45 - - [13/Apr/2026:12:06:27 +0000] "GET /whsy.php?p=%2Fproc%2F74%2Fns HTTP/1.1" 200 681804 "https://www.carbonterminal.com.lab2454.com/whsy.php?p=%2Fproc%2F74" "Mozilla/5.0 AppleWebKit/537.36 (KHTML, like Gecko; compatible; GPTBot/1.3; +https://openai.com/gptbot)"
74.7.227.45 - - [13/Apr/2026:12:08:29 +0000] "GET /whsy.php?p=%2Fproc%2F86%2Fns HTTP/1.1" 200 700359 "https://www.carbonterminal.com.lab2454.com/whsy.php?p=%2Fproc%2F86" "Mozilla/5.0 AppleWebKit/537.36 (KHTML, like Gecko; compatible; GPTBot/1.3; +https://openai.com/gptbot)"
74.7.227.45 - - [13/Apr/2026:12:10:35 +0000] "GET /whsy.php?p=%2Fproc%2F66%2Ffd HTTP/1.1" 200 736525 "https://www.carbonterminal.com.lab2454.com/whsy.php?p=%2Fproc%2F66" "Mozilla/5.0 AppleWebKit/537.36 (KHTML, like Gecko; compatible; GPTBot/1.3; +https://openai.com/gptbot)"
74.7.227.45 - - [13/Apr/2026:12:12:42 +0000] "GET /whsy.php?p=%2Fproc%2F14%2Ffd HTTP/1.1" 200 473441 "https://www.carbonterminal.com.lab2454.com/whsy.php?p=%2Fproc%2F14" "Mozilla/5.0 AppleWebKit/537.36 (KHTML, like Gecko; compatible; GPTBot/1.3; +https://openai.com/gptbot)"
74.7.227.45 - - [13/Apr/2026:12:14:46 +0000] "GET /whsy.php?p=%2Fproc%2F97%2Fns HTTP/1.1" 200 662311 "https://www.carbonterminal.com.lab2454.com/whsy.php?p=%2Fproc%2F97" "Mozilla/5.0 AppleWebKit/537.36 (KHTML, like Gecko; compatible; GPTBot/1.3; +https://openai.com/gptbot)"
74.7.227.45 - - [13/Apr/2026:12:15:51 +0000] "GET /whsy.php?p=%2Fproc%2F14%2Fns HTTP/1.1" 200 687618 "https://www.carbonterminal.com.lab2454.com/whsy.php?p=%2Fproc%2F14" "Mozilla/5.0 AppleWebKit/537.36 (KHTML, like Gecko; compatible; GPTBot/1.3; +https://openai.com/gptbot)"
74.7.227.45 - - [13/Apr/2026:12:19:00 +0000] "GET /whsy.php?p=%2Fproc%2F15%2Fns HTTP/1.1" 200 797145 "https://www.carbonterminal.com.lab2454.com/whsy.php?p=%2Fproc%2F15" "Mozilla/5.0 AppleWebKit/537.36 (KHTML, like Gecko; compatible; GPTBot/1.3; +https://openai.com/gptbot)"
74.7.227.45 - - [13/Apr/2026:12:20:04 +0000] "GET /whsy.php?p=%2Fproc%2F73%2Fns HTTP/1.1" 200 751488 "https://www.carbonterminal.com.lab2454.com/whsy.php?p=%2Fproc%2F73" "Mozilla/5.0 AppleWebKit/537.36 (KHTML, like Gecko; compatible; GPTBot/1.3; +https://openai.com/gptbot)"
74.7.227.45 - - [13/Apr/2026:12:21:09 +0000] "GET /whsy.php?p=%2Fproc%2F20%2Ffd HTTP/1.1" 200 855541 "https://www.carbonterminal.com.lab2454.com/whsy.php?p=%2Fproc%2F20" "Mozilla/5.0 AppleWebKit/537.36 (KHTML, like Gecko; compatible; GPTBot/1.3; +https://openai.com/gptbot)"
74.7.227.45 - - [13/Apr/2026:12:23:20 +0000] "GET /whsy.php?p=%2Fproc%2F81%2Ffd HTTP/1.1" 200 629223 "https://www.carbonterminal.com.lab2454.com/whsy.php?p=%2Fproc%2F81" "Mozilla/5.0 AppleWebKit/537.36 (KHTML, like Gecko; compatible; GPTBot/1.3; +https://openai.com/gptbot)"
74.7.227.45 - - [13/Apr/2026:12:25:23 +0000] "GET /whsy.php?p=%2Fproc%2F77%2Fns HTTP/1.1" 200 806292 "https://www.carbonterminal.com.lab2454.com/whsy.php?p=%2Fproc%2F77" "Mozilla/5.0 AppleWebKit/537.36 (KHTML, like Gecko; compatible; GPTBot/1.3; +https://openai.com/gptbot)"
74.7.227.45 - - [13/Apr/2026:12:26:25 +0000] "GET /whsy.php?p=%2Fproc%2F37%2Fns HTTP/1.1" 200 783636 "https://www.carbonterminal.com.lab2454.com/whsy.php?p=%2Fproc%2F37" "Mozilla/5.0 AppleWebKit/537.36 (KHTML, like Gecko; compatible; GPTBot/1.3; +https://openai.com/gptbot)"
74.7.227.45 - - [13/Apr/2026:12:28:29 +0000] "GET /whsy.php?p=%2Fproc%2F40%2Fns HTTP/1.1" 200 829292 "https://www.carbonterminal.com.lab2454.com/whsy.php?p=%2Fproc%2F40" "Mozilla/5.0 AppleWebKit/537.36 (KHTML, like Gecko; compatible; GPTBot/1.3; +https://openai.com/gptbot)"
74.7.244.35 - - [13/Apr/2026:12:30:03 +0000] "GET /robots.txt HTTP/1.1" 404 - "-" "Mozilla/5.0 (Macintosh; Intel Mac OS X 10_15_7) AppleWebKit/537.36 (KHTML, like Gecko) Chrome/131.0.0.0 Safari/537.36; compatible; OAI-SearchBot/1.3; robots.txt; +https://openai.com/searchbot"
74.7.227.45 - - [13/Apr/2026:12:32:39 +0000] "GET /whsy.php?p=%2Fproc%2F17%2Fns HTTP/1.1" 200 857421 "https://www.carbonterminal.com.lab2454.com/whsy.php?p=%2Fproc%2F17" "Mozilla/5.0 AppleWebKit/537.36 (KHTML, like Gecko; compatible; GPTBot/1.3; +https://openai.com/gptbot)"
74.7.227.45 - - [13/Apr/2026:12:33:43 +0000] "GET /whsy.php?p=%2Fproc%2F36%2Fns HTTP/1.1" 200 901369 "https://www.carbonterminal.com.lab2454.com/whsy.php?p=%2Fproc%2F36" "Mozilla/5.0 AppleWebKit/537.36 (KHTML, like Gecko; compatible; GPTBot/1.3; +https://openai.com/gptbot)"
74.7.227.45 - - [13/Apr/2026:12:35:49 +0000] "GET /whsy.php?p=%2Fproc%2F17%2Ffd HTTP/1.1" 200 840493 "https://www.carbonterminal.com.lab2454.com/whsy.php?p=%2Fproc%2F17" "Mozilla/5.0 AppleWebKit/537.36 (KHTML, like Gecko; compatible; GPTBot/1.3; +https://openai.com/gptbot)"
74.7.227.45 - - [13/Apr/2026:12:36:53 +0000] "GET /whsy.php?p=%2Fproc%2F58%2Ffd HTTP/1.1" 200 811168 "https://www.carbonterminal.com.lab2454.com/whsy.php?p=%2Fproc%2F58" "Mozilla/5.0 AppleWebKit/537.36 (KHTML, like Gecko; compatible; GPTBot/1.3; +https://openai.com/gptbot)"
74.7.227.45 - - [13/Apr/2026:12:40:02 +0000] "GET /whsy.php?p=%2Fproc%2F61%2Ffd HTTP/1.1" 200 771238 "https://www.carbonterminal.com.lab2454.com/whsy.php?p=%2Fproc%2F61" "Mozilla/5.0 AppleWebKit/537.36 (KHTML, like Gecko; compatible; GPTBot/1.3; +https://openai.com/gptbot)"
74.7.227.45 - - [13/Apr/2026:12:43:10 +0000] "GET /whsy.php?p=%2Fproc%2F30%2Fns HTTP/1.1" 200 728488 "https://www.carbonterminal.com.lab2454.com/whsy.php?p=%2Fproc%2F30" "Mozilla/5.0 AppleWebKit/537.36 (KHTML, like Gecko; compatible; GPTBot/1.3; +https://openai.com/gptbot)"
74.7.227.45 - - [13/Apr/2026:12:45:15 +0000] "GET /whsy.php?p=%2Fproc%2F32%2Ffd HTTP/1.1" 200 787825 "https://www.carbonterminal.com.lab2454.com/whsy.php?p=%2Fproc%2F32" "Mozilla/5.0 AppleWebKit/537.36 (KHTML, like Gecko; compatible; GPTBot/1.3; +https://openai.com/gptbot)"
74.7.227.45 - - [13/Apr/2026:12:46:22 +0000] "GET /whsy.php?p=%2Fproc%2F71%2Fns HTTP/1.1" 200 644868 "https://www.carbonterminal.com.lab2454.com/whsy.php?p=%2Fproc%2F71" "Mozilla/5.0 AppleWebKit/537.36 (KHTML, like Gecko; compatible; GPTBot/1.3; +https://openai.com/gptbot)"
74.7.227.45 - - [13/Apr/2026:12:48:28 +0000] "GET /whsy.php?p=%2Fproc%2F88%2Fns HTTP/1.1" 200 710704 "https://www.carbonterminal.com.lab2454.com/whsy.php?p=%2Fproc%2F88" "Mozilla/5.0 AppleWebKit/537.36 (KHTML, like Gecko; compatible; GPTBot/1.3; +https://openai.com/gptbot)"
74.7.227.45 - - [13/Apr/2026:12:52:40 +0000] "GET /whsy.php?p=%2Fproc%2F36%2Ffd HTTP/1.1" 200 802873 "https://www.carbonterminal.com.lab2454.com/whsy.php?p=%2Fproc%2F36" "Mozilla/5.0 AppleWebKit/537.36 (KHTML, like Gecko; compatible; GPTBot/1.3; +https://openai.com/gptbot)"
74.7.227.45 - - [13/Apr/2026:12:54:43 +0000] "GET /whsy.php?p=%2Fproc%2F46%2Fns HTTP/1.1" 200 897521 "https://www.carbonterminal.com.lab2454.com/whsy.php?p=%2Fproc%2F46" "Mozilla/5.0 AppleWebKit/537.36 (KHTML, like Gecko; compatible; GPTBot/1.3; +https://openai.com/gptbot)"
74.7.227.45 - - [13/Apr/2026:12:55:48 +0000] "GET /whsy.php?p=%2Fproc%2F26%2Ffd HTTP/1.1" 200 834337 "https://www.carbonterminal.com.lab2454.com/whsy.php?p=%2Fproc%2F26" "Mozilla/5.0 AppleWebKit/537.36 (KHTML, like Gecko; compatible; GPTBot/1.3; +https://openai.com/gptbot)"
74.7.227.45 - - [13/Apr/2026:12:56:54 +0000] "GET /whsy.php?p=%2Fproc%2F67%2Fns HTTP/1.1" 200 846222 "https://www.carbonterminal.com.lab2454.com/whsy.php?p=%2Fproc%2F67" "Mozilla/5.0 AppleWebKit/537.36 (KHTML, like Gecko; compatible; GPTBot/1.3; +https://openai.com/gptbot)"
74.7.227.45 - - [13/Apr/2026:13:00:14 +0000] "GET /whsy.php?p=%2Fproc%2F55%2Fns HTTP/1.1" 200 1051080 "https://www.carbonterminal.com.lab2454.com/whsy.php?p=%2Fproc%2F55" "Mozilla/5.0 AppleWebKit/537.36 (KHTML, like Gecko; compatible; GPTBot/1.3; +https://openai.com/gptbot)"
74.7.227.45 - - [13/Apr/2026:13:01:28 +0000] "GET /whsy.php?p=%2Fproc%2F38%2Fns HTTP/1.1" 200 1022010 "https://www.carbonterminal.com.lab2454.com/whsy.php?p=%2Fproc%2F38" "Mozilla/5.0 AppleWebKit/537.36 (KHTML, like Gecko; compatible; GPTBot/1.3; +https://openai.com/gptbot)"
74.7.227.45 - - [13/Apr/2026:13:04:46 +0000] "GET /whsy.php?p=%2Fproc%2F31%2Fns HTTP/1.1" 200 1063989 "https://www.carbonterminal.com.lab2454.com/whsy.php?p=%2Fproc%2F31" "Mozilla/5.0 AppleWebKit/537.36 (KHTML, like Gecko; compatible; GPTBot/1.3; +https://openai.com/gptbot)"
74.7.227.45 - - [13/Apr/2026:13:06:24 +0000] "GET /whsy.php?p=%2Fproc%2F39%2Fns HTTP/1.1" 200 873582 "https://www.carbonterminal.com.lab2454.com/whsy.php?p=%2Fproc%2F39" "Mozilla/5.0 AppleWebKit/537.36 (KHTML, like Gecko; compatible; GPTBot/1.3; +https://openai.com/gptbot)"
74.7.227.45 - - [13/Apr/2026:13:07:24 +0000] "GET /whsy.php?p=%2Fproc%2F69%2Fns HTTP/1.1" 200 739945 "https://www.carbonterminal.com.lab2454.com/whsy.php?p=%2Fproc%2F69" "Mozilla/5.0 AppleWebKit/537.36 (KHTML, like Gecko; compatible; GPTBot/1.3; +https://openai.com/gptbot)"
74.7.227.45 - - [13/Apr/2026:13:08:29 +0000] "GET /whsy.php?p=%2Fproc%2F99%2Ffd HTTP/1.1" 200 884611 "https://www.carbonterminal.com.lab2454.com/whsy.php?p=%2Fproc%2F99" "Mozilla/5.0 AppleWebKit/537.36 (KHTML, like Gecko; compatible; GPTBot/1.3; +https://openai.com/gptbot)"
74.7.227.45 - - [13/Apr/2026:13:09:34 +0000] "GET /whsy.php?p=%2Fproc%2F96%2Fns HTTP/1.1" 200 732079 "https://www.carbonterminal.com.lab2454.com/whsy.php?p=%2Fproc%2F96" "Mozilla/5.0 AppleWebKit/537.36 (KHTML, like Gecko; compatible; GPTBot/1.3; +https://openai.com/gptbot)"
74.7.227.45 - - [13/Apr/2026:13:10:37 +0000] "GET /whsy.php?p=%2Fproc%2F50%2Ffd HTTP/1.1" 200 844000 "https://www.carbonterminal.com.lab2454.com/whsy.php?p=%2Fproc%2F50" "Mozilla/5.0 AppleWebKit/537.36 (KHTML, like Gecko; compatible; GPTBot/1.3; +https://openai.com/gptbot)"
74.7.227.45 - - [13/Apr/2026:13:11:42 +0000] "GET /whsy.php?p=%2Fproc%2F89%2Fns HTTP/1.1" 200 895641 "https://www.carbonterminal.com.lab2454.com/whsy.php?p=%2Fproc%2F89" "Mozilla/5.0 AppleWebKit/537.36 (KHTML, like Gecko; compatible; GPTBot/1.3; +https://openai.com/gptbot)"
74.7.227.45 - - [13/Apr/2026:13:12:47 +0000] "GET /whsy.php?p=%2Fproc%2F62%2Ffd HTTP/1.1" 200 655728 "https://www.carbonterminal.com.lab2454.com/whsy.php?p=%2Fproc%2F62" "Mozilla/5.0 AppleWebKit/537.36 (KHTML, like Gecko; compatible; GPTBot/1.3; +https://openai.com/gptbot)"
74.7.227.45 - - [13/Apr/2026:13:13:52 +0000] "GET /whsy.php?p=%2Fproc%2F12%2Ffd HTTP/1.1" 200 887603 "https://www.carbonterminal.com.lab2454.com/whsy.php?p=%2Fproc%2F12" "Mozilla/5.0 AppleWebKit/537.36 (KHTML, like Gecko; compatible; GPTBot/1.3; +https://openai.com/gptbot)"
74.7.227.45 - - [13/Apr/2026:13:14:52 +0000] "GET /whsy.php?p=%2Fproc%2F16%2Ffd HTTP/1.1" 200 735243 "https://www.carbonterminal.com.lab2454.com/whsy.php?e=projid_map&p=%2Fproc%2F16" "Mozilla/5.0 AppleWebKit/537.36 (KHTML, like Gecko; compatible; GPTBot/1.3; +https://openai.com/gptbot)"
74.7.227.45 - - [13/Apr/2026:13:17:03 +0000] "GET /whsy.php?p=%2Fproc%2F96%2Ffd HTTP/1.1" 200 798085 "https://www.carbonterminal.com.lab2454.com/whsy.php?p=%2Fproc%2F96" "Mozilla/5.0 AppleWebKit/537.36 (KHTML, like Gecko; compatible; GPTBot/1.3; +https://openai.com/gptbot)"
74.7.227.45 - - [13/Apr/2026:13:20:11 +0000] "GET /whsy.php?p=%2Fproc%2F78%2Ffd HTTP/1.1" 200 777394 "https://www.carbonterminal.com.lab2454.com/whsy.php?p=%2Fproc%2F78" "Mozilla/5.0 AppleWebKit/537.36 (KHTML, like Gecko; compatible; GPTBot/1.3; +https://openai.com/gptbot)"
74.7.227.45 - - [13/Apr/2026:13:21:13 +0000] "GET /whsy.php?p=%2Fproc%2F94%2Fns HTTP/1.1" 200 893417 "https://www.carbonterminal.com.lab2454.com/whsy.php?p=%2Fproc%2F94" "Mozilla/5.0 AppleWebKit/537.36 (KHTML, like Gecko; compatible; GPTBot/1.3; +https://openai.com/gptbot)"
74.7.227.45 - - [13/Apr/2026:13:30:31 +0000] "GET /whsy.php?p=%2Fproc%2F91%2Fns HTTP/1.1" 200 839637 "https://www.carbonterminal.com.lab2454.com/whsy.php?p=%2Fproc%2F91" "Mozilla/5.0 AppleWebKit/537.36 (KHTML, like Gecko; compatible; GPTBot/1.3; +https://openai.com/gptbot)"
74.7.227.45 - - [13/Apr/2026:13:32:35 +0000] "GET /whsy.php?p=%2Fproc%2F68%2Fns HTTP/1.1" 200 872043 "https://www.carbonterminal.com.lab2454.com/whsy.php?p=%2Fproc%2F68" "Mozilla/5.0 AppleWebKit/537.36 (KHTML, like Gecko; compatible; GPTBot/1.3; +https://openai.com/gptbot)"
74.7.244.35 - - [13/Apr/2026:13:33:07 +0000] "GET /robots.txt HTTP/1.1" 404 - "-" "Mozilla/5.0 (Macintosh; Intel Mac OS X 10_15_7) AppleWebKit/537.36 (KHTML, like Gecko) Chrome/131.0.0.0 Safari/537.36; compatible; OAI-SearchBot/1.3; robots.txt; +https://openai.com/searchbot"
74.7.227.45 - - [13/Apr/2026:13:35:41 +0000] "GET /whsy.php?p=%2Fproc%2F38%2Ffd HTTP/1.1" 200 860500 "https://www.carbonterminal.com.lab2454.com/whsy.php?p=%2Fproc%2F38" "Mozilla/5.0 AppleWebKit/537.36 (KHTML, like Gecko; compatible; GPTBot/1.3; +https://openai.com/gptbot)"
74.7.227.45 - - [13/Apr/2026:13:36:46 +0000] "GET /whsy.php?p=%2Fproc%2F73%2Ffd HTTP/1.1" 200 846735 "https://www.carbonterminal.com.lab2454.com/whsy.php?p=%2Fproc%2F73" "Mozilla/5.0 AppleWebKit/537.36 (KHTML, like Gecko; compatible; GPTBot/1.3; +https://openai.com/gptbot)"
74.7.227.45 - - [13/Apr/2026:13:37:52 +0000] "GET /whsy.php?p=%2Fproc%2F52%2Ffd HTTP/1.1" 200 781413 "https://www.carbonterminal.com.lab2454.com/whsy.php?p=%2Fproc%2F52" "Mozilla/5.0 AppleWebKit/537.36 (KHTML, like Gecko; compatible; GPTBot/1.3; +https://openai.com/gptbot)"
74.7.227.45 - - [13/Apr/2026:13:38:57 +0000] "GET /whsy.php?p=%2Fproc%2F45%2Ffd HTTP/1.1" 200 998326 "https://www.carbonterminal.com.lab2454.com/whsy.php?p=%2Fproc%2F45" "Mozilla/5.0 AppleWebKit/537.36 (KHTML, like Gecko; compatible; GPTBot/1.3; +https://openai.com/gptbot)"
74.7.227.45 - - [13/Apr/2026:13:40:02 +0000] "GET /whsy.php?p=%2Fproc%2F43%2Ffd HTTP/1.1" 200 881277 "https://www.carbonterminal.com.lab2454.com/whsy.php?p=%2Fproc%2F43" "Mozilla/5.0 AppleWebKit/537.36 (KHTML, like Gecko; compatible; GPTBot/1.3; +https://openai.com/gptbot)"
74.7.227.45 - - [13/Apr/2026:13:43:19 +0000] "GET /whsy.php?p=%2Fproc%2F15%2Ffd HTTP/1.1" 200 959509 "https://www.carbonterminal.com.lab2454.com/whsy.php?p=%2Fproc%2F15" "Mozilla/5.0 AppleWebKit/537.36 (KHTML, like Gecko; compatible; GPTBot/1.3; +https://openai.com/gptbot)"
74.7.227.45 - - [13/Apr/2026:13:45:30 +0000] "GET /whsy.php?p=%2Fproc%2F89%2Ffd HTTP/1.1" 200 1153937 "https://www.carbonterminal.com.lab2454.com/whsy.php?p=%2Fproc%2F89" "Mozilla/5.0 AppleWebKit/537.36 (KHTML, like Gecko; compatible; GPTBot/1.3; +https://openai.com/gptbot)"
74.7.227.45 - - [13/Apr/2026:13:46:07 +0000] "GET /whsy.php?p=%2Fproc%2F81%2Fns HTTP/1.1" 200 995761 "https://www.carbonterminal.com.lab2454.com/whsy.php?p=%2Fproc%2F81" "Mozilla/5.0 AppleWebKit/537.36 (KHTML, like Gecko; compatible; GPTBot/1.3; +https://openai.com/gptbot)"
74.7.227.45 - - [13/Apr/2026:13:51:20 +0000] "GET /whsy.php?p=%2Fproc%2F78%2Fns HTTP/1.1" 200 1005166 "https://www.carbonterminal.com.lab2454.com/whsy.php?p=%2Fproc%2F78" "Mozilla/5.0 AppleWebKit/537.36 (KHTML, like Gecko; compatible; GPTBot/1.3; +https://openai.com/gptbot)"
74.7.227.45 - - [13/Apr/2026:13:55:35 +0000] "GET /whsy.php?p=%2Fproc%2F64%2Ffd HTTP/1.1" 200 903849 "https://www.carbonterminal.com.lab2454.com/whsy.php?p=%2Fproc%2F64" "Mozilla/5.0 AppleWebKit/537.36 (KHTML, like Gecko; compatible; GPTBot/1.3; +https://openai.com/gptbot)"
74.7.227.45 - - [13/Apr/2026:13:56:35 +0000] "GET /whsy.php?p=%2Fproc%2F27%2Ffd HTTP/1.1" 200 849214 "https://www.carbonterminal.com.lab2454.com/whsy.php?p=%2Fproc%2F27" "Mozilla/5.0 AppleWebKit/537.36 (KHTML, like Gecko; compatible; GPTBot/1.3; +https://openai.com/gptbot)"
74.7.228.36 - - [13/Apr/2026:13:57:26 +0000] "GET /robots.txt HTTP/1.1" 404 - "-" "Mozilla/5.0 (Macintosh; Intel Mac OS X 10_15_7) AppleWebKit/537.36 (KHTML, like Gecko) Chrome/131.0.0.0 Safari/537.36; compatible; OAI-SearchBot/1.3; robots.txt; +https://openai.com/searchbot"
74.7.227.52 - - [13/Apr/2026:13:58:06 +0000] "GET /whsy.php?p=%2Fproc%2F6541 HTTP/1.1" 200 1935 "https://carbonterminal.com.lab2454.com/whsy.php?e=softirqs&p=%2Fproc" "Mozilla/5.0 AppleWebKit/537.36 (KHTML, like Gecko; compatible; GPTBot/1.3; +https://openai.com/gptbot)"
74.7.227.45 - - [13/Apr/2026:13:57:38 +0000] "GET /whsy.php?p=%2Fproc%2F87%2Fns HTTP/1.1" 200 772435 "https://www.carbonterminal.com.lab2454.com/whsy.php?p=%2Fproc%2F87" "Mozilla/5.0 AppleWebKit/537.36 (KHTML, like Gecko; compatible; GPTBot/1.3; +https://openai.com/gptbot)"
74.7.227.52 - - [13/Apr/2026:13:58:11 +0000] "GET /whsy.php?p=%2Fproc%2F7919 HTTP/1.1" 200 867 "https://carbonterminal.com.lab2454.com/whsy.php?p=%2F%2Fproc" "Mozilla/5.0 AppleWebKit/537.36 (KHTML, like Gecko; compatible; GPTBot/1.3; +https://openai.com/gptbot)"
74.7.227.52 - - [13/Apr/2026:13:58:50 +0000] "GET /whsy.php?p=%2Fproc%2F6540 HTTP/1.1" 200 867 "https://carbonterminal.com.lab2454.com/whsy.php?e=softirqs&p=%2Fproc" "Mozilla/5.0 AppleWebKit/537.36 (KHTML, like Gecko; compatible; GPTBot/1.3; +https://openai.com/gptbot)"
74.7.227.52 - - [13/Apr/2026:13:59:03 +0000] "GET /whsy.php?e=auxv&p=%2Fproc%2F6541 HTTP/1.1" 200 1935 "https://carbonterminal.com.lab2454.com/whsy.php?p=%2Fproc%2F6541" "Mozilla/5.0 AppleWebKit/537.36 (KHTML, like Gecko; compatible; GPTBot/1.3; +https://openai.com/gptbot)"
74.7.227.52 - - [13/Apr/2026:13:59:09 +0000] "GET /whsy.php?e=stat&p=%2Fproc%2F6541 HTTP/1.1" 200 2094 "https://carbonterminal.com.lab2454.com/whsy.php?p=%2Fproc%2F6541" "Mozilla/5.0 AppleWebKit/537.36 (KHTML, like Gecko; compatible; GPTBot/1.3; +https://openai.com/gptbot)"
74.7.227.52 - - [13/Apr/2026:13:59:13 +0000] "GET /whsy.php?e=uid_map&p=%2Fproc%2F6541 HTTP/1.1" 200 2019 "https://carbonterminal.com.lab2454.com/whsy.php?p=%2Fproc%2F6541" "Mozilla/5.0 AppleWebKit/537.36 (KHTML, like Gecko; compatible; GPTBot/1.3; +https://openai.com/gptbot)"
74.7.227.52 - - [13/Apr/2026:13:59:17 +0000] "GET /whsy.php?e=gid_map&p=%2Fproc%2F6541 HTTP/1.1" 200 2022 "https://carbonterminal.com.lab2454.com/whsy.php?p=%2Fproc%2F6541" "Mozilla/5.0 AppleWebKit/537.36 (KHTML, like Gecko; compatible; GPTBot/1.3; +https://openai.com/gptbot)"
74.7.227.52 - - [13/Apr/2026:13:59:21 +0000] "GET /whsy.php?e=timerslack_ns&p=%2Fproc%2F6541 HTTP/1.1" 200 2005 "https://carbonterminal.com.lab2454.com/whsy.php?p=%2Fproc%2F6541" "Mozilla/5.0 AppleWebKit/537.36 (KHTML, like Gecko; compatible; GPTBot/1.3; +https://openai.com/gptbot)"
74.7.227.52 - - [13/Apr/2026:13:59:25 +0000] "GET /whsy.php?e=oom_adj&p=%2Fproc%2F6541 HTTP/1.1" 200 2005 "https://carbonterminal.com.lab2454.com/whsy.php?p=%2Fproc%2F6541" "Mozilla/5.0 AppleWebKit/537.36 (KHTML, like Gecko; compatible; GPTBot/1.3; +https://openai.com/gptbot)"
74.7.227.52 - - [13/Apr/2026:13:59:29 +0000] "GET /whsy.php?e=maps&p=%2Fproc%2F6541 HTTP/1.1" 200 2002 "https://carbonterminal.com.lab2454.com/whsy.php?p=%2Fproc%2F6541" "Mozilla/5.0 AppleWebKit/537.36 (KHTML, like Gecko; compatible; GPTBot/1.3; +https://openai.com/gptbot)"
74.7.227.52 - - [13/Apr/2026:13:59:33 +0000] "GET /whsy.php?e=oom_score_adj&p=%2Fproc%2F6541 HTTP/1.1" 200 2006 "https://carbonterminal.com.lab2454.com/whsy.php?p=%2Fproc%2F6541" "Mozilla/5.0 AppleWebKit/537.36 (KHTML, like Gecko; compatible; GPTBot/1.3; +https://openai.com/gptbot)"
74.7.227.52 - - [13/Apr/2026:13:59:36 +0000] "GET /whsy.php?e=mounts&p=%2Fproc%2F6541 HTTP/1.1" 200 2646 "https://carbonterminal.com.lab2454.com/whsy.php?p=%2Fproc%2F6541" "Mozilla/5.0 AppleWebKit/537.36 (KHTML, like Gecko; compatible; GPTBot/1.3; +https://openai.com/gptbot)"
74.7.227.52 - - [13/Apr/2026:13:59:40 +0000] "GET /whsy.php?e=limits&p=%2Fproc%2F6541 HTTP/1.1" 200 2274 "https://carbonterminal.com.lab2454.com/whsy.php?p=%2Fproc%2F6541" "Mozilla/5.0 AppleWebKit/537.36 (KHTML, like Gecko; compatible; GPTBot/1.3; +https://openai.com/gptbot)"
74.7.227.52 - - [13/Apr/2026:13:59:44 +0000] "GET /whsy.php?e=coredump_filter&p=%2Fproc%2F6541 HTTP/1.1" 200 2000 "https://carbonterminal.com.lab2454.com/whsy.php?p=%2Fproc%2F6541" "Mozilla/5.0 AppleWebKit/537.36 (KHTML, like Gecko; compatible; GPTBot/1.3; +https://openai.com/gptbot)"
74.7.227.52 - - [13/Apr/2026:13:59:47 +0000] "GET /whsy.php?e=timers&p=%2Fproc%2F6541 HTTP/1.1" 200 2002 "https://carbonterminal.com.lab2454.com/whsy.php?p=%2Fproc%2F6541" "Mozilla/5.0 AppleWebKit/537.36 (KHTML, like Gecko; compatible; GPTBot/1.3; +https://openai.com/gptbot)"
74.7.227.52 - - [13/Apr/2026:13:59:51 +0000] "GET /whsy.php?e=status&p=%2Fproc%2F6541 HTTP/1.1" 200 2358 "https://carbonterminal.com.lab2454.com/whsy.php?p=%2Fproc%2F6541" "Mozilla/5.0 AppleWebKit/537.36 (KHTML, like Gecko; compatible; GPTBot/1.3; +https://openai.com/gptbot)"
74.7.227.52 - - [13/Apr/2026:13:59:55 +0000] "GET /whsy.php?e=ksm_stat&p=%2Fproc%2F6541 HTTP/1.1" 200 1935 "https://carbonterminal.com.lab2454.com/whsy.php?p=%2Fproc%2F6541" "Mozilla/5.0 AppleWebKit/537.36 (KHTML, like Gecko; compatible; GPTBot/1.3; +https://openai.com/gptbot)"
74.7.227.52 - - [13/Apr/2026:13:59:58 +0000] "GET /whsy.php?p=%2Fproc%2F6541%2Ftask HTTP/1.1" 200 489 "https://carbonterminal.com.lab2454.com/whsy.php?p=%2Fproc%2F6541" "Mozilla/5.0 AppleWebKit/537.36 (KHTML, like Gecko; compatible; GPTBot/1.3; +https://openai.com/gptbot)"
74.7.227.52 - - [13/Apr/2026:14:00:02 +0000] "GET /whsy.php?p=%2Fproc%2F6541%2Fattr HTTP/1.1" 200 799 "https://carbonterminal.com.lab2454.com/whsy.php?p=%2Fproc%2F6541" "Mozilla/5.0 AppleWebKit/537.36 (KHTML, like Gecko; compatible; GPTBot/1.3; +https://openai.com/gptbot)"
74.7.227.52 - - [13/Apr/2026:14:00:05 +0000] "GET /whsy.php?e=cgroup&p=%2Fproc%2F6541 HTTP/1.1" 200 2115 "https://carbonterminal.com.lab2454.com/whsy.php?p=%2Fproc%2F6541" "Mozilla/5.0 AppleWebKit/537.36 (KHTML, like Gecko; compatible; GPTBot/1.3; +https://openai.com/gptbot)"
74.7.227.52 - - [13/Apr/2026:14:00:09 +0000] "GET /whsy.php?e=cpuset&p=%2Fproc%2F6541 HTTP/1.1" 200 2004 "https://carbonterminal.com.lab2454.com/whsy.php?p=%2Fproc%2F6541" "Mozilla/5.0 AppleWebKit/537.36 (KHTML, like Gecko; compatible; GPTBot/1.3; +https://openai.com/gptbot)"
74.7.227.52 - - [13/Apr/2026:14:00:13 +0000] "GET /whsy.php?e=numa_maps&p=%2Fproc%2F6541 HTTP/1.1" 200 2007 "https://carbonterminal.com.lab2454.com/whsy.php?p=%2Fproc%2F6541" "Mozilla/5.0 AppleWebKit/537.36 (KHTML, like Gecko; compatible; GPTBot/1.3; +https://openai.com/gptbot)"
74.7.227.45 - - [13/Apr/2026:13:59:45 +0000] "GET /whsy.php?p=%2Fproc%2F21%2Ffd HTTP/1.1" 200 844169 "https://www.carbonterminal.com.lab2454.com/whsy.php?p=%2Fproc%2F21" "Mozilla/5.0 AppleWebKit/537.36 (KHTML, like Gecko; compatible; GPTBot/1.3; +https://openai.com/gptbot)"
74.7.227.52 - - [13/Apr/2026:14:00:17 +0000] "GET /whsy.php?e=oom_score&p=%2Fproc%2F6541 HTTP/1.1" 200 867 "https://carbonterminal.com.lab2454.com/whsy.php?p=%2Fproc%2F6541" "Mozilla/5.0 AppleWebKit/537.36 (KHTML, like Gecko; compatible; GPTBot/1.3; +https://openai.com/gptbot)"
74.7.227.52 - - [13/Apr/2026:14:00:20 +0000] "GET /whsy.php?e=timens_offsets&p=%2Fproc%2F6541 HTTP/1.1" 200 867 "https://carbonterminal.com.lab2454.com/whsy.php?p=%2Fproc%2F6541" "Mozilla/5.0 AppleWebKit/537.36 (KHTML, like Gecko; compatible; GPTBot/1.3; +https://openai.com/gptbot)"
74.7.227.52 - - [13/Apr/2026:14:00:23 +0000] "GET /whsy.php?e=wchan&p=%2Fproc%2F6541 HTTP/1.1" 200 867 "https://carbonterminal.com.lab2454.com/whsy.php?p=%2Fproc%2F6541" "Mozilla/5.0 AppleWebKit/537.36 (KHTML, like Gecko; compatible; GPTBot/1.3; +https://openai.com/gptbot)"
74.7.227.52 - - [13/Apr/2026:14:00:27 +0000] "GET /whsy.php?e=stack&p=%2Fproc%2F6541 HTTP/1.1" 200 867 "https://carbonterminal.com.lab2454.com/whsy.php?p=%2Fproc%2F6541" "Mozilla/5.0 AppleWebKit/537.36 (KHTML, like Gecko; compatible; GPTBot/1.3; +https://openai.com/gptbot)"
74.7.227.52 - - [13/Apr/2026:14:00:31 +0000] "GET /whsy.php?e=statm&p=%2Fproc%2F6541 HTTP/1.1" 200 867 "https://carbonterminal.com.lab2454.com/whsy.php?p=%2Fproc%2F6541" "Mozilla/5.0 AppleWebKit/537.36 (KHTML, like Gecko; compatible; GPTBot/1.3; +https://openai.com/gptbot)"
74.7.227.52 - - [13/Apr/2026:14:00:35 +0000] "GET /whsy.php?e=loginuid&p=%2Fproc%2F6541 HTTP/1.1" 200 867 "https://carbonterminal.com.lab2454.com/whsy.php?p=%2Fproc%2F6541" "Mozilla/5.0 AppleWebKit/537.36 (KHTML, like Gecko; compatible; GPTBot/1.3; +https://openai.com/gptbot)"
74.7.227.52 - - [13/Apr/2026:14:00:39 +0000] "GET /whsy.php?e=root&p=%2Fproc%2F6541 HTTP/1.1" 200 867 "https://carbonterminal.com.lab2454.com/whsy.php?p=%2Fproc%2F6541" "Mozilla/5.0 AppleWebKit/537.36 (KHTML, like Gecko; compatible; GPTBot/1.3; +https://openai.com/gptbot)"
74.7.227.52 - - [13/Apr/2026:14:00:43 +0000] "GET /whsy.php?e=comm&p=%2Fproc%2F6541 HTTP/1.1" 200 867 "https://carbonterminal.com.lab2454.com/whsy.php?p=%2Fproc%2F6541" "Mozilla/5.0 AppleWebKit/537.36 (KHTML, like Gecko; compatible; GPTBot/1.3; +https://openai.com/gptbot)"
74.7.227.52 - - [13/Apr/2026:14:00:47 +0000] "GET /whsy.php?e=io&p=%2Fproc%2F6541 HTTP/1.1" 200 867 "https://carbonterminal.com.lab2454.com/whsy.php?p=%2Fproc%2F6541" "Mozilla/5.0 AppleWebKit/537.36 (KHTML, like Gecko; compatible; GPTBot/1.3; +https://openai.com/gptbot)"
74.7.227.52 - - [13/Apr/2026:14:00:53 +0000] "GET /whsy.php?p=%2Fproc%2F6541%2Ffdinfo HTTP/1.1" 200 867 "https://carbonterminal.com.lab2454.com/whsy.php?p=%2Fproc%2F6541" "Mozilla/5.0 AppleWebKit/537.36 (KHTML, like Gecko; compatible; GPTBot/1.3; +https://openai.com/gptbot)"
74.7.227.52 - - [13/Apr/2026:14:01:01 +0000] "GET /whsy.php?e=exe&p=%2Fproc%2F6541 HTTP/1.1" 200 867 "https://carbonterminal.com.lab2454.com/whsy.php?p=%2Fproc%2F6541" "Mozilla/5.0 AppleWebKit/537.36 (KHTML, like Gecko; compatible; GPTBot/1.3; +https://openai.com/gptbot)"
74.7.227.52 - - [13/Apr/2026:14:01:05 +0000] "GET /whsy.php?e=cwd&p=%2Fproc%2F6541 HTTP/1.1" 200 867 "https://carbonterminal.com.lab2454.com/whsy.php?p=%2Fproc%2F6541" "Mozilla/5.0 AppleWebKit/537.36 (KHTML, like Gecko; compatible; GPTBot/1.3; +https://openai.com/gptbot)"
74.7.227.52 - - [13/Apr/2026:14:01:10 +0000] "GET /whsy.php?e=mem&p=%2Fproc%2F6541 HTTP/1.1" 200 867 "https://carbonterminal.com.lab2454.com/whsy.php?p=%2Fproc%2F6541" "Mozilla/5.0 AppleWebKit/537.36 (KHTML, like Gecko; compatible; GPTBot/1.3; +https://openai.com/gptbot)"
74.7.227.52 - - [13/Apr/2026:14:01:14 +0000] "GET /whsy.php?e=mountinfo&p=%2Fproc%2F6541 HTTP/1.1" 200 867 "https://carbonterminal.com.lab2454.com/whsy.php?p=%2Fproc%2F6541" "Mozilla/5.0 AppleWebKit/537.36 (KHTML, like Gecko; compatible; GPTBot/1.3; +https://openai.com/gptbot)"
74.7.227.52 - - [13/Apr/2026:14:01:18 +0000] "GET /whsy.php?e=personality&p=%2Fproc%2F6541 HTTP/1.1" 200 867 "https://carbonterminal.com.lab2454.com/whsy.php?p=%2Fproc%2F6541" "Mozilla/5.0 AppleWebKit/537.36 (KHTML, like Gecko; compatible; GPTBot/1.3; +https://openai.com/gptbot)"
74.7.227.52 - - [13/Apr/2026:14:01:21 +0000] "GET /whsy.php?e=mountstats&p=%2Fproc%2F6541 HTTP/1.1" 200 867 "https://carbonterminal.com.lab2454.com/whsy.php?p=%2Fproc%2F6541" "Mozilla/5.0 AppleWebKit/537.36 (KHTML, like Gecko; compatible; GPTBot/1.3; +https://openai.com/gptbot)"
74.7.227.52 - - [13/Apr/2026:14:01:25 +0000] "GET /whsy.php?e=smaps_rollup&p=%2Fproc%2F6541 HTTP/1.1" 200 867 "https://carbonterminal.com.lab2454.com/whsy.php?p=%2Fproc%2F6541" "Mozilla/5.0 AppleWebKit/537.36 (KHTML, like Gecko; compatible; GPTBot/1.3; +https://openai.com/gptbot)"
74.7.227.52 - - [13/Apr/2026:14:01:28 +0000] "GET /whsy.php?p=%2Fproc%2F6541%2Fns HTTP/1.1" 200 867 "https://carbonterminal.com.lab2454.com/whsy.php?p=%2Fproc%2F6541" "Mozilla/5.0 AppleWebKit/537.36 (KHTML, like Gecko; compatible; GPTBot/1.3; +https://openai.com/gptbot)"
74.7.227.52 - - [13/Apr/2026:14:01:32 +0000] "GET /whsy.php?p=%2Fproc%2F6541%2Ffd HTTP/1.1" 200 867 "https://carbonterminal.com.lab2454.com/whsy.php?p=%2Fproc%2F6541" "Mozilla/5.0 AppleWebKit/537.36 (KHTML, like Gecko; compatible; GPTBot/1.3; +https://openai.com/gptbot)"
74.7.227.52 - - [13/Apr/2026:14:01:36 +0000] "GET /whsy.php?e=setgroups&p=%2Fproc%2F6541 HTTP/1.1" 200 867 "https://carbonterminal.com.lab2454.com/whsy.php?p=%2Fproc%2F6541" "Mozilla/5.0 AppleWebKit/537.36 (KHTML, like Gecko; compatible; GPTBot/1.3; +https://openai.com/gptbot)"
74.7.227.52 - - [13/Apr/2026:14:01:40 +0000] "GET /whsy.php?p=%2Fproc%2F6541%2Fmap_files HTTP/1.1" 200 867 "https://carbonterminal.com.lab2454.com/whsy.php?p=%2Fproc%2F6541" "Mozilla/5.0 AppleWebKit/537.36 (KHTML, like Gecko; compatible; GPTBot/1.3; +https://openai.com/gptbot)"
74.7.227.52 - - [13/Apr/2026:14:01:45 +0000] "GET /whsy.php?e=autogroup&p=%2Fproc%2F6541 HTTP/1.1" 200 867 "https://carbonterminal.com.lab2454.com/whsy.php?p=%2Fproc%2F6541" "Mozilla/5.0 AppleWebKit/537.36 (KHTML, like Gecko; compatible; GPTBot/1.3; +https://openai.com/gptbot)"
74.7.227.52 - - [13/Apr/2026:14:01:49 +0000] "GET /whsy.php?e=sessionid&p=%2Fproc%2F6541 HTTP/1.1" 200 867 "https://carbonterminal.com.lab2454.com/whsy.php?p=%2Fproc%2F6541" "Mozilla/5.0 AppleWebKit/537.36 (KHTML, like Gecko; compatible; GPTBot/1.3; +https://openai.com/gptbot)"
74.7.227.52 - - [13/Apr/2026:14:01:53 +0000] "GET /whsy.php?e=schedstat&p=%2Fproc%2F6541 HTTP/1.1" 200 867 "https://carbonterminal.com.lab2454.com/whsy.php?p=%2Fproc%2F6541" "Mozilla/5.0 AppleWebKit/537.36 (KHTML, like Gecko; compatible; GPTBot/1.3; +https://openai.com/gptbot)"
74.7.227.52 - - [13/Apr/2026:14:01:58 +0000] "GET /whsy.php?e=clear_refs&p=%2Fproc%2F6541 HTTP/1.1" 200 867 "https://carbonterminal.com.lab2454.com/whsy.php?p=%2Fproc%2F6541" "Mozilla/5.0 AppleWebKit/537.36 (KHTML, like Gecko; compatible; GPTBot/1.3; +https://openai.com/gptbot)"
74.7.227.52 - - [13/Apr/2026:14:02:01 +0000] "GET /whsy.php?p=%2Fproc%2F6541%2Fnet HTTP/1.1" 200 867 "https://carbonterminal.com.lab2454.com/whsy.php?p=%2Fproc%2F6541" "Mozilla/5.0 AppleWebKit/537.36 (KHTML, like Gecko; compatible; GPTBot/1.3; +https://openai.com/gptbot)"
74.7.227.52 - - [13/Apr/2026:14:02:05 +0000] "GET /whsy.php?e=current&p=%2Fproc%2F6541%2Fattr HTTP/1.1" 200 867 "https://carbonterminal.com.lab2454.com/whsy.php?p=%2Fproc%2F6541%2Fattr" "Mozilla/5.0 AppleWebKit/537.36 (KHTML, like Gecko; compatible; GPTBot/1.3; +https://openai.com/gptbot)"
74.7.227.52 - - [13/Apr/2026:14:02:09 +0000] "GET /whsy.php?e=fscreate&p=%2Fproc%2F6541%2Fattr HTTP/1.1" 200 867 "https://carbonterminal.com.lab2454.com/whsy.php?p=%2Fproc%2F6541%2Fattr" "Mozilla/5.0 AppleWebKit/537.36 (KHTML, like Gecko; compatible; GPTBot/1.3; +https://openai.com/gptbot)"
74.7.227.52 - - [13/Apr/2026:14:02:12 +0000] "GET /whsy.php?e=arch_status&p=%2Fproc%2F6541 HTTP/1.1" 200 867 "https://carbonterminal.com.lab2454.com/whsy.php?p=%2Fproc%2F6541" "Mozilla/5.0 AppleWebKit/537.36 (KHTML, like Gecko; compatible; GPTBot/1.3; +https://openai.com/gptbot)"
74.7.227.52 - - [13/Apr/2026:14:02:16 +0000] "GET /whsy.php?e=sched&p=%2Fproc%2F6541 HTTP/1.1" 200 867 "https://carbonterminal.com.lab2454.com/whsy.php?p=%2Fproc%2F6541" "Mozilla/5.0 AppleWebKit/537.36 (KHTML, like Gecko; compatible; GPTBot/1.3; +https://openai.com/gptbot)"
74.7.227.52 - - [13/Apr/2026:14:02:20 +0000] "GET /whsy.php?e=smaps&p=%2Fproc%2F6541 HTTP/1.1" 200 867 "https://carbonterminal.com.lab2454.com/whsy.php?p=%2Fproc%2F6541" "Mozilla/5.0 AppleWebKit/537.36 (KHTML, like Gecko; compatible; GPTBot/1.3; +https://openai.com/gptbot)"
74.7.227.52 - - [13/Apr/2026:14:02:23 +0000] "GET /whsy.php?e=cmdline&p=%2Fproc%2F6541 HTTP/1.1" 200 867 "https://carbonterminal.com.lab2454.com/whsy.php?p=%2Fproc%2F6541" "Mozilla/5.0 AppleWebKit/537.36 (KHTML, like Gecko; compatible; GPTBot/1.3; +https://openai.com/gptbot)"
74.7.227.52 - - [13/Apr/2026:14:02:26 +0000] "GET /whsy.php?e=exec&p=%2Fproc%2F6541%2Fattr HTTP/1.1" 200 867 "https://carbonterminal.com.lab2454.com/whsy.php?p=%2Fproc%2F6541%2Fattr" "Mozilla/5.0 AppleWebKit/537.36 (KHTML, like Gecko; compatible; GPTBot/1.3; +https://openai.com/gptbot)"
74.7.227.52 - - [13/Apr/2026:14:02:30 +0000] "GET /whsy.php?e=syscall&p=%2Fproc%2F6541 HTTP/1.1" 200 867 "https://carbonterminal.com.lab2454.com/whsy.php?p=%2Fproc%2F6541" "Mozilla/5.0 AppleWebKit/537.36 (KHTML, like Gecko; compatible; GPTBot/1.3; +https://openai.com/gptbot)"
74.7.227.52 - - [13/Apr/2026:14:02:33 +0000] "GET /whsy.php?e=environ&p=%2Fproc%2F6541 HTTP/1.1" 200 867 "https://carbonterminal.com.lab2454.com/whsy.php?p=%2Fproc%2F6541" "Mozilla/5.0 AppleWebKit/537.36 (KHTML, like Gecko; compatible; GPTBot/1.3; +https://openai.com/gptbot)"
74.7.227.52 - - [13/Apr/2026:14:02:37 +0000] "GET /whsy.php?e=pagemap&p=%2Fproc%2F6541 HTTP/1.1" 200 867 "https://carbonterminal.com.lab2454.com/whsy.php?p=%2Fproc%2F6541" "Mozilla/5.0 AppleWebKit/537.36 (KHTML, like Gecko; compatible; GPTBot/1.3; +https://openai.com/gptbot)"
74.7.227.52 - - [13/Apr/2026:14:02:40 +0000] "GET /whsy.php?e=prev&p=%2Fproc%2F6541%2Fattr HTTP/1.1" 200 867 "https://carbonterminal.com.lab2454.com/whsy.php?p=%2Fproc%2F6541%2Fattr" "Mozilla/5.0 AppleWebKit/537.36 (KHTML, like Gecko; compatible; GPTBot/1.3; +https://openai.com/gptbot)"
74.7.227.52 - - [13/Apr/2026:14:02:44 +0000] "GET /whsy.php?p=%2Fproc%2F6541%2F.. HTTP/1.1" 200 867 "https://carbonterminal.com.lab2454.com/whsy.php?p=%2Fproc%2F6541" "Mozilla/5.0 AppleWebKit/537.36 (KHTML, like Gecko; compatible; GPTBot/1.3; +https://openai.com/gptbot)"
74.7.227.52 - - [13/Apr/2026:14:02:47 +0000] "GET /whsy.php?e=sockcreate&p=%2Fproc%2F6541%2Fattr HTTP/1.1" 200 867 "https://carbonterminal.com.lab2454.com/whsy.php?p=%2Fproc%2F6541%2Fattr" "Mozilla/5.0 AppleWebKit/537.36 (KHTML, like Gecko; compatible; GPTBot/1.3; +https://openai.com/gptbot)"
74.7.227.52 - - [13/Apr/2026:14:02:54 +0000] "GET /whsy.php?p=%2Fproc%2F9639 HTTP/1.1" 200 867 "https://carbonterminal.com.lab2454.com/whsy.php?e=928&p=%2Fproc" "Mozilla/5.0 AppleWebKit/537.36 (KHTML, like Gecko; compatible; GPTBot/1.3; +https://openai.com/gptbot)"
74.7.227.52 - - [13/Apr/2026:14:03:05 +0000] "GET /whsy.php?p=%2Fproc%2F8581 HTTP/1.1" 200 867 "https://carbonterminal.com.lab2454.com/whsy.php?p=%2Fproc%2F17355%2F.." "Mozilla/5.0 AppleWebKit/537.36 (KHTML, like Gecko; compatible; GPTBot/1.3; +https://openai.com/gptbot)"
74.7.227.45 - - [13/Apr/2026:14:02:54 +0000] "GET /whsy.php?p=%2Fproc%2F49%2Ffd HTTP/1.1" 200 836731 "https://www.carbonterminal.com.lab2454.com/whsy.php?p=%2Fproc%2F49" "Mozilla/5.0 AppleWebKit/537.36 (KHTML, like Gecko; compatible; GPTBot/1.3; +https://openai.com/gptbot)"
74.7.227.45 - - [13/Apr/2026:14:05:01 +0000] "GET /whsy.php?p=%2Fproc%2F48%2Ffd HTTP/1.1" 200 732849 "https://www.carbonterminal.com.lab2454.com/whsy.php?p=%2Fproc%2F48" "Mozilla/5.0 AppleWebKit/537.36 (KHTML, like Gecko; compatible; GPTBot/1.3; +https://openai.com/gptbot)"
74.7.227.45 - - [13/Apr/2026:14:07:07 +0000] "GET /whsy.php?p=%2Fproc%2F75%2Fns HTTP/1.1" 200 533035 "https://www.carbonterminal.com.lab2454.com/whsy.php?p=%2Fproc%2F75" "Mozilla/5.0 AppleWebKit/537.36 (KHTML, like Gecko; compatible; GPTBot/1.3; +https://openai.com/gptbot)"
74.7.227.45 - - [13/Apr/2026:14:10:10 +0000] "GET /whsy.php?p=%2Fproc%2F40%2Ffd HTTP/1.1" 200 788851 "https://www.carbonterminal.com.lab2454.com/whsy.php?p=%2Fproc%2F40" "Mozilla/5.0 AppleWebKit/537.36 (KHTML, like Gecko; compatible; GPTBot/1.3; +https://openai.com/gptbot)"
74.7.227.45 - - [13/Apr/2026:14:13:24 +0000] "GET /whsy.php?p=%2Fproc%2F46%2Ffd HTTP/1.1" 200 774231 "https://www.carbonterminal.com.lab2454.com/whsy.php?p=%2Fproc%2F46" "Mozilla/5.0 AppleWebKit/537.36 (KHTML, like Gecko; compatible; GPTBot/1.3; +https://openai.com/gptbot)"
74.7.227.45 - - [13/Apr/2026:14:15:31 +0000] "GET /whsy.php?p=%2Fproc%2F66%2Fns HTTP/1.1" 200 835619 "https://www.carbonterminal.com.lab2454.com/whsy.php?p=%2Fproc%2F66" "Mozilla/5.0 AppleWebKit/537.36 (KHTML, like Gecko; compatible; GPTBot/1.3; +https://openai.com/gptbot)"
74.7.227.45 - - [13/Apr/2026:14:21:31 +0000] "GET /whsy.php?p=%2Fproc%2F74%2Ffd HTTP/1.1" 200 1185913 "https://www.carbonterminal.com.lab2454.com/whsy.php?p=%2Fproc%2F74" "Mozilla/5.0 AppleWebKit/537.36 (KHTML, like Gecko; compatible; GPTBot/1.3; +https://openai.com/gptbot)"
74.7.227.45 - - [13/Apr/2026:14:26:13 +0000] "GET /whsy.php?p=%2Fproc%2F48%2Fns HTTP/1.1" 200 1029960 "https://www.carbonterminal.com.lab2454.com/whsy.php?p=%2Fproc%2F48" "Mozilla/5.0 AppleWebKit/537.36 (KHTML, like Gecko; compatible; GPTBot/1.3; +https://openai.com/gptbot)"
74.7.244.35 - - [13/Apr/2026:14:34:05 +0000] "GET /robots.txt HTTP/1.1" 404 - "-" "Mozilla/5.0 (Macintosh; Intel Mac OS X 10_15_7) AppleWebKit/537.36 (KHTML, like Gecko) Chrome/131.0.0.0 Safari/537.36; compatible; OAI-SearchBot/1.3; robots.txt; +https://openai.com/searchbot"
74.7.227.45 - - [13/Apr/2026:14:42:06 +0000] "GET /whsy.php?p=%2Fproc%2F95%2Ffd HTTP/1.1" 200 1265258 "https://www.carbonterminal.com.lab2454.com/whsy.php?p=%2Fproc%2F95" "Mozilla/5.0 AppleWebKit/537.36 (KHTML, like Gecko; compatible; GPTBot/1.3; +https://openai.com/gptbot)"
74.7.227.45 - - [13/Apr/2026:14:59:48 +0000] "GET /whsy.php?p=%2Fproc%2F49%2Fns HTTP/1.1" 200 836901 "https://www.carbonterminal.com.lab2454.com/whsy.php?p=%2Fproc%2F49" "Mozilla/5.0 AppleWebKit/537.36 (KHTML, like Gecko; compatible; GPTBot/1.3; +https://openai.com/gptbot)"
74.7.227.45 - - [13/Apr/2026:15:00:21 +0000] "GET /whsy.php?p=%2Fproc%2F82%2Ffd HTTP/1.1" 200 790903 "https://www.carbonterminal.com.lab2454.com/whsy.php?p=%2Fproc%2F82" "Mozilla/5.0 AppleWebKit/537.36 (KHTML, like Gecko; compatible; GPTBot/1.3; +https://openai.com/gptbot)"
74.7.227.45 - - [13/Apr/2026:15:03:34 +0000] "GET /whsy.php?p=%2Fproc%2F97%2Ffd HTTP/1.1" 200 800565 "https://www.carbonterminal.com.lab2454.com/whsy.php?p=%2Fproc%2F97" "Mozilla/5.0 AppleWebKit/537.36 (KHTML, like Gecko; compatible; GPTBot/1.3; +https://openai.com/gptbot)"
74.7.227.45 - - [13/Apr/2026:15:04:37 +0000] "GET /whsy.php?p=%2Fproc%2F88%2Ffd HTTP/1.1" 200 851523 "https://www.carbonterminal.com.lab2454.com/whsy.php?p=%2Fproc%2F88" "Mozilla/5.0 AppleWebKit/537.36 (KHTML, like Gecko; compatible; GPTBot/1.3; +https://openai.com/gptbot)"
74.7.227.45 - - [13/Apr/2026:15:06:41 +0000] "GET /whsy.php?p=%2Fproc%2F79%2Fns HTTP/1.1" 200 849129 "https://www.carbonterminal.com.lab2454.com/whsy.php?p=%2Fproc%2F79" "Mozilla/5.0 AppleWebKit/537.36 (KHTML, like Gecko; compatible; GPTBot/1.3; +https://openai.com/gptbot)"
74.7.227.45 - - [13/Apr/2026:15:07:46 +0000] "GET /whsy.php?p=%2Fproc%2F18%2Ffd HTTP/1.1" 200 838014 "https://www.carbonterminal.com.lab2454.com/whsy.php?p=%2Fproc%2F18" "Mozilla/5.0 AppleWebKit/537.36 (KHTML, like Gecko; compatible; GPTBot/1.3; +https://openai.com/gptbot)"
74.7.227.45 - - [13/Apr/2026:15:08:47 +0000] "GET /whsy.php?p=%2Fproc%2F77%2Ffd HTTP/1.1" 200 757986 "https://www.carbonterminal.com.lab2454.com/whsy.php?p=%2Fproc%2F77" "Mozilla/5.0 AppleWebKit/537.36 (KHTML, like Gecko; compatible; GPTBot/1.3; +https://openai.com/gptbot)"
74.7.227.45 - - [13/Apr/2026:15:11:59 +0000] "GET /whsy.php?p=%2Fproc%2F31%2Ffd HTTP/1.1" 200 843400 "https://www.carbonterminal.com.lab2454.com/whsy.php?p=%2Fproc%2F31" "Mozilla/5.0 AppleWebKit/537.36 (KHTML, like Gecko; compatible; GPTBot/1.3; +https://openai.com/gptbot)"
74.7.227.45 - - [13/Apr/2026:15:13:02 +0000] "GET /whsy.php?p=%2Fproc%2F99%2Fns HTTP/1.1" 200 822623 "https://www.carbonterminal.com.lab2454.com/whsy.php?p=%2Fproc%2F99" "Mozilla/5.0 AppleWebKit/537.36 (KHTML, like Gecko; compatible; GPTBot/1.3; +https://openai.com/gptbot)"
74.7.227.45 - - [13/Apr/2026:15:14:05 +0000] "GET /whsy.php?p=%2Fproc%2F33%2Fns HTTP/1.1" 200 890937 "https://www.carbonterminal.com.lab2454.com/whsy.php?p=%2Fproc%2F33" "Mozilla/5.0 AppleWebKit/537.36 (KHTML, like Gecko; compatible; GPTBot/1.3; +https://openai.com/gptbot)"
74.7.227.45 - - [13/Apr/2026:15:19:56 +0000] "GET /whsy.php?p=%2Fproc%2F55%2Ffd HTTP/1.1" 200 1053133 "https://www.carbonterminal.com.lab2454.com/whsy.php?p=%2Fproc%2F55" "Mozilla/5.0 AppleWebKit/537.36 (KHTML, like Gecko; compatible; GPTBot/1.3; +https://openai.com/gptbot)"
74.7.227.45 - - [13/Apr/2026:15:22:27 +0000] "GET /whsy.php?p=%2Fproc%2F56%2Ffd HTTP/1.1" 200 1095541 "https://www.carbonterminal.com.lab2454.com/whsy.php?p=%2Fproc%2F56" "Mozilla/5.0 AppleWebKit/537.36 (KHTML, like Gecko; compatible; GPTBot/1.3; +https://openai.com/gptbot)"
74.7.227.45 - - [13/Apr/2026:15:28:40 +0000] "GET /whsy.php?p=%2Fproc%2F98%2Ffd HTTP/1.1" 200 1007560 "https://www.carbonterminal.com.lab2454.com/whsy.php?p=%2Fproc%2F98" "Mozilla/5.0 AppleWebKit/537.36 (KHTML, like Gecko; compatible; GPTBot/1.3; +https://openai.com/gptbot)"
74.7.227.45 - - [13/Apr/2026:15:29:38 +0000] "GET /whsy.php?p=%2Fproc%2F87%2Ffd HTTP/1.1" 200 937280 "https://www.carbonterminal.com.lab2454.com/whsy.php?p=%2Fproc%2F87" "Mozilla/5.0 AppleWebKit/537.36 (KHTML, like Gecko; compatible; GPTBot/1.3; +https://openai.com/gptbot)"
74.7.227.45 - - [13/Apr/2026:15:31:00 +0000] "GET /whsy.php?p=%2Fproc%2F94%2Ffd HTTP/1.1" 200 1001490 "https://www.carbonterminal.com.lab2454.com/whsy.php?p=%2Fproc%2F94" "Mozilla/5.0 AppleWebKit/537.36 (KHTML, like Gecko; compatible; GPTBot/1.3; +https://openai.com/gptbot)"
74.7.227.45 - - [13/Apr/2026:15:34:50 +0000] "GET /whsy.php?p=%2Fproc%2F56%2Fns HTTP/1.1" 200 1051336 "https://www.carbonterminal.com.lab2454.com/whsy.php?p=%2Fproc%2F56" "Mozilla/5.0 AppleWebKit/537.36 (KHTML, like Gecko; compatible; GPTBot/1.3; +https://openai.com/gptbot)"
74.7.227.45 - - [13/Apr/2026:15:36:50 +0000] "GET /whsy.php?p=%2Fproc%2F33%2Ffd HTTP/1.1" 200 1062024 "https://www.carbonterminal.com.lab2454.com/whsy.php?p=%2Fproc%2F33" "Mozilla/5.0 AppleWebKit/537.36 (KHTML, like Gecko; compatible; GPTBot/1.3; +https://openai.com/gptbot)"
74.7.244.35 - - [13/Apr/2026:15:37:21 +0000] "GET /robots.txt HTTP/1.1" 404 - "-" "Mozilla/5.0 (Macintosh; Intel Mac OS X 10_15_7) AppleWebKit/537.36 (KHTML, like Gecko) Chrome/131.0.0.0 Safari/537.36; compatible; OAI-SearchBot/1.3; robots.txt; +https://openai.com/searchbot"
74.7.227.45 - - [13/Apr/2026:15:39:03 +0000] "GET /whsy.php?p=%2Fproc%2F90%2Ffd HTTP/1.1" 200 1008073 "https://www.carbonterminal.com.lab2454.com/whsy.php?p=%2Fproc%2F90" "Mozilla/5.0 AppleWebKit/537.36 (KHTML, like Gecko; compatible; GPTBot/1.3; +https://openai.com/gptbot)"
74.7.227.45 - - [13/Apr/2026:15:41:31 +0000] "GET /whsy.php?p=%2Fproc%2F30%2Ffd HTTP/1.1" 200 1210024 "https://www.carbonterminal.com.lab2454.com/whsy.php?p=%2Fproc%2F30" "Mozilla/5.0 AppleWebKit/537.36 (KHTML, like Gecko; compatible; GPTBot/1.3; +https://openai.com/gptbot)"
13.219.121.241 - - [13/Apr/2026:15:44:20 +0000] "GET / HTTP/1.1" 421 362 "-" "RecordedFuture Global Inventory Crawler"
74.7.227.45 - - [13/Apr/2026:15:46:27 +0000] "GET /whsy.php?p=%2Fproc%2F39%2Ffd HTTP/1.1" 200 1076302 "https://www.carbonterminal.com.lab2454.com/whsy.php?p=%2Fproc%2F39" "Mozilla/5.0 AppleWebKit/537.36 (KHTML, like Gecko; compatible; GPTBot/1.3; +https://openai.com/gptbot)"
74.7.227.45 - - [13/Apr/2026:15:48:02 +0000] "GET /whsy.php?p=%2Fproc%2F79%2Ffd HTTP/1.1" 200 1150773 "https://www.carbonterminal.com.lab2454.com/whsy.php?p=%2Fproc%2F79" "Mozilla/5.0 AppleWebKit/537.36 (KHTML, like Gecko; compatible; GPTBot/1.3; +https://openai.com/gptbot)"
74.7.227.45 - - [13/Apr/2026:15:49:12 +0000] "GET /whsy.php?p=%2Fproc%2F80%2Ffd HTTP/1.1" 200 1022951 "https://www.carbonterminal.com.lab2454.com/whsy.php?p=%2Fproc%2F80" "Mozilla/5.0 AppleWebKit/537.36 (KHTML, like Gecko; compatible; GPTBot/1.3; +https://openai.com/gptbot)"
74.7.227.45 - - [13/Apr/2026:15:52:58 +0000] "GET /whsy.php?p=%2Fproc%2F71%2Ffd HTTP/1.1" 200 791160 "https://www.carbonterminal.com.lab2454.com/whsy.php?p=%2Fproc%2F71" "Mozilla/5.0 AppleWebKit/537.36 (KHTML, like Gecko; compatible; GPTBot/1.3; +https://openai.com/gptbot)"
74.7.227.45 - - [13/Apr/2026:15:56:05 +0000] "GET /whsy.php?p=%2Fproc%2F18%2Fns HTTP/1.1" 200 823307 "https://www.carbonterminal.com.lab2454.com/whsy.php?p=%2Fproc%2F18" "Mozilla/5.0 AppleWebKit/537.36 (KHTML, like Gecko; compatible; GPTBot/1.3; +https://openai.com/gptbot)"
74.7.227.45 - - [13/Apr/2026:16:01:21 +0000] "GET /whsy.php?p=%2Fproc%2F91%2Ffd HTTP/1.1" 200 859902 "https://www.carbonterminal.com.lab2454.com/whsy.php?p=%2Fproc%2F91" "Mozilla/5.0 AppleWebKit/537.36 (KHTML, like Gecko; compatible; GPTBot/1.3; +https://openai.com/gptbot)"
74.7.227.45 - - [13/Apr/2026:16:02:27 +0000] "GET /whsy.php?p=%2Fproc%2F75%2Ffd HTTP/1.1" 200 988837 "https://www.carbonterminal.com.lab2454.com/whsy.php?p=%2Fproc%2F75" "Mozilla/5.0 AppleWebKit/537.36 (KHTML, like Gecko; compatible; GPTBot/1.3; +https://openai.com/gptbot)"
74.7.227.45 - - [13/Apr/2026:16:04:30 +0000] "GET /whsy.php?p=%2Fproc%2F57%2Fns HTTP/1.1" 200 966178 "https://www.carbonterminal.com.lab2454.com/whsy.php?p=%2Fproc%2F57" "Mozilla/5.0 AppleWebKit/537.36 (KHTML, like Gecko; compatible; GPTBot/1.3; +https://openai.com/gptbot)"
74.7.228.36 - - [13/Apr/2026:16:05:46 +0000] "GET /robots.txt HTTP/1.1" 404 - "-" "Mozilla/5.0 (Macintosh; Intel Mac OS X 10_15_7) AppleWebKit/537.36 (KHTML, like Gecko) Chrome/131.0.0.0 Safari/537.36; compatible; OAI-SearchBot/1.3; robots.txt; +https://openai.com/searchbot"
74.7.227.52 - - [13/Apr/2026:16:06:21 +0000] "GET /whsy.php?p=%2Fproc%2F6321 HTTP/1.1" 200 867 "https://carbonterminal.com.lab2454.com/whsy.php?e=928&p=%2Fproc" "Mozilla/5.0 AppleWebKit/537.36 (KHTML, like Gecko; compatible; GPTBot/1.3; +https://openai.com/gptbot)"
74.7.227.52 - - [13/Apr/2026:16:07:16 +0000] "GET /whsy.php?p=%2Fproc%2F9388 HTTP/1.1" 200 867 "https://carbonterminal.com.lab2454.com/whsy.php?p=%2Fproc%2F10692%2F.." "Mozilla/5.0 AppleWebKit/537.36 (KHTML, like Gecko; compatible; GPTBot/1.3; +https://openai.com/gptbot)"
74.7.227.52 - - [13/Apr/2026:16:07:23 +0000] "GET /whsy.php?p=%2Fproc%2F7175 HTTP/1.1" 200 867 "https://carbonterminal.com.lab2454.com/whsy.php?e=drbd&p=%2Fproc" "Mozilla/5.0 AppleWebKit/537.36 (KHTML, like Gecko; compatible; GPTBot/1.3; +https://openai.com/gptbot)"
74.7.227.52 - - [13/Apr/2026:16:07:48 +0000] "GET /whsy.php?p=%2Fproc%2F2663 HTTP/1.1" 200 867 "https://carbonterminal.com.lab2454.com/whsy.php?e=27422&p=%2Fproc" "Mozilla/5.0 AppleWebKit/537.36 (KHTML, like Gecko; compatible; GPTBot/1.3; +https://openai.com/gptbot)"
74.7.227.45 - - [13/Apr/2026:16:07:43 +0000] "GET /whsy.php?p=%2Fproc%2F80%2Fns HTTP/1.1" 200 818092 "https://www.carbonterminal.com.lab2454.com/whsy.php?p=%2Fproc%2F80" "Mozilla/5.0 AppleWebKit/537.36 (KHTML, like Gecko; compatible; GPTBot/1.3; +https://openai.com/gptbot)"
74.7.227.52 - - [13/Apr/2026:16:08:34 +0000] "GET /whsy.php?p=%2Fproc%2F9788 HTTP/1.1" 200 867 "https://carbonterminal.com.lab2454.com/whsy.php?p=%2Fproc%2F15443%2F.." "Mozilla/5.0 AppleWebKit/537.36 (KHTML, like Gecko; compatible; GPTBot/1.3; +https://openai.com/gptbot)"
74.7.227.52 - - [13/Apr/2026:16:08:38 +0000] "GET /whsy.php?p=%2Fproc%2F7752 HTTP/1.1" 200 867 "https://carbonterminal.com.lab2454.com/whsy.php?p=%2Fproc%2F13147%2F.." "Mozilla/5.0 AppleWebKit/537.36 (KHTML, like Gecko; compatible; GPTBot/1.3; +https://openai.com/gptbot)"
74.7.227.45 - - [13/Apr/2026:16:08:46 +0000] "GET /whsy.php?p=%2Fproc%2F28%2Ffd HTTP/1.1" 200 780387 "https://www.carbonterminal.com.lab2454.com/whsy.php?p=%2Fproc%2F28" "Mozilla/5.0 AppleWebKit/537.36 (KHTML, like Gecko; compatible; GPTBot/1.3; +https://openai.com/gptbot)"
74.7.227.45 - - [13/Apr/2026:16:11:56 +0000] "GET /whsy.php?p=%2Fproc%2F16%2Fns HTTP/1.1" 200 827582 "https://www.carbonterminal.com.lab2454.com/whsy.php?p=%2Fproc%2F16" "Mozilla/5.0 AppleWebKit/537.36 (KHTML, like Gecko; compatible; GPTBot/1.3; +https://openai.com/gptbot)"
74.7.227.45 - - [13/Apr/2026:16:15:11 +0000] "GET /whsy.php?p=%2Fproc%2F67%2Ffd HTTP/1.1" 200 772436 "https://www.carbonterminal.com.lab2454.com/whsy.php?p=%2Fproc%2F67" "Mozilla/5.0 AppleWebKit/537.36 (KHTML, like Gecko; compatible; GPTBot/1.3; +https://openai.com/gptbot)"
74.7.227.45 - - [13/Apr/2026:16:21:28 +0000] "GET /whsy.php?p=%2Fproc%2F86%2Ffd HTTP/1.1" 200 794068 "https://www.carbonterminal.com.lab2454.com/whsy.php?p=%2Fproc%2F86" "Mozilla/5.0 AppleWebKit/537.36 (KHTML, like Gecko; compatible; GPTBot/1.3; +https://openai.com/gptbot)"
74.7.227.45 - - [13/Apr/2026:16:23:33 +0000] "GET /whsy.php?p=%2Fproc%2F70%2Fns HTTP/1.1" 200 754224 "https://www.carbonterminal.com.lab2454.com/whsy.php?p=%2Fproc%2F70" "Mozilla/5.0 AppleWebKit/537.36 (KHTML, like Gecko; compatible; GPTBot/1.3; +https://openai.com/gptbot)"
74.7.227.45 - - [13/Apr/2026:16:24:35 +0000] "GET /whsy.php?p=%2Fproc%2F50%2Fns HTTP/1.1" 200 865032 "https://www.carbonterminal.com.lab2454.com/whsy.php?p=%2Fproc%2F50" "Mozilla/5.0 AppleWebKit/537.36 (KHTML, like Gecko; compatible; GPTBot/1.3; +https://openai.com/gptbot)"
74.7.227.45 - - [13/Apr/2026:16:25:34 +0000] "GET /whsy.php?p=%2Fproc%2F92%2Ffd HTTP/1.1" 200 844341 "https://www.carbonterminal.com.lab2454.com/whsy.php?p=%2Fproc%2F92" "Mozilla/5.0 AppleWebKit/537.36 (KHTML, like Gecko; compatible; GPTBot/1.3; +https://openai.com/gptbot)"
74.7.227.45 - - [13/Apr/2026:16:26:37 +0000] "GET /whsy.php?p=%2Fproc%2F70%2Ffd HTTP/1.1" 200 950362 "https://www.carbonterminal.com.lab2454.com/whsy.php?p=%2Fproc%2F70" "Mozilla/5.0 AppleWebKit/537.36 (KHTML, like Gecko; compatible; GPTBot/1.3; +https://openai.com/gptbot)"
