91.137.27.140 - - [13/Apr/2026:15:24:01 +0000] "GET /whsy.php?e=Makefile&p=/home/lab2454c/healthvalidate.com/vendor/guzzlehttp/promises HTTP/1.1" 200 1021 "-" "Mozilla/5.0 (compatible; MJ12bot/v1.4.8; http://mj12bot.com/)"
91.137.27.140 - - [13/Apr/2026:15:24:02 +0000] "GET /whsy.php?e=Makefile&p=/home/lab2454c/tripvare.com/vendor/guzzlehttp/promises HTTP/1.1" 200 1017 "-" "Mozilla/5.0 (compatible; MJ12bot/v1.4.8; http://mj12bot.com/)"
91.137.27.140 - - [13/Apr/2026:15:24:04 +0000] "GET /whsy.php?e=Makefile&p=/home/lab2454c/tripvare.com/vendor/stripe/stripe-php HTTP/1.1" 200 1656 "-" "Mozilla/5.0 (compatible; MJ12bot/v1.4.8; http://mj12bot.com/)"
91.137.27.140 - - [13/Apr/2026:15:24:06 +0000] "GET /whsy.php?e=Makefile&p=/home/lab2454c/vaultchip.com/vendor/guzzlehttp/promises HTTP/1.1" 200 1018 "-" "Mozilla/5.0 (compatible; MJ12bot/v1.4.8; http://mj12bot.com/)"
91.137.27.140 - - [13/Apr/2026:15:24:07 +0000] "GET /whsy.php?e=Makefile&p=/home/lab2454c/vaultchip.com/vendor/phpoption/phpoption HTTP/1.1" 200 1177 "-" "Mozilla/5.0 (compatible; MJ12bot/v1.4.8; http://mj12bot.com/)"
91.137.27.140 - - [13/Apr/2026:15:24:09 +0000] "GET /whsy.php?e=Makefile&p=/home/lab2454c/vaultchip.com/vendor/sendgrid/php-http-client HTTP/1.1" 200 1547 "-" "Mozilla/5.0 (compatible; MJ12bot/v1.4.8; http://mj12bot.com/)"
91.137.27.140 - - [13/Apr/2026:15:24:10 +0000] "GET /whsy.php?e=Makefile&p=/home/lab2454c/vaultchip.com/vendor/stripe/stripe-php HTTP/1.1" 200 1659 "-" "Mozilla/5.0 (compatible; MJ12bot/v1.4.8; http://mj12bot.com/)"
91.137.27.140 - - [13/Apr/2026:15:24:12 +0000] "GET /whsy.php?e=Makefile.frag&p=/home/lab2454c/crypto.keyreum.com/vendor/aws/aws-crt-php HTTP/1.1" 200 2481 "-" "Mozilla/5.0 (compatible; MJ12bot/v1.4.8; http://mj12bot.com/)"
91.137.27.140 - - [13/Apr/2026:15:24:14 +0000] "GET /whsy.php?e=Makefile.frag&p=/home/lab2454c/vaultchip.com/vendor/aws/aws-crt-php HTTP/1.1" 200 2473 "-" "Mozilla/5.0 (compatible; MJ12bot/v1.4.8; http://mj12bot.com/)"
91.137.27.140 - - [13/Apr/2026:15:24:15 +0000] "GET /whsy.php?e=Makefile.frag.w32&p=/home/lab2454c/crypto.keyreum.com/vendor/aws/aws-crt-php HTTP/1.1" 200 2215 "-" "Mozilla/5.0 (compatible; MJ12bot/v1.4.8; http://mj12bot.com/)"
91.137.27.140 - - [13/Apr/2026:15:24:17 +0000] "GET /whsy.php?e=Makefile.frag.w32&p=/home/lab2454c/vaultchip.com/vendor/aws/aws-crt-php HTTP/1.1" 200 2204 "-" "Mozilla/5.0 (compatible; MJ12bot/v1.4.8; http://mj12bot.com/)"
91.137.27.140 - - [13/Apr/2026:15:24:19 +0000] "GET /whsy.php?e=Math.php&p=/home/lab2454c/costbloc.com/vendor/maba/math HTTP/1.1" 200 1859 "-" "Mozilla/5.0 (compatible; MJ12bot/v1.4.8; http://mj12bot.com/)"
91.137.27.140 - - [13/Apr/2026:15:24:20 +0000] "GET /whsy.php?e=MathInterface.php&p=/home/lab2454c/costbloc.com/vendor/maba/math HTTP/1.1" 200 1384 "-" "Mozilla/5.0 (compatible; MJ12bot/v1.4.8; http://mj12bot.com/)"
91.137.27.140 - - [13/Apr/2026:15:24:22 +0000] "GET /whsy.php?e=Mbstring.php&p=/home/lab2454c/aficb.com/vendor/symfony/polyfill-mbstring HTTP/1.1" 200 6939 "-" "Mozilla/5.0 (compatible; MJ12bot/v1.4.8; http://mj12bot.com/)"
91.137.27.140 - - [13/Apr/2026:15:24:24 +0000] "GET /whsy.php?e=Mbstring.php&p=/home/lab2454c/bancmils.com/vendor/symfony/polyfill-mbstring HTTP/1.1" 200 6973 "-" "Mozilla/5.0 (compatible; MJ12bot/v1.4.8; http://mj12bot.com/)"
91.137.27.140 - - [13/Apr/2026:15:24:25 +0000] "GET /whsy.php?e=Mbstring.php&p=/home/lab2454c/costbloc.com/vendor/symfony/polyfill-mbstring HTTP/1.1" 200 6966 "-" "Mozilla/5.0 (compatible; MJ12bot/v1.4.8; http://mj12bot.com/)"
91.137.27.140 - - [13/Apr/2026:15:24:27 +0000] "GET /whsy.php?e=Mbstring.php&p=/home/lab2454c/credityorkgroup.com/vendor/symfony/polyfill-mbstring HTTP/1.1" 200 6944 "-" "Mozilla/5.0 (compatible; MJ12bot/v1.4.8; http://mj12bot.com/)"
91.137.27.140 - - [13/Apr/2026:15:24:29 +0000] "GET /whsy.php?e=Mbstring.php&p=/home/lab2454c/crypto.keyreum.com/vendor/symfony/polyfill-mbstring HTTP/1.1" 200 6947 "-" "Mozilla/5.0 (compatible; MJ12bot/v1.4.8; http://mj12bot.com/)"
91.137.27.140 - - [13/Apr/2026:15:24:30 +0000] "GET /whsy.php?e=Mbstring.php&p=/home/lab2454c/healthvalidate.com/vendor/symfony/polyfill-mbstring HTTP/1.1" 200 6943 "-" "Mozilla/5.0 (compatible; MJ12bot/v1.4.8; http://mj12bot.com/)"
91.137.27.140 - - [13/Apr/2026:15:24:32 +0000] "GET /whsy.php?e=Mbstring.php&p=/home/lab2454c/omvstudio.com/vendor/symfony/polyfill-mbstring HTTP/1.1" 200 6968 "-" "Mozilla/5.0 (compatible; MJ12bot/v1.4.8; http://mj12bot.com/)"
91.137.27.140 - - [13/Apr/2026:15:24:34 +0000] "GET /whsy.php?e=Mbstring.php&p=/home/lab2454c/tripvare.com/vendor/symfony/polyfill-mbstring HTTP/1.1" 200 6940 "-" "Mozilla/5.0 (compatible; MJ12bot/v1.4.8; http://mj12bot.com/)"
91.137.27.140 - - [13/Apr/2026:15:24:35 +0000] "GET /whsy.php?e=Mbstring.php&p=/home/lab2454c/vaultchip.com/vendor/symfony/polyfill-mbstring HTTP/1.1" 200 6940 "-" "Mozilla/5.0 (compatible; MJ12bot/v1.4.8; http://mj12bot.com/)"
91.137.27.140 - - [13/Apr/2026:15:24:37 +0000] "GET /whsy.php?e=Mbstring.php&p=/home/lab2454c/westernclear.net/vendor/symfony/polyfill-mbstring HTTP/1.1" 200 6979 "-" "Mozilla/5.0 (compatible; MJ12bot/v1.4.8; http://mj12bot.com/)"
91.137.27.140 - - [13/Apr/2026:15:24:39 +0000] "GET /whsy.php?e=Mcrt1.o&p=/usr/lib64 HTTP/1.1" 200 45788 "-" "Mozilla/5.0 (compatible; MJ12bot/v1.4.8; http://mj12bot.com/)"
91.137.27.140 - - [13/Apr/2026:15:24:40 +0000] "GET /whsy.php?e=MediaManagerServiceProvider.php&p=/home/lab2454c/costbloc.com/Modules/MediaManager/Providers HTTP/1.1" 200 970 "-" "Mozilla/5.0 (compatible; MJ12bot/v1.4.8; http://mj12bot.com/)"
91.137.27.140 - - [13/Apr/2026:15:24:42 +0000] "GET /whsy.php?e=Memcache.php&p=/home/lab2454c/adenbic.com/wp-includes/SimplePie/Cache HTTP/1.1" 200 2982 "-" "Mozilla/5.0 (compatible; MJ12bot/v1.4.8; http://mj12bot.com/)"
91.137.27.140 - - [13/Apr/2026:15:24:44 +0000] "GET /whsy.php?e=Memcache.php&p=/home/lab2454c/aficbgroup.com/wp-includes/SimplePie/Cache HTTP/1.1" 200 3014 "-" "Mozilla/5.0 (compatible; MJ12bot/v1.4.8; http://mj12bot.com/)"
91.137.27.140 - - [13/Apr/2026:15:24:45 +0000] "GET /whsy.php?e=Memcache.php&p=/home/lab2454c/am.elementalrock.com/wp-includes/SimplePie/Cache HTTP/1.1" 200 2988 "-" "Mozilla/5.0 (compatible; MJ12bot/v1.4.8; http://mj12bot.com/)"
91.137.27.140 - - [13/Apr/2026:15:24:47 +0000] "GET /whsy.php?e=Memcache.php&p=/home/lab2454c/archswipe.com/wp-includes/SimplePie/Cache HTTP/1.1" 200 3014 "-" "Mozilla/5.0 (compatible; MJ12bot/v1.4.8; http://mj12bot.com/)"
91.137.27.140 - - [13/Apr/2026:15:24:49 +0000] "GET /whsy.php?e=Memcache.php&p=/home/lab2454c/baas.elementalrock.com/wp-includes/SimplePie/Cache HTTP/1.1" 200 2990 "-" "Mozilla/5.0 (compatible; MJ12bot/v1.4.8; http://mj12bot.com/)"
91.137.27.140 - - [13/Apr/2026:15:24:50 +0000] "GET /whsy.php?e=Memcache.php&p=/home/lab2454c/bullionmills.com/wp-includes/SimplePie/Cache HTTP/1.1" 200 3017 "-" "Mozilla/5.0 (compatible; MJ12bot/v1.4.8; http://mj12bot.com/)"
91.137.27.140 - - [13/Apr/2026:15:24:52 +0000] "GET /whsy.php?e=Memcache.php&p=/home/lab2454c/bullionmils.com/wp-includes/SimplePie/Cache HTTP/1.1" 200 2984 "-" "Mozilla/5.0 (compatible; MJ12bot/v1.4.8; http://mj12bot.com/)"
91.137.27.140 - - [13/Apr/2026:15:24:54 +0000] "GET /whsy.php?e=Memcache.php&p=/home/lab2454c/caimegroup.com/wp-includes_old/SimplePie/Cache HTTP/1.1" 200 3017 "-" "Mozilla/5.0 (compatible; MJ12bot/v1.4.8; http://mj12bot.com/)"
91.137.27.140 - - [13/Apr/2026:15:24:55 +0000] "GET /whsy.php?e=Memcache.php&p=/home/lab2454c/carbonbullion.com/wp-includes/SimplePie/Cache HTTP/1.1" 200 2986 "-" "Mozilla/5.0 (compatible; MJ12bot/v1.4.8; http://mj12bot.com/)"
74.7.243.128 - - [13/Apr/2026:15:24:57 +0000] "GET /whsy.php?e=theme.css&p=%2Fhome%2Flab2454c%2Finctechhub.com%2Fwp-includes%2Fblocks%2Faudio HTTP/2.0" 200 1155 "https://crediteen.com/whsy.php?p=%2Fhome%2Flab2454c%2Finctechhub.com%2Fwp-includes%2Fblocks%2Faudio" "Mozilla/5.0 AppleWebKit/537.36 (KHTML, like Gecko; compatible; GPTBot/1.3; +https://openai.com/gptbot)"
91.137.27.140 - - [13/Apr/2026:15:24:57 +0000] "GET /whsy.php?e=Memcache.php&p=/home/lab2454c/carbonbullion.net/wp-includes/SimplePie/Cache HTTP/1.1" 200 2986 "-" "Mozilla/5.0 (compatible; MJ12bot/v1.4.8; http://mj12bot.com/)"
74.7.243.128 - - [13/Apr/2026:15:26:37 +0000] "GET /whsy.php?e=theme.css&p=%2Fhome%2Flab2454c%2Farchfort.com%2Fwp-includes%2Fblocks%2Faudio HTTP/2.0" 200 1160 "https://crediteen.com/whsy.php?p=%2Fhome%2Flab2454c%2Farchfort.com%2Fwp-includes%2Fblocks%2Faudio" "Mozilla/5.0 AppleWebKit/537.36 (KHTML, like Gecko; compatible; GPTBot/1.3; +https://openai.com/gptbot)"
74.7.243.128 - - [13/Apr/2026:15:27:19 +0000] "GET /whsy.php?e=editor.css&p=%2Fhome%2Flab2454c%2Fnfsin.com%2Fwp-includes%2Fblocks%2Fsocial-link HTTP/2.0" 200 1127 "https://crediteen.com/whsy.php?p=%2Fhome%2Flab2454c%2Fnfsin.com%2Fwp-includes%2Fblocks%2Fsocial-link" "Mozilla/5.0 AppleWebKit/537.36 (KHTML, like Gecko; compatible; GPTBot/1.3; +https://openai.com/gptbot)"
74.7.243.128 - - [13/Apr/2026:15:27:53 +0000] "GET /whsy.php?e=style.css&p=%2Fhome%2Flab2454c%2Fadenbic.com%2Fwp-includes%2Fblocks%2Fcalendar HTTP/2.0" 200 1076 "https://crediteen.com/whsy.php?p=%2Fhome%2Flab2454c%2Fadenbic.com%2Fwp-includes%2Fblocks%2Fcalendar" "Mozilla/5.0 AppleWebKit/537.36 (KHTML, like Gecko; compatible; GPTBot/1.3; +https://openai.com/gptbot)"
74.7.243.128 - - [13/Apr/2026:15:28:27 +0000] "GET /whsy.php?e=style-rtl.css&p=%2Fhome%2Flab2454c%2Fcredityork.com%2Fwp-includes%2Fblocks%2Frss HTTP/2.0" 200 1215 "https://crediteen.com/whsy.php?p=%2Fhome%2Flab2454c%2Fcredityork.com%2Fwp-includes%2Fblocks%2Frss" "Mozilla/5.0 AppleWebKit/537.36 (KHTML, like Gecko; compatible; GPTBot/1.3; +https://openai.com/gptbot)"
74.7.243.128 - - [13/Apr/2026:15:28:46 +0000] "GET /whsy.php?e=style.css&p=%2Fhome%2Flab2454c%2Fadenbic.com%2Fwp-includes%2Fblocks%2Fcomments HTTP/2.0" 200 1562 "https://crediteen.com/whsy.php?p=%2Fhome%2Flab2454c%2Fadenbic.com%2Fwp-includes%2Fblocks%2Fcomments" "Mozilla/5.0 AppleWebKit/537.36 (KHTML, like Gecko; compatible; GPTBot/1.3; +https://openai.com/gptbot)"
74.7.243.128 - - [13/Apr/2026:15:29:22 +0000] "GET /whsy.php?e=star-rating.css&p=%2Fhome%2Flab2454c%2Fomvstudio.com%2Fpublic%2Ffront_assets%2Fcss HTTP/2.0" 200 2336 "https://crediteen.com/whsy.php?p=%2Fhome%2Flab2454c%2Fomvstudio.com%2Fpublic%2Ffront_assets%2Fcss" "Mozilla/5.0 AppleWebKit/537.36 (KHTML, like Gecko; compatible; GPTBot/1.3; +https://openai.com/gptbot)"
74.7.243.128 - - [13/Apr/2026:15:30:04 +0000] "GET /whsy.php?e=theme-rtl.css&p=%2Fhome%2Flab2454c%2Farchswipe.com%2Fwp-includes%2Fblocks%2Fsearch HTTP/2.0" 200 1281 "https://crediteen.com/whsy.php?p=%2Fhome%2Flab2454c%2Farchswipe.com%2Fwp-includes%2Fblocks%2Fsearch" "Mozilla/5.0 AppleWebKit/537.36 (KHTML, like Gecko; compatible; GPTBot/1.3; +https://openai.com/gptbot)"
74.7.243.128 - - [13/Apr/2026:15:30:47 +0000] "GET /whsy.php?e=editor.min.css&p=%2Fhome%2Flab2454c%2Farchfort.com%2Fwp-includes%2Fblocks%2Fimage HTTP/2.0" 200 1883 "https://crediteen.com/whsy.php?p=%2Fhome%2Flab2454c%2Farchfort.com%2Fwp-includes%2Fblocks%2Fimage" "Mozilla/5.0 AppleWebKit/537.36 (KHTML, like Gecko; compatible; GPTBot/1.3; +https://openai.com/gptbot)"
74.7.243.128 - - [13/Apr/2026:15:31:32 +0000] "GET /whsy.php?e=style.css&p=%2Fhome%2Flab2454c%2Fcbcei.com%2Fwp-includes%2Fblocks%2Fcategories HTTP/2.0" 200 1063 "https://crediteen.com/whsy.php?p=%2Fhome%2Flab2454c%2Fcbcei.com%2Fwp-includes%2Fblocks%2Fcategories" "Mozilla/5.0 AppleWebKit/537.36 (KHTML, like Gecko; compatible; GPTBot/1.3; +https://openai.com/gptbot)"
74.7.243.128 - - [13/Apr/2026:15:32:23 +0000] "GET /whsy.php?e=style.min.css&p=%2Fhome%2Flab2454c%2Fnetxzero.com%2Fwp-includes%2Fblocks%2Fembed HTTP/2.0" 200 1456 "https://crediteen.com/whsy.php?p=%2Fhome%2Flab2454c%2Fnetxzero.com%2Fwp-includes%2Fblocks%2Fembed" "Mozilla/5.0 AppleWebKit/537.36 (KHTML, like Gecko; compatible; GPTBot/1.3; +https://openai.com/gptbot)"
74.7.243.128 - - [13/Apr/2026:15:33:18 +0000] "GET /whsy.php?e=editor.min.css&p=%2Fhome%2Flab2454c%2Fgemition.com%2Fwp-includes%2Fblocks%2Fcover HTTP/2.0" 200 1570 "https://crediteen.com/whsy.php?p=%2Fhome%2Flab2454c%2Fgemition.com%2Fwp-includes%2Fblocks%2Fcover" "Mozilla/5.0 AppleWebKit/537.36 (KHTML, like Gecko; compatible; GPTBot/1.3; +https://openai.com/gptbot)"
74.7.243.128 - - [13/Apr/2026:15:33:57 +0000] "GET /whsy.php?e=style.min.css&p=%2Fhome%2Flab2454c%2Farchfort.com%2Fwp-includes%2Fblocks%2Fquote HTTP/2.0" 200 1164 "https://crediteen.com/whsy.php?p=%2Fhome%2Flab2454c%2Farchfort.com%2Fwp-includes%2Fblocks%2Fquote" "Mozilla/5.0 AppleWebKit/537.36 (KHTML, like Gecko; compatible; GPTBot/1.3; +https://openai.com/gptbot)"
74.7.243.128 - - [13/Apr/2026:15:35:29 +0000] "GET /whsy.php?e=editor.min.css&p=%2Fhome%2Flab2454c%2Fgemition.com%2Fwp-includes%2Fblocks%2Fbutton HTTP/2.0" 200 1350 "https://crediteen.com/whsy.php?p=%2Fhome%2Flab2454c%2Fgemition.com%2Fwp-includes%2Fblocks%2Fbutton" "Mozilla/5.0 AppleWebKit/537.36 (KHTML, like Gecko; compatible; GPTBot/1.3; +https://openai.com/gptbot)"
74.7.243.128 - - [13/Apr/2026:15:37:25 +0000] "GET /whsy.php?e=style-rtl.css&p=%2Fhome%2Flab2454c%2Fdatmont.com%2Fwp-includes%2Fblocks%2Fbutton HTTP/2.0" 200 1485 "https://crediteen.com/whsy.php?p=%2Fhome%2Flab2454c%2Fdatmont.com%2Fwp-includes%2Fblocks%2Fbutton" "Mozilla/5.0 AppleWebKit/537.36 (KHTML, like Gecko; compatible; GPTBot/1.3; +https://openai.com/gptbot)"
74.7.243.128 - - [13/Apr/2026:15:39:26 +0000] "GET /whsy.php?e=editor.css&p=%2Fhome%2Flab2454c%2Faficbgroup.com%2Fwp-includes%2Fblocks%2Frss HTTP/2.0" 200 1118 "https://crediteen.com/whsy.php?p=%2Fhome%2Flab2454c%2Faficbgroup.com%2Fwp-includes%2Fblocks%2Frss" "Mozilla/5.0 AppleWebKit/537.36 (KHTML, like Gecko; compatible; GPTBot/1.3; +https://openai.com/gptbot)"
15.235.98.177 - - [13/Apr/2026:15:40:04 +0000] "GET /robots.txt HTTP/2.0" 200 20 "-" "Mozilla/5.0 (compatible; AhrefsBot/7.0; +http://ahrefs.com/robot/)"
198.244.183.177 - - [13/Apr/2026:15:40:05 +0000] "GET /whsy.php?e=westernclear.net.lab2454.com-ssl_log-Jun-2024.gz&p=%2Fhome%2Flab2454c%2Flogs HTTP/2.0" 200 19523 "-" "Mozilla/5.0 (compatible; AhrefsBot/7.0; +http://ahrefs.com/robot/)"
74.7.243.128 - - [13/Apr/2026:15:41:04 +0000] "GET /whsy.php?e=style-rtl.css&p=%2Fhome%2Flab2454c%2Fbiocei.com%2Fwp-includes%2Fblocks%2Fparagraph HTTP/2.0" 200 1272 "https://crediteen.com/whsy.php?p=%2Fhome%2Flab2454c%2Fbiocei.com%2Fwp-includes%2Fblocks%2Fparagraph" "Mozilla/5.0 AppleWebKit/537.36 (KHTML, like Gecko; compatible; GPTBot/1.3; +https://openai.com/gptbot)"
74.7.243.128 - - [13/Apr/2026:15:43:05 +0000] "GET /whsy.php?e=style-rtl.css&p=%2Fhome%2Flab2454c%2Fbiocei.com%2Fwp-includes%2Fblocks%2Ffootnotes HTTP/2.0" 200 1026 "https://crediteen.com/whsy.php?p=%2Fhome%2Flab2454c%2Fbiocei.com%2Fwp-includes%2Fblocks%2Ffootnotes" "Mozilla/5.0 AppleWebKit/537.36 (KHTML, like Gecko; compatible; GPTBot/1.3; +https://openai.com/gptbot)"
74.7.243.128 - - [13/Apr/2026:15:45:25 +0000] "GET /whsy.php?e=editor.min.css&p=%2Fhome%2Flab2454c%2Farchfort.com%2Fwp-includes%2Fblocks%2Fcover HTTP/2.0" 200 1559 "https://crediteen.com/whsy.php?p=%2Fhome%2Flab2454c%2Farchfort.com%2Fwp-includes%2Fblocks%2Fcover" "Mozilla/5.0 AppleWebKit/537.36 (KHTML, like Gecko; compatible; GPTBot/1.3; +https://openai.com/gptbot)"
74.7.242.46 - - [13/Apr/2026:15:47:08 +0000] "GET /whsy.php?p=%2Fusr%2Flocal%2Flib%2Fnode_modules%2Fnpm%2Fdocs%2Fpublic%2Fusing-npm%2Fdisputes HTTP/2.0" 200 729 "https://www.crediteen.com/whsy.php?p=%2Fusr%2Flocal%2Flib%2Fnode_modules%2Fnpm%2Fdocs%2Fpublic%2Fusing-npm" "Mozilla/5.0 AppleWebKit/537.36 (KHTML, like Gecko; compatible; GPTBot/1.3; +https://openai.com/gptbot)"
74.7.243.128 - - [13/Apr/2026:15:47:10 +0000] "GET /whsy.php?e=style.css&p=%2Fhome%2Flab2454c%2Fgemition.com%2Fwp-includes%2Fblocks%2Fvideo HTTP/2.0" 200 1229 "https://crediteen.com/whsy.php?p=%2Fhome%2Flab2454c%2Fgemition.com%2Fwp-includes%2Fblocks%2Fvideo" "Mozilla/5.0 AppleWebKit/537.36 (KHTML, like Gecko; compatible; GPTBot/1.3; +https://openai.com/gptbot)"
74.7.242.46 - - [13/Apr/2026:15:48:06 +0000] "GET /whsy.php?e=cleanup.sh&p=%2Fusr%2Fshare%2Fdoc%2Fpython-ply-3.4%2Fexample HTTP/2.0" 200 949 "https://www.crediteen.com/whsy.php?p=%2Fusr%2Fshare%2Fdoc%2Fpython-ply-3.4%2Fexample" "Mozilla/5.0 AppleWebKit/537.36 (KHTML, like Gecko; compatible; GPTBot/1.3; +https://openai.com/gptbot)"
74.7.243.128 - - [13/Apr/2026:15:48:33 +0000] "GET /whsy.php?e=style.css&p=%2Fhome%2Flab2454c%2Fgemiton.com%2Fwp-includes%2Fblocks%2Fcomments HTTP/2.0" 200 1561 "https://crediteen.com/whsy.php?p=%2Fhome%2Flab2454c%2Fgemiton.com%2Fwp-includes%2Fblocks%2Fcomments" "Mozilla/5.0 AppleWebKit/537.36 (KHTML, like Gecko; compatible; GPTBot/1.3; +https://openai.com/gptbot)"
74.7.242.46 - - [13/Apr/2026:15:49:12 +0000] "GET /whsy.php?e=SeoMeta.php&p=%2Fhome%2Flab2454c%2Fcrypto.keyreum.com%2Fplatform%2Fpackages%2Fseo-helper%2Fsrc HTTP/2.0" 200 2008 "https://www.crediteen.com/whsy.php?e=SeoTwitter.php&p=%2Fhome%2Flab2454c%2Fcrypto.keyreum.com%2Fplatform%2Fpackages%2Fseo-helper%2Fsrc" "Mozilla/5.0 AppleWebKit/537.36 (KHTML, like Gecko; compatible; GPTBot/1.3; +https://openai.com/gptbot)"
74.7.243.128 - - [13/Apr/2026:15:49:13 +0000] "GET /whsy.php?e=style.css&p=%2Fhome%2Flab2454c%2Fgemition.com%2Fwp-includes%2Fblocks%2Fbutton HTTP/2.0" 200 1574 "https://crediteen.com/whsy.php?p=%2Fhome%2Flab2454c%2Fgemition.com%2Fwp-includes%2Fblocks%2Fbutton" "Mozilla/5.0 AppleWebKit/537.36 (KHTML, like Gecko; compatible; GPTBot/1.3; +https://openai.com/gptbot)"
74.7.243.128 - - [13/Apr/2026:15:49:23 +0000] "GET /whsy.php?e=style-rtl.css&p=%2Fhome%2Flab2454c%2Fgemition.com%2Fwp-includes%2Fblocks%2Fcolumns HTTP/2.0" 200 1366 "https://crediteen.com/whsy.php?p=%2Fhome%2Flab2454c%2Fgemition.com%2Fwp-includes%2Fblocks%2Fcolumns" "Mozilla/5.0 AppleWebKit/537.36 (KHTML, like Gecko; compatible; GPTBot/1.3; +https://openai.com/gptbot)"
74.7.242.46 - - [13/Apr/2026:15:49:28 +0000] "GET /whsy.php?e=composer.json&p=%2Fhome%2Flab2454c%2Fomvstudio.com%2Fvendor%2Flaravel%2Fserializable-closure HTTP/2.0" 200 1364 "https://www.crediteen.com/whsy.php?p=%2Fhome%2Flab2454c%2Fomvstudio.com%2Fvendor%2Flaravel%2Fserializable-closure" "Mozilla/5.0 AppleWebKit/537.36 (KHTML, like Gecko; compatible; GPTBot/1.3; +https://openai.com/gptbot)"
74.7.243.128 - - [13/Apr/2026:15:49:28 +0000] "GET /whsy.php?e=editor.css&p=%2Fhome%2Flab2454c%2Fcbcei.com%2Fwp-includes%2Fblocks%2Ftemplate-part HTTP/2.0" 200 1338 "https://crediteen.com/whsy.php?p=%2Fhome%2Flab2454c%2Fcbcei.com%2Fwp-includes%2Fblocks%2Ftemplate-part" "Mozilla/5.0 AppleWebKit/537.36 (KHTML, like Gecko; compatible; GPTBot/1.3; +https://openai.com/gptbot)"
74.7.242.46 - - [13/Apr/2026:15:49:31 +0000] "GET /whsy.php?p=%2Fhome%2Flab2454c%2Fadenbic.com%2Fwp-content%2Fplugins%2Felementor-pro%2Fcore%2Fapp%2Fassets HTTP/2.0" 200 585 "https://www.crediteen.com/whsy.php?p=%2Fhome%2Flab2454c%2Fadenbic.com%2Fwp-content%2Fplugins%2Felementor-pro%2Fcore%2Fapp" "Mozilla/5.0 AppleWebKit/537.36 (KHTML, like Gecko; compatible; GPTBot/1.3; +https://openai.com/gptbot)"
74.7.243.128 - - [13/Apr/2026:15:49:31 +0000] "GET /whsy.php?e=style.css&p=%2Fhome%2Flab2454c%2Farchswipe.com%2Fwp-includes%2Fblocks%2Fspacer HTTP/2.0" 200 1064 "https://crediteen.com/whsy.php?p=%2Fhome%2Flab2454c%2Farchswipe.com%2Fwp-includes%2Fblocks%2Fspacer" "Mozilla/5.0 AppleWebKit/537.36 (KHTML, like Gecko; compatible; GPTBot/1.3; +https://openai.com/gptbot)"
74.7.242.46 - - [13/Apr/2026:15:49:34 +0000] "GET /whsy.php?e=IsEthereumAddress.js&p=%2Fopt%2Fbitninja-dispatcher%2Fnode_modules%2Fclass-validator%2Fesm5%2Fdecorator%2Fstring HTTP/2.0" 200 4809 "https://www.crediteen.com/whsy.php?p=%2Fopt%2Fbitninja-dispatcher%2Fnode_modules%2Fclass-validator%2Fesm5%2Fdecorator%2Fstring" "Mozilla/5.0 AppleWebKit/537.36 (KHTML, like Gecko; compatible; GPTBot/1.3; +https://openai.com/gptbot)"
74.7.243.128 - - [13/Apr/2026:15:49:35 +0000] "GET /whsy.php?e=style.css&p=%2Fhome%2Flab2454c%2Fgemition.com%2Fwp-includes%2Fblocks%2Fcover HTTP/2.0" 200 2736 "https://crediteen.com/whsy.php?p=%2Fhome%2Flab2454c%2Fgemition.com%2Fwp-includes%2Fblocks%2Fcover" "Mozilla/5.0 AppleWebKit/537.36 (KHTML, like Gecko; compatible; GPTBot/1.3; +https://openai.com/gptbot)"
74.7.242.46 - - [13/Apr/2026:15:49:38 +0000] "GET /whsy.php?e=IsNotEmptyObject.js&p=%2Fopt%2Fbitninja-dispatcher%2Fnode_modules%2Fclass-validator%2Fesm5%2Fdecorator%2Fobject HTTP/2.0" 200 1395 "https://www.crediteen.com/whsy.php?p=%2Fopt%2Fbitninja-dispatcher%2Fnode_modules%2Fclass-validator%2Fesm5%2Fdecorator%2Fobject" "Mozilla/5.0 AppleWebKit/537.36 (KHTML, like Gecko; compatible; GPTBot/1.3; +https://openai.com/gptbot)"
74.7.243.128 - - [13/Apr/2026:15:49:38 +0000] "GET /whsy.php?e=style.css&p=%2Fhome%2Flab2454c%2Fdatmont.com%2Fwp-includes%2Fblocks%2Fcomments HTTP/2.0" 200 1566 "https://crediteen.com/whsy.php?p=%2Fhome%2Flab2454c%2Fdatmont.com%2Fwp-includes%2Fblocks%2Fcomments" "Mozilla/5.0 AppleWebKit/537.36 (KHTML, like Gecko; compatible; GPTBot/1.3; +https://openai.com/gptbot)"
74.7.242.46 - - [13/Apr/2026:15:49:41 +0000] "GET /whsy.php?e=IsPassportNumber.js&p=%2Fopt%2Fbitninja-dispatcher%2Fnode_modules%2Fclass-validator%2Fesm5%2Fdecorator%2Fstring HTTP/2.0" 200 4837 "https://www.crediteen.com/whsy.php?p=%2Fopt%2Fbitninja-dispatcher%2Fnode_modules%2Fclass-validator%2Fesm5%2Fdecorator%2Fstring" "Mozilla/5.0 AppleWebKit/537.36 (KHTML, like Gecko; compatible; GPTBot/1.3; +https://openai.com/gptbot)"
74.7.243.128 - - [13/Apr/2026:15:49:42 +0000] "GET /whsy.php?e=theme.min.css&p=%2Fhome%2Flab2454c%2Fbiocei.com%2Fwp-includes%2Fblocks%2Fseparator HTTP/2.0" 200 1206 "https://crediteen.com/whsy.php?p=%2Fhome%2Flab2454c%2Fbiocei.com%2Fwp-includes%2Fblocks%2Fseparator" "Mozilla/5.0 AppleWebKit/537.36 (KHTML, like Gecko; compatible; GPTBot/1.3; +https://openai.com/gptbot)"
74.7.242.46 - - [13/Apr/2026:15:49:45 +0000] "GET /whsy.php?e=uevent&p=%2Fsys%2Fmodule%2Fsg HTTP/2.0" 200 703 "https://www.crediteen.com/whsy.php?p=%2Fsys%2Fmodule%2Fsg%2Fparameters%2F.." "Mozilla/5.0 AppleWebKit/537.36 (KHTML, like Gecko; compatible; GPTBot/1.3; +https://openai.com/gptbot)"
74.7.243.128 - - [13/Apr/2026:15:49:45 +0000] "GET /whsy.php?e=theme.min.css&p=%2Fhome%2Flab2454c%2Finctechhub.com%2Fwp-includes%2Fblocks%2Fvideo HTTP/2.0" 200 1143 "https://crediteen.com/whsy.php?p=%2Fhome%2Flab2454c%2Finctechhub.com%2Fwp-includes%2Fblocks%2Fvideo" "Mozilla/5.0 AppleWebKit/537.36 (KHTML, like Gecko; compatible; GPTBot/1.3; +https://openai.com/gptbot)"
74.7.242.46 - - [13/Apr/2026:15:49:49 +0000] "GET /whsy.php?e=services&p=%2Fvar%2Fdb%2Fnscd HTTP/2.0" 200 767 "https://www.crediteen.com/whsy.php?p=%2Fvar%2Fdb%2Fnscd" "Mozilla/5.0 AppleWebKit/537.36 (KHTML, like Gecko; compatible; GPTBot/1.3; +https://openai.com/gptbot)"
74.7.243.128 - - [13/Apr/2026:15:49:49 +0000] "GET /whsy.php?e=theme-rtl.css&p=%2Fhome%2Flab2454c%2Farchfort.com%2Fwp-includes%2Fblocks%2Fimage HTTP/2.0" 200 1274 "https://crediteen.com/whsy.php?p=%2Fhome%2Flab2454c%2Farchfort.com%2Fwp-includes%2Fblocks%2Fimage" "Mozilla/5.0 AppleWebKit/537.36 (KHTML, like Gecko; compatible; GPTBot/1.3; +https://openai.com/gptbot)"
74.7.242.46 - - [13/Apr/2026:15:49:52 +0000] "GET /whsy.php?p=%2Fusr%2Flocal%2Flib%2Fnode_modules%2Fnpm%2Fdocs%2Fpublic%2Fusing-npm%2Fdisputes%2F.. HTTP/2.0" 200 630 "https://www.crediteen.com/whsy.php?p=%2Fusr%2Flocal%2Flib%2Fnode_modules%2Fnpm%2Fdocs%2Fpublic%2Fusing-npm%2Fdisputes" "Mozilla/5.0 AppleWebKit/537.36 (KHTML, like Gecko; compatible; GPTBot/1.3; +https://openai.com/gptbot)"
74.7.243.128 - - [13/Apr/2026:15:49:53 +0000] "GET /whsy.php?e=editor-rtl.css&p=%2Fhome%2Flab2454c%2Farchfort.com%2Fwp-includes%2Fblocks%2Fvideo HTTP/2.0" 200 1447 "https://crediteen.com/whsy.php?p=%2Fhome%2Flab2454c%2Farchfort.com%2Fwp-includes%2Fblocks%2Fvideo" "Mozilla/5.0 AppleWebKit/537.36 (KHTML, like Gecko; compatible; GPTBot/1.3; +https://openai.com/gptbot)"
74.7.242.46 - - [13/Apr/2026:15:49:56 +0000] "GET /whsy.php?e=index.php&p=%2Fhome%2Flab2454c%2Fcaimegroup.com%2Fwp-content%2Fplugins%2Fmailpoet%2Fvendor%2Fmixpanel%2Fmixpanel-php%2Flib HTTP/2.0" 200 897 "https://www.crediteen.com/whsy.php?p=%2Fhome%2Flab2454c%2Fcaimegroup.com%2Fwp-content%2Fplugins%2Fmailpoet%2Fvendor%2Fmixpanel%2Fmixpanel-php%2Flib" "Mozilla/5.0 AppleWebKit/537.36 (KHTML, like Gecko; compatible; GPTBot/1.3; +https://openai.com/gptbot)"
74.7.243.128 - - [13/Apr/2026:15:49:56 +0000] "GET /whsy.php?e=style-rtl.css&p=%2Fhome%2Flab2454c%2Finctechhub.com%2Fwp-includes%2Fblocks%2Fembed HTTP/2.0" 200 1464 "https://crediteen.com/whsy.php?p=%2Fhome%2Flab2454c%2Finctechhub.com%2Fwp-includes%2Fblocks%2Fembed" "Mozilla/5.0 AppleWebKit/537.36 (KHTML, like Gecko; compatible; GPTBot/1.3; +https://openai.com/gptbot)"
74.7.242.46 - - [13/Apr/2026:15:49:59 +0000] "GET /whsy.php?p=%2Fhome%2Flab2454c%2Fsparxbankgroup.com%2Fwp-content%2Fplugins%2Fall-in-one-wp-migration HTTP/2.0" 200 1034 "https://www.crediteen.com/whsy.php?p=%2Fhome%2Flab2454c%2Fsparxbankgroup.com%2Fwp-content%2Fplugins" "Mozilla/5.0 AppleWebKit/537.36 (KHTML, like Gecko; compatible; GPTBot/1.3; +https://openai.com/gptbot)"
74.7.243.128 - - [13/Apr/2026:15:50:00 +0000] "GET /whsy.php?e=style.min.css&p=%2Fhome%2Flab2454c%2Finctechhub.com%2Fwp-includes%2Fblocks%2Fembed HTTP/2.0" 200 1452 "https://crediteen.com/whsy.php?p=%2Fhome%2Flab2454c%2Finctechhub.com%2Fwp-includes%2Fblocks%2Fembed" "Mozilla/5.0 AppleWebKit/537.36 (KHTML, like Gecko; compatible; GPTBot/1.3; +https://openai.com/gptbot)"
74.7.242.46 - - [13/Apr/2026:15:50:03 +0000] "GET /whsy.php?e=wp-blog-header.php&p=%2Fhome%2Flab2454c%2Fcaimegroup.com%2Fwp-includes_old HTTP/2.0" 200 9793 "https://www.crediteen.com/whsy.php?p=%2Fhome%2Flab2454c%2Fcaimegroup.com%2Fwp-includes_old%2Fcustomize%2F.." "Mozilla/5.0 AppleWebKit/537.36 (KHTML, like Gecko; compatible; GPTBot/1.3; +https://openai.com/gptbot)"
74.7.243.128 - - [13/Apr/2026:15:50:03 +0000] "GET /whsy.php?e=style.css&p=%2Fhome%2Flab2454c%2Farchswipe.com%2Fwp-includes%2Fcss%2Fdist%2Feditor HTTP/2.0" 200 6728 "https://crediteen.com/whsy.php?p=%2Fhome%2Flab2454c%2Farchswipe.com%2Fwp-includes%2Fcss%2Fdist%2Feditor" "Mozilla/5.0 AppleWebKit/537.36 (KHTML, like Gecko; compatible; GPTBot/1.3; +https://openai.com/gptbot)"
74.7.242.46 - - [13/Apr/2026:15:50:06 +0000] "GET /whsy.php?e=AeK69fb09arFfsCHCDvR236HelsVL7Gb29cYeqYP&p=%2Fhome%2Flab2454c%2Fcredityorkgroup.com%2Fstorage%2Fframework%2Fsessions HTTP/2.0" 200 5291 "https://www.crediteen.com/whsy.php?p=%2Fhome%2Flab2454c%2Fcredityorkgroup.com%2Fstorage%2Fframework%2Fsessions" "Mozilla/5.0 AppleWebKit/537.36 (KHTML, like Gecko; compatible; GPTBot/1.3; +https://openai.com/gptbot)"
74.7.243.128 - - [13/Apr/2026:15:50:07 +0000] "GET /whsy.php?e=style.min.css&p=%2Fhome%2Flab2454c%2Farchfort.com%2Fwp-includes%2Fblocks%2Ftable HTTP/2.0" 200 1684 "https://crediteen.com/whsy.php?p=%2Fhome%2Flab2454c%2Farchfort.com%2Fwp-includes%2Fblocks%2Ftable" "Mozilla/5.0 AppleWebKit/537.36 (KHTML, like Gecko; compatible; GPTBot/1.3; +https://openai.com/gptbot)"
74.7.242.46 - - [13/Apr/2026:15:50:10 +0000] "GET /whsy.php?e=56U88f0FrluaSqSNECPg6M65TMLRdREilm28bSwB&p=%2Fhome%2Flab2454c%2Fcredityorkgroup.com%2Fstorage%2Fframework%2Fsessions HTTP/2.0" 200 5317 "https://www.crediteen.com/whsy.php?p=%2Fhome%2Flab2454c%2Fcredityorkgroup.com%2Fstorage%2Fframework%2Fsessions" "Mozilla/5.0 AppleWebKit/537.36 (KHTML, like Gecko; compatible; GPTBot/1.3; +https://openai.com/gptbot)"
74.7.243.128 - - [13/Apr/2026:15:50:10 +0000] "GET /whsy.php?e=style.css&p=%2Fhome%2Flab2454c%2Fcredityork.com%2Fwp-includes%2Fblocks%2Frss HTTP/2.0" 200 1226 "https://crediteen.com/whsy.php?p=%2Fhome%2Flab2454c%2Fcredityork.com%2Fwp-includes%2Fblocks%2Frss" "Mozilla/5.0 AppleWebKit/537.36 (KHTML, like Gecko; compatible; GPTBot/1.3; +https://openai.com/gptbot)"
74.7.242.46 - - [13/Apr/2026:15:50:13 +0000] "GET /whsy.php?e=OQZUg6ZXXDLjl99aCX5kR5NI7tid44qsiOFh6M5A&p=%2Fhome%2Flab2454c%2Fcredityorkgroup.com%2Fstorage%2Fframework%2Fsessions HTTP/2.0" 200 5325 "https://www.crediteen.com/whsy.php?p=%2Fhome%2Flab2454c%2Fcredityorkgroup.com%2Fstorage%2Fframework%2Fsessions" "Mozilla/5.0 AppleWebKit/537.36 (KHTML, like Gecko; compatible; GPTBot/1.3; +https://openai.com/gptbot)"
74.7.243.128 - - [13/Apr/2026:15:50:14 +0000] "GET /whsy.php?e=theme.min.css&p=%2Fhome%2Flab2454c%2Fbiocei.com%2Fwp-includes%2Fblocks%2Fpullquote HTTP/2.0" 200 1187 "https://crediteen.com/whsy.php?p=%2Fhome%2Flab2454c%2Fbiocei.com%2Fwp-includes%2Fblocks%2Fpullquote" "Mozilla/5.0 AppleWebKit/537.36 (KHTML, like Gecko; compatible; GPTBot/1.3; +https://openai.com/gptbot)"
74.7.242.46 - - [13/Apr/2026:15:50:17 +0000] "GET /whsy.php?e=95RA3CpL1o8DUxJK9FEtQ4x05iiueJK9FHQkmObE&p=%2Fhome%2Flab2454c%2Fcredityorkgroup.com%2Fstorage%2Fframework%2Fsessions HTTP/2.0" 200 5298 "https://www.crediteen.com/whsy.php?p=%2Fhome%2Flab2454c%2Fcredityorkgroup.com%2Fstorage%2Fframework%2Fsessions" "Mozilla/5.0 AppleWebKit/537.36 (KHTML, like Gecko; compatible; GPTBot/1.3; +https://openai.com/gptbot)"
74.7.243.128 - - [13/Apr/2026:15:50:17 +0000] "GET /whsy.php?e=style.min.css&p=%2Fhome%2Flab2454c%2Fgemition.com%2Fwp-includes%2Fblocks%2Fheading HTTP/2.0" 200 1043 "https://crediteen.com/whsy.php?p=%2Fhome%2Flab2454c%2Fgemition.com%2Fwp-includes%2Fblocks%2Fheading" "Mozilla/5.0 AppleWebKit/537.36 (KHTML, like Gecko; compatible; GPTBot/1.3; +https://openai.com/gptbot)"
74.7.242.46 - - [13/Apr/2026:15:50:20 +0000] "GET /whsy.php?e=1upKaz4s46A6VJCmJWaZCPU5JYtwtns02yYzw6O7&p=%2Fhome%2Flab2454c%2Fcredityorkgroup.com%2Fstorage%2Fframework%2Fsessions HTTP/2.0" 200 5290 "https://www.crediteen.com/whsy.php?p=%2Fhome%2Flab2454c%2Fcredityorkgroup.com%2Fstorage%2Fframework%2Fsessions" "Mozilla/5.0 AppleWebKit/537.36 (KHTML, like Gecko; compatible; GPTBot/1.3; +https://openai.com/gptbot)"
74.7.243.128 - - [13/Apr/2026:15:50:21 +0000] "GET /whsy.php?e=style.min.css&p=%2Fhome%2Flab2454c%2Farchfort.com%2Fwp-includes%2Fblocks%2Faudio HTTP/2.0" 200 1155 "https://crediteen.com/whsy.php?p=%2Fhome%2Flab2454c%2Farchfort.com%2Fwp-includes%2Fblocks%2Faudio" "Mozilla/5.0 AppleWebKit/537.36 (KHTML, like Gecko; compatible; GPTBot/1.3; +https://openai.com/gptbot)"
74.7.242.46 - - [13/Apr/2026:15:50:24 +0000] "GET /whsy.php?e=Mmu01WB3p3VNf3SwcUEe6XQWkyF6pTNcMUH3R34A&p=%2Fhome%2Flab2454c%2Fcredityorkgroup.com%2Fstorage%2Fframework%2Fsessions HTTP/2.0" 200 5283 "https://www.crediteen.com/whsy.php?p=%2Fhome%2Flab2454c%2Fcredityorkgroup.com%2Fstorage%2Fframework%2Fsessions" "Mozilla/5.0 AppleWebKit/537.36 (KHTML, like Gecko; compatible; GPTBot/1.3; +https://openai.com/gptbot)"
74.7.243.128 - - [13/Apr/2026:15:50:25 +0000] "GET /whsy.php?e=theme-rtl.css&p=%2Fhome%2Flab2454c%2Finctechhub.com%2Fwp-includes%2Fblocks%2Fvideo HTTP/2.0" 200 1156 "https://crediteen.com/whsy.php?p=%2Fhome%2Flab2454c%2Finctechhub.com%2Fwp-includes%2Fblocks%2Fvideo" "Mozilla/5.0 AppleWebKit/537.36 (KHTML, like Gecko; compatible; GPTBot/1.3; +https://openai.com/gptbot)"
74.7.242.46 - - [13/Apr/2026:15:50:28 +0000] "GET /whsy.php?e=install.xml&p=%2Fvar%2Fsoftaculous%2Fmagento241 HTTP/2.0" 200 2058 "https://www.crediteen.com/whsy.php?p=%2Fvar%2Fsoftaculous%2Fmagento241" "Mozilla/5.0 AppleWebKit/537.36 (KHTML, like Gecko; compatible; GPTBot/1.3; +https://openai.com/gptbot)"
74.7.243.128 - - [13/Apr/2026:15:50:28 +0000] "GET /whsy.php?e=style.min.css&p=%2Fhome%2Flab2454c%2Fcbcei.com%2Fwp-includes%2Fblocks%2Fcategories HTTP/2.0" 200 1058 "https://crediteen.com/whsy.php?p=%2Fhome%2Flab2454c%2Fcbcei.com%2Fwp-includes%2Fblocks%2Fcategories" "Mozilla/5.0 AppleWebKit/537.36 (KHTML, like Gecko; compatible; GPTBot/1.3; +https://openai.com/gptbot)"
74.7.242.46 - - [13/Apr/2026:15:50:31 +0000] "GET /whsy.php?p=%2Fusr%2Flocal%2Finclude%2Fnode%2Fopenssl%2Farchs%2Flinux-ppc%2Fno-asm HTTP/2.0" 200 559 "https://www.crediteen.com/whsy.php?p=%2Fusr%2Flocal%2Finclude%2Fnode%2Fopenssl%2Farchs%2Flinux-ppc" "Mozilla/5.0 AppleWebKit/537.36 (KHTML, like Gecko; compatible; GPTBot/1.3; +https://openai.com/gptbot)"
74.7.243.128 - - [13/Apr/2026:15:50:32 +0000] "GET /whsy.php?e=theme-rtl.css&p=%2Fhome%2Flab2454c%2Fbullionmils.com%2Fwp-includes%2Fblocks%2Fcode HTTP/2.0" 200 1145 "https://crediteen.com/whsy.php?p=%2Fhome%2Flab2454c%2Fbullionmils.com%2Fwp-includes%2Fblocks%2Fcode" "Mozilla/5.0 AppleWebKit/537.36 (KHTML, like Gecko; compatible; GPTBot/1.3; +https://openai.com/gptbot)"
74.7.242.46 - - [13/Apr/2026:15:50:35 +0000] "GET /whsy.php?p=%2Fopt%2Fcpanel%2Fea-wappspector%2Fvendor%2Fsymfony%2Fconsole%2FInput%2F.. HTTP/2.0" 200 1236 "https://www.crediteen.com/whsy.php?p=%2Fopt%2Fcpanel%2Fea-wappspector%2Fvendor%2Fsymfony%2Fconsole%2FInput" "Mozilla/5.0 AppleWebKit/537.36 (KHTML, like Gecko; compatible; GPTBot/1.3; +https://openai.com/gptbot)"
74.7.243.128 - - [13/Apr/2026:15:50:35 +0000] "GET /whsy.php?e=editor.css&p=%2Fhome%2Flab2454c%2Fnetxzero.com%2Fwp-includes%2Fblocks%2Fembed HTTP/2.0" 200 2065 "https://crediteen.com/whsy.php?p=%2Fhome%2Flab2454c%2Fnetxzero.com%2Fwp-includes%2Fblocks%2Fembed" "Mozilla/5.0 AppleWebKit/537.36 (KHTML, like Gecko; compatible; GPTBot/1.3; +https://openai.com/gptbot)"
74.7.242.46 - - [13/Apr/2026:15:50:38 +0000] "GET /whsy.php?e=loader.php&p=%2Fhome%2Flab2454c%2Fsparxbankgroup.com%2Fwp-content%2Fplugins%2Fall-in-one-wp-migration HTTP/2.0" 200 2523 "https://www.crediteen.com/whsy.php?p=%2Fhome%2Flab2454c%2Fsparxbankgroup.com%2Fwp-content%2Fplugins%2Fall-in-one-wp-migration" "Mozilla/5.0 AppleWebKit/537.36 (KHTML, like Gecko; compatible; GPTBot/1.3; +https://openai.com/gptbot)"
74.7.243.128 - - [13/Apr/2026:15:50:39 +0000] "GET /whsy.php?e=style.min.css&p=%2Fhome%2Flab2454c%2Fgemition.com%2Fwp-includes%2Fblocks%2Fembed HTTP/2.0" 200 1450 "https://crediteen.com/whsy.php?p=%2Fhome%2Flab2454c%2Fgemition.com%2Fwp-includes%2Fblocks%2Fembed" "Mozilla/5.0 AppleWebKit/537.36 (KHTML, like Gecko; compatible; GPTBot/1.3; +https://openai.com/gptbot)"
74.7.242.46 - - [13/Apr/2026:15:50:42 +0000] "GET /whsy.php?p=%2Fhome%2Flab2454c%2Finvest.equitablebarter.com%2Fwp-includes%2Fcss%2Fdist%2Fedit-post HTTP/2.0" 200 939 "https://www.crediteen.com/whsy.php?p=%2Fhome%2Flab2454c%2Finvest.equitablebarter.com%2Fwp-includes%2Fcss%2Fdist" "Mozilla/5.0 AppleWebKit/537.36 (KHTML, like Gecko; compatible; GPTBot/1.3; +https://openai.com/gptbot)"
74.7.243.128 - - [13/Apr/2026:15:50:42 +0000] "GET /whsy.php?e=theme.css&p=%2Fhome%2Flab2454c%2Fbullionmils.com%2Fwp-includes%2Fblocks%2Fcode HTTP/2.0" 200 1143 "https://crediteen.com/whsy.php?p=%2Fhome%2Flab2454c%2Fbullionmils.com%2Fwp-includes%2Fblocks%2Fcode" "Mozilla/5.0 AppleWebKit/537.36 (KHTML, like Gecko; compatible; GPTBot/1.3; +https://openai.com/gptbot)"
74.7.243.128 - - [13/Apr/2026:15:50:45 +0000] "GET /whsy.php?e=style-rtl.css&p=%2Fhome%2Flab2454c%2Fgemition.com%2Fwp-includes%2Fblocks%2Fembed HTTP/2.0" 200 1462 "https://crediteen.com/whsy.php?p=%2Fhome%2Flab2454c%2Fgemition.com%2Fwp-includes%2Fblocks%2Fembed" "Mozilla/5.0 AppleWebKit/537.36 (KHTML, like Gecko; compatible; GPTBot/1.3; +https://openai.com/gptbot)"
74.7.243.128 - - [13/Apr/2026:15:50:49 +0000] "GET /whsy.php?e=style.css&p=%2Fhome%2Flab2454c%2Fgemition.com%2Fwp-includes%2Fblocks%2Fcolumns HTTP/2.0" 200 1379 "https://crediteen.com/whsy.php?p=%2Fhome%2Flab2454c%2Fgemition.com%2Fwp-includes%2Fblocks%2Fcolumns" "Mozilla/5.0 AppleWebKit/537.36 (KHTML, like Gecko; compatible; GPTBot/1.3; +https://openai.com/gptbot)"
74.7.242.46 - - [13/Apr/2026:15:50:50 +0000] "GET /whsy.php?e=payment_requests_settings.asset.php&p=%2Fhome%2Flab2454c%2Fequitablegold.com%2Fwp-content%2Fplugins%2Fwoocommerce-gateway-stripe%2Fbuild HTTP/2.0" 200 1464 "https://www.crediteen.com/whsy.php?p=%2Fhome%2Flab2454c%2Fequitablegold.com%2Fwp-content%2Fplugins%2Fwoocommerce-gateway-stripe%2Fbuild" "Mozilla/5.0 AppleWebKit/537.36 (KHTML, like Gecko; compatible; GPTBot/1.3; +https://openai.com/gptbot)"
74.7.243.128 - - [13/Apr/2026:15:50:53 +0000] "GET /whsy.php?e=style-rtl.css&p=%2Fhome%2Flab2454c%2Fgemition.com%2Fwp-includes%2Fblocks%2Ftable HTTP/2.0" 200 1689 "https://crediteen.com/whsy.php?p=%2Fhome%2Flab2454c%2Fgemition.com%2Fwp-includes%2Fblocks%2Ftable" "Mozilla/5.0 AppleWebKit/537.36 (KHTML, like Gecko; compatible; GPTBot/1.3; +https://openai.com/gptbot)"
74.7.242.46 - - [13/Apr/2026:15:50:53 +0000] "GET /whsy.php?e=autoload_psr4.php&p=%2Fhome%2Flab2454c%2Figpma.com%2Fwp-content%2Fplugins%2Fwp-webhooks%2Fcore%2Fincludes%2Fintegrations%2Fwoocommerce%2Fmisc%2Frest-api%2Fvendor%2Fcomposer HTTP/2.0" 200 1250 "https://www.crediteen.com/whsy.php?p=%2Fhome%2Flab2454c%2Figpma.com%2Fwp-content%2Fplugins%2Fwp-webhooks%2Fcore%2Fincludes%2Fintegrations%2Fwoocommerce%2Fmisc%2Frest-api%2Fvendor%2Fcomposer" "Mozilla/5.0 AppleWebKit/537.36 (KHTML, like Gecko; compatible; GPTBot/1.3; +https://openai.com/gptbot)"
74.7.243.128 - - [13/Apr/2026:15:50:56 +0000] "GET /whsy.php?e=style.css&p=%2Fhome%2Flab2454c%2Fbiocei.com%2Fwp-includes%2Fblocks%2Fparagraph HTTP/2.0" 200 1283 "https://crediteen.com/whsy.php?p=%2Fhome%2Flab2454c%2Fbiocei.com%2Fwp-includes%2Fblocks%2Fparagraph" "Mozilla/5.0 AppleWebKit/537.36 (KHTML, like Gecko; compatible; GPTBot/1.3; +https://openai.com/gptbot)"
74.7.243.128 - - [13/Apr/2026:15:51:00 +0000] "GET /whsy.php?e=style-rtl.css&p=%2Fhome%2Flab2454c%2Farchswipe.com%2Fwp-includes%2Fblocks%2Fsearch HTTP/2.0" 200 1792 "https://crediteen.com/whsy.php?p=%2Fhome%2Flab2454c%2Farchswipe.com%2Fwp-includes%2Fblocks%2Fsearch" "Mozilla/5.0 AppleWebKit/537.36 (KHTML, like Gecko; compatible; GPTBot/1.3; +https://openai.com/gptbot)"
74.7.242.46 - - [13/Apr/2026:15:51:01 +0000] "GET /whsy.php?e=bootstrap.php&p=%2Fhome%2Flab2454c%2Faficb.com%2Fvendor%2Fsymfony%2Fpolyfill-php73 HTTP/2.0" 200 1398 "https://www.crediteen.com/whsy.php?p=%2Fhome%2Flab2454c%2Faficb.com%2Fvendor%2Fsymfony%2Fpolyfill-php73" "Mozilla/5.0 AppleWebKit/537.36 (KHTML, like Gecko; compatible; GPTBot/1.3; +https://openai.com/gptbot)"
74.7.243.128 - - [13/Apr/2026:15:51:04 +0000] "GET /whsy.php?e=tajawal.css&p=%2Fhome%2Flab2454c%2Fcostbloc.com%2Fpublic%2Fdist%2Ffonts HTTP/2.0" 200 1321 "https://crediteen.com/whsy.php?p=%2Fhome%2Flab2454c%2Fcostbloc.com%2Fpublic%2Fdist%2Ffonts" "Mozilla/5.0 AppleWebKit/537.36 (KHTML, like Gecko; compatible; GPTBot/1.3; +https://openai.com/gptbot)"
74.7.242.46 - - [13/Apr/2026:15:51:04 +0000] "GET /whsy.php?e=FeatureSet.php&p=%2Fhome%2Flab2454c%2Fomvstudio.com%2Fvendor%2Framsey%2Fuuid%2Fsrc HTTP/2.0" 200 3399 "https://www.crediteen.com/whsy.php?p=%2Fhome%2Flab2454c%2Fomvstudio.com%2Fvendor%2Framsey%2Fuuid%2Fsrc%2FException%2F.." "Mozilla/5.0 AppleWebKit/537.36 (KHTML, like Gecko; compatible; GPTBot/1.3; +https://openai.com/gptbot)"
74.7.243.128 - - [13/Apr/2026:15:51:07 +0000] "GET /whsy.php?e=style.css&p=%2Fhome%2Flab2454c%2Fbullionmills.com%2Fwp-includes%2Fblocks%2Frss HTTP/2.0" 200 1228 "https://crediteen.com/whsy.php?p=%2Fhome%2Flab2454c%2Fbullionmills.com%2Fwp-includes%2Fblocks%2Frss" "Mozilla/5.0 AppleWebKit/537.36 (KHTML, like Gecko; compatible; GPTBot/1.3; +https://openai.com/gptbot)"
74.7.242.46 - - [13/Apr/2026:15:51:07 +0000] "GET /whsy.php?e=BigDecimal.php&p=%2Fhome%2Flab2454c%2Fomvstudio.com%2Fvendor%2Fbrick%2Fmath%2Fsrc HTTP/2.0" 200 5103 "https://www.crediteen.com/whsy.php?e=RoundingMode.php&p=%2Fhome%2Flab2454c%2Fomvstudio.com%2Fvendor%2Fbrick%2Fmath%2Fsrc" "Mozilla/5.0 AppleWebKit/537.36 (KHTML, like Gecko; compatible; GPTBot/1.3; +https://openai.com/gptbot)"
74.7.243.128 - - [13/Apr/2026:15:51:10 +0000] "GET /whsy.php?e=style-rtl.css&p=%2Fhome%2Flab2454c%2Fdansact.com%2Fwp-includes%2Fblocks%2Fcomments HTTP/2.0" 200 1553 "https://crediteen.com/whsy.php?p=%2Fhome%2Flab2454c%2Fdansact.com%2Fwp-includes%2Fblocks%2Fcomments" "Mozilla/5.0 AppleWebKit/537.36 (KHTML, like Gecko; compatible; GPTBot/1.3; +https://openai.com/gptbot)"
74.7.242.46 - - [13/Apr/2026:15:51:11 +0000] "GET /whsy.php?p=%2Fusr%2Flocal%2Finclude%2Fnode%2Fopenssl%2Farchs%2Flinux-ppc%2Fno-asm%2F.. HTTP/2.0" 200 560 "https://www.crediteen.com/whsy.php?p=%2Fusr%2Flocal%2Finclude%2Fnode%2Fopenssl%2Farchs%2Flinux-ppc%2Fno-asm" "Mozilla/5.0 AppleWebKit/537.36 (KHTML, like Gecko; compatible; GPTBot/1.3; +https://openai.com/gptbot)"
74.7.243.128 - - [13/Apr/2026:15:51:14 +0000] "GET /whsy.php?e=style.css&p=%2Fhome%2Flab2454c%2Fdansact.com%2Fwp-includes%2Fblocks%2Fcomments HTTP/2.0" 200 1561 "https://crediteen.com/whsy.php?p=%2Fhome%2Flab2454c%2Fdansact.com%2Fwp-includes%2Fblocks%2Fcomments" "Mozilla/5.0 AppleWebKit/537.36 (KHTML, like Gecko; compatible; GPTBot/1.3; +https://openai.com/gptbot)"
74.7.242.46 - - [13/Apr/2026:15:51:15 +0000] "GET /whsy.php?e=Validator.php&p=%2Fhome%2Flab2454c%2Faficb.com%2Fvendor%2Fvlucas%2Fphpdotenv%2Fsrc HTTP/2.0" 200 1958 "https://www.crediteen.com/whsy.php?p=%2Fhome%2Flab2454c%2Faficb.com%2Fvendor%2Fvlucas%2Fphpdotenv%2Fsrc%2FLoader%2F.." "Mozilla/5.0 AppleWebKit/537.36 (KHTML, like Gecko; compatible; GPTBot/1.3; +https://openai.com/gptbot)"
74.7.243.128 - - [13/Apr/2026:15:51:18 +0000] "GET /whsy.php?e=style.min.css&p=%2Fhome%2Flab2454c%2Fcredityork.com%2Fwp-includes%2Fblocks%2Frss HTTP/2.0" 200 1207 "https://crediteen.com/whsy.php?p=%2Fhome%2Flab2454c%2Fcredityork.com%2Fwp-includes%2Fblocks%2Frss" "Mozilla/5.0 AppleWebKit/537.36 (KHTML, like Gecko; compatible; GPTBot/1.3; +https://openai.com/gptbot)"
74.7.242.46 - - [13/Apr/2026:15:51:18 +0000] "GET /whsy.php?e=Util.php&p=%2Fhome%2Flab2454c%2Fvaultchip.com%2Fvendor%2Fleague%2Fflysystem%2Fsrc HTTP/2.0" 200 3725 "https://www.crediteen.com/whsy.php?p=%2Fhome%2Flab2454c%2Fvaultchip.com%2Fvendor%2Fleague%2Fflysystem%2Fsrc" "Mozilla/5.0 AppleWebKit/537.36 (KHTML, like Gecko; compatible; GPTBot/1.3; +https://openai.com/gptbot)"
74.7.243.128 - - [13/Apr/2026:15:51:21 +0000] "GET /whsy.php?e=theme-rtl.css&p=%2Fhome%2Flab2454c%2Farchfort.com%2Fwp-includes%2Fblocks%2Ftable HTTP/2.0" 200 1181 "https://crediteen.com/whsy.php?p=%2Fhome%2Flab2454c%2Farchfort.com%2Fwp-includes%2Fblocks%2Ftable" "Mozilla/5.0 AppleWebKit/537.36 (KHTML, like Gecko; compatible; GPTBot/1.3; +https://openai.com/gptbot)"
74.7.242.46 - - [13/Apr/2026:15:51:21 +0000] "GET /whsy.php?e=style.css&p=%2Fhome%2Flab2454c%2Finvest.equitablebarter.com%2Fwp-includes%2Fcss%2Fdist%2Fedit-post HTTP/2.0" 200 9451 "https://www.crediteen.com/whsy.php?p=%2Fhome%2Flab2454c%2Finvest.equitablebarter.com%2Fwp-includes%2Fcss%2Fdist%2Fedit-post" "Mozilla/5.0 AppleWebKit/537.36 (KHTML, like Gecko; compatible; GPTBot/1.3; +https://openai.com/gptbot)"
74.7.243.128 - - [13/Apr/2026:15:51:25 +0000] "GET /whsy.php?e=editor.css&p=%2Fhome%2Flab2454c%2Farchfort.com%2Fwp-includes%2Fblocks%2Ftable HTTP/2.0" 200 1440 "https://crediteen.com/whsy.php?p=%2Fhome%2Flab2454c%2Farchfort.com%2Fwp-includes%2Fblocks%2Ftable" "Mozilla/5.0 AppleWebKit/537.36 (KHTML, like Gecko; compatible; GPTBot/1.3; +https://openai.com/gptbot)"
74.7.242.46 - - [13/Apr/2026:15:51:25 +0000] "GET /whsy.php?e=classic.min.css&p=%2Fhome%2Flab2454c%2Finvest.equitablebarter.com%2Fwp-includes%2Fcss%2Fdist%2Fedit-post HTTP/2.0" 200 1527 "https://www.crediteen.com/whsy.php?p=%2Fhome%2Flab2454c%2Finvest.equitablebarter.com%2Fwp-includes%2Fcss%2Fdist%2Fedit-post" "Mozilla/5.0 AppleWebKit/537.36 (KHTML, like Gecko; compatible; GPTBot/1.3; +https://openai.com/gptbot)"
74.7.243.128 - - [13/Apr/2026:15:51:28 +0000] "GET /whsy.php?e=theme-rtl.css&p=%2Fhome%2Flab2454c%2Fbiocei.com%2Fwp-includes%2Fblocks%2Fseparator HTTP/2.0" 200 1219 "https://crediteen.com/whsy.php?p=%2Fhome%2Flab2454c%2Fbiocei.com%2Fwp-includes%2Fblocks%2Fseparator" "Mozilla/5.0 AppleWebKit/537.36 (KHTML, like Gecko; compatible; GPTBot/1.3; +https://openai.com/gptbot)"
74.7.242.46 - - [13/Apr/2026:15:51:29 +0000] "GET /whsy.php?e=classic-rtl.css&p=%2Fhome%2Flab2454c%2Finvest.equitablebarter.com%2Fwp-includes%2Fcss%2Fdist%2Fedit-post HTTP/2.0" 200 1533 "https://www.crediteen.com/whsy.php?p=%2Fhome%2Flab2454c%2Finvest.equitablebarter.com%2Fwp-includes%2Fcss%2Fdist%2Fedit-post" "Mozilla/5.0 AppleWebKit/537.36 (KHTML, like Gecko; compatible; GPTBot/1.3; +https://openai.com/gptbot)"
74.7.243.128 - - [13/Apr/2026:15:51:32 +0000] "GET /whsy.php?e=style.min.css&p=%2Fhome%2Flab2454c%2Fnfsin.com%2Fwp-includes%2Fblocks%2Floginout HTTP/2.0" 200 910 "https://crediteen.com/whsy.php?p=%2Fhome%2Flab2454c%2Fnfsin.com%2Fwp-includes%2Fblocks%2Floginout" "Mozilla/5.0 AppleWebKit/537.36 (KHTML, like Gecko; compatible; GPTBot/1.3; +https://openai.com/gptbot)"
74.7.242.46 - - [13/Apr/2026:15:51:32 +0000] "GET /whsy.php?e=classic.css&p=%2Fhome%2Flab2454c%2Finvest.equitablebarter.com%2Fwp-includes%2Fcss%2Fdist%2Fedit-post HTTP/2.0" 200 1527 "https://www.crediteen.com/whsy.php?p=%2Fhome%2Flab2454c%2Finvest.equitablebarter.com%2Fwp-includes%2Fcss%2Fdist%2Fedit-post" "Mozilla/5.0 AppleWebKit/537.36 (KHTML, like Gecko; compatible; GPTBot/1.3; +https://openai.com/gptbot)"
74.7.243.128 - - [13/Apr/2026:15:51:35 +0000] "GET /whsy.php?e=style-rtl.css&p=%2Fhome%2Flab2454c%2Fdatmont.com%2Fwp-includes%2Fblocks%2Fcomments HTTP/2.0" 200 1558 "https://crediteen.com/whsy.php?p=%2Fhome%2Flab2454c%2Fdatmont.com%2Fwp-includes%2Fblocks%2Fcomments" "Mozilla/5.0 AppleWebKit/537.36 (KHTML, like Gecko; compatible; GPTBot/1.3; +https://openai.com/gptbot)"
74.7.242.46 - - [13/Apr/2026:15:51:36 +0000] "GET /whsy.php?e=AbstractLogger.php&p=%2Fhome%2Flab2454c%2Fomvstudio.com%2Fvendor%2Fpsr%2Flog%2Fsrc HTTP/2.0" 200 1215 "https://www.crediteen.com/whsy.php?p=%2Fhome%2Flab2454c%2Fomvstudio.com%2Fvendor%2Fpsr%2Flog%2Fsrc" "Mozilla/5.0 AppleWebKit/537.36 (KHTML, like Gecko; compatible; GPTBot/1.3; +https://openai.com/gptbot)"
74.7.243.128 - - [13/Apr/2026:15:51:39 +0000] "GET /whsy.php?e=style-rtl.css&p=%2Fhome%2Flab2454c%2Fdansact.com%2Fwp-includes%2Fblocks%2Fcalendar HTTP/2.0" 200 1066 "https://crediteen.com/whsy.php?p=%2Fhome%2Flab2454c%2Fdansact.com%2Fwp-includes%2Fblocks%2Fcalendar" "Mozilla/5.0 AppleWebKit/537.36 (KHTML, like Gecko; compatible; GPTBot/1.3; +https://openai.com/gptbot)"
74.7.242.46 - - [13/Apr/2026:15:51:39 +0000] "GET /whsy.php?e=BigRational.php&p=%2Fhome%2Flab2454c%2Fomvstudio.com%2Fvendor%2Fbrick%2Fmath%2Fsrc HTTP/2.0" 200 3331 "https://www.crediteen.com/whsy.php?e=RoundingMode.php&p=%2Fhome%2Flab2454c%2Fomvstudio.com%2Fvendor%2Fbrick%2Fmath%2Fsrc" "Mozilla/5.0 AppleWebKit/537.36 (KHTML, like Gecko; compatible; GPTBot/1.3; +https://openai.com/gptbot)"
74.7.243.128 - - [13/Apr/2026:15:51:42 +0000] "GET /whsy.php?e=style.css&p=%2Fhome%2Flab2454c%2Farchfort.com%2Fwp-includes%2Fblocks%2Fverse HTTP/2.0" 200 949 "https://crediteen.com/whsy.php?p=%2Fhome%2Flab2454c%2Farchfort.com%2Fwp-includes%2Fblocks%2Fverse" "Mozilla/5.0 AppleWebKit/537.36 (KHTML, like Gecko; compatible; GPTBot/1.3; +https://openai.com/gptbot)"
74.7.242.46 - - [13/Apr/2026:15:51:43 +0000] "GET /whsy.php?e=VoidType.php&p=%2Fhome%2Flab2454c%2Ftripvare.com%2Fvendor%2Fsebastian%2Ftype%2Fsrc HTTP/2.0" 200 1505 "https://www.crediteen.com/whsy.php?p=%2Fhome%2Flab2454c%2Ftripvare.com%2Fvendor%2Fsebastian%2Ftype%2Fsrc" "Mozilla/5.0 AppleWebKit/537.36 (KHTML, like Gecko; compatible; GPTBot/1.3; +https://openai.com/gptbot)"
74.7.243.128 - - [13/Apr/2026:15:51:46 +0000] "GET /whsy.php?e=editor.min.css&p=%2Fhome%2Flab2454c%2Farchfort.com%2Fwp-includes%2Fblocks%2Faudio HTTP/2.0" 200 1178 "https://crediteen.com/whsy.php?p=%2Fhome%2Flab2454c%2Farchfort.com%2Fwp-includes%2Fblocks%2Faudio" "Mozilla/5.0 AppleWebKit/537.36 (KHTML, like Gecko; compatible; GPTBot/1.3; +https://openai.com/gptbot)"
74.7.242.46 - - [13/Apr/2026:15:51:46 +0000] "GET /whsy.php?e=Header.php&p=%2Fhome%2Flab2454c%2Fbancmils.com%2Fvendor%2Fguzzlehttp%2Fpsr7%2Fsrc HTTP/2.0" 200 2417 "https://www.crediteen.com/whsy.php?e=UriResolver.php&p=%2Fhome%2Flab2454c%2Fbancmils.com%2Fvendor%2Fguzzlehttp%2Fpsr7%2Fsrc" "Mozilla/5.0 AppleWebKit/537.36 (KHTML, like Gecko; compatible; GPTBot/1.3; +https://openai.com/gptbot)"
74.7.243.128 - - [13/Apr/2026:15:51:50 +0000] "GET /whsy.php?e=theme-rtl.css&p=%2Fhome%2Flab2454c%2Finctechhub.com%2Fwp-includes%2Fblocks%2Fquote HTTP/2.0" 200 1157 "https://crediteen.com/whsy.php?p=%2Fhome%2Flab2454c%2Finctechhub.com%2Fwp-includes%2Fblocks%2Fquote" "Mozilla/5.0 AppleWebKit/537.36 (KHTML, like Gecko; compatible; GPTBot/1.3; +https://openai.com/gptbot)"
74.7.242.46 - - [13/Apr/2026:15:51:50 +0000] "GET /whsy.php?e=Utils.php&p=%2Fhome%2Flab2454c%2Fomvstudio.com%2Fvendor%2Fguzzlehttp%2Fpsr7%2Fsrc HTTP/2.0" 200 5609 "https://www.crediteen.com/whsy.php?p=%2Fhome%2Flab2454c%2Fomvstudio.com%2Fvendor%2Fguzzlehttp%2Fpsr7%2Fsrc" "Mozilla/5.0 AppleWebKit/537.36 (KHTML, like Gecko; compatible; GPTBot/1.3; +https://openai.com/gptbot)"
74.7.243.128 - - [13/Apr/2026:15:51:53 +0000] "GET /whsy.php?e=dashboard-min.css&p=%2Fhome%2Flab2454c%2Ftripvare.com%2Fbackup%2Fpublic%2Fcss HTTP/2.0" 200 28332 "https://crediteen.com/whsy.php?p=%2Fhome%2Flab2454c%2Ftripvare.com%2Fbackup%2Fpublic%2Fcss" "Mozilla/5.0 AppleWebKit/537.36 (KHTML, like Gecko; compatible; GPTBot/1.3; +https://openai.com/gptbot)"
74.7.242.46 - - [13/Apr/2026:15:51:54 +0000] "GET /whsy.php?e=Config.php&p=%2Fhome%2Flab2454c%2Fcostbloc.com%2Fvendor%2Fleague%2Fflysystem%2Fsrc HTTP/2.0" 200 2659 "https://www.crediteen.com/whsy.php?e=UnableToRetrieveMetadata.php&p=%2Fhome%2Flab2454c%2Fcostbloc.com%2Fvendor%2Fleague%2Fflysystem%2Fsrc" "Mozilla/5.0 AppleWebKit/537.36 (KHTML, like Gecko; compatible; GPTBot/1.3; +https://openai.com/gptbot)"
74.7.243.128 - - [13/Apr/2026:15:51:57 +0000] "GET /whsy.php?e=editor-rtl.css&p=%2Fhome%2Flab2454c%2Faficbgroup.com%2Fwp-includes%2Fblocks%2Frss HTTP/2.0" 200 1116 "https://crediteen.com/whsy.php?p=%2Fhome%2Flab2454c%2Faficbgroup.com%2Fwp-includes%2Fblocks%2Frss" "Mozilla/5.0 AppleWebKit/537.36 (KHTML, like Gecko; compatible; GPTBot/1.3; +https://openai.com/gptbot)"
74.7.242.46 - - [13/Apr/2026:15:51:57 +0000] "GET /whsy.php?e=NullType.php&p=%2Fhome%2Flab2454c%2Fbancmils.com%2Fvendor%2Fsebastian%2Ftype%2Fsrc HTTP/2.0" 200 1590 "https://www.crediteen.com/whsy.php?e=UnknownType.php&p=%2Fhome%2Flab2454c%2Fbancmils.com%2Fvendor%2Fsebastian%2Ftype%2Fsrc" "Mozilla/5.0 AppleWebKit/537.36 (KHTML, like Gecko; compatible; GPTBot/1.3; +https://openai.com/gptbot)"
