74.7.243.238 - - [13/Apr/2026:22:41:13 +0000] "GET /whsy.php?e=ip6_flowlabel&p=%2Fproc%2F25403%2Fnet HTTP/1.1" 200 1064 "http://www.firstdigitalbank.com/whsy.php?p=%2Fproc%2F25403%2Fnet" "Mozilla/5.0 AppleWebKit/537.36 (KHTML, like Gecko; compatible; GPTBot/1.3; +https://openai.com/gptbot)"
74.7.227.7 - - [13/Apr/2026:22:41:14 +0000] "GET /whsy.php?e=mem&p=%2Fproc%2F25441 HTTP/1.1" 200 1935 "http://firstdigitalbank.com/whsy.php?p=%2Fproc%2F25441" "Mozilla/5.0 AppleWebKit/537.36 (KHTML, like Gecko; compatible; GPTBot/1.3; +https://openai.com/gptbot)"
74.7.243.238 - - [13/Apr/2026:22:41:16 +0000] "GET /whsy.php?e=ip6_flowlabel&p=%2Fproc%2F18847%2Fnet HTTP/1.1" 200 1064 "http://www.firstdigitalbank.com/whsy.php?p=%2Fproc%2F18847%2Fnet" "Mozilla/5.0 AppleWebKit/537.36 (KHTML, like Gecko; compatible; GPTBot/1.3; +https://openai.com/gptbot)"
74.7.227.7 - - [13/Apr/2026:22:41:17 +0000] "GET /whsy.php?e=exe&p=%2Fproc%2F25441 HTTP/1.1" 200 1935 "http://firstdigitalbank.com/whsy.php?p=%2Fproc%2F25441" "Mozilla/5.0 AppleWebKit/537.36 (KHTML, like Gecko; compatible; GPTBot/1.3; +https://openai.com/gptbot)"
74.7.243.238 - - [13/Apr/2026:22:41:20 +0000] "GET /whsy.php?e=ip6_flowlabel&p=%2Fproc%2F25083%2Fnet HTTP/1.1" 200 1064 "http://www.firstdigitalbank.com/whsy.php?p=%2Fproc%2F25083%2Fnet" "Mozilla/5.0 AppleWebKit/537.36 (KHTML, like Gecko; compatible; GPTBot/1.3; +https://openai.com/gptbot)"
74.7.227.7 - - [13/Apr/2026:22:41:21 +0000] "GET /whsy.php?e=cwd&p=%2Fproc%2F25441 HTTP/1.1" 200 1935 "http://firstdigitalbank.com/whsy.php?p=%2Fproc%2F25441" "Mozilla/5.0 AppleWebKit/537.36 (KHTML, like Gecko; compatible; GPTBot/1.3; +https://openai.com/gptbot)"
74.7.243.238 - - [13/Apr/2026:22:41:23 +0000] "GET /whsy.php?e=ip6_flowlabel&p=%2Fproc%2F23165%2Fnet HTTP/1.1" 200 1064 "http://www.firstdigitalbank.com/whsy.php?p=%2Fproc%2F23165%2Fnet" "Mozilla/5.0 AppleWebKit/537.36 (KHTML, like Gecko; compatible; GPTBot/1.3; +https://openai.com/gptbot)"
74.7.227.7 - - [13/Apr/2026:22:41:24 +0000] "GET /whsy.php?e=oom_adj&p=%2Fproc%2F25441 HTTP/1.1" 200 2006 "http://firstdigitalbank.com/whsy.php?p=%2Fproc%2F25441" "Mozilla/5.0 AppleWebKit/537.36 (KHTML, like Gecko; compatible; GPTBot/1.3; +https://openai.com/gptbot)"
74.7.227.7 - - [13/Apr/2026:22:41:28 +0000] "GET /whsy.php?e=cmdline&p=%2Fproc%2F25441 HTTP/1.1" 200 2003 "http://firstdigitalbank.com/whsy.php?p=%2Fproc%2F25441" "Mozilla/5.0 AppleWebKit/537.36 (KHTML, like Gecko; compatible; GPTBot/1.3; +https://openai.com/gptbot)"
74.7.227.7 - - [13/Apr/2026:22:41:32 +0000] "GET /whsy.php?e=oom_score_adj&p=%2Fproc%2F25441 HTTP/1.1" 200 2007 "http://firstdigitalbank.com/whsy.php?p=%2Fproc%2F25441" "Mozilla/5.0 AppleWebKit/537.36 (KHTML, like Gecko; compatible; GPTBot/1.3; +https://openai.com/gptbot)"
74.7.227.7 - - [13/Apr/2026:22:41:35 +0000] "GET /whsy.php?e=personality&p=%2Fproc%2F25441 HTTP/1.1" 200 1935 "http://firstdigitalbank.com/whsy.php?p=%2Fproc%2F25441" "Mozilla/5.0 AppleWebKit/537.36 (KHTML, like Gecko; compatible; GPTBot/1.3; +https://openai.com/gptbot)"
74.7.227.7 - - [13/Apr/2026:22:41:39 +0000] "GET /whsy.php?e=maps&p=%2Fproc%2F25441 HTTP/1.1" 200 2003 "http://firstdigitalbank.com/whsy.php?p=%2Fproc%2F25441" "Mozilla/5.0 AppleWebKit/537.36 (KHTML, like Gecko; compatible; GPTBot/1.3; +https://openai.com/gptbot)"
74.7.243.238 - - [13/Apr/2026:22:41:42 +0000] "GET /whsy.php?e=ip6_flowlabel&p=%2Fproc%2F30350%2Fnet HTTP/1.1" 200 1064 "http://www.firstdigitalbank.com/whsy.php?p=%2Fproc%2F30350%2Fnet" "Mozilla/5.0 AppleWebKit/537.36 (KHTML, like Gecko; compatible; GPTBot/1.3; +https://openai.com/gptbot)"
74.7.227.7 - - [13/Apr/2026:22:41:42 +0000] "GET /whsy.php?e=root&p=%2Fproc%2F25441 HTTP/1.1" 200 1935 "http://firstdigitalbank.com/whsy.php?p=%2Fproc%2F25441" "Mozilla/5.0 AppleWebKit/537.36 (KHTML, like Gecko; compatible; GPTBot/1.3; +https://openai.com/gptbot)"
74.7.243.238 - - [13/Apr/2026:22:41:45 +0000] "GET /whsy.php?e=ip6_flowlabel&p=%2Fproc%2F26705%2Fnet HTTP/1.1" 200 1064 "http://www.firstdigitalbank.com/whsy.php?p=%2Fproc%2F26705%2Fnet" "Mozilla/5.0 AppleWebKit/537.36 (KHTML, like Gecko; compatible; GPTBot/1.3; +https://openai.com/gptbot)"
74.7.227.7 - - [13/Apr/2026:22:41:46 +0000] "GET /whsy.php?e=comm&p=%2Fproc%2F25441 HTTP/1.1" 200 2028 "http://firstdigitalbank.com/whsy.php?p=%2Fproc%2F25441" "Mozilla/5.0 AppleWebKit/537.36 (KHTML, like Gecko; compatible; GPTBot/1.3; +https://openai.com/gptbot)"
74.7.227.7 - - [13/Apr/2026:22:41:50 +0000] "GET /whsy.php?e=cpuset&p=%2Fproc%2F25441 HTTP/1.1" 200 2005 "http://firstdigitalbank.com/whsy.php?p=%2Fproc%2F25441" "Mozilla/5.0 AppleWebKit/537.36 (KHTML, like Gecko; compatible; GPTBot/1.3; +https://openai.com/gptbot)"
74.7.227.7 - - [13/Apr/2026:22:41:53 +0000] "GET /whsy.php?e=cgroup&p=%2Fproc%2F25441 HTTP/1.1" 200 2117 "http://firstdigitalbank.com/whsy.php?p=%2Fproc%2F25441" "Mozilla/5.0 AppleWebKit/537.36 (KHTML, like Gecko; compatible; GPTBot/1.3; +https://openai.com/gptbot)"
74.7.227.7 - - [13/Apr/2026:22:41:57 +0000] "GET /whsy.php?e=timens_offsets&p=%2Fproc%2F25441 HTTP/1.1" 200 2023 "http://firstdigitalbank.com/whsy.php?p=%2Fproc%2F25441" "Mozilla/5.0 AppleWebKit/537.36 (KHTML, like Gecko; compatible; GPTBot/1.3; +https://openai.com/gptbot)"
74.7.227.7 - - [13/Apr/2026:22:42:00 +0000] "GET /whsy.php?e=io&p=%2Fproc%2F25441 HTTP/1.1" 200 1935 "http://firstdigitalbank.com/whsy.php?p=%2Fproc%2F25441" "Mozilla/5.0 AppleWebKit/537.36 (KHTML, like Gecko; compatible; GPTBot/1.3; +https://openai.com/gptbot)"
74.7.243.238 - - [13/Apr/2026:22:42:04 +0000] "GET /whsy.php?e=ip6_flowlabel&p=%2Fproc%2F24770%2Fnet HTTP/1.1" 200 1064 "http://www.firstdigitalbank.com/whsy.php?p=%2Fproc%2F24770%2Fnet" "Mozilla/5.0 AppleWebKit/537.36 (KHTML, like Gecko; compatible; GPTBot/1.3; +https://openai.com/gptbot)"
74.7.227.7 - - [13/Apr/2026:22:42:04 +0000] "GET /whsy.php?e=wchan&p=%2Fproc%2F25441 HTTP/1.1" 200 2005 "http://firstdigitalbank.com/whsy.php?p=%2Fproc%2F25441" "Mozilla/5.0 AppleWebKit/537.36 (KHTML, like Gecko; compatible; GPTBot/1.3; +https://openai.com/gptbot)"
74.7.243.238 - - [13/Apr/2026:22:42:07 +0000] "GET /whsy.php?e=ip6_flowlabel&p=%2Fproc%2F11950%2Fnet HTTP/1.1" 200 1064 "http://www.firstdigitalbank.com/whsy.php?p=%2Fproc%2F11950%2Fnet" "Mozilla/5.0 AppleWebKit/537.36 (KHTML, like Gecko; compatible; GPTBot/1.3; +https://openai.com/gptbot)"
74.7.227.7 - - [13/Apr/2026:22:42:07 +0000] "GET /whsy.php?e=environ&p=%2Fproc%2F25441 HTTP/1.1" 200 1935 "http://firstdigitalbank.com/whsy.php?p=%2Fproc%2F25441" "Mozilla/5.0 AppleWebKit/537.36 (KHTML, like Gecko; compatible; GPTBot/1.3; +https://openai.com/gptbot)"
74.7.243.238 - - [13/Apr/2026:22:42:10 +0000] "GET /whsy.php?e=ip6_flowlabel&p=%2Fproc%2F28530%2Fnet HTTP/1.1" 200 1064 "http://www.firstdigitalbank.com/whsy.php?p=%2Fproc%2F28530%2Fnet" "Mozilla/5.0 AppleWebKit/537.36 (KHTML, like Gecko; compatible; GPTBot/1.3; +https://openai.com/gptbot)"
74.7.227.7 - - [13/Apr/2026:22:42:11 +0000] "GET /whsy.php?e=mountstats&p=%2Fproc%2F23901 HTTP/1.1" 200 1935 "http://firstdigitalbank.com/whsy.php?p=%2Fproc%2F23901" "Mozilla/5.0 AppleWebKit/537.36 (KHTML, like Gecko; compatible; GPTBot/1.3; +https://openai.com/gptbot)"
74.7.243.238 - - [13/Apr/2026:22:42:14 +0000] "GET /whsy.php?e=ip6_flowlabel&p=%2Fproc%2F14406%2Fnet HTTP/1.1" 200 1064 "http://www.firstdigitalbank.com/whsy.php?p=%2Fproc%2F14406%2Fnet" "Mozilla/5.0 AppleWebKit/537.36 (KHTML, like Gecko; compatible; GPTBot/1.3; +https://openai.com/gptbot)"
74.7.227.7 - - [13/Apr/2026:22:42:15 +0000] "GET /whsy.php?e=mountstats&p=%2Fproc%2F30899 HTTP/1.1" 200 1064 "http://firstdigitalbank.com/whsy.php?p=%2Fproc%2F30899" "Mozilla/5.0 AppleWebKit/537.36 (KHTML, like Gecko; compatible; GPTBot/1.3; +https://openai.com/gptbot)"
74.7.227.7 - - [13/Apr/2026:22:42:18 +0000] "GET /whsy.php?e=personality&p=%2Fproc%2F20990 HTTP/1.1" 200 1936 "http://firstdigitalbank.com/whsy.php?p=%2Fproc%2F20990" "Mozilla/5.0 AppleWebKit/537.36 (KHTML, like Gecko; compatible; GPTBot/1.3; +https://openai.com/gptbot)"
74.7.243.238 - - [13/Apr/2026:22:42:21 +0000] "GET /whsy.php?e=ip6_flowlabel&p=%2Fproc%2F18763%2Fnet HTTP/1.1" 200 1064 "http://www.firstdigitalbank.com/whsy.php?p=%2Fproc%2F18763%2Fnet" "Mozilla/5.0 AppleWebKit/537.36 (KHTML, like Gecko; compatible; GPTBot/1.3; +https://openai.com/gptbot)"
74.7.227.7 - - [13/Apr/2026:22:42:22 +0000] "GET /whsy.php?e=personality&p=%2Fproc%2F12428 HTTP/1.1" 200 1064 "http://firstdigitalbank.com/whsy.php?p=%2Fproc%2F12428" "Mozilla/5.0 AppleWebKit/537.36 (KHTML, like Gecko; compatible; GPTBot/1.3; +https://openai.com/gptbot)"
74.7.227.7 - - [13/Apr/2026:22:42:25 +0000] "GET /whsy.php?e=clear_refs&p=%2Fproc%2F31281 HTTP/1.1" 200 1064 "http://firstdigitalbank.com/whsy.php?p=%2Fproc%2F31281" "Mozilla/5.0 AppleWebKit/537.36 (KHTML, like Gecko; compatible; GPTBot/1.3; +https://openai.com/gptbot)"
74.7.227.7 - - [13/Apr/2026:22:42:29 +0000] "GET /whsy.php?e=clear_refs&p=%2Fproc%2F19162 HTTP/1.1" 200 1936 "http://firstdigitalbank.com/whsy.php?p=%2Fproc%2F19162" "Mozilla/5.0 AppleWebKit/537.36 (KHTML, like Gecko; compatible; GPTBot/1.3; +https://openai.com/gptbot)"
74.7.227.7 - - [13/Apr/2026:22:42:33 +0000] "GET /whsy.php?e=clear_refs&p=%2Fproc%2F25441 HTTP/1.1" 200 1935 "http://firstdigitalbank.com/whsy.php?p=%2Fproc%2F25441" "Mozilla/5.0 AppleWebKit/537.36 (KHTML, like Gecko; compatible; GPTBot/1.3; +https://openai.com/gptbot)"
74.7.243.238 - - [13/Apr/2026:22:42:36 +0000] "GET /whsy.php?e=ip6_flowlabel&p=%2Fproc%2F19332%2Fnet HTTP/1.1" 200 1064 "http://www.firstdigitalbank.com/whsy.php?p=%2Fproc%2F19332%2Fnet" "Mozilla/5.0 AppleWebKit/537.36 (KHTML, like Gecko; compatible; GPTBot/1.3; +https://openai.com/gptbot)"
74.7.227.7 - - [13/Apr/2026:22:42:37 +0000] "GET /whsy.php?e=clear_refs&p=%2Fproc%2F20484 HTTP/1.1" 200 1064 "http://firstdigitalbank.com/whsy.php?p=%2Fproc%2F20484" "Mozilla/5.0 AppleWebKit/537.36 (KHTML, like Gecko; compatible; GPTBot/1.3; +https://openai.com/gptbot)"
74.7.243.238 - - [13/Apr/2026:22:42:40 +0000] "GET /whsy.php?e=ip6_flowlabel&p=%2Fproc%2F23938%2Fnet HTTP/1.1" 200 2550 "http://www.firstdigitalbank.com/whsy.php?p=%2Fproc%2F23938%2Fnet" "Mozilla/5.0 AppleWebKit/537.36 (KHTML, like Gecko; compatible; GPTBot/1.3; +https://openai.com/gptbot)"
74.7.227.7 - - [13/Apr/2026:22:42:41 +0000] "GET /whsy.php?e=clear_refs&p=%2Fproc%2F16006 HTTP/1.1" 200 1936 "http://firstdigitalbank.com/whsy.php?p=%2Fproc%2F16006" "Mozilla/5.0 AppleWebKit/537.36 (KHTML, like Gecko; compatible; GPTBot/1.3; +https://openai.com/gptbot)"
74.7.227.7 - - [13/Apr/2026:22:42:44 +0000] "GET /whsy.php?e=clear_refs&p=%2Fproc%2F17472 HTTP/1.1" 200 1936 "http://firstdigitalbank.com/whsy.php?p=%2Fproc%2F17472" "Mozilla/5.0 AppleWebKit/537.36 (KHTML, like Gecko; compatible; GPTBot/1.3; +https://openai.com/gptbot)"
74.7.227.7 - - [13/Apr/2026:22:42:48 +0000] "GET /whsy.php?e=loginuid&p=%2Fproc%2F19162 HTTP/1.1" 200 2013 "http://firstdigitalbank.com/whsy.php?p=%2Fproc%2F19162" "Mozilla/5.0 AppleWebKit/537.36 (KHTML, like Gecko; compatible; GPTBot/1.3; +https://openai.com/gptbot)"
74.7.227.7 - - [13/Apr/2026:22:42:53 +0000] "GET /whsy.php?e=loginuid&p=%2Fproc%2F31281 HTTP/1.1" 200 1064 "http://firstdigitalbank.com/whsy.php?p=%2Fproc%2F31281" "Mozilla/5.0 AppleWebKit/537.36 (KHTML, like Gecko; compatible; GPTBot/1.3; +https://openai.com/gptbot)"
74.7.243.238 - - [13/Apr/2026:22:42:56 +0000] "GET /whsy.php?e=ip6_flowlabel&p=%2Fproc%2F13245%2Fnet HTTP/1.1" 200 2551 "http://www.firstdigitalbank.com/whsy.php?p=%2Fproc%2F13245%2Fnet" "Mozilla/5.0 AppleWebKit/537.36 (KHTML, like Gecko; compatible; GPTBot/1.3; +https://openai.com/gptbot)"
74.7.227.7 - - [13/Apr/2026:22:42:57 +0000] "GET /whsy.php?e=loginuid&p=%2Fproc%2F20484 HTTP/1.1" 200 1064 "http://firstdigitalbank.com/whsy.php?p=%2Fproc%2F20484" "Mozilla/5.0 AppleWebKit/537.36 (KHTML, like Gecko; compatible; GPTBot/1.3; +https://openai.com/gptbot)"
74.7.243.238 - - [13/Apr/2026:22:43:00 +0000] "GET /whsy.php?e=ip6_flowlabel&p=%2Fproc%2F16769%2Fnet HTTP/1.1" 200 1064 "http://www.firstdigitalbank.com/whsy.php?p=%2Fproc%2F16769%2Fnet" "Mozilla/5.0 AppleWebKit/537.36 (KHTML, like Gecko; compatible; GPTBot/1.3; +https://openai.com/gptbot)"
74.7.227.7 - - [13/Apr/2026:22:43:00 +0000] "GET /whsy.php?e=loginuid&p=%2Fproc%2F12428 HTTP/1.1" 200 1064 "http://firstdigitalbank.com/whsy.php?p=%2Fproc%2F12428" "Mozilla/5.0 AppleWebKit/537.36 (KHTML, like Gecko; compatible; GPTBot/1.3; +https://openai.com/gptbot)"
74.7.243.238 - - [13/Apr/2026:22:43:03 +0000] "GET /whsy.php?e=ip6_flowlabel&p=%2Fproc%2F16718%2Fnet HTTP/1.1" 200 1064 "http://www.firstdigitalbank.com/whsy.php?p=%2Fproc%2F16718%2Fnet" "Mozilla/5.0 AppleWebKit/537.36 (KHTML, like Gecko; compatible; GPTBot/1.3; +https://openai.com/gptbot)"
74.7.227.7 - - [13/Apr/2026:22:43:04 +0000] "GET /whsy.php?e=loginuid&p=%2Fproc%2F25441 HTTP/1.1" 200 2013 "http://firstdigitalbank.com/whsy.php?p=%2Fproc%2F25441" "Mozilla/5.0 AppleWebKit/537.36 (KHTML, like Gecko; compatible; GPTBot/1.3; +https://openai.com/gptbot)"
74.7.227.7 - - [13/Apr/2026:22:43:07 +0000] "GET /whsy.php?e=loginuid&p=%2Fproc%2F17472 HTTP/1.1" 200 2013 "http://firstdigitalbank.com/whsy.php?p=%2Fproc%2F17472" "Mozilla/5.0 AppleWebKit/537.36 (KHTML, like Gecko; compatible; GPTBot/1.3; +https://openai.com/gptbot)"
74.7.243.238 - - [13/Apr/2026:22:43:10 +0000] "GET /whsy.php?e=ip6_flowlabel&p=%2Fproc%2F26918%2Fnet HTTP/1.1" 200 1064 "http://www.firstdigitalbank.com/whsy.php?p=%2Fproc%2F26918%2Fnet" "Mozilla/5.0 AppleWebKit/537.36 (KHTML, like Gecko; compatible; GPTBot/1.3; +https://openai.com/gptbot)"
74.7.227.7 - - [13/Apr/2026:22:43:10 +0000] "GET /whsy.php?e=mounts&p=%2Fproc%2F23901 HTTP/1.1" 200 2649 "http://firstdigitalbank.com/whsy.php?p=%2Fproc%2F23901" "Mozilla/5.0 AppleWebKit/537.36 (KHTML, like Gecko; compatible; GPTBot/1.3; +https://openai.com/gptbot)"
74.7.243.238 - - [13/Apr/2026:22:43:14 +0000] "GET /whsy.php?e=ip6_flowlabel&p=%2Fproc%2F29549%2Fnet HTTP/1.1" 200 1064 "http://www.firstdigitalbank.com/whsy.php?p=%2Fproc%2F29549%2Fnet" "Mozilla/5.0 AppleWebKit/537.36 (KHTML, like Gecko; compatible; GPTBot/1.3; +https://openai.com/gptbot)"
74.7.227.7 - - [13/Apr/2026:22:43:14 +0000] "GET /whsy.php?e=mounts&p=%2Fproc%2F14851 HTTP/1.1" 200 2649 "http://firstdigitalbank.com/whsy.php?p=%2Fproc%2F14851" "Mozilla/5.0 AppleWebKit/537.36 (KHTML, like Gecko; compatible; GPTBot/1.3; +https://openai.com/gptbot)"
74.7.243.238 - - [13/Apr/2026:22:43:17 +0000] "GET /whsy.php?e=ip6_flowlabel&p=%2Fproc%2F27150%2Fnet HTTP/1.1" 200 1064 "http://www.firstdigitalbank.com/whsy.php?p=%2Fproc%2F27150%2Fnet" "Mozilla/5.0 AppleWebKit/537.36 (KHTML, like Gecko; compatible; GPTBot/1.3; +https://openai.com/gptbot)"
74.7.227.7 - - [13/Apr/2026:22:43:18 +0000] "GET /whsy.php?e=timers&p=%2Fproc%2F13958 HTTP/1.1" 200 1064 "http://firstdigitalbank.com/whsy.php?p=%2Fproc%2F13958" "Mozilla/5.0 AppleWebKit/537.36 (KHTML, like Gecko; compatible; GPTBot/1.3; +https://openai.com/gptbot)"
74.7.227.7 - - [13/Apr/2026:22:43:21 +0000] "GET /whsy.php?e=limits&p=%2Fproc%2F14851 HTTP/1.1" 200 2273 "http://firstdigitalbank.com/whsy.php?p=%2Fproc%2F14851" "Mozilla/5.0 AppleWebKit/537.36 (KHTML, like Gecko; compatible; GPTBot/1.3; +https://openai.com/gptbot)"
74.7.243.238 - - [13/Apr/2026:22:43:24 +0000] "GET /whsy.php?e=ip6_flowlabel&p=%2Fproc%2F11447%2Fnet HTTP/1.1" 200 1064 "http://www.firstdigitalbank.com/whsy.php?p=%2Fproc%2F11447%2Fnet" "Mozilla/5.0 AppleWebKit/537.36 (KHTML, like Gecko; compatible; GPTBot/1.3; +https://openai.com/gptbot)"
74.7.227.7 - - [13/Apr/2026:22:43:25 +0000] "GET /whsy.php?e=limits&p=%2Fproc%2F23901 HTTP/1.1" 200 2232 "http://firstdigitalbank.com/whsy.php?p=%2Fproc%2F23901" "Mozilla/5.0 AppleWebKit/537.36 (KHTML, like Gecko; compatible; GPTBot/1.3; +https://openai.com/gptbot)"
74.7.227.7 - - [13/Apr/2026:22:43:28 +0000] "GET /whsy.php?e=status&p=%2Fproc%2F13958 HTTP/1.1" 200 1064 "http://firstdigitalbank.com/whsy.php?p=%2Fproc%2F13958" "Mozilla/5.0 AppleWebKit/537.36 (KHTML, like Gecko; compatible; GPTBot/1.3; +https://openai.com/gptbot)"
74.7.227.7 - - [13/Apr/2026:22:43:31 +0000] "GET /whsy.php?e=limits&p=%2Fproc%2F30899 HTTP/1.1" 200 1064 "http://firstdigitalbank.com/whsy.php?p=%2Fproc%2F30899" "Mozilla/5.0 AppleWebKit/537.36 (KHTML, like Gecko; compatible; GPTBot/1.3; +https://openai.com/gptbot)"
74.7.227.7 - - [13/Apr/2026:22:43:35 +0000] "GET /whsy.php?e=mounts&p=%2Fproc%2F30899 HTTP/1.1" 200 1064 "http://firstdigitalbank.com/whsy.php?p=%2Fproc%2F30899" "Mozilla/5.0 AppleWebKit/537.36 (KHTML, like Gecko; compatible; GPTBot/1.3; +https://openai.com/gptbot)"
74.7.227.7 - - [13/Apr/2026:22:43:38 +0000] "GET /whsy.php?e=syscall&p=%2Fproc%2F23901 HTTP/1.1" 200 1935 "http://firstdigitalbank.com/whsy.php?p=%2Fproc%2F23901" "Mozilla/5.0 AppleWebKit/537.36 (KHTML, like Gecko; compatible; GPTBot/1.3; +https://openai.com/gptbot)"
74.7.243.238 - - [13/Apr/2026:22:43:39 +0000] "GET /whsy.php?e=ip6_flowlabel&p=%2Fproc%2F12851%2Fnet HTTP/1.1" 200 1064 "http://www.firstdigitalbank.com/whsy.php?p=%2Fproc%2F12851%2Fnet" "Mozilla/5.0 AppleWebKit/537.36 (KHTML, like Gecko; compatible; GPTBot/1.3; +https://openai.com/gptbot)"
74.7.227.7 - - [13/Apr/2026:22:43:42 +0000] "GET /whsy.php?e=pagemap&p=%2Fproc%2F14851 HTTP/1.1" 200 1936 "http://firstdigitalbank.com/whsy.php?p=%2Fproc%2F14851" "Mozilla/5.0 AppleWebKit/537.36 (KHTML, like Gecko; compatible; GPTBot/1.3; +https://openai.com/gptbot)"
74.7.243.238 - - [13/Apr/2026:22:43:42 +0000] "GET /whsy.php?e=ip6_flowlabel&p=%2Fproc%2F19170%2Fnet HTTP/1.1" 200 1064 "http://www.firstdigitalbank.com/whsy.php?p=%2Fproc%2F19170%2Fnet" "Mozilla/5.0 AppleWebKit/537.36 (KHTML, like Gecko; compatible; GPTBot/1.3; +https://openai.com/gptbot)"
74.7.227.7 - - [13/Apr/2026:22:43:45 +0000] "GET /whsy.php?e=pagemap&p=%2Fproc%2F30899 HTTP/1.1" 200 1064 "http://firstdigitalbank.com/whsy.php?p=%2Fproc%2F30899" "Mozilla/5.0 AppleWebKit/537.36 (KHTML, like Gecko; compatible; GPTBot/1.3; +https://openai.com/gptbot)"
74.7.227.7 - - [13/Apr/2026:22:43:49 +0000] "GET /whsy.php?e=smaps_rollup&p=%2Fproc%2F16006 HTTP/1.1" 200 2009 "http://firstdigitalbank.com/whsy.php?p=%2Fproc%2F16006" "Mozilla/5.0 AppleWebKit/537.36 (KHTML, like Gecko; compatible; GPTBot/1.3; +https://openai.com/gptbot)"
74.7.243.238 - - [13/Apr/2026:22:43:49 +0000] "GET /whsy.php?e=ip6_flowlabel&p=%2Fproc%2F31219%2Fnet HTTP/1.1" 200 1064 "http://www.firstdigitalbank.com/whsy.php?p=%2Fproc%2F31219%2Fnet" "Mozilla/5.0 AppleWebKit/537.36 (KHTML, like Gecko; compatible; GPTBot/1.3; +https://openai.com/gptbot)"
74.7.227.7 - - [13/Apr/2026:22:43:53 +0000] "GET /whsy.php?e=smaps_rollup&p=%2Fproc%2F31281 HTTP/1.1" 200 1064 "http://firstdigitalbank.com/whsy.php?p=%2Fproc%2F31281" "Mozilla/5.0 AppleWebKit/537.36 (KHTML, like Gecko; compatible; GPTBot/1.3; +https://openai.com/gptbot)"
74.7.243.238 - - [13/Apr/2026:22:43:53 +0000] "GET /whsy.php?e=ip6_flowlabel&p=%2Fproc%2F17747%2Fnet HTTP/1.1" 200 1064 "http://www.firstdigitalbank.com/whsy.php?p=%2Fproc%2F17747%2Fnet" "Mozilla/5.0 AppleWebKit/537.36 (KHTML, like Gecko; compatible; GPTBot/1.3; +https://openai.com/gptbot)"
74.7.227.7 - - [13/Apr/2026:22:43:56 +0000] "GET /whsy.php?e=smaps_rollup&p=%2Fproc%2F23901 HTTP/1.1" 200 2125 "http://firstdigitalbank.com/whsy.php?p=%2Fproc%2F23901" "Mozilla/5.0 AppleWebKit/537.36 (KHTML, like Gecko; compatible; GPTBot/1.3; +https://openai.com/gptbot)"
74.7.243.238 - - [13/Apr/2026:22:43:57 +0000] "GET /whsy.php?e=ip6_flowlabel&p=%2Fproc%2F11237%2Fnet HTTP/1.1" 200 2550 "http://www.firstdigitalbank.com/whsy.php?p=%2Fproc%2F11237%2Fnet" "Mozilla/5.0 AppleWebKit/537.36 (KHTML, like Gecko; compatible; GPTBot/1.3; +https://openai.com/gptbot)"
74.7.227.7 - - [13/Apr/2026:22:44:00 +0000] "GET /whsy.php?e=smaps_rollup&p=%2Fproc%2F19162 HTTP/1.1" 200 1064 "http://firstdigitalbank.com/whsy.php?p=%2Fproc%2F19162" "Mozilla/5.0 AppleWebKit/537.36 (KHTML, like Gecko; compatible; GPTBot/1.3; +https://openai.com/gptbot)"
74.7.227.7 - - [13/Apr/2026:22:44:03 +0000] "GET /whsy.php?e=smaps_rollup&p=%2Fproc%2F17472 HTTP/1.1" 200 2009 "http://firstdigitalbank.com/whsy.php?p=%2Fproc%2F17472" "Mozilla/5.0 AppleWebKit/537.36 (KHTML, like Gecko; compatible; GPTBot/1.3; +https://openai.com/gptbot)"
74.7.227.7 - - [13/Apr/2026:22:44:07 +0000] "GET /whsy.php?e=smaps_rollup&p=%2Fproc%2F20484 HTTP/1.1" 200 1064 "http://firstdigitalbank.com/whsy.php?p=%2Fproc%2F20484" "Mozilla/5.0 AppleWebKit/537.36 (KHTML, like Gecko; compatible; GPTBot/1.3; +https://openai.com/gptbot)"
74.7.227.7 - - [13/Apr/2026:22:44:11 +0000] "GET /whsy.php?e=smaps_rollup&p=%2Fproc%2F25441 HTTP/1.1" 200 2008 "http://firstdigitalbank.com/whsy.php?p=%2Fproc%2F25441" "Mozilla/5.0 AppleWebKit/537.36 (KHTML, like Gecko; compatible; GPTBot/1.3; +https://openai.com/gptbot)"
74.7.227.7 - - [13/Apr/2026:22:44:14 +0000] "GET /whsy.php?e=io&p=%2Fproc%2F14851 HTTP/1.1" 200 1936 "http://firstdigitalbank.com/whsy.php?p=%2Fproc%2F14851" "Mozilla/5.0 AppleWebKit/537.36 (KHTML, like Gecko; compatible; GPTBot/1.3; +https://openai.com/gptbot)"
74.7.243.238 - - [13/Apr/2026:22:44:15 +0000] "GET /whsy.php?e=ip6_flowlabel&p=%2Fproc%2F31492%2Fnet HTTP/1.1" 200 1064 "http://www.firstdigitalbank.com/whsy.php?p=%2Fproc%2F31492%2Fnet" "Mozilla/5.0 AppleWebKit/537.36 (KHTML, like Gecko; compatible; GPTBot/1.3; +https://openai.com/gptbot)"
74.7.227.7 - - [13/Apr/2026:22:44:18 +0000] "GET /whsy.php?e=io&p=%2Fproc%2F30899 HTTP/1.1" 200 1064 "http://firstdigitalbank.com/whsy.php?p=%2Fproc%2F30899" "Mozilla/5.0 AppleWebKit/537.36 (KHTML, like Gecko; compatible; GPTBot/1.3; +https://openai.com/gptbot)"
74.7.227.7 - - [13/Apr/2026:22:44:21 +0000] "GET /whsy.php?e=io&p=%2Fproc%2F23901 HTTP/1.1" 200 1935 "http://firstdigitalbank.com/whsy.php?p=%2Fproc%2F23901" "Mozilla/5.0 AppleWebKit/537.36 (KHTML, like Gecko; compatible; GPTBot/1.3; +https://openai.com/gptbot)"
74.7.243.238 - - [13/Apr/2026:22:44:22 +0000] "GET /whsy.php?e=ip6_flowlabel&p=%2Fproc%2F14060%2Fnet HTTP/1.1" 200 1064 "http://www.firstdigitalbank.com/whsy.php?p=%2Fproc%2F14060%2Fnet" "Mozilla/5.0 AppleWebKit/537.36 (KHTML, like Gecko; compatible; GPTBot/1.3; +https://openai.com/gptbot)"
74.7.227.7 - - [13/Apr/2026:22:44:25 +0000] "GET /whsy.php?e=environ&p=%2Fproc%2F20990 HTTP/1.1" 200 1936 "http://firstdigitalbank.com/whsy.php?p=%2Fproc%2F20990" "Mozilla/5.0 AppleWebKit/537.36 (KHTML, like Gecko; compatible; GPTBot/1.3; +https://openai.com/gptbot)"
74.7.243.238 - - [13/Apr/2026:22:44:25 +0000] "GET /whsy.php?e=ip6_flowlabel&p=%2Fproc%2F32094%2Fnet HTTP/1.1" 200 1064 "http://www.firstdigitalbank.com/whsy.php?p=%2Fproc%2F32094%2Fnet" "Mozilla/5.0 AppleWebKit/537.36 (KHTML, like Gecko; compatible; GPTBot/1.3; +https://openai.com/gptbot)"
74.7.227.7 - - [13/Apr/2026:22:44:28 +0000] "GET /whsy.php?e=environ&p=%2Fproc%2F12428 HTTP/1.1" 200 1064 "http://firstdigitalbank.com/whsy.php?p=%2Fproc%2F12428" "Mozilla/5.0 AppleWebKit/537.36 (KHTML, like Gecko; compatible; GPTBot/1.3; +https://openai.com/gptbot)"
74.7.243.238 - - [13/Apr/2026:22:44:29 +0000] "GET /whsy.php?e=ip6_flowlabel&p=%2Fproc%2F10970%2Fnet HTTP/1.1" 200 1064 "http://www.firstdigitalbank.com/whsy.php?p=%2Fproc%2F10970%2Fnet" "Mozilla/5.0 AppleWebKit/537.36 (KHTML, like Gecko; compatible; GPTBot/1.3; +https://openai.com/gptbot)"
74.7.227.7 - - [13/Apr/2026:22:44:32 +0000] "GET /whsy.php?e=pagemap&p=%2Fproc%2F23901 HTTP/1.1" 200 1935 "http://firstdigitalbank.com/whsy.php?p=%2Fproc%2F23901" "Mozilla/5.0 AppleWebKit/537.36 (KHTML, like Gecko; compatible; GPTBot/1.3; +https://openai.com/gptbot)"
74.7.227.7 - - [13/Apr/2026:22:44:35 +0000] "GET /whsy.php?e=syscall&p=%2Fproc%2F16006 HTTP/1.1" 200 1936 "http://firstdigitalbank.com/whsy.php?p=%2Fproc%2F16006" "Mozilla/5.0 AppleWebKit/537.36 (KHTML, like Gecko; compatible; GPTBot/1.3; +https://openai.com/gptbot)"
74.7.243.238 - - [13/Apr/2026:22:44:36 +0000] "GET /whsy.php?e=ip6_flowlabel&p=%2Fproc%2F23685%2Fnet HTTP/1.1" 200 1064 "http://www.firstdigitalbank.com/whsy.php?p=%2Fproc%2F23685%2Fnet" "Mozilla/5.0 AppleWebKit/537.36 (KHTML, like Gecko; compatible; GPTBot/1.3; +https://openai.com/gptbot)"
74.7.227.7 - - [13/Apr/2026:22:44:39 +0000] "GET /whsy.php?e=clear_refs&p=%2Fproc%2F20990 HTTP/1.1" 200 1936 "http://firstdigitalbank.com/whsy.php?p=%2Fproc%2F20990" "Mozilla/5.0 AppleWebKit/537.36 (KHTML, like Gecko; compatible; GPTBot/1.3; +https://openai.com/gptbot)"
74.7.243.238 - - [13/Apr/2026:22:44:40 +0000] "GET /whsy.php?e=ip6_flowlabel&p=%2Fproc%2F12173%2Fnet HTTP/1.1" 200 1064 "http://www.firstdigitalbank.com/whsy.php?p=%2Fproc%2F12173%2Fnet" "Mozilla/5.0 AppleWebKit/537.36 (KHTML, like Gecko; compatible; GPTBot/1.3; +https://openai.com/gptbot)"
74.7.227.7 - - [13/Apr/2026:22:44:43 +0000] "GET /whsy.php?e=smaps_rollup&p=%2Fproc%2F20990 HTTP/1.1" 200 2009 "http://firstdigitalbank.com/whsy.php?p=%2Fproc%2F20990" "Mozilla/5.0 AppleWebKit/537.36 (KHTML, like Gecko; compatible; GPTBot/1.3; +https://openai.com/gptbot)"
74.7.243.238 - - [13/Apr/2026:22:44:43 +0000] "GET /whsy.php?e=ip6_flowlabel&p=%2Fproc%2F30337%2Fnet HTTP/1.1" 200 1064 "http://www.firstdigitalbank.com/whsy.php?p=%2Fproc%2F30337%2Fnet" "Mozilla/5.0 AppleWebKit/537.36 (KHTML, like Gecko; compatible; GPTBot/1.3; +https://openai.com/gptbot)"
74.7.227.7 - - [13/Apr/2026:22:44:46 +0000] "GET /whsy.php?e=syscall&p=%2Fproc%2F25441 HTTP/1.1" 200 1935 "http://firstdigitalbank.com/whsy.php?p=%2Fproc%2F25441" "Mozilla/5.0 AppleWebKit/537.36 (KHTML, like Gecko; compatible; GPTBot/1.3; +https://openai.com/gptbot)"
74.7.243.238 - - [13/Apr/2026:22:44:47 +0000] "GET /whsy.php?e=ip6_flowlabel&p=%2Fproc%2F21567%2Fnet HTTP/1.1" 200 1064 "http://www.firstdigitalbank.com/whsy.php?p=%2Fproc%2F21567%2Fnet" "Mozilla/5.0 AppleWebKit/537.36 (KHTML, like Gecko; compatible; GPTBot/1.3; +https://openai.com/gptbot)"
74.7.227.7 - - [13/Apr/2026:22:44:50 +0000] "GET /whsy.php?e=pagemap&p=%2Fproc%2F16006 HTTP/1.1" 200 1936 "http://firstdigitalbank.com/whsy.php?p=%2Fproc%2F16006" "Mozilla/5.0 AppleWebKit/537.36 (KHTML, like Gecko; compatible; GPTBot/1.3; +https://openai.com/gptbot)"
74.7.243.238 - - [13/Apr/2026:22:44:50 +0000] "GET /whsy.php?e=ip6_flowlabel&p=%2Fproc%2F25900%2Fnet HTTP/1.1" 200 2549 "http://www.firstdigitalbank.com/whsy.php?p=%2Fproc%2F25900%2Fnet" "Mozilla/5.0 AppleWebKit/537.36 (KHTML, like Gecko; compatible; GPTBot/1.3; +https://openai.com/gptbot)"
74.7.227.7 - - [13/Apr/2026:22:44:54 +0000] "GET /whsy.php?e=syscall&p=%2Fproc%2F19162 HTTP/1.1" 200 1064 "http://firstdigitalbank.com/whsy.php?p=%2Fproc%2F19162" "Mozilla/5.0 AppleWebKit/537.36 (KHTML, like Gecko; compatible; GPTBot/1.3; +https://openai.com/gptbot)"
74.7.243.238 - - [13/Apr/2026:22:44:54 +0000] "GET /whsy.php?e=ip6_flowlabel&p=%2Fproc%2F14342%2Fnet HTTP/1.1" 200 1064 "http://www.firstdigitalbank.com/whsy.php?p=%2Fproc%2F14342%2Fnet" "Mozilla/5.0 AppleWebKit/537.36 (KHTML, like Gecko; compatible; GPTBot/1.3; +https://openai.com/gptbot)"
74.7.227.7 - - [13/Apr/2026:22:44:57 +0000] "GET /whsy.php?e=syscall&p=%2Fproc%2F31281 HTTP/1.1" 200 1064 "http://firstdigitalbank.com/whsy.php?p=%2Fproc%2F31281" "Mozilla/5.0 AppleWebKit/537.36 (KHTML, like Gecko; compatible; GPTBot/1.3; +https://openai.com/gptbot)"
74.7.243.238 - - [13/Apr/2026:22:44:58 +0000] "GET /whsy.php?e=ip6_flowlabel&p=%2Fproc%2F31869%2Fnet HTTP/1.1" 200 1064 "http://www.firstdigitalbank.com/whsy.php?p=%2Fproc%2F31869%2Fnet" "Mozilla/5.0 AppleWebKit/537.36 (KHTML, like Gecko; compatible; GPTBot/1.3; +https://openai.com/gptbot)"
74.7.227.7 - - [13/Apr/2026:22:45:01 +0000] "GET /whsy.php?e=syscall&p=%2Fproc%2F20484 HTTP/1.1" 200 1064 "http://firstdigitalbank.com/whsy.php?p=%2Fproc%2F20484" "Mozilla/5.0 AppleWebKit/537.36 (KHTML, like Gecko; compatible; GPTBot/1.3; +https://openai.com/gptbot)"
74.7.243.238 - - [13/Apr/2026:22:45:02 +0000] "GET /whsy.php?e=ip6_flowlabel&p=%2Fproc%2F19024%2Fnet HTTP/1.1" 200 1064 "http://www.firstdigitalbank.com/whsy.php?p=%2Fproc%2F19024%2Fnet" "Mozilla/5.0 AppleWebKit/537.36 (KHTML, like Gecko; compatible; GPTBot/1.3; +https://openai.com/gptbot)"
74.7.227.7 - - [13/Apr/2026:22:45:04 +0000] "GET /whsy.php?e=syscall&p=%2Fproc%2F17472 HTTP/1.1" 200 1936 "http://firstdigitalbank.com/whsy.php?p=%2Fproc%2F17472" "Mozilla/5.0 AppleWebKit/537.36 (KHTML, like Gecko; compatible; GPTBot/1.3; +https://openai.com/gptbot)"
74.7.243.238 - - [13/Apr/2026:22:45:05 +0000] "GET /whsy.php?e=ip6_flowlabel&p=%2Fproc%2F29474%2Fnet HTTP/1.1" 200 1064 "http://www.firstdigitalbank.com/whsy.php?p=%2Fproc%2F29474%2Fnet" "Mozilla/5.0 AppleWebKit/537.36 (KHTML, like Gecko; compatible; GPTBot/1.3; +https://openai.com/gptbot)"
74.7.227.7 - - [13/Apr/2026:22:45:08 +0000] "GET /whsy.php?e=limits&p=%2Fproc%2F13958 HTTP/1.1" 200 1064 "http://firstdigitalbank.com/whsy.php?p=%2Fproc%2F13958" "Mozilla/5.0 AppleWebKit/537.36 (KHTML, like Gecko; compatible; GPTBot/1.3; +https://openai.com/gptbot)"
74.7.227.7 - - [13/Apr/2026:22:45:12 +0000] "GET /whsy.php?e=mounts&p=%2Fproc%2F13958 HTTP/1.1" 200 1064 "http://firstdigitalbank.com/whsy.php?p=%2Fproc%2F13958" "Mozilla/5.0 AppleWebKit/537.36 (KHTML, like Gecko; compatible; GPTBot/1.3; +https://openai.com/gptbot)"
74.7.227.7 - - [13/Apr/2026:22:45:15 +0000] "GET /whsy.php?e=stat&p=%2Fproc%2F25441 HTTP/1.1" 200 2112 "http://firstdigitalbank.com/whsy.php?p=%2Fproc%2F25441" "Mozilla/5.0 AppleWebKit/537.36 (KHTML, like Gecko; compatible; GPTBot/1.3; +https://openai.com/gptbot)"
74.7.227.7 - - [13/Apr/2026:22:45:19 +0000] "GET /whsy.php?e=comm&p=%2Fproc%2F23901 HTTP/1.1" 200 2007 "http://firstdigitalbank.com/whsy.php?p=%2Fproc%2F23901" "Mozilla/5.0 AppleWebKit/537.36 (KHTML, like Gecko; compatible; GPTBot/1.3; +https://openai.com/gptbot)"
74.7.227.7 - - [13/Apr/2026:22:45:22 +0000] "GET /whsy.php?e=root&p=%2Fproc%2F14851 HTTP/1.1" 200 1936 "http://firstdigitalbank.com/whsy.php?p=%2Fproc%2F14851" "Mozilla/5.0 AppleWebKit/537.36 (KHTML, like Gecko; compatible; GPTBot/1.3; +https://openai.com/gptbot)"
74.7.227.7 - - [13/Apr/2026:22:45:26 +0000] "GET /whsy.php?e=stat&p=%2Fproc%2F19162 HTTP/1.1" 200 1064 "http://firstdigitalbank.com/whsy.php?p=%2Fproc%2F19162" "Mozilla/5.0 AppleWebKit/537.36 (KHTML, like Gecko; compatible; GPTBot/1.3; +https://openai.com/gptbot)"
74.7.227.7 - - [13/Apr/2026:22:45:29 +0000] "GET /whsy.php?e=stat&p=%2Fproc%2F31281 HTTP/1.1" 200 1064 "http://firstdigitalbank.com/whsy.php?p=%2Fproc%2F31281" "Mozilla/5.0 AppleWebKit/537.36 (KHTML, like Gecko; compatible; GPTBot/1.3; +https://openai.com/gptbot)"
74.7.243.238 - - [13/Apr/2026:22:45:30 +0000] "GET /whsy.php?e=ip6_flowlabel&p=%2Fproc%2F31038%2Fnet HTTP/1.1" 200 1064 "http://www.firstdigitalbank.com/whsy.php?p=%2Fproc%2F31038%2Fnet" "Mozilla/5.0 AppleWebKit/537.36 (KHTML, like Gecko; compatible; GPTBot/1.3; +https://openai.com/gptbot)"
74.7.227.7 - - [13/Apr/2026:22:45:33 +0000] "GET /whsy.php?e=stat&p=%2Fproc%2F20484 HTTP/1.1" 200 1064 "http://firstdigitalbank.com/whsy.php?p=%2Fproc%2F20484" "Mozilla/5.0 AppleWebKit/537.36 (KHTML, like Gecko; compatible; GPTBot/1.3; +https://openai.com/gptbot)"
74.7.243.238 - - [13/Apr/2026:22:45:34 +0000] "GET /whsy.php?e=ip6_flowlabel&p=%2Fproc%2F25349%2Fnet HTTP/1.1" 200 1064 "http://www.firstdigitalbank.com/whsy.php?p=%2Fproc%2F25349%2Fnet" "Mozilla/5.0 AppleWebKit/537.36 (KHTML, like Gecko; compatible; GPTBot/1.3; +https://openai.com/gptbot)"
74.7.227.7 - - [13/Apr/2026:22:45:36 +0000] "GET /whsy.php?e=root&p=%2Fproc%2F30899 HTTP/1.1" 200 1064 "http://firstdigitalbank.com/whsy.php?p=%2Fproc%2F30899" "Mozilla/5.0 AppleWebKit/537.36 (KHTML, like Gecko; compatible; GPTBot/1.3; +https://openai.com/gptbot)"
74.7.227.7 - - [13/Apr/2026:22:45:39 +0000] "GET /whsy.php?e=stat&p=%2Fproc%2F17472 HTTP/1.1" 200 2115 "http://firstdigitalbank.com/whsy.php?p=%2Fproc%2F17472" "Mozilla/5.0 AppleWebKit/537.36 (KHTML, like Gecko; compatible; GPTBot/1.3; +https://openai.com/gptbot)"
74.7.227.7 - - [13/Apr/2026:22:45:43 +0000] "GET /whsy.php?e=maps&p=%2Fproc%2F23901 HTTP/1.1" 200 2123 "http://firstdigitalbank.com/whsy.php?p=%2Fproc%2F23901" "Mozilla/5.0 AppleWebKit/537.36 (KHTML, like Gecko; compatible; GPTBot/1.3; +https://openai.com/gptbot)"
74.7.243.238 - - [13/Apr/2026:22:45:44 +0000] "GET /whsy.php?e=ip6_flowlabel&p=%2Fproc%2F15578%2Fnet HTTP/1.1" 200 1064 "http://www.firstdigitalbank.com/whsy.php?p=%2Fproc%2F15578%2Fnet" "Mozilla/5.0 AppleWebKit/537.36 (KHTML, like Gecko; compatible; GPTBot/1.3; +https://openai.com/gptbot)"
74.7.227.7 - - [13/Apr/2026:22:45:46 +0000] "GET /whsy.php?e=mountstats&p=%2Fproc%2F20990 HTTP/1.1" 200 1936 "http://firstdigitalbank.com/whsy.php?p=%2Fproc%2F20990" "Mozilla/5.0 AppleWebKit/537.36 (KHTML, like Gecko; compatible; GPTBot/1.3; +https://openai.com/gptbot)"
74.7.227.7 - - [13/Apr/2026:22:45:49 +0000] "GET /whsy.php?e=mountstats&p=%2Fproc%2F19162 HTTP/1.1" 200 1064 "http://firstdigitalbank.com/whsy.php?p=%2Fproc%2F19162" "Mozilla/5.0 AppleWebKit/537.36 (KHTML, like Gecko; compatible; GPTBot/1.3; +https://openai.com/gptbot)"
74.7.227.7 - - [13/Apr/2026:22:45:53 +0000] "GET /whsy.php?e=mountstats&p=%2Fproc%2F25441 HTTP/1.1" 200 1935 "http://firstdigitalbank.com/whsy.php?p=%2Fproc%2F25441" "Mozilla/5.0 AppleWebKit/537.36 (KHTML, like Gecko; compatible; GPTBot/1.3; +https://openai.com/gptbot)"
74.7.227.7 - - [13/Apr/2026:22:45:56 +0000] "GET /whsy.php?e=mountstats&p=%2Fproc%2F17472 HTTP/1.1" 200 1936 "http://firstdigitalbank.com/whsy.php?p=%2Fproc%2F17472" "Mozilla/5.0 AppleWebKit/537.36 (KHTML, like Gecko; compatible; GPTBot/1.3; +https://openai.com/gptbot)"
74.7.243.238 - - [13/Apr/2026:22:45:58 +0000] "GET /whsy.php?e=ip6_flowlabel&p=%2Fproc%2F17732%2Fnet HTTP/1.1" 200 1064 "http://www.firstdigitalbank.com/whsy.php?p=%2Fproc%2F17732%2Fnet" "Mozilla/5.0 AppleWebKit/537.36 (KHTML, like Gecko; compatible; GPTBot/1.3; +https://openai.com/gptbot)"
74.7.227.7 - - [13/Apr/2026:22:46:00 +0000] "GET /whsy.php?e=mountstats&p=%2Fproc%2F20484 HTTP/1.1" 200 1064 "http://firstdigitalbank.com/whsy.php?p=%2Fproc%2F20484" "Mozilla/5.0 AppleWebKit/537.36 (KHTML, like Gecko; compatible; GPTBot/1.3; +https://openai.com/gptbot)"
74.7.227.7 - - [13/Apr/2026:22:46:04 +0000] "GET /whsy.php?e=mountstats&p=%2Fproc%2F31281 HTTP/1.1" 200 1064 "http://firstdigitalbank.com/whsy.php?p=%2Fproc%2F31281" "Mozilla/5.0 AppleWebKit/537.36 (KHTML, like Gecko; compatible; GPTBot/1.3; +https://openai.com/gptbot)"
74.7.243.238 - - [13/Apr/2026:22:46:05 +0000] "GET /whsy.php?e=ip6_flowlabel&p=%2Fproc%2F31032%2Fnet HTTP/1.1" 200 1064 "http://www.firstdigitalbank.com/whsy.php?p=%2Fproc%2F31032%2Fnet" "Mozilla/5.0 AppleWebKit/537.36 (KHTML, like Gecko; compatible; GPTBot/1.3; +https://openai.com/gptbot)"
74.7.227.7 - - [13/Apr/2026:22:46:08 +0000] "GET /whsy.php?e=mountstats&p=%2Fproc%2F12428 HTTP/1.1" 200 1064 "http://firstdigitalbank.com/whsy.php?p=%2Fproc%2F12428" "Mozilla/5.0 AppleWebKit/537.36 (KHTML, like Gecko; compatible; GPTBot/1.3; +https://openai.com/gptbot)"
74.7.243.238 - - [13/Apr/2026:22:46:09 +0000] "GET /whsy.php?e=ip6_flowlabel&p=%2Fproc%2F20150%2Fnet HTTP/1.1" 200 1064 "http://www.firstdigitalbank.com/whsy.php?p=%2Fproc%2F20150%2Fnet" "Mozilla/5.0 AppleWebKit/537.36 (KHTML, like Gecko; compatible; GPTBot/1.3; +https://openai.com/gptbot)"
74.7.227.7 - - [13/Apr/2026:22:46:12 +0000] "GET /whsy.php?e=timers&p=%2Fproc%2F20990 HTTP/1.1" 200 2005 "http://firstdigitalbank.com/whsy.php?p=%2Fproc%2F20990" "Mozilla/5.0 AppleWebKit/537.36 (KHTML, like Gecko; compatible; GPTBot/1.3; +https://openai.com/gptbot)"
74.7.243.238 - - [13/Apr/2026:22:46:13 +0000] "GET /whsy.php?e=ip6_flowlabel&p=%2Fproc%2F13430%2Fnet HTTP/1.1" 200 1064 "http://www.firstdigitalbank.com/whsy.php?p=%2Fproc%2F13430%2Fnet" "Mozilla/5.0 AppleWebKit/537.36 (KHTML, like Gecko; compatible; GPTBot/1.3; +https://openai.com/gptbot)"
74.7.227.7 - - [13/Apr/2026:22:46:16 +0000] "GET /whsy.php?e=status&p=%2Fproc%2F12428 HTTP/1.1" 200 1064 "http://firstdigitalbank.com/whsy.php?p=%2Fproc%2F12428" "Mozilla/5.0 AppleWebKit/537.36 (KHTML, like Gecko; compatible; GPTBot/1.3; +https://openai.com/gptbot)"
74.7.243.238 - - [13/Apr/2026:22:46:17 +0000] "GET /whsy.php?e=ip6_flowlabel&p=%2Fproc%2F32743%2Fnet HTTP/1.1" 200 1064 "http://www.firstdigitalbank.com/whsy.php?p=%2Fproc%2F32743%2Fnet" "Mozilla/5.0 AppleWebKit/537.36 (KHTML, like Gecko; compatible; GPTBot/1.3; +https://openai.com/gptbot)"
74.7.227.7 - - [13/Apr/2026:22:46:20 +0000] "GET /whsy.php?e=cgroup&p=%2Fproc%2F16006 HTTP/1.1" 200 2115 "http://firstdigitalbank.com/whsy.php?p=%2Fproc%2F16006" "Mozilla/5.0 AppleWebKit/537.36 (KHTML, like Gecko; compatible; GPTBot/1.3; +https://openai.com/gptbot)"
74.7.227.7 - - [13/Apr/2026:22:46:25 +0000] "GET /whsy.php?e=cpuset&p=%2Fproc%2F16006 HTTP/1.1" 200 2005 "http://firstdigitalbank.com/whsy.php?p=%2Fproc%2F16006" "Mozilla/5.0 AppleWebKit/537.36 (KHTML, like Gecko; compatible; GPTBot/1.3; +https://openai.com/gptbot)"
74.7.227.7 - - [13/Apr/2026:22:46:28 +0000] "GET /whsy.php?e=status&p=%2Fproc%2F20990 HTTP/1.1" 200 2360 "http://firstdigitalbank.com/whsy.php?p=%2Fproc%2F20990" "Mozilla/5.0 AppleWebKit/537.36 (KHTML, like Gecko; compatible; GPTBot/1.3; +https://openai.com/gptbot)"
74.7.243.238 - - [13/Apr/2026:22:46:29 +0000] "GET /whsy.php?e=ip6_flowlabel&p=%2Fproc%2F13501%2Fnet HTTP/1.1" 200 2550 "http://www.firstdigitalbank.com/whsy.php?p=%2Fproc%2F13501%2Fnet" "Mozilla/5.0 AppleWebKit/537.36 (KHTML, like Gecko; compatible; GPTBot/1.3; +https://openai.com/gptbot)"
74.7.227.7 - - [13/Apr/2026:22:46:32 +0000] "GET /whsy.php?e=numa_maps&p=%2Fproc%2F16006 HTTP/1.1" 200 2009 "http://firstdigitalbank.com/whsy.php?p=%2Fproc%2F16006" "Mozilla/5.0 AppleWebKit/537.36 (KHTML, like Gecko; compatible; GPTBot/1.3; +https://openai.com/gptbot)"
74.7.227.7 - - [13/Apr/2026:22:46:35 +0000] "GET /whsy.php?e=timers&p=%2Fproc%2F16006 HTTP/1.1" 200 2005 "http://firstdigitalbank.com/whsy.php?p=%2Fproc%2F16006" "Mozilla/5.0 AppleWebKit/537.36 (KHTML, like Gecko; compatible; GPTBot/1.3; +https://openai.com/gptbot)"
74.7.243.238 - - [13/Apr/2026:22:46:36 +0000] "GET /whsy.php?e=ip6_flowlabel&p=%2Fproc%2F16488%2Fnet HTTP/1.1" 200 1064 "http://www.firstdigitalbank.com/whsy.php?p=%2Fproc%2F16488%2Fnet" "Mozilla/5.0 AppleWebKit/537.36 (KHTML, like Gecko; compatible; GPTBot/1.3; +https://openai.com/gptbot)"
74.7.227.7 - - [13/Apr/2026:22:46:39 +0000] "GET /whsy.php?e=mounts&p=%2Fproc%2F12428 HTTP/1.1" 200 1064 "http://firstdigitalbank.com/whsy.php?p=%2Fproc%2F12428" "Mozilla/5.0 AppleWebKit/537.36 (KHTML, like Gecko; compatible; GPTBot/1.3; +https://openai.com/gptbot)"
74.7.227.7 - - [13/Apr/2026:22:46:42 +0000] "GET /whsy.php?e=mounts&p=%2Fproc%2F31281 HTTP/1.1" 200 1064 "http://firstdigitalbank.com/whsy.php?p=%2Fproc%2F31281" "Mozilla/5.0 AppleWebKit/537.36 (KHTML, like Gecko; compatible; GPTBot/1.3; +https://openai.com/gptbot)"
74.7.243.238 - - [13/Apr/2026:22:46:43 +0000] "GET /whsy.php?e=ip6_flowlabel&p=%2Fproc%2F10592%2Fnet HTTP/1.1" 200 1064 "http://www.firstdigitalbank.com/whsy.php?p=%2Fproc%2F10592%2Fnet" "Mozilla/5.0 AppleWebKit/537.36 (KHTML, like Gecko; compatible; GPTBot/1.3; +https://openai.com/gptbot)"
74.7.227.7 - - [13/Apr/2026:22:46:45 +0000] "GET /whsy.php?e=status&p=%2Fproc%2F30899 HTTP/1.1" 200 1064 "http://firstdigitalbank.com/whsy.php?p=%2Fproc%2F30899" "Mozilla/5.0 AppleWebKit/537.36 (KHTML, like Gecko; compatible; GPTBot/1.3; +https://openai.com/gptbot)"
74.7.243.238 - - [13/Apr/2026:22:46:47 +0000] "GET /whsy.php?e=ip6_flowlabel&p=%2Fproc%2F27805%2Fnet HTTP/1.1" 200 1064 "http://www.firstdigitalbank.com/whsy.php?p=%2Fproc%2F27805%2Fnet" "Mozilla/5.0 AppleWebKit/537.36 (KHTML, like Gecko; compatible; GPTBot/1.3; +https://openai.com/gptbot)"
74.7.227.7 - - [13/Apr/2026:22:46:49 +0000] "GET /whsy.php?e=cgroup&p=%2Fproc%2F13958 HTTP/1.1" 200 1064 "http://firstdigitalbank.com/whsy.php?p=%2Fproc%2F13958" "Mozilla/5.0 AppleWebKit/537.36 (KHTML, like Gecko; compatible; GPTBot/1.3; +https://openai.com/gptbot)"
74.7.227.7 - - [13/Apr/2026:22:46:53 +0000] "GET /whsy.php?e=mounts&p=%2Fproc%2F16006 HTTP/1.1" 200 2649 "http://firstdigitalbank.com/whsy.php?p=%2Fproc%2F16006" "Mozilla/5.0 AppleWebKit/537.36 (KHTML, like Gecko; compatible; GPTBot/1.3; +https://openai.com/gptbot)"
74.7.243.238 - - [13/Apr/2026:22:46:54 +0000] "GET /whsy.php?e=ip6_flowlabel&p=%2Fproc%2F18104%2Fnet HTTP/1.1" 200 1064 "http://www.firstdigitalbank.com/whsy.php?p=%2Fproc%2F18104%2Fnet" "Mozilla/5.0 AppleWebKit/537.36 (KHTML, like Gecko; compatible; GPTBot/1.3; +https://openai.com/gptbot)"
74.7.227.7 - - [13/Apr/2026:22:46:56 +0000] "GET /whsy.php?e=timers&p=%2Fproc%2F30899 HTTP/1.1" 200 1064 "http://firstdigitalbank.com/whsy.php?p=%2Fproc%2F30899" "Mozilla/5.0 AppleWebKit/537.36 (KHTML, like Gecko; compatible; GPTBot/1.3; +https://openai.com/gptbot)"
74.7.227.7 - - [13/Apr/2026:22:46:59 +0000] "GET /whsy.php?e=mounts&p=%2Fproc%2F25441 HTTP/1.1" 200 2649 "http://firstdigitalbank.com/whsy.php?p=%2Fproc%2F25441" "Mozilla/5.0 AppleWebKit/537.36 (KHTML, like Gecko; compatible; GPTBot/1.3; +https://openai.com/gptbot)"
74.7.243.238 - - [13/Apr/2026:22:47:01 +0000] "GET /whsy.php?e=ip6_flowlabel&p=%2Fproc%2F24650%2Fnet HTTP/1.1" 200 1064 "http://www.firstdigitalbank.com/whsy.php?p=%2Fproc%2F24650%2Fnet" "Mozilla/5.0 AppleWebKit/537.36 (KHTML, like Gecko; compatible; GPTBot/1.3; +https://openai.com/gptbot)"
74.7.227.7 - - [13/Apr/2026:22:47:03 +0000] "GET /whsy.php?e=limits&p=%2Fproc%2F25441 HTTP/1.1" 200 2273 "http://firstdigitalbank.com/whsy.php?p=%2Fproc%2F25441" "Mozilla/5.0 AppleWebKit/537.36 (KHTML, like Gecko; compatible; GPTBot/1.3; +https://openai.com/gptbot)"
74.7.227.7 - - [13/Apr/2026:22:47:06 +0000] "GET /whsy.php?e=limits&p=%2Fproc%2F19162 HTTP/1.1" 200 1064 "http://firstdigitalbank.com/whsy.php?p=%2Fproc%2F19162" "Mozilla/5.0 AppleWebKit/537.36 (KHTML, like Gecko; compatible; GPTBot/1.3; +https://openai.com/gptbot)"
74.7.227.7 - - [13/Apr/2026:22:47:09 +0000] "GET /whsy.php?e=mounts&p=%2Fproc%2F20484 HTTP/1.1" 200 1064 "http://firstdigitalbank.com/whsy.php?p=%2Fproc%2F20484" "Mozilla/5.0 AppleWebKit/537.36 (KHTML, like Gecko; compatible; GPTBot/1.3; +https://openai.com/gptbot)"
74.7.227.7 - - [13/Apr/2026:22:47:13 +0000] "GET /whsy.php?e=limits&p=%2Fproc%2F16006 HTTP/1.1" 200 2273 "http://firstdigitalbank.com/whsy.php?p=%2Fproc%2F16006" "Mozilla/5.0 AppleWebKit/537.36 (KHTML, like Gecko; compatible; GPTBot/1.3; +https://openai.com/gptbot)"
74.7.243.238 - - [13/Apr/2026:22:47:15 +0000] "GET /whsy.php?e=ip6_flowlabel&p=%2Fproc%2F12034%2Fnet HTTP/1.1" 200 1064 "http://www.firstdigitalbank.com/whsy.php?p=%2Fproc%2F12034%2Fnet" "Mozilla/5.0 AppleWebKit/537.36 (KHTML, like Gecko; compatible; GPTBot/1.3; +https://openai.com/gptbot)"
74.7.227.7 - - [13/Apr/2026:22:47:16 +0000] "GET /whsy.php?e=timers&p=%2Fproc%2F23901 HTTP/1.1" 200 2005 "http://firstdigitalbank.com/whsy.php?p=%2Fproc%2F23901" "Mozilla/5.0 AppleWebKit/537.36 (KHTML, like Gecko; compatible; GPTBot/1.3; +https://openai.com/gptbot)"
74.7.227.7 - - [13/Apr/2026:22:47:20 +0000] "GET /whsy.php?e=timers&p=%2Fproc%2F14851 HTTP/1.1" 200 2006 "http://firstdigitalbank.com/whsy.php?p=%2Fproc%2F14851" "Mozilla/5.0 AppleWebKit/537.36 (KHTML, like Gecko; compatible; GPTBot/1.3; +https://openai.com/gptbot)"
74.7.227.7 - - [13/Apr/2026:22:47:23 +0000] "GET /whsy.php?e=status&p=%2Fproc%2F14851 HTTP/1.1" 200 2367 "http://firstdigitalbank.com/whsy.php?p=%2Fproc%2F14851" "Mozilla/5.0 AppleWebKit/537.36 (KHTML, like Gecko; compatible; GPTBot/1.3; +https://openai.com/gptbot)"
74.7.243.238 - - [13/Apr/2026:22:47:26 +0000] "GET /whsy.php?e=ip6_flowlabel&p=%2Fproc%2F14254%2Fnet HTTP/1.1" 200 1064 "http://www.firstdigitalbank.com/whsy.php?p=%2Fproc%2F14254%2Fnet" "Mozilla/5.0 AppleWebKit/537.36 (KHTML, like Gecko; compatible; GPTBot/1.3; +https://openai.com/gptbot)"
74.7.227.7 - - [13/Apr/2026:22:47:27 +0000] "GET /whsy.php?e=mounts&p=%2Fproc%2F19162 HTTP/1.1" 200 1064 "http://firstdigitalbank.com/whsy.php?p=%2Fproc%2F19162" "Mozilla/5.0 AppleWebKit/537.36 (KHTML, like Gecko; compatible; GPTBot/1.3; +https://openai.com/gptbot)"
74.7.243.238 - - [13/Apr/2026:22:47:30 +0000] "GET /whsy.php?e=ip6_flowlabel&p=%2Fproc%2F18587%2Fnet HTTP/1.1" 200 1064 "http://www.firstdigitalbank.com/whsy.php?p=%2Fproc%2F18587%2Fnet" "Mozilla/5.0 AppleWebKit/537.36 (KHTML, like Gecko; compatible; GPTBot/1.3; +https://openai.com/gptbot)"
74.7.227.7 - - [13/Apr/2026:22:47:30 +0000] "GET /whsy.php?e=limits&p=%2Fproc%2F20484 HTTP/1.1" 200 1064 "http://firstdigitalbank.com/whsy.php?p=%2Fproc%2F20484" "Mozilla/5.0 AppleWebKit/537.36 (KHTML, like Gecko; compatible; GPTBot/1.3; +https://openai.com/gptbot)"
74.7.227.7 - - [13/Apr/2026:22:47:34 +0000] "GET /whsy.php?e=cpuset&p=%2Fproc%2F13958 HTTP/1.1" 200 1064 "http://firstdigitalbank.com/whsy.php?p=%2Fproc%2F13958" "Mozilla/5.0 AppleWebKit/537.36 (KHTML, like Gecko; compatible; GPTBot/1.3; +https://openai.com/gptbot)"
74.7.243.238 - - [13/Apr/2026:22:47:37 +0000] "GET /whsy.php?e=ip6_flowlabel&p=%2Fproc%2F10446%2Fnet HTTP/1.1" 200 1064 "http://www.firstdigitalbank.com/whsy.php?p=%2Fproc%2F10446%2Fnet" "Mozilla/5.0 AppleWebKit/537.36 (KHTML, like Gecko; compatible; GPTBot/1.3; +https://openai.com/gptbot)"
74.7.227.7 - - [13/Apr/2026:22:47:38 +0000] "GET /whsy.php?e=limits&p=%2Fproc%2F17472 HTTP/1.1" 200 2274 "http://firstdigitalbank.com/whsy.php?p=%2Fproc%2F17472" "Mozilla/5.0 AppleWebKit/537.36 (KHTML, like Gecko; compatible; GPTBot/1.3; +https://openai.com/gptbot)"
74.7.243.238 - - [13/Apr/2026:22:47:40 +0000] "GET /whsy.php?e=ip6_flowlabel&p=%2Fproc%2F15686%2Fnet HTTP/1.1" 200 1064 "http://www.firstdigitalbank.com/whsy.php?p=%2Fproc%2F15686%2Fnet" "Mozilla/5.0 AppleWebKit/537.36 (KHTML, like Gecko; compatible; GPTBot/1.3; +https://openai.com/gptbot)"
74.7.227.7 - - [13/Apr/2026:22:47:41 +0000] "GET /whsy.php?e=mounts&p=%2Fproc%2F17472 HTTP/1.1" 200 2649 "http://firstdigitalbank.com/whsy.php?p=%2Fproc%2F17472" "Mozilla/5.0 AppleWebKit/537.36 (KHTML, like Gecko; compatible; GPTBot/1.3; +https://openai.com/gptbot)"
74.7.243.238 - - [13/Apr/2026:22:47:44 +0000] "GET /whsy.php?e=ip6_flowlabel&p=%2Fproc%2F31008%2Fnet HTTP/1.1" 200 1064 "http://www.firstdigitalbank.com/whsy.php?p=%2Fproc%2F31008%2Fnet" "Mozilla/5.0 AppleWebKit/537.36 (KHTML, like Gecko; compatible; GPTBot/1.3; +https://openai.com/gptbot)"
74.7.227.7 - - [13/Apr/2026:22:47:45 +0000] "GET /whsy.php?e=limits&p=%2Fproc%2F31281 HTTP/1.1" 200 1064 "http://firstdigitalbank.com/whsy.php?p=%2Fproc%2F31281" "Mozilla/5.0 AppleWebKit/537.36 (KHTML, like Gecko; compatible; GPTBot/1.3; +https://openai.com/gptbot)"
74.7.227.7 - - [13/Apr/2026:22:47:48 +0000] "GET /whsy.php?e=status&p=%2Fproc%2F23901 HTTP/1.1" 200 2582 "http://firstdigitalbank.com/whsy.php?p=%2Fproc%2F23901" "Mozilla/5.0 AppleWebKit/537.36 (KHTML, like Gecko; compatible; GPTBot/1.3; +https://openai.com/gptbot)"
74.7.243.238 - - [13/Apr/2026:22:47:52 +0000] "GET /whsy.php?e=ip6_flowlabel&p=%2Fproc%2F18867%2Fnet HTTP/1.1" 200 1064 "http://www.firstdigitalbank.com/whsy.php?p=%2Fproc%2F18867%2Fnet" "Mozilla/5.0 AppleWebKit/537.36 (KHTML, like Gecko; compatible; GPTBot/1.3; +https://openai.com/gptbot)"
74.7.227.7 - - [13/Apr/2026:22:47:52 +0000] "GET /whsy.php?e=numa_maps&p=%2Fproc%2F13958 HTTP/1.1" 200 1064 "http://firstdigitalbank.com/whsy.php?p=%2Fproc%2F13958" "Mozilla/5.0 AppleWebKit/537.36 (KHTML, like Gecko; compatible; GPTBot/1.3; +https://openai.com/gptbot)"
74.7.243.238 - - [13/Apr/2026:22:47:55 +0000] "GET /whsy.php?e=ip6_flowlabel&p=%2Fproc%2F30913%2Fnet HTTP/1.1" 200 1064 "http://www.firstdigitalbank.com/whsy.php?p=%2Fproc%2F30913%2Fnet" "Mozilla/5.0 AppleWebKit/537.36 (KHTML, like Gecko; compatible; GPTBot/1.3; +https://openai.com/gptbot)"
74.7.227.7 - - [13/Apr/2026:22:47:56 +0000] "GET /whsy.php?e=numa_maps&p=%2Fproc%2F23901 HTTP/1.1" 200 2128 "http://firstdigitalbank.com/whsy.php?p=%2Fproc%2F23901" "Mozilla/5.0 AppleWebKit/537.36 (KHTML, like Gecko; compatible; GPTBot/1.3; +https://openai.com/gptbot)"
74.7.243.238 - - [13/Apr/2026:22:47:59 +0000] "GET /whsy.php?e=ip6_flowlabel&p=%2Fproc%2F20507%2Fnet HTTP/1.1" 200 1064 "http://www.firstdigitalbank.com/whsy.php?p=%2Fproc%2F20507%2Fnet" "Mozilla/5.0 AppleWebKit/537.36 (KHTML, like Gecko; compatible; GPTBot/1.3; +https://openai.com/gptbot)"
74.7.227.7 - - [13/Apr/2026:22:47:59 +0000] "GET /whsy.php?e=numa_maps&p=%2Fproc%2F14851 HTTP/1.1" 200 2009 "http://firstdigitalbank.com/whsy.php?p=%2Fproc%2F14851" "Mozilla/5.0 AppleWebKit/537.36 (KHTML, like Gecko; compatible; GPTBot/1.3; +https://openai.com/gptbot)"
74.7.243.238 - - [13/Apr/2026:22:48:02 +0000] "GET /whsy.php?e=ip6_flowlabel&p=%2Fproc%2F13519%2Fnet HTTP/1.1" 200 1064 "http://www.firstdigitalbank.com/whsy.php?p=%2Fproc%2F13519%2Fnet" "Mozilla/5.0 AppleWebKit/537.36 (KHTML, like Gecko; compatible; GPTBot/1.3; +https://openai.com/gptbot)"
74.7.227.7 - - [13/Apr/2026:22:48:03 +0000] "GET /whsy.php?e=numa_maps&p=%2Fproc%2F30899 HTTP/1.1" 200 1064 "http://firstdigitalbank.com/whsy.php?p=%2Fproc%2F30899" "Mozilla/5.0 AppleWebKit/537.36 (KHTML, like Gecko; compatible; GPTBot/1.3; +https://openai.com/gptbot)"
74.7.227.7 - - [13/Apr/2026:22:48:06 +0000] "GET /whsy.php?e=igmp&p=%2Fproc%2F17472%2Fnet HTTP/1.1" 200 2592 "http://firstdigitalbank.com/whsy.php?p=%2Fproc%2F17472%2Fnet" "Mozilla/5.0 AppleWebKit/537.36 (KHTML, like Gecko; compatible; GPTBot/1.3; +https://openai.com/gptbot)"
74.7.227.7 - - [13/Apr/2026:22:48:11 +0000] "GET /whsy.php?e=limits&p=%2Fproc%2F20990 HTTP/1.1" 200 2273 "http://firstdigitalbank.com/whsy.php?p=%2Fproc%2F20990" "Mozilla/5.0 AppleWebKit/537.36 (KHTML, like Gecko; compatible; GPTBot/1.3; +https://openai.com/gptbot)"
74.7.243.238 - - [13/Apr/2026:22:48:14 +0000] "GET /whsy.php?e=ip6_flowlabel&p=%2Fproc%2F13239%2Fnet HTTP/1.1" 200 1064 "http://www.firstdigitalbank.com/whsy.php?p=%2Fproc%2F13239%2Fnet" "Mozilla/5.0 AppleWebKit/537.36 (KHTML, like Gecko; compatible; GPTBot/1.3; +https://openai.com/gptbot)"
