74.7.227.7 - - [13/Apr/2026:14:00:15 +0000] "GET /whsy.php?p=%2Fproc%2F27009%2Ffd HTTP/1.1" 200 1064 "http://firstdigitalbank.com/whsy.php?p=%2Fproc%2F27009" "Mozilla/5.0 AppleWebKit/537.36 (KHTML, like Gecko; compatible; GPTBot/1.3; +https://openai.com/gptbot)"
74.7.241.51 - - [13/Apr/2026:14:00:18 +0000] "GET /whsy.php?e=mem&p=%2Fproc%2F23926 HTTP/1.1" 200 1935 "http://www.firstdigitalbank.com.lab2454.com/whsy.php?p=%2Fproc%2F23926" "Mozilla/5.0 AppleWebKit/537.36 (KHTML, like Gecko; compatible; GPTBot/1.3; +https://openai.com/gptbot)"
74.7.227.7 - - [13/Apr/2026:14:00:21 +0000] "GET /whsy.php?p=%2Fproc%2F27009%2Fns HTTP/1.1" 200 1064 "http://firstdigitalbank.com/whsy.php?p=%2Fproc%2F27009" "Mozilla/5.0 AppleWebKit/537.36 (KHTML, like Gecko; compatible; GPTBot/1.3; +https://openai.com/gptbot)"
74.7.241.51 - - [13/Apr/2026:14:00:22 +0000] "GET /whsy.php?e=cwd&p=%2Fproc%2F23926 HTTP/1.1" 200 1935 "http://www.firstdigitalbank.com.lab2454.com/whsy.php?p=%2Fproc%2F23926" "Mozilla/5.0 AppleWebKit/537.36 (KHTML, like Gecko; compatible; GPTBot/1.3; +https://openai.com/gptbot)"
74.7.241.51 - - [13/Apr/2026:14:00:25 +0000] "GET /whsy.php?e=exe&p=%2Fproc%2F12655 HTTP/1.1" 200 1936 "http://www.firstdigitalbank.com.lab2454.com/whsy.php?p=%2Fproc%2F12655" "Mozilla/5.0 AppleWebKit/537.36 (KHTML, like Gecko; compatible; GPTBot/1.3; +https://openai.com/gptbot)"
74.7.227.7 - - [13/Apr/2026:14:00:26 +0000] "GET /whsy.php?p=%2Fproc%2F27056%2Fns HTTP/1.1" 200 1064 "http://firstdigitalbank.com/whsy.php?p=%2Fproc%2F27056" "Mozilla/5.0 AppleWebKit/537.36 (KHTML, like Gecko; compatible; GPTBot/1.3; +https://openai.com/gptbot)"
74.7.241.51 - - [13/Apr/2026:14:00:29 +0000] "GET /whsy.php?e=cwd&p=%2Fproc%2F12655 HTTP/1.1" 200 1936 "http://www.firstdigitalbank.com.lab2454.com/whsy.php?p=%2Fproc%2F12655" "Mozilla/5.0 AppleWebKit/537.36 (KHTML, like Gecko; compatible; GPTBot/1.3; +https://openai.com/gptbot)"
74.7.241.51 - - [13/Apr/2026:14:00:32 +0000] "GET /whsy.php?e=mem&p=%2Fproc%2F18168 HTTP/1.1" 200 1935 "http://www.firstdigitalbank.com.lab2454.com/whsy.php?p=%2Fproc%2F18168" "Mozilla/5.0 AppleWebKit/537.36 (KHTML, like Gecko; compatible; GPTBot/1.3; +https://openai.com/gptbot)"
74.7.241.51 - - [13/Apr/2026:14:00:37 +0000] "GET /whsy.php?e=mem&p=%2Fproc%2F12655 HTTP/1.1" 200 1936 "http://www.firstdigitalbank.com.lab2454.com/whsy.php?p=%2Fproc%2F12655" "Mozilla/5.0 AppleWebKit/537.36 (KHTML, like Gecko; compatible; GPTBot/1.3; +https://openai.com/gptbot)"
74.7.241.51 - - [13/Apr/2026:14:00:41 +0000] "GET /whsy.php?e=cwd&p=%2Fproc%2F18168 HTTP/1.1" 200 1935 "http://www.firstdigitalbank.com.lab2454.com/whsy.php?p=%2Fproc%2F18168" "Mozilla/5.0 AppleWebKit/537.36 (KHTML, like Gecko; compatible; GPTBot/1.3; +https://openai.com/gptbot)"
74.7.241.51 - - [13/Apr/2026:14:00:44 +0000] "GET /whsy.php?e=exe&p=%2Fproc%2F18168 HTTP/1.1" 200 1935 "http://www.firstdigitalbank.com.lab2454.com/whsy.php?p=%2Fproc%2F18168" "Mozilla/5.0 AppleWebKit/537.36 (KHTML, like Gecko; compatible; GPTBot/1.3; +https://openai.com/gptbot)"
74.7.241.51 - - [13/Apr/2026:14:00:49 +0000] "GET /whsy.php?e=exe&p=%2Fproc%2F23926 HTTP/1.1" 200 1935 "http://www.firstdigitalbank.com.lab2454.com/whsy.php?p=%2Fproc%2F23926" "Mozilla/5.0 AppleWebKit/537.36 (KHTML, like Gecko; compatible; GPTBot/1.3; +https://openai.com/gptbot)"
74.7.241.51 - - [13/Apr/2026:14:00:57 +0000] "GET /whsy.php?e=stat&p=%2Fproc%2F23604 HTTP/1.1" 200 1064 "http://www.firstdigitalbank.com.lab2454.com/whsy.php?p=%2Fproc%2F23604" "Mozilla/5.0 AppleWebKit/537.36 (KHTML, like Gecko; compatible; GPTBot/1.3; +https://openai.com/gptbot)"
74.7.227.7 - - [13/Apr/2026:14:00:31 +0000] "GET /whsy.php?p=%2Fproc%2F25900%2Fns HTTP/1.1" 200 731557 "http://firstdigitalbank.com/whsy.php?p=%2Fproc%2F25900" "Mozilla/5.0 AppleWebKit/537.36 (KHTML, like Gecko; compatible; GPTBot/1.3; +https://openai.com/gptbot)"
74.7.241.51 - - [13/Apr/2026:14:01:03 +0000] "GET /whsy.php?e=ksm_stat&p=%2Fproc%2F12655 HTTP/1.1" 200 1936 "http://www.firstdigitalbank.com.lab2454.com/whsy.php?p=%2Fproc%2F12655" "Mozilla/5.0 AppleWebKit/537.36 (KHTML, like Gecko; compatible; GPTBot/1.3; +https://openai.com/gptbot)"
74.7.227.7 - - [13/Apr/2026:14:01:05 +0000] "GET /whsy.php?p=%2Fproc%2F10402%2Ffd HTTP/1.1" 200 1064 "http://firstdigitalbank.com/whsy.php?p=%2Fproc%2F10402" "Mozilla/5.0 AppleWebKit/537.36 (KHTML, like Gecko; compatible; GPTBot/1.3; +https://openai.com/gptbot)"
74.7.241.51 - - [13/Apr/2026:14:01:07 +0000] "GET /whsy.php?e=ksm_stat&p=%2Fproc%2F18168 HTTP/1.1" 200 1935 "http://www.firstdigitalbank.com.lab2454.com/whsy.php?p=%2Fproc%2F18168" "Mozilla/5.0 AppleWebKit/537.36 (KHTML, like Gecko; compatible; GPTBot/1.3; +https://openai.com/gptbot)"
74.7.241.51 - - [13/Apr/2026:14:01:12 +0000] "GET /whsy.php?e=exe&p=%2Fproc%2F12495 HTTP/1.1" 200 1936 "http://www.firstdigitalbank.com.lab2454.com/whsy.php?p=%2Fproc%2F12495" "Mozilla/5.0 AppleWebKit/537.36 (KHTML, like Gecko; compatible; GPTBot/1.3; +https://openai.com/gptbot)"
74.7.241.51 - - [13/Apr/2026:14:01:15 +0000] "GET /whsy.php?e=exe&p=%2Fproc%2F23604 HTTP/1.1" 200 1064 "http://www.firstdigitalbank.com.lab2454.com/whsy.php?p=%2Fproc%2F23604" "Mozilla/5.0 AppleWebKit/537.36 (KHTML, like Gecko; compatible; GPTBot/1.3; +https://openai.com/gptbot)"
74.7.227.7 - - [13/Apr/2026:14:01:19 +0000] "GET /whsy.php?p=%2Fproc%2F21876%2Fns HTTP/1.1" 200 1064 "http://firstdigitalbank.com/whsy.php?p=%2Fproc%2F21876" "Mozilla/5.0 AppleWebKit/537.36 (KHTML, like Gecko; compatible; GPTBot/1.3; +https://openai.com/gptbot)"
74.7.241.51 - - [13/Apr/2026:14:01:19 +0000] "GET /whsy.php?e=uid_map&p=%2Fproc%2F23926 HTTP/1.1" 200 2022 "http://www.firstdigitalbank.com.lab2454.com/whsy.php?p=%2Fproc%2F23926" "Mozilla/5.0 AppleWebKit/537.36 (KHTML, like Gecko; compatible; GPTBot/1.3; +https://openai.com/gptbot)"
74.7.241.51 - - [13/Apr/2026:14:01:22 +0000] "GET /whsy.php?e=oom_adj&p=%2Fproc%2F12655 HTTP/1.1" 200 2006 "http://www.firstdigitalbank.com.lab2454.com/whsy.php?p=%2Fproc%2F12655" "Mozilla/5.0 AppleWebKit/537.36 (KHTML, like Gecko; compatible; GPTBot/1.3; +https://openai.com/gptbot)"
74.7.241.51 - - [13/Apr/2026:14:01:26 +0000] "GET /whsy.php?e=gid_map&p=%2Fproc%2F23926 HTTP/1.1" 200 2025 "http://www.firstdigitalbank.com.lab2454.com/whsy.php?p=%2Fproc%2F23926" "Mozilla/5.0 AppleWebKit/537.36 (KHTML, like Gecko; compatible; GPTBot/1.3; +https://openai.com/gptbot)"
74.7.241.51 - - [13/Apr/2026:14:01:29 +0000] "GET /whsy.php?e=oom_adj&p=%2Fproc%2F23926 HTTP/1.1" 200 2006 "http://www.firstdigitalbank.com.lab2454.com/whsy.php?p=%2Fproc%2F23926" "Mozilla/5.0 AppleWebKit/537.36 (KHTML, like Gecko; compatible; GPTBot/1.3; +https://openai.com/gptbot)"
74.7.227.7 - - [13/Apr/2026:14:01:31 +0000] "GET /whsy.php?p=%2Fproc%2F19096%2Fns HTTP/1.1" 200 1064 "http://firstdigitalbank.com/whsy.php?p=%2Fproc%2F19096" "Mozilla/5.0 AppleWebKit/537.36 (KHTML, like Gecko; compatible; GPTBot/1.3; +https://openai.com/gptbot)"
74.7.241.51 - - [13/Apr/2026:14:01:33 +0000] "GET /whsy.php?e=smaps&p=%2Fproc%2F32000 HTTP/1.1" 200 1064 "http://www.firstdigitalbank.com.lab2454.com/whsy.php?p=%2Fproc%2F32000" "Mozilla/5.0 AppleWebKit/537.36 (KHTML, like Gecko; compatible; GPTBot/1.3; +https://openai.com/gptbot)"
74.7.241.51 - - [13/Apr/2026:14:01:37 +0000] "GET /whsy.php?e=sched&p=%2Fproc%2F32000 HTTP/1.1" 200 1064 "http://www.firstdigitalbank.com.lab2454.com/whsy.php?p=%2Fproc%2F32000" "Mozilla/5.0 AppleWebKit/537.36 (KHTML, like Gecko; compatible; GPTBot/1.3; +https://openai.com/gptbot)"
74.7.241.51 - - [13/Apr/2026:14:01:41 +0000] "GET /whsy.php?e=wchan&p=%2Fproc%2F32000 HTTP/1.1" 200 1064 "http://www.firstdigitalbank.com.lab2454.com/whsy.php?p=%2Fproc%2F32000" "Mozilla/5.0 AppleWebKit/537.36 (KHTML, like Gecko; compatible; GPTBot/1.3; +https://openai.com/gptbot)"
74.7.227.7 - - [13/Apr/2026:14:01:42 +0000] "GET /whsy.php?p=%2Fproc%2F15114%2Fns HTTP/1.1" 200 1064 "http://firstdigitalbank.com/whsy.php?p=%2Fproc%2F15114" "Mozilla/5.0 AppleWebKit/537.36 (KHTML, like Gecko; compatible; GPTBot/1.3; +https://openai.com/gptbot)"
74.7.241.51 - - [13/Apr/2026:14:01:45 +0000] "GET /whsy.php?e=cmdline&p=%2Fproc%2F12655 HTTP/1.1" 200 2024 "http://www.firstdigitalbank.com.lab2454.com/whsy.php?p=%2Fproc%2F12655" "Mozilla/5.0 AppleWebKit/537.36 (KHTML, like Gecko; compatible; GPTBot/1.3; +https://openai.com/gptbot)"
74.7.241.51 - - [13/Apr/2026:14:01:49 +0000] "GET /whsy.php?e=sessionid&p=%2Fproc%2F23926 HTTP/1.1" 200 2016 "http://www.firstdigitalbank.com.lab2454.com/whsy.php?p=%2Fproc%2F23926" "Mozilla/5.0 AppleWebKit/537.36 (KHTML, like Gecko; compatible; GPTBot/1.3; +https://openai.com/gptbot)"
74.7.227.7 - - [13/Apr/2026:14:01:52 +0000] "GET /whsy.php?p=%2Fproc%2F13605%2Fns HTTP/1.1" 200 1064 "http://firstdigitalbank.com/whsy.php?p=%2Fproc%2F13605" "Mozilla/5.0 AppleWebKit/537.36 (KHTML, like Gecko; compatible; GPTBot/1.3; +https://openai.com/gptbot)"
74.7.228.24 - - [13/Apr/2026:14:01:52 +0000] "GET /robots.txt HTTP/1.1" 404 - "-" "Mozilla/5.0 (Macintosh; Intel Mac OS X 10_15_7) AppleWebKit/537.36 (KHTML, like Gecko) Chrome/131.0.0.0 Safari/537.36; compatible; OAI-SearchBot/1.3; robots.txt; +https://openai.com/searchbot"
74.7.241.51 - - [13/Apr/2026:14:01:54 +0000] "GET /whsy.php?e=setgroups&p=%2Fproc%2F23926 HTTP/1.1" 200 2007 "http://www.firstdigitalbank.com.lab2454.com/whsy.php?p=%2Fproc%2F23926" "Mozilla/5.0 AppleWebKit/537.36 (KHTML, like Gecko; compatible; GPTBot/1.3; +https://openai.com/gptbot)"
74.7.241.51 - - [13/Apr/2026:14:01:58 +0000] "GET /whsy.php?e=autogroup&p=%2Fproc%2F32000 HTTP/1.1" 200 1064 "http://www.firstdigitalbank.com.lab2454.com/whsy.php?p=%2Fproc%2F32000" "Mozilla/5.0 AppleWebKit/537.36 (KHTML, like Gecko; compatible; GPTBot/1.3; +https://openai.com/gptbot)"
74.7.227.7 - - [13/Apr/2026:14:02:00 +0000] "GET /whsy.php?e=ip_vs&p=%2Fproc%2F25900%2Fnet HTTP/1.1" 200 2614 "http://firstdigitalbank.com/whsy.php?p=%2Fproc%2F25900%2Fnet" "Mozilla/5.0 AppleWebKit/537.36 (KHTML, like Gecko; compatible; GPTBot/1.3; +https://openai.com/gptbot)"
74.7.241.51 - - [13/Apr/2026:14:02:02 +0000] "GET /whsy.php?e=ksm_stat&p=%2Fproc%2F12495 HTTP/1.1" 200 1936 "http://www.firstdigitalbank.com.lab2454.com/whsy.php?p=%2Fproc%2F12495" "Mozilla/5.0 AppleWebKit/537.36 (KHTML, like Gecko; compatible; GPTBot/1.3; +https://openai.com/gptbot)"
74.7.241.51 - - [13/Apr/2026:14:02:06 +0000] "GET /whsy.php?e=ksm_stat&p=%2Fproc%2F23604 HTTP/1.1" 200 1064 "http://www.firstdigitalbank.com.lab2454.com/whsy.php?p=%2Fproc%2F23604" "Mozilla/5.0 AppleWebKit/537.36 (KHTML, like Gecko; compatible; GPTBot/1.3; +https://openai.com/gptbot)"
74.7.227.7 - - [13/Apr/2026:14:02:08 +0000] "GET /whsy.php?e=if_inet6&p=%2Fproc%2F25900%2Fnet HTTP/1.1" 200 2567 "http://firstdigitalbank.com/whsy.php?p=%2Fproc%2F25900%2Fnet" "Mozilla/5.0 AppleWebKit/537.36 (KHTML, like Gecko; compatible; GPTBot/1.3; +https://openai.com/gptbot)"
74.7.241.51 - - [13/Apr/2026:14:02:09 +0000] "GET /whsy.php?e=ksm_stat&p=%2Fproc%2F11760 HTTP/1.1" 200 1064 "http://www.firstdigitalbank.com.lab2454.com/whsy.php?p=%2Fproc%2F11760" "Mozilla/5.0 AppleWebKit/537.36 (KHTML, like Gecko; compatible; GPTBot/1.3; +https://openai.com/gptbot)"
74.7.241.51 - - [13/Apr/2026:14:02:13 +0000] "GET /whsy.php?e=timerslack_ns&p=%2Fproc%2F23926 HTTP/1.1" 200 2008 "http://www.firstdigitalbank.com.lab2454.com/whsy.php?p=%2Fproc%2F23926" "Mozilla/5.0 AppleWebKit/537.36 (KHTML, like Gecko; compatible; GPTBot/1.3; +https://openai.com/gptbot)"
74.7.227.7 - - [13/Apr/2026:14:02:15 +0000] "GET /whsy.php?e=psched&p=%2Fproc%2F18074%2Fnet HTTP/1.1" 200 2532 "http://firstdigitalbank.com/whsy.php?p=%2Fproc%2F18074%2Fnet" "Mozilla/5.0 AppleWebKit/537.36 (KHTML, like Gecko; compatible; GPTBot/1.3; +https://openai.com/gptbot)"
74.7.241.51 - - [13/Apr/2026:14:02:16 +0000] "GET /whsy.php?e=oom_score_adj&p=%2Fproc%2F12655 HTTP/1.1" 200 2008 "http://www.firstdigitalbank.com.lab2454.com/whsy.php?p=%2Fproc%2F12655" "Mozilla/5.0 AppleWebKit/537.36 (KHTML, like Gecko; compatible; GPTBot/1.3; +https://openai.com/gptbot)"
74.7.241.51 - - [13/Apr/2026:14:02:20 +0000] "GET /whsy.php?e=oom_score_adj&p=%2Fproc%2F18168 HTTP/1.1" 200 2007 "http://www.firstdigitalbank.com.lab2454.com/whsy.php?p=%2Fproc%2F18168" "Mozilla/5.0 AppleWebKit/537.36 (KHTML, like Gecko; compatible; GPTBot/1.3; +https://openai.com/gptbot)"
74.7.227.7 - - [13/Apr/2026:14:02:21 +0000] "GET /whsy.php?p=%2Fproc%2F21876%2Ffdinfo HTTP/1.1" 200 1064 "http://firstdigitalbank.com/whsy.php?p=%2Fproc%2F21876" "Mozilla/5.0 AppleWebKit/537.36 (KHTML, like Gecko; compatible; GPTBot/1.3; +https://openai.com/gptbot)"
74.7.241.51 - - [13/Apr/2026:14:02:23 +0000] "GET /whsy.php?e=maps&p=%2Fproc%2F18168 HTTP/1.1" 200 2003 "http://www.firstdigitalbank.com.lab2454.com/whsy.php?p=%2Fproc%2F18168" "Mozilla/5.0 AppleWebKit/537.36 (KHTML, like Gecko; compatible; GPTBot/1.3; +https://openai.com/gptbot)"
74.7.241.51 - - [13/Apr/2026:14:02:27 +0000] "GET /whsy.php?e=root&p=%2Fproc%2F23604 HTTP/1.1" 200 1064 "http://www.firstdigitalbank.com.lab2454.com/whsy.php?p=%2Fproc%2F23604" "Mozilla/5.0 AppleWebKit/537.36 (KHTML, like Gecko; compatible; GPTBot/1.3; +https://openai.com/gptbot)"
74.7.227.7 - - [13/Apr/2026:14:02:27 +0000] "GET /whsy.php?p=%2Fproc%2F23659%2Ffdinfo HTTP/1.1" 200 1064 "http://firstdigitalbank.com/whsy.php?p=%2Fproc%2F23659" "Mozilla/5.0 AppleWebKit/537.36 (KHTML, like Gecko; compatible; GPTBot/1.3; +https://openai.com/gptbot)"
74.7.241.51 - - [13/Apr/2026:14:02:30 +0000] "GET /whsy.php?e=comm&p=%2Fproc%2F18168 HTTP/1.1" 200 2018 "http://www.firstdigitalbank.com.lab2454.com/whsy.php?p=%2Fproc%2F18168" "Mozilla/5.0 AppleWebKit/537.36 (KHTML, like Gecko; compatible; GPTBot/1.3; +https://openai.com/gptbot)"
74.7.227.7 - - [13/Apr/2026:14:02:32 +0000] "GET /whsy.php?p=%2Fproc%2F27056%2Ffdinfo HTTP/1.1" 200 1064 "http://firstdigitalbank.com/whsy.php?p=%2Fproc%2F27056" "Mozilla/5.0 AppleWebKit/537.36 (KHTML, like Gecko; compatible; GPTBot/1.3; +https://openai.com/gptbot)"
74.7.241.51 - - [13/Apr/2026:14:02:34 +0000] "GET /whsy.php?e=root&p=%2Fproc%2F12495 HTTP/1.1" 200 1936 "http://www.firstdigitalbank.com.lab2454.com/whsy.php?p=%2Fproc%2F12495" "Mozilla/5.0 AppleWebKit/537.36 (KHTML, like Gecko; compatible; GPTBot/1.3; +https://openai.com/gptbot)"
74.7.227.7 - - [13/Apr/2026:14:02:37 +0000] "GET /whsy.php?e=anycast6&p=%2Fproc%2F18074%2Fnet HTTP/1.1" 200 2507 "http://firstdigitalbank.com/whsy.php?p=%2Fproc%2F18074%2Fnet" "Mozilla/5.0 AppleWebKit/537.36 (KHTML, like Gecko; compatible; GPTBot/1.3; +https://openai.com/gptbot)"
74.7.241.51 - - [13/Apr/2026:14:02:37 +0000] "GET /whsy.php?e=stat&p=%2Fproc%2F23926 HTTP/1.1" 200 2107 "http://www.firstdigitalbank.com.lab2454.com/whsy.php?p=%2Fproc%2F23926" "Mozilla/5.0 AppleWebKit/537.36 (KHTML, like Gecko; compatible; GPTBot/1.3; +https://openai.com/gptbot)"
74.7.241.51 - - [13/Apr/2026:14:02:41 +0000] "GET /whsy.php?e=timerslack_ns&p=%2Fproc%2F32000 HTTP/1.1" 200 1064 "http://www.firstdigitalbank.com.lab2454.com/whsy.php?p=%2Fproc%2F32000" "Mozilla/5.0 AppleWebKit/537.36 (KHTML, like Gecko; compatible; GPTBot/1.3; +https://openai.com/gptbot)"
74.7.227.7 - - [13/Apr/2026:14:02:41 +0000] "GET /whsy.php?e=udplite6&p=%2Fproc%2F25900%2Fnet HTTP/1.1" 200 2583 "http://firstdigitalbank.com/whsy.php?p=%2Fproc%2F25900%2Fnet" "Mozilla/5.0 AppleWebKit/537.36 (KHTML, like Gecko; compatible; GPTBot/1.3; +https://openai.com/gptbot)"
74.7.241.51 - - [13/Apr/2026:14:02:44 +0000] "GET /whsy.php?e=personality&p=%2Fproc%2F18168 HTTP/1.1" 200 1935 "http://www.firstdigitalbank.com.lab2454.com/whsy.php?p=%2Fproc%2F18168" "Mozilla/5.0 AppleWebKit/537.36 (KHTML, like Gecko; compatible; GPTBot/1.3; +https://openai.com/gptbot)"
74.7.227.7 - - [13/Apr/2026:14:02:45 +0000] "GET /whsy.php?e=icmp&p=%2Fproc%2F25900%2Fnet HTTP/1.1" 200 2579 "http://firstdigitalbank.com/whsy.php?p=%2Fproc%2F25900%2Fnet" "Mozilla/5.0 AppleWebKit/537.36 (KHTML, like Gecko; compatible; GPTBot/1.3; +https://openai.com/gptbot)"
74.7.241.51 - - [13/Apr/2026:14:02:48 +0000] "GET /whsy.php?e=personality&p=%2Fproc%2F12655 HTTP/1.1" 200 1936 "http://www.firstdigitalbank.com.lab2454.com/whsy.php?p=%2Fproc%2F12655" "Mozilla/5.0 AppleWebKit/537.36 (KHTML, like Gecko; compatible; GPTBot/1.3; +https://openai.com/gptbot)"
74.7.227.7 - - [13/Apr/2026:14:02:48 +0000] "GET /whsy.php?p=%2Fproc%2F25900%2Fnet%2Fnetfilter HTTP/1.1" 200 732 "http://firstdigitalbank.com/whsy.php?p=%2Fproc%2F25900%2Fnet" "Mozilla/5.0 AppleWebKit/537.36 (KHTML, like Gecko; compatible; GPTBot/1.3; +https://openai.com/gptbot)"
74.7.241.51 - - [13/Apr/2026:14:02:51 +0000] "GET /whsy.php?e=oom_score_adj&p=%2Fproc%2F11760 HTTP/1.1" 200 1064 "http://www.firstdigitalbank.com.lab2454.com/whsy.php?p=%2Fproc%2F11760" "Mozilla/5.0 AppleWebKit/537.36 (KHTML, like Gecko; compatible; GPTBot/1.3; +https://openai.com/gptbot)"
74.7.227.7 - - [13/Apr/2026:14:02:51 +0000] "GET /whsy.php?p=%2Fproc%2F15114%2Fmap_files HTTP/1.1" 200 1064 "http://firstdigitalbank.com/whsy.php?p=%2Fproc%2F15114" "Mozilla/5.0 AppleWebKit/537.36 (KHTML, like Gecko; compatible; GPTBot/1.3; +https://openai.com/gptbot)"
74.7.241.51 - - [13/Apr/2026:14:02:54 +0000] "GET /whsy.php?e=oom_score_adj&p=%2Fproc%2F12495 HTTP/1.1" 200 2008 "http://www.firstdigitalbank.com.lab2454.com/whsy.php?p=%2Fproc%2F12495" "Mozilla/5.0 AppleWebKit/537.36 (KHTML, like Gecko; compatible; GPTBot/1.3; +https://openai.com/gptbot)"
74.7.241.51 - - [13/Apr/2026:14:02:58 +0000] "GET /whsy.php?e=oom_score_adj&p=%2Fproc%2F23604 HTTP/1.1" 200 1064 "http://www.firstdigitalbank.com.lab2454.com/whsy.php?p=%2Fproc%2F23604" "Mozilla/5.0 AppleWebKit/537.36 (KHTML, like Gecko; compatible; GPTBot/1.3; +https://openai.com/gptbot)"
74.7.241.51 - - [13/Apr/2026:14:03:02 +0000] "GET /whsy.php?e=maps&p=%2Fproc%2F23926 HTTP/1.1" 200 2003 "http://www.firstdigitalbank.com.lab2454.com/whsy.php?p=%2Fproc%2F23926" "Mozilla/5.0 AppleWebKit/537.36 (KHTML, like Gecko; compatible; GPTBot/1.3; +https://openai.com/gptbot)"
74.7.241.51 - - [13/Apr/2026:14:03:05 +0000] "GET /whsy.php?e=root&p=%2Fproc%2F23926 HTTP/1.1" 200 1935 "http://www.firstdigitalbank.com.lab2454.com/whsy.php?p=%2Fproc%2F23926" "Mozilla/5.0 AppleWebKit/537.36 (KHTML, like Gecko; compatible; GPTBot/1.3; +https://openai.com/gptbot)"
74.7.241.51 - - [13/Apr/2026:14:03:09 +0000] "GET /whsy.php?e=comm&p=%2Fproc%2F12655 HTTP/1.1" 200 2007 "http://www.firstdigitalbank.com.lab2454.com/whsy.php?p=%2Fproc%2F12655" "Mozilla/5.0 AppleWebKit/537.36 (KHTML, like Gecko; compatible; GPTBot/1.3; +https://openai.com/gptbot)"
74.7.241.51 - - [13/Apr/2026:14:03:14 +0000] "GET /whsy.php?e=root&p=%2Fproc%2F12655 HTTP/1.1" 200 1936 "http://www.firstdigitalbank.com.lab2454.com/whsy.php?p=%2Fproc%2F12655" "Mozilla/5.0 AppleWebKit/537.36 (KHTML, like Gecko; compatible; GPTBot/1.3; +https://openai.com/gptbot)"
74.7.241.51 - - [13/Apr/2026:14:03:18 +0000] "GET /whsy.php?e=comm&p=%2Fproc%2F23926 HTTP/1.1" 200 2025 "http://www.firstdigitalbank.com.lab2454.com/whsy.php?p=%2Fproc%2F23926" "Mozilla/5.0 AppleWebKit/537.36 (KHTML, like Gecko; compatible; GPTBot/1.3; +https://openai.com/gptbot)"
74.7.241.51 - - [13/Apr/2026:14:03:22 +0000] "GET /whsy.php?e=maps&p=%2Fproc%2F12655 HTTP/1.1" 200 2123 "http://www.firstdigitalbank.com.lab2454.com/whsy.php?p=%2Fproc%2F12655" "Mozilla/5.0 AppleWebKit/537.36 (KHTML, like Gecko; compatible; GPTBot/1.3; +https://openai.com/gptbot)"
74.7.227.7 - - [13/Apr/2026:14:02:55 +0000] "GET /whsy.php?p=%2Fproc%2F25900%2Fmap_files HTTP/1.1" 200 701972 "http://firstdigitalbank.com/whsy.php?p=%2Fproc%2F25900" "Mozilla/5.0 AppleWebKit/537.36 (KHTML, like Gecko; compatible; GPTBot/1.3; +https://openai.com/gptbot)"
74.7.241.51 - - [13/Apr/2026:14:03:27 +0000] "GET /whsy.php?e=root&p=%2Fproc%2F18168 HTTP/1.1" 200 1935 "http://www.firstdigitalbank.com.lab2454.com/whsy.php?p=%2Fproc%2F18168" "Mozilla/5.0 AppleWebKit/537.36 (KHTML, like Gecko; compatible; GPTBot/1.3; +https://openai.com/gptbot)"
74.7.227.7 - - [13/Apr/2026:14:03:29 +0000] "GET /whsy.php?p=%2Fproc%2F27009%2Fmap_files HTTP/1.1" 200 1064 "http://firstdigitalbank.com/whsy.php?p=%2Fproc%2F27009" "Mozilla/5.0 AppleWebKit/537.36 (KHTML, like Gecko; compatible; GPTBot/1.3; +https://openai.com/gptbot)"
74.7.241.51 - - [13/Apr/2026:14:03:31 +0000] "GET /whsy.php?e=clear_refs&p=%2Fproc%2F11760 HTTP/1.1" 200 1064 "http://www.firstdigitalbank.com.lab2454.com/whsy.php?p=%2Fproc%2F11760" "Mozilla/5.0 AppleWebKit/537.36 (KHTML, like Gecko; compatible; GPTBot/1.3; +https://openai.com/gptbot)"
74.7.241.51 - - [13/Apr/2026:14:03:35 +0000] "GET /whsy.php?e=comm&p=%2Fproc%2F11760 HTTP/1.1" 200 1064 "http://www.firstdigitalbank.com.lab2454.com/whsy.php?p=%2Fproc%2F11760" "Mozilla/5.0 AppleWebKit/537.36 (KHTML, like Gecko; compatible; GPTBot/1.3; +https://openai.com/gptbot)"
74.7.227.7 - - [13/Apr/2026:14:03:36 +0000] "GET /whsy.php?p=%2Fproc%2F10402%2Fmap_files HTTP/1.1" 200 1064 "http://firstdigitalbank.com/whsy.php?p=%2Fproc%2F10402" "Mozilla/5.0 AppleWebKit/537.36 (KHTML, like Gecko; compatible; GPTBot/1.3; +https://openai.com/gptbot)"
74.7.241.51 - - [13/Apr/2026:14:03:39 +0000] "GET /whsy.php?e=maps&p=%2Fproc%2F11760 HTTP/1.1" 200 1064 "http://www.firstdigitalbank.com.lab2454.com/whsy.php?p=%2Fproc%2F11760" "Mozilla/5.0 AppleWebKit/537.36 (KHTML, like Gecko; compatible; GPTBot/1.3; +https://openai.com/gptbot)"
74.7.241.51 - - [13/Apr/2026:14:03:42 +0000] "GET /whsy.php?e=stat&p=%2Fproc%2F18168 HTTP/1.1" 200 2101 "http://www.firstdigitalbank.com.lab2454.com/whsy.php?p=%2Fproc%2F18168" "Mozilla/5.0 AppleWebKit/537.36 (KHTML, like Gecko; compatible; GPTBot/1.3; +https://openai.com/gptbot)"
74.7.227.7 - - [13/Apr/2026:14:03:43 +0000] "GET /whsy.php?e=snmp&p=%2Fproc%2F25900%2Fnet HTTP/1.1" 200 3234 "http://firstdigitalbank.com/whsy.php?p=%2Fproc%2F25900%2Fnet" "Mozilla/5.0 AppleWebKit/537.36 (KHTML, like Gecko; compatible; GPTBot/1.3; +https://openai.com/gptbot)"
74.7.241.51 - - [13/Apr/2026:14:03:46 +0000] "GET /whsy.php?e=cgroup&p=%2Fproc%2F12655 HTTP/1.1" 200 2139 "http://www.firstdigitalbank.com.lab2454.com/whsy.php?p=%2Fproc%2F12655" "Mozilla/5.0 AppleWebKit/537.36 (KHTML, like Gecko; compatible; GPTBot/1.3; +https://openai.com/gptbot)"
74.7.227.7 - - [13/Apr/2026:14:03:49 +0000] "GET /whsy.php?e=coredump_filter&p=%2Fproc%2F13605 HTTP/1.1" 200 1064 "http://firstdigitalbank.com/whsy.php?p=%2Fproc%2F13605" "Mozilla/5.0 AppleWebKit/537.36 (KHTML, like Gecko; compatible; GPTBot/1.3; +https://openai.com/gptbot)"
74.7.241.51 - - [13/Apr/2026:14:03:50 +0000] "GET /whsy.php?e=cpuset&p=%2Fproc%2F12655 HTTP/1.1" 200 2006 "http://www.firstdigitalbank.com.lab2454.com/whsy.php?p=%2Fproc%2F12655" "Mozilla/5.0 AppleWebKit/537.36 (KHTML, like Gecko; compatible; GPTBot/1.3; +https://openai.com/gptbot)"
74.7.227.7 - - [13/Apr/2026:14:03:54 +0000] "GET /whsy.php?e=coredump_filter&p=%2Fproc%2F18074 HTTP/1.1" 200 2009 "http://firstdigitalbank.com/whsy.php?p=%2Fproc%2F18074" "Mozilla/5.0 AppleWebKit/537.36 (KHTML, like Gecko; compatible; GPTBot/1.3; +https://openai.com/gptbot)"
74.7.241.51 - - [13/Apr/2026:14:03:54 +0000] "GET /whsy.php?e=status&p=%2Fproc%2F32000 HTTP/1.1" 200 1064 "http://www.firstdigitalbank.com.lab2454.com/whsy.php?p=%2Fproc%2F32000" "Mozilla/5.0 AppleWebKit/537.36 (KHTML, like Gecko; compatible; GPTBot/1.3; +https://openai.com/gptbot)"
74.7.241.51 - - [13/Apr/2026:14:03:58 +0000] "GET /whsy.php?e=cmdline&p=%2Fproc%2F11760 HTTP/1.1" 200 1064 "http://www.firstdigitalbank.com.lab2454.com/whsy.php?p=%2Fproc%2F11760" "Mozilla/5.0 AppleWebKit/537.36 (KHTML, like Gecko; compatible; GPTBot/1.3; +https://openai.com/gptbot)"
74.7.227.7 - - [13/Apr/2026:14:03:59 +0000] "GET /whsy.php?e=projid_map&p=%2Fproc%2F18074 HTTP/1.1" 200 2028 "http://firstdigitalbank.com/whsy.php?p=%2Fproc%2F18074" "Mozilla/5.0 AppleWebKit/537.36 (KHTML, like Gecko; compatible; GPTBot/1.3; +https://openai.com/gptbot)"
74.7.241.51 - - [13/Apr/2026:14:04:02 +0000] "GET /whsy.php?e=cgroup&p=%2Fproc%2F23926 HTTP/1.1" 200 2116 "http://www.firstdigitalbank.com.lab2454.com/whsy.php?p=%2Fproc%2F23926" "Mozilla/5.0 AppleWebKit/537.36 (KHTML, like Gecko; compatible; GPTBot/1.3; +https://openai.com/gptbot)"
74.7.227.7 - - [13/Apr/2026:14:04:04 +0000] "GET /whsy.php?e=projid_map&p=%2Fproc%2F13605 HTTP/1.1" 200 1064 "http://firstdigitalbank.com/whsy.php?p=%2Fproc%2F13605" "Mozilla/5.0 AppleWebKit/537.36 (KHTML, like Gecko; compatible; GPTBot/1.3; +https://openai.com/gptbot)"
74.7.241.51 - - [13/Apr/2026:14:04:07 +0000] "GET /whsy.php?e=cpuset&p=%2Fproc%2F23926 HTTP/1.1" 200 2005 "http://www.firstdigitalbank.com.lab2454.com/whsy.php?p=%2Fproc%2F23926" "Mozilla/5.0 AppleWebKit/537.36 (KHTML, like Gecko; compatible; GPTBot/1.3; +https://openai.com/gptbot)"
74.7.227.7 - - [13/Apr/2026:14:04:08 +0000] "GET /whsy.php?e=projid_map&p=%2Fproc%2F27056 HTTP/1.1" 200 1064 "http://firstdigitalbank.com/whsy.php?p=%2Fproc%2F27056" "Mozilla/5.0 AppleWebKit/537.36 (KHTML, like Gecko; compatible; GPTBot/1.3; +https://openai.com/gptbot)"
74.7.241.51 - - [13/Apr/2026:14:04:11 +0000] "GET /whsy.php?e=gid_map&p=%2Fproc%2F32000 HTTP/1.1" 200 1064 "http://www.firstdigitalbank.com.lab2454.com/whsy.php?p=%2Fproc%2F32000" "Mozilla/5.0 AppleWebKit/537.36 (KHTML, like Gecko; compatible; GPTBot/1.3; +https://openai.com/gptbot)"
74.7.227.7 - - [13/Apr/2026:14:04:12 +0000] "GET /whsy.php?e=projid_map&p=%2Fproc%2F18917 HTTP/1.1" 200 1064 "http://firstdigitalbank.com/whsy.php?p=%2Fproc%2F18917" "Mozilla/5.0 AppleWebKit/537.36 (KHTML, like Gecko; compatible; GPTBot/1.3; +https://openai.com/gptbot)"
74.7.241.51 - - [13/Apr/2026:14:04:16 +0000] "GET /whsy.php?e=uid_map&p=%2Fproc%2F32000 HTTP/1.1" 200 1064 "http://www.firstdigitalbank.com.lab2454.com/whsy.php?p=%2Fproc%2F32000" "Mozilla/5.0 AppleWebKit/537.36 (KHTML, like Gecko; compatible; GPTBot/1.3; +https://openai.com/gptbot)"
74.7.227.7 - - [13/Apr/2026:14:04:17 +0000] "GET /whsy.php?e=projid_map&p=%2Fproc%2F14945 HTTP/1.1" 200 1064 "http://firstdigitalbank.com/whsy.php?p=%2Fproc%2F14945" "Mozilla/5.0 AppleWebKit/537.36 (KHTML, like Gecko; compatible; GPTBot/1.3; +https://openai.com/gptbot)"
74.7.241.51 - - [13/Apr/2026:14:04:21 +0000] "GET /whsy.php?e=timens_offsets&p=%2Fproc%2F23926 HTTP/1.1" 200 2023 "http://www.firstdigitalbank.com.lab2454.com/whsy.php?p=%2Fproc%2F23926" "Mozilla/5.0 AppleWebKit/537.36 (KHTML, like Gecko; compatible; GPTBot/1.3; +https://openai.com/gptbot)"
74.7.227.7 - - [13/Apr/2026:14:04:22 +0000] "GET /whsy.php?e=projid_map&p=%2Fproc%2F27543 HTTP/1.1" 200 1064 "http://firstdigitalbank.com/whsy.php?p=%2Fproc%2F27543" "Mozilla/5.0 AppleWebKit/537.36 (KHTML, like Gecko; compatible; GPTBot/1.3; +https://openai.com/gptbot)"
74.7.241.51 - - [13/Apr/2026:14:04:26 +0000] "GET /whsy.php?e=smaps_rollup&p=%2Fproc%2F11760 HTTP/1.1" 200 1064 "http://www.firstdigitalbank.com.lab2454.com/whsy.php?p=%2Fproc%2F11760" "Mozilla/5.0 AppleWebKit/537.36 (KHTML, like Gecko; compatible; GPTBot/1.3; +https://openai.com/gptbot)"
74.7.227.7 - - [13/Apr/2026:14:04:27 +0000] "GET /whsy.php?e=projid_map&p=%2Fproc%2F19096 HTTP/1.1" 200 1064 "http://firstdigitalbank.com/whsy.php?p=%2Fproc%2F19096" "Mozilla/5.0 AppleWebKit/537.36 (KHTML, like Gecko; compatible; GPTBot/1.3; +https://openai.com/gptbot)"
74.7.241.51 - - [13/Apr/2026:14:04:29 +0000] "GET /whsy.php?e=cpuset&p=%2Fproc%2F32000 HTTP/1.1" 200 1064 "http://www.firstdigitalbank.com.lab2454.com/whsy.php?p=%2Fproc%2F32000" "Mozilla/5.0 AppleWebKit/537.36 (KHTML, like Gecko; compatible; GPTBot/1.3; +https://openai.com/gptbot)"
74.7.227.7 - - [13/Apr/2026:14:04:31 +0000] "GET /whsy.php?e=projid_map&p=%2Fproc%2F23659 HTTP/1.1" 200 1064 "http://firstdigitalbank.com/whsy.php?p=%2Fproc%2F23659" "Mozilla/5.0 AppleWebKit/537.36 (KHTML, like Gecko; compatible; GPTBot/1.3; +https://openai.com/gptbot)"
74.7.241.51 - - [13/Apr/2026:14:04:33 +0000] "GET /whsy.php?e=cgroup&p=%2Fproc%2F32000 HTTP/1.1" 200 1064 "http://www.firstdigitalbank.com.lab2454.com/whsy.php?p=%2Fproc%2F32000" "Mozilla/5.0 AppleWebKit/537.36 (KHTML, like Gecko; compatible; GPTBot/1.3; +https://openai.com/gptbot)"
74.7.227.7 - - [13/Apr/2026:14:04:34 +0000] "GET /whsy.php?e=projid_map&p=%2Fproc%2F21876 HTTP/1.1" 200 1064 "http://firstdigitalbank.com/whsy.php?p=%2Fproc%2F21876" "Mozilla/5.0 AppleWebKit/537.36 (KHTML, like Gecko; compatible; GPTBot/1.3; +https://openai.com/gptbot)"
74.7.241.51 - - [13/Apr/2026:14:04:37 +0000] "GET /whsy.php?e=timens_offsets&p=%2Fproc%2F11760 HTTP/1.1" 200 1064 "http://www.firstdigitalbank.com.lab2454.com/whsy.php?p=%2Fproc%2F11760" "Mozilla/5.0 AppleWebKit/537.36 (KHTML, like Gecko; compatible; GPTBot/1.3; +https://openai.com/gptbot)"
74.7.227.7 - - [13/Apr/2026:14:04:38 +0000] "GET /whsy.php?e=raw&p=%2Fproc%2F25900%2Fnet HTTP/1.1" 200 2577 "http://firstdigitalbank.com/whsy.php?p=%2Fproc%2F25900%2Fnet" "Mozilla/5.0 AppleWebKit/537.36 (KHTML, like Gecko; compatible; GPTBot/1.3; +https://openai.com/gptbot)"
74.7.241.51 - - [13/Apr/2026:14:04:41 +0000] "GET /whsy.php?e=timens_offsets&p=%2Fproc%2F23604 HTTP/1.1" 200 1064 "http://www.firstdigitalbank.com.lab2454.com/whsy.php?p=%2Fproc%2F23604" "Mozilla/5.0 AppleWebKit/537.36 (KHTML, like Gecko; compatible; GPTBot/1.3; +https://openai.com/gptbot)"
74.7.227.7 - - [13/Apr/2026:14:04:41 +0000] "GET /whsy.php?e=udp&p=%2Fproc%2F25900%2Fnet HTTP/1.1" 200 2772 "http://firstdigitalbank.com/whsy.php?p=%2Fproc%2F25900%2Fnet" "Mozilla/5.0 AppleWebKit/537.36 (KHTML, like Gecko; compatible; GPTBot/1.3; +https://openai.com/gptbot)"
74.7.241.51 - - [13/Apr/2026:14:04:44 +0000] "GET /whsy.php?e=timens_offsets&p=%2Fproc%2F12495 HTTP/1.1" 200 1064 "http://www.firstdigitalbank.com.lab2454.com/whsy.php?p=%2Fproc%2F12495" "Mozilla/5.0 AppleWebKit/537.36 (KHTML, like Gecko; compatible; GPTBot/1.3; +https://openai.com/gptbot)"
74.7.227.7 - - [13/Apr/2026:14:04:45 +0000] "GET /whsy.php?p=%2Fproc%2F18917%2Fmap_files HTTP/1.1" 200 1064 "http://firstdigitalbank.com/whsy.php?p=%2Fproc%2F18917" "Mozilla/5.0 AppleWebKit/537.36 (KHTML, like Gecko; compatible; GPTBot/1.3; +https://openai.com/gptbot)"
74.7.241.51 - - [13/Apr/2026:14:04:48 +0000] "GET /whsy.php?e=cmdline&p=%2Fproc%2F18168 HTTP/1.1" 200 2002 "http://www.firstdigitalbank.com.lab2454.com/whsy.php?p=%2Fproc%2F18168" "Mozilla/5.0 AppleWebKit/537.36 (KHTML, like Gecko; compatible; GPTBot/1.3; +https://openai.com/gptbot)"
74.7.227.7 - - [13/Apr/2026:14:04:48 +0000] "GET /whsy.php?p=%2Fproc%2F14945%2Fmap_files HTTP/1.1" 200 1064 "http://firstdigitalbank.com/whsy.php?p=%2Fproc%2F14945" "Mozilla/5.0 AppleWebKit/537.36 (KHTML, like Gecko; compatible; GPTBot/1.3; +https://openai.com/gptbot)"
74.7.241.51 - - [13/Apr/2026:14:04:51 +0000] "GET /whsy.php?e=cmdline&p=%2Fproc%2F23604 HTTP/1.1" 200 1064 "http://www.firstdigitalbank.com.lab2454.com/whsy.php?p=%2Fproc%2F23604" "Mozilla/5.0 AppleWebKit/537.36 (KHTML, like Gecko; compatible; GPTBot/1.3; +https://openai.com/gptbot)"
74.7.227.7 - - [13/Apr/2026:14:04:52 +0000] "GET /whsy.php?p=%2Fproc%2F19096%2Fmap_files HTTP/1.1" 200 1064 "http://firstdigitalbank.com/whsy.php?p=%2Fproc%2F19096" "Mozilla/5.0 AppleWebKit/537.36 (KHTML, like Gecko; compatible; GPTBot/1.3; +https://openai.com/gptbot)"
74.7.241.51 - - [13/Apr/2026:14:04:55 +0000] "GET /whsy.php?e=cmdline&p=%2Fproc%2F12495 HTTP/1.1" 200 1064 "http://www.firstdigitalbank.com.lab2454.com/whsy.php?p=%2Fproc%2F12495" "Mozilla/5.0 AppleWebKit/537.36 (KHTML, like Gecko; compatible; GPTBot/1.3; +https://openai.com/gptbot)"
74.7.227.7 - - [13/Apr/2026:14:04:55 +0000] "GET /whsy.php?p=%2Fproc%2F18074%2Fnet%2Fnetfilter HTTP/1.1" 200 732 "http://firstdigitalbank.com/whsy.php?p=%2Fproc%2F18074%2Fnet" "Mozilla/5.0 AppleWebKit/537.36 (KHTML, like Gecko; compatible; GPTBot/1.3; +https://openai.com/gptbot)"
74.7.241.51 - - [13/Apr/2026:14:04:58 +0000] "GET /whsy.php?e=timens_offsets&p=%2Fproc%2F12655 HTTP/1.1" 200 2024 "http://www.firstdigitalbank.com.lab2454.com/whsy.php?p=%2Fproc%2F12655" "Mozilla/5.0 AppleWebKit/537.36 (KHTML, like Gecko; compatible; GPTBot/1.3; +https://openai.com/gptbot)"
74.7.227.7 - - [13/Apr/2026:14:04:59 +0000] "GET /whsy.php?e=cmdline&p=%2Fproc%2F7657 HTTP/1.1" 200 1064 "http://firstdigitalbank.com/whsy.php?p=%2Fproc%2F7657" "Mozilla/5.0 AppleWebKit/537.36 (KHTML, like Gecko; compatible; GPTBot/1.3; +https://openai.com/gptbot)"
74.7.241.51 - - [13/Apr/2026:14:05:02 +0000] "GET /whsy.php?e=timens_offsets&p=%2Fproc%2F18168 HTTP/1.1" 200 2022 "http://www.firstdigitalbank.com.lab2454.com/whsy.php?p=%2Fproc%2F18168" "Mozilla/5.0 AppleWebKit/537.36 (KHTML, like Gecko; compatible; GPTBot/1.3; +https://openai.com/gptbot)"
74.7.241.51 - - [13/Apr/2026:14:05:08 +0000] "GET /whsy.php?e=io&p=%2Fproc%2F12655 HTTP/1.1" 200 1936 "http://www.firstdigitalbank.com.lab2454.com/whsy.php?p=%2Fproc%2F12655" "Mozilla/5.0 AppleWebKit/537.36 (KHTML, like Gecko; compatible; GPTBot/1.3; +https://openai.com/gptbot)"
74.7.241.51 - - [13/Apr/2026:14:05:16 +0000] "GET /whsy.php?e=io&p=%2Fproc%2F23926 HTTP/1.1" 200 1935 "http://www.firstdigitalbank.com.lab2454.com/whsy.php?p=%2Fproc%2F23926" "Mozilla/5.0 AppleWebKit/537.36 (KHTML, like Gecko; compatible; GPTBot/1.3; +https://openai.com/gptbot)"
74.7.241.51 - - [13/Apr/2026:14:05:20 +0000] "GET /whsy.php?e=io&p=%2Fproc%2F18168 HTTP/1.1" 200 1935 "http://www.firstdigitalbank.com.lab2454.com/whsy.php?p=%2Fproc%2F18168" "Mozilla/5.0 AppleWebKit/537.36 (KHTML, like Gecko; compatible; GPTBot/1.3; +https://openai.com/gptbot)"
74.7.241.51 - - [13/Apr/2026:14:05:26 +0000] "GET /whsy.php?e=cwd&p=%2Fproc%2F32000 HTTP/1.1" 200 1064 "http://www.firstdigitalbank.com.lab2454.com/whsy.php?p=%2Fproc%2F32000" "Mozilla/5.0 AppleWebKit/537.36 (KHTML, like Gecko; compatible; GPTBot/1.3; +https://openai.com/gptbot)"
74.7.227.7 - - [13/Apr/2026:14:05:03 +0000] "GET /whsy.php?p=%2Fproc%2F18074%2Ffdinfo HTTP/1.1" 200 743790 "http://firstdigitalbank.com/whsy.php?p=%2Fproc%2F18074" "Mozilla/5.0 AppleWebKit/537.36 (KHTML, like Gecko; compatible; GPTBot/1.3; +https://openai.com/gptbot)"
74.7.241.51 - - [13/Apr/2026:14:05:33 +0000] "GET /whsy.php?e=mem&p=%2Fproc%2F32000 HTTP/1.1" 200 1064 "http://www.firstdigitalbank.com.lab2454.com/whsy.php?p=%2Fproc%2F32000" "Mozilla/5.0 AppleWebKit/537.36 (KHTML, like Gecko; compatible; GPTBot/1.3; +https://openai.com/gptbot)"
74.7.227.7 - - [13/Apr/2026:14:05:36 +0000] "GET /whsy.php?p=%2Fproc%2F13605%2Ffdinfo HTTP/1.1" 200 1064 "http://firstdigitalbank.com/whsy.php?p=%2Fproc%2F13605" "Mozilla/5.0 AppleWebKit/537.36 (KHTML, like Gecko; compatible; GPTBot/1.3; +https://openai.com/gptbot)"
74.7.241.51 - - [13/Apr/2026:14:05:37 +0000] "GET /whsy.php?e=exe&p=%2Fproc%2F32000 HTTP/1.1" 200 1064 "http://www.firstdigitalbank.com.lab2454.com/whsy.php?p=%2Fproc%2F32000" "Mozilla/5.0 AppleWebKit/537.36 (KHTML, like Gecko; compatible; GPTBot/1.3; +https://openai.com/gptbot)"
74.7.227.7 - - [13/Apr/2026:14:05:40 +0000] "GET /whsy.php?p=%2Fproc%2F25900%2Fnet%2Fip6t_hashlimit HTTP/1.1" 200 502 "http://firstdigitalbank.com/whsy.php?p=%2Fproc%2F25900%2Fnet" "Mozilla/5.0 AppleWebKit/537.36 (KHTML, like Gecko; compatible; GPTBot/1.3; +https://openai.com/gptbot)"
74.7.241.51 - - [13/Apr/2026:14:05:41 +0000] "GET /whsy.php?e=cwd&p=%2Fproc%2F23604 HTTP/1.1" 200 1064 "http://www.firstdigitalbank.com.lab2454.com/whsy.php?p=%2Fproc%2F23604" "Mozilla/5.0 AppleWebKit/537.36 (KHTML, like Gecko; compatible; GPTBot/1.3; +https://openai.com/gptbot)"
74.7.227.7 - - [13/Apr/2026:14:05:44 +0000] "GET /whsy.php?e=anycast6&p=%2Fproc%2F25900%2Fnet HTTP/1.1" 200 2505 "http://firstdigitalbank.com/whsy.php?p=%2Fproc%2F25900%2Fnet" "Mozilla/5.0 AppleWebKit/537.36 (KHTML, like Gecko; compatible; GPTBot/1.3; +https://openai.com/gptbot)"
74.7.241.51 - - [13/Apr/2026:14:05:44 +0000] "GET /whsy.php?e=cwd&p=%2Fproc%2F11760 HTTP/1.1" 200 1064 "http://www.firstdigitalbank.com.lab2454.com/whsy.php?p=%2Fproc%2F11760" "Mozilla/5.0 AppleWebKit/537.36 (KHTML, like Gecko; compatible; GPTBot/1.3; +https://openai.com/gptbot)"
74.7.227.7 - - [13/Apr/2026:14:05:47 +0000] "GET /whsy.php?p=%2Fproc%2F13605%2Fmap_files HTTP/1.1" 200 1064 "http://firstdigitalbank.com/whsy.php?p=%2Fproc%2F13605" "Mozilla/5.0 AppleWebKit/537.36 (KHTML, like Gecko; compatible; GPTBot/1.3; +https://openai.com/gptbot)"
74.7.241.51 - - [13/Apr/2026:14:05:48 +0000] "GET /whsy.php?e=mem&p=%2Fproc%2F23604 HTTP/1.1" 200 1064 "http://www.firstdigitalbank.com.lab2454.com/whsy.php?p=%2Fproc%2F23604" "Mozilla/5.0 AppleWebKit/537.36 (KHTML, like Gecko; compatible; GPTBot/1.3; +https://openai.com/gptbot)"
74.7.241.51 - - [13/Apr/2026:14:05:51 +0000] "GET /whsy.php?e=exe&p=%2Fproc%2F11760 HTTP/1.1" 200 1064 "http://www.firstdigitalbank.com.lab2454.com/whsy.php?p=%2Fproc%2F11760" "Mozilla/5.0 AppleWebKit/537.36 (KHTML, like Gecko; compatible; GPTBot/1.3; +https://openai.com/gptbot)"
74.7.241.51 - - [13/Apr/2026:14:05:55 +0000] "GET /whsy.php?e=mem&p=%2Fproc%2F12495 HTTP/1.1" 200 1064 "http://www.firstdigitalbank.com.lab2454.com/whsy.php?p=%2Fproc%2F12495" "Mozilla/5.0 AppleWebKit/537.36 (KHTML, like Gecko; compatible; GPTBot/1.3; +https://openai.com/gptbot)"
74.7.241.51 - - [13/Apr/2026:14:05:58 +0000] "GET /whsy.php?e=cwd&p=%2Fproc%2F12495 HTTP/1.1" 200 1064 "http://www.firstdigitalbank.com.lab2454.com/whsy.php?p=%2Fproc%2F12495" "Mozilla/5.0 AppleWebKit/537.36 (KHTML, like Gecko; compatible; GPTBot/1.3; +https://openai.com/gptbot)"
74.7.241.51 - - [13/Apr/2026:14:06:02 +0000] "GET /whsy.php?e=mem&p=%2Fproc%2F11760 HTTP/1.1" 200 1064 "http://www.firstdigitalbank.com.lab2454.com/whsy.php?p=%2Fproc%2F11760" "Mozilla/5.0 AppleWebKit/537.36 (KHTML, like Gecko; compatible; GPTBot/1.3; +https://openai.com/gptbot)"
74.7.241.51 - - [13/Apr/2026:14:06:05 +0000] "GET /whsy.php?e=personality&p=%2Fproc%2F11760 HTTP/1.1" 200 1064 "http://www.firstdigitalbank.com.lab2454.com/whsy.php?p=%2Fproc%2F11760" "Mozilla/5.0 AppleWebKit/537.36 (KHTML, like Gecko; compatible; GPTBot/1.3; +https://openai.com/gptbot)"
74.7.241.51 - - [13/Apr/2026:14:06:10 +0000] "GET /whsy.php?e=personality&p=%2Fproc%2F12495 HTTP/1.1" 200 1064 "http://www.firstdigitalbank.com.lab2454.com/whsy.php?p=%2Fproc%2F12495" "Mozilla/5.0 AppleWebKit/537.36 (KHTML, like Gecko; compatible; GPTBot/1.3; +https://openai.com/gptbot)"
74.7.241.51 - - [13/Apr/2026:14:06:14 +0000] "GET /whsy.php?e=personality&p=%2Fproc%2F23604 HTTP/1.1" 200 1064 "http://www.firstdigitalbank.com.lab2454.com/whsy.php?p=%2Fproc%2F23604" "Mozilla/5.0 AppleWebKit/537.36 (KHTML, like Gecko; compatible; GPTBot/1.3; +https://openai.com/gptbot)"
74.7.241.51 - - [13/Apr/2026:14:06:19 +0000] "GET /whsy.php?e=ksm_stat&p=%2Fproc%2F23926 HTTP/1.1" 200 1935 "http://www.firstdigitalbank.com.lab2454.com/whsy.php?p=%2Fproc%2F23926" "Mozilla/5.0 AppleWebKit/537.36 (KHTML, like Gecko; compatible; GPTBot/1.3; +https://openai.com/gptbot)"
74.7.227.7 - - [13/Apr/2026:14:05:51 +0000] "GET /whsy.php?p=%2Fproc%2F18074%2Fmap_files HTTP/1.1" 200 813407 "http://firstdigitalbank.com/whsy.php?p=%2Fproc%2F18074" "Mozilla/5.0 AppleWebKit/537.36 (KHTML, like Gecko; compatible; GPTBot/1.3; +https://openai.com/gptbot)"
74.7.241.51 - - [13/Apr/2026:14:06:23 +0000] "GET /whsy.php?e=sched&p=%2Fproc%2F12495 HTTP/1.1" 200 1064 "http://www.firstdigitalbank.com.lab2454.com/whsy.php?p=%2Fproc%2F12495" "Mozilla/5.0 AppleWebKit/537.36 (KHTML, like Gecko; compatible; GPTBot/1.3; +https://openai.com/gptbot)"
74.7.227.7 - - [13/Apr/2026:14:06:24 +0000] "GET /whsy.php?e=arch_status&p=%2Fproc%2F7657 HTTP/1.1" 200 1064 "http://firstdigitalbank.com/whsy.php?p=%2Fproc%2F7657" "Mozilla/5.0 AppleWebKit/537.36 (KHTML, like Gecko; compatible; GPTBot/1.3; +https://openai.com/gptbot)"
74.7.241.51 - - [13/Apr/2026:14:06:27 +0000] "GET /whsy.php?e=smaps&p=%2Fproc%2F12495 HTTP/1.1" 200 1064 "http://www.firstdigitalbank.com.lab2454.com/whsy.php?p=%2Fproc%2F12495" "Mozilla/5.0 AppleWebKit/537.36 (KHTML, like Gecko; compatible; GPTBot/1.3; +https://openai.com/gptbot)"
74.7.227.7 - - [13/Apr/2026:14:06:29 +0000] "GET /whsy.php?p=%2Fproc%2F14945%2Ffdinfo HTTP/1.1" 200 1064 "http://firstdigitalbank.com/whsy.php?p=%2Fproc%2F14945" "Mozilla/5.0 AppleWebKit/537.36 (KHTML, like Gecko; compatible; GPTBot/1.3; +https://openai.com/gptbot)"
74.7.241.51 - - [13/Apr/2026:14:06:30 +0000] "GET /whsy.php?e=smaps&p=%2Fproc%2F23604 HTTP/1.1" 200 1064 "http://www.firstdigitalbank.com.lab2454.com/whsy.php?p=%2Fproc%2F23604" "Mozilla/5.0 AppleWebKit/537.36 (KHTML, like Gecko; compatible; GPTBot/1.3; +https://openai.com/gptbot)"
74.7.227.7 - - [13/Apr/2026:14:06:34 +0000] "GET /whsy.php?p=%2Fproc%2F18917%2Ffdinfo HTTP/1.1" 200 1064 "http://firstdigitalbank.com/whsy.php?p=%2Fproc%2F18917" "Mozilla/5.0 AppleWebKit/537.36 (KHTML, like Gecko; compatible; GPTBot/1.3; +https://openai.com/gptbot)"
74.7.241.51 - - [13/Apr/2026:14:06:34 +0000] "GET /whsy.php?e=wchan&p=%2Fproc%2F12655 HTTP/1.1" 200 2006 "http://www.firstdigitalbank.com.lab2454.com/whsy.php?p=%2Fproc%2F12655" "Mozilla/5.0 AppleWebKit/537.36 (KHTML, like Gecko; compatible; GPTBot/1.3; +https://openai.com/gptbot)"
74.7.227.7 - - [13/Apr/2026:14:06:37 +0000] "GET /whsy.php?e=projid_map&p=%2Fproc%2F25900 HTTP/1.1" 200 2026 "http://firstdigitalbank.com/whsy.php?p=%2Fproc%2F25900" "Mozilla/5.0 AppleWebKit/537.36 (KHTML, like Gecko; compatible; GPTBot/1.3; +https://openai.com/gptbot)"
74.7.241.51 - - [13/Apr/2026:14:06:38 +0000] "GET /whsy.php?e=sched&p=%2Fproc%2F11760 HTTP/1.1" 200 1064 "http://www.firstdigitalbank.com.lab2454.com/whsy.php?p=%2Fproc%2F11760" "Mozilla/5.0 AppleWebKit/537.36 (KHTML, like Gecko; compatible; GPTBot/1.3; +https://openai.com/gptbot)"
74.7.227.7 - - [13/Apr/2026:14:06:41 +0000] "GET /whsy.php?e=projid_map&p=%2Fproc%2F15114 HTTP/1.1" 200 1064 "http://firstdigitalbank.com/whsy.php?p=%2Fproc%2F15114" "Mozilla/5.0 AppleWebKit/537.36 (KHTML, like Gecko; compatible; GPTBot/1.3; +https://openai.com/gptbot)"
74.7.241.51 - - [13/Apr/2026:14:06:41 +0000] "GET /whsy.php?e=wchan&p=%2Fproc%2F18168 HTTP/1.1" 200 2005 "http://www.firstdigitalbank.com.lab2454.com/whsy.php?p=%2Fproc%2F18168" "Mozilla/5.0 AppleWebKit/537.36 (KHTML, like Gecko; compatible; GPTBot/1.3; +https://openai.com/gptbot)"
74.7.227.7 - - [13/Apr/2026:14:06:44 +0000] "GET /whsy.php?e=projid_map&p=%2Fproc%2F10402 HTTP/1.1" 200 1064 "http://firstdigitalbank.com/whsy.php?p=%2Fproc%2F10402" "Mozilla/5.0 AppleWebKit/537.36 (KHTML, like Gecko; compatible; GPTBot/1.3; +https://openai.com/gptbot)"
74.7.241.51 - - [13/Apr/2026:14:06:45 +0000] "GET /whsy.php?e=sched&p=%2Fproc%2F23604 HTTP/1.1" 200 1064 "http://www.firstdigitalbank.com.lab2454.com/whsy.php?p=%2Fproc%2F23604" "Mozilla/5.0 AppleWebKit/537.36 (KHTML, like Gecko; compatible; GPTBot/1.3; +https://openai.com/gptbot)"
74.7.227.7 - - [13/Apr/2026:14:06:48 +0000] "GET /whsy.php?e=projid_map&p=%2Fproc%2F27009 HTTP/1.1" 200 1064 "http://firstdigitalbank.com/whsy.php?p=%2Fproc%2F27009" "Mozilla/5.0 AppleWebKit/537.36 (KHTML, like Gecko; compatible; GPTBot/1.3; +https://openai.com/gptbot)"
74.7.241.51 - - [13/Apr/2026:14:06:48 +0000] "GET /whsy.php?e=mountstats&p=%2Fproc%2F18168 HTTP/1.1" 200 1935 "http://www.firstdigitalbank.com.lab2454.com/whsy.php?p=%2Fproc%2F18168" "Mozilla/5.0 AppleWebKit/537.36 (KHTML, like Gecko; compatible; GPTBot/1.3; +https://openai.com/gptbot)"
74.7.227.7 - - [13/Apr/2026:14:06:51 +0000] "GET /whsy.php?e=ksm_merging_pages&p=%2Fproc%2F13605 HTTP/1.1" 200 1064 "http://firstdigitalbank.com/whsy.php?p=%2Fproc%2F13605" "Mozilla/5.0 AppleWebKit/537.36 (KHTML, like Gecko; compatible; GPTBot/1.3; +https://openai.com/gptbot)"
74.7.241.51 - - [13/Apr/2026:14:06:52 +0000] "GET /whsy.php?e=environ&p=%2Fproc%2F12655 HTTP/1.1" 200 1936 "http://www.firstdigitalbank.com.lab2454.com/whsy.php?p=%2Fproc%2F12655" "Mozilla/5.0 AppleWebKit/537.36 (KHTML, like Gecko; compatible; GPTBot/1.3; +https://openai.com/gptbot)"
74.7.227.7 - - [13/Apr/2026:14:06:55 +0000] "GET /whsy.php?e=ksm_merging_pages&p=%2Fproc%2F18074 HTTP/1.1" 200 1936 "http://firstdigitalbank.com/whsy.php?p=%2Fproc%2F18074" "Mozilla/5.0 AppleWebKit/537.36 (KHTML, like Gecko; compatible; GPTBot/1.3; +https://openai.com/gptbot)"
74.7.241.51 - - [13/Apr/2026:14:06:55 +0000] "GET /whsy.php?e=syscall&p=%2Fproc%2F11760 HTTP/1.1" 200 1064 "http://www.firstdigitalbank.com.lab2454.com/whsy.php?p=%2Fproc%2F11760" "Mozilla/5.0 AppleWebKit/537.36 (KHTML, like Gecko; compatible; GPTBot/1.3; +https://openai.com/gptbot)"
74.7.227.7 - - [13/Apr/2026:14:06:58 +0000] "GET /whsy.php?e=wchan&p=%2Fproc%2F7657 HTTP/1.1" 200 1064 "http://firstdigitalbank.com/whsy.php?p=%2Fproc%2F7657" "Mozilla/5.0 AppleWebKit/537.36 (KHTML, like Gecko; compatible; GPTBot/1.3; +https://openai.com/gptbot)"
74.7.241.51 - - [13/Apr/2026:14:06:59 +0000] "GET /whsy.php?e=environ&p=%2Fproc%2F18168 HTTP/1.1" 200 1935 "http://www.firstdigitalbank.com.lab2454.com/whsy.php?p=%2Fproc%2F18168" "Mozilla/5.0 AppleWebKit/537.36 (KHTML, like Gecko; compatible; GPTBot/1.3; +https://openai.com/gptbot)"
74.7.227.7 - - [13/Apr/2026:14:07:02 +0000] "GET /whsy.php?e=sockcreate&p=%2Fproc%2F25900%2Fattr HTTP/1.1" 200 862 "http://firstdigitalbank.com/whsy.php?p=%2Fproc%2F25900%2Fattr" "Mozilla/5.0 AppleWebKit/537.36 (KHTML, like Gecko; compatible; GPTBot/1.3; +https://openai.com/gptbot)"
74.7.241.51 - - [13/Apr/2026:14:07:02 +0000] "GET /whsy.php?e=loginuid&p=%2Fproc%2F32000 HTTP/1.1" 200 1064 "http://www.firstdigitalbank.com.lab2454.com/whsy.php?p=%2Fproc%2F32000" "Mozilla/5.0 AppleWebKit/537.36 (KHTML, like Gecko; compatible; GPTBot/1.3; +https://openai.com/gptbot)"
74.7.227.7 - - [13/Apr/2026:14:07:05 +0000] "GET /whsy.php?p=%2Fproc%2F18074%2Fnet%2Fdev_snmp6 HTTP/1.1" 200 982 "http://firstdigitalbank.com/whsy.php?p=%2Fproc%2F18074%2Fnet" "Mozilla/5.0 AppleWebKit/537.36 (KHTML, like Gecko; compatible; GPTBot/1.3; +https://openai.com/gptbot)"
74.7.241.51 - - [13/Apr/2026:14:07:06 +0000] "GET /whsy.php?e=oom_score&p=%2Fproc%2F23926 HTTP/1.1" 200 2004 "http://www.firstdigitalbank.com.lab2454.com/whsy.php?p=%2Fproc%2F23926" "Mozilla/5.0 AppleWebKit/537.36 (KHTML, like Gecko; compatible; GPTBot/1.3; +https://openai.com/gptbot)"
74.7.227.7 - - [13/Apr/2026:14:07:09 +0000] "GET /whsy.php?p=%2Fproc%2F23659%2Fmap_files HTTP/1.1" 200 1064 "http://firstdigitalbank.com/whsy.php?p=%2Fproc%2F23659" "Mozilla/5.0 AppleWebKit/537.36 (KHTML, like Gecko; compatible; GPTBot/1.3; +https://openai.com/gptbot)"
74.7.241.51 - - [13/Apr/2026:14:07:09 +0000] "GET /whsy.php?e=io&p=%2Fproc%2F32000 HTTP/1.1" 200 1064 "http://www.firstdigitalbank.com.lab2454.com/whsy.php?p=%2Fproc%2F32000" "Mozilla/5.0 AppleWebKit/537.36 (KHTML, like Gecko; compatible; GPTBot/1.3; +https://openai.com/gptbot)"
74.7.227.7 - - [13/Apr/2026:14:07:12 +0000] "GET /whsy.php?p=%2Fproc%2F27056%2Fmap_files HTTP/1.1" 200 1064 "http://firstdigitalbank.com/whsy.php?p=%2Fproc%2F27056" "Mozilla/5.0 AppleWebKit/537.36 (KHTML, like Gecko; compatible; GPTBot/1.3; +https://openai.com/gptbot)"
74.7.241.51 - - [13/Apr/2026:14:07:13 +0000] "GET /whsy.php?e=environ&p=%2Fproc%2F11760 HTTP/1.1" 200 1064 "http://www.firstdigitalbank.com.lab2454.com/whsy.php?p=%2Fproc%2F11760" "Mozilla/5.0 AppleWebKit/537.36 (KHTML, like Gecko; compatible; GPTBot/1.3; +https://openai.com/gptbot)"
74.7.227.7 - - [13/Apr/2026:14:07:16 +0000] "GET /whsy.php?p=%2Fproc%2F21876%2Fmap_files HTTP/1.1" 200 1064 "http://firstdigitalbank.com/whsy.php?p=%2Fproc%2F21876" "Mozilla/5.0 AppleWebKit/537.36 (KHTML, like Gecko; compatible; GPTBot/1.3; +https://openai.com/gptbot)"
74.7.241.51 - - [13/Apr/2026:14:07:17 +0000] "GET /whsy.php?e=environ&p=%2Fproc%2F12495 HTTP/1.1" 200 1064 "http://www.firstdigitalbank.com.lab2454.com/whsy.php?p=%2Fproc%2F12495" "Mozilla/5.0 AppleWebKit/537.36 (KHTML, like Gecko; compatible; GPTBot/1.3; +https://openai.com/gptbot)"
74.7.227.7 - - [13/Apr/2026:14:07:20 +0000] "GET /whsy.php?p=%2Fproc%2F27543%2Fmap_files HTTP/1.1" 200 1064 "http://firstdigitalbank.com/whsy.php?p=%2Fproc%2F27543" "Mozilla/5.0 AppleWebKit/537.36 (KHTML, like Gecko; compatible; GPTBot/1.3; +https://openai.com/gptbot)"
74.7.241.51 - - [13/Apr/2026:14:07:21 +0000] "GET /whsy.php?e=cmdline&p=%2Fproc%2F23926 HTTP/1.1" 200 2003 "http://www.firstdigitalbank.com.lab2454.com/whsy.php?p=%2Fproc%2F23926" "Mozilla/5.0 AppleWebKit/537.36 (KHTML, like Gecko; compatible; GPTBot/1.3; +https://openai.com/gptbot)"
74.7.227.7 - - [13/Apr/2026:14:07:26 +0000] "GET /whsy.php?e=coredump_filter&p=%2Fproc%2F27056 HTTP/1.1" 200 1064 "http://firstdigitalbank.com/whsy.php?p=%2Fproc%2F27056" "Mozilla/5.0 AppleWebKit/537.36 (KHTML, like Gecko; compatible; GPTBot/1.3; +https://openai.com/gptbot)"
74.7.241.51 - - [13/Apr/2026:14:07:28 +0000] "GET /whsy.php?e=environ&p=%2Fproc%2F23604 HTTP/1.1" 200 1064 "http://www.firstdigitalbank.com.lab2454.com/whsy.php?p=%2Fproc%2F23604" "Mozilla/5.0 AppleWebKit/537.36 (KHTML, like Gecko; compatible; GPTBot/1.3; +https://openai.com/gptbot)"
74.7.227.7 - - [13/Apr/2026:14:07:36 +0000] "GET /whsy.php?e=coredump_filter&p=%2Fproc%2F21876 HTTP/1.1" 200 1064 "http://firstdigitalbank.com/whsy.php?p=%2Fproc%2F21876" "Mozilla/5.0 AppleWebKit/537.36 (KHTML, like Gecko; compatible; GPTBot/1.3; +https://openai.com/gptbot)"
74.7.241.51 - - [13/Apr/2026:14:07:37 +0000] "GET /whsy.php?e=cmdline&p=%2Fproc%2F32000 HTTP/1.1" 200 1064 "http://www.firstdigitalbank.com.lab2454.com/whsy.php?p=%2Fproc%2F32000" "Mozilla/5.0 AppleWebKit/537.36 (KHTML, like Gecko; compatible; GPTBot/1.3; +https://openai.com/gptbot)"
74.7.227.7 - - [13/Apr/2026:14:07:41 +0000] "GET /whsy.php?e=coredump_filter&p=%2Fproc%2F14945 HTTP/1.1" 200 1064 "http://firstdigitalbank.com/whsy.php?p=%2Fproc%2F14945" "Mozilla/5.0 AppleWebKit/537.36 (KHTML, like Gecko; compatible; GPTBot/1.3; +https://openai.com/gptbot)"
74.7.241.51 - - [13/Apr/2026:14:07:42 +0000] "GET /whsy.php?e=clear_refs&p=%2Fproc%2F23926 HTTP/1.1" 200 1935 "http://www.firstdigitalbank.com.lab2454.com/whsy.php?p=%2Fproc%2F23926" "Mozilla/5.0 AppleWebKit/537.36 (KHTML, like Gecko; compatible; GPTBot/1.3; +https://openai.com/gptbot)"
