74.7.227.7 - - [13/Apr/2026:14:07:45 +0000] "GET /whsy.php?e=coredump_filter&p=%2Fproc%2F23659 HTTP/1.1" 200 1064 "http://firstdigitalbank.com/whsy.php?p=%2Fproc%2F23659" "Mozilla/5.0 AppleWebKit/537.36 (KHTML, like Gecko; compatible; GPTBot/1.3; +https://openai.com/gptbot)"
74.7.241.51 - - [13/Apr/2026:14:07:46 +0000] "GET /whsy.php?p=%2Fproc%2F30954 HTTP/1.1" 200 1936 "http://www.firstdigitalbank.com.lab2454.com/whsy.php?p=%2Fproc%2F25900%2F.." "Mozilla/5.0 AppleWebKit/537.36 (KHTML, like Gecko; compatible; GPTBot/1.3; +https://openai.com/gptbot)"
74.7.227.7 - - [13/Apr/2026:14:07:49 +0000] "GET /whsy.php?e=coredump_filter&p=%2Fproc%2F19096 HTTP/1.1" 200 1064 "http://firstdigitalbank.com/whsy.php?p=%2Fproc%2F19096" "Mozilla/5.0 AppleWebKit/537.36 (KHTML, like Gecko; compatible; GPTBot/1.3; +https://openai.com/gptbot)"
74.7.241.51 - - [13/Apr/2026:14:07:50 +0000] "GET /whsy.php?p=%2Fproc%2F28247 HTTP/1.1" 200 1064 "http://www.firstdigitalbank.com.lab2454.com/whsy.php?p=%2Fproc%2F25900%2F.." "Mozilla/5.0 AppleWebKit/537.36 (KHTML, like Gecko; compatible; GPTBot/1.3; +https://openai.com/gptbot)"
74.7.227.7 - - [13/Apr/2026:14:07:53 +0000] "GET /whsy.php?e=coredump_filter&p=%2Fproc%2F27543 HTTP/1.1" 200 1064 "http://firstdigitalbank.com/whsy.php?p=%2Fproc%2F27543" "Mozilla/5.0 AppleWebKit/537.36 (KHTML, like Gecko; compatible; GPTBot/1.3; +https://openai.com/gptbot)"
74.7.241.51 - - [13/Apr/2026:14:07:53 +0000] "GET /whsy.php?p=%2Fproc%2F13718 HTTP/1.1" 200 1064 "http://www.firstdigitalbank.com.lab2454.com/whsy.php?p=%2Fproc%2F25900%2F.." "Mozilla/5.0 AppleWebKit/537.36 (KHTML, like Gecko; compatible; GPTBot/1.3; +https://openai.com/gptbot)"
74.7.227.7 - - [13/Apr/2026:14:07:56 +0000] "GET /whsy.php?e=coredump_filter&p=%2Fproc%2F18917 HTTP/1.1" 200 1064 "http://firstdigitalbank.com/whsy.php?p=%2Fproc%2F18917" "Mozilla/5.0 AppleWebKit/537.36 (KHTML, like Gecko; compatible; GPTBot/1.3; +https://openai.com/gptbot)"
74.7.241.51 - - [13/Apr/2026:14:07:57 +0000] "GET /whsy.php?p=%2Fproc%2F10313 HTTP/1.1" 200 1936 "http://www.firstdigitalbank.com.lab2454.com/whsy.php?p=%2Fproc%2F25900%2F.." "Mozilla/5.0 AppleWebKit/537.36 (KHTML, like Gecko; compatible; GPTBot/1.3; +https://openai.com/gptbot)"
74.7.227.7 - - [13/Apr/2026:14:08:00 +0000] "GET /whsy.php?e=environ&p=%2Fproc%2F7657 HTTP/1.1" 200 1064 "http://firstdigitalbank.com/whsy.php?p=%2Fproc%2F7657" "Mozilla/5.0 AppleWebKit/537.36 (KHTML, like Gecko; compatible; GPTBot/1.3; +https://openai.com/gptbot)"
74.7.241.51 - - [13/Apr/2026:14:08:00 +0000] "GET /whsy.php?p=%2Fproc%2F12081 HTTP/1.1" 200 1936 "http://www.firstdigitalbank.com.lab2454.com/whsy.php?p=%2Fproc%2F25900%2F.." "Mozilla/5.0 AppleWebKit/537.36 (KHTML, like Gecko; compatible; GPTBot/1.3; +https://openai.com/gptbot)"
74.7.227.7 - - [13/Apr/2026:14:08:03 +0000] "GET /whsy.php?p=%2Fproc%2F25900%2Fnet%2Fdev_snmp6 HTTP/1.1" 200 982 "http://firstdigitalbank.com/whsy.php?p=%2Fproc%2F25900%2Fnet" "Mozilla/5.0 AppleWebKit/537.36 (KHTML, like Gecko; compatible; GPTBot/1.3; +https://openai.com/gptbot)"
74.7.241.51 - - [13/Apr/2026:14:08:03 +0000] "GET /whsy.php?p=%2Fproc%2F30916 HTTP/1.1" 200 1064 "http://www.firstdigitalbank.com.lab2454.com/whsy.php?p=%2Fproc%2F25900%2F.." "Mozilla/5.0 AppleWebKit/537.36 (KHTML, like Gecko; compatible; GPTBot/1.3; +https://openai.com/gptbot)"
74.7.227.7 - - [13/Apr/2026:14:08:06 +0000] "GET /whsy.php?p=%2Fproc%2F18074%2Fnet%2Fxt_recent HTTP/1.1" 200 498 "http://firstdigitalbank.com/whsy.php?p=%2Fproc%2F18074%2Fnet" "Mozilla/5.0 AppleWebKit/537.36 (KHTML, like Gecko; compatible; GPTBot/1.3; +https://openai.com/gptbot)"
74.7.241.51 - - [13/Apr/2026:14:08:07 +0000] "GET /whsy.php?p=%2Fproc%2F13711 HTTP/1.1" 200 1064 "http://www.firstdigitalbank.com.lab2454.com/whsy.php?p=%2Fproc%2F25900%2F.." "Mozilla/5.0 AppleWebKit/537.36 (KHTML, like Gecko; compatible; GPTBot/1.3; +https://openai.com/gptbot)"
74.7.227.7 - - [13/Apr/2026:14:08:10 +0000] "GET /whsy.php?e=ip6_flowlabel&p=%2Fproc%2F18074%2Fnet HTTP/1.1" 200 2551 "http://firstdigitalbank.com/whsy.php?p=%2Fproc%2F18074%2Fnet" "Mozilla/5.0 AppleWebKit/537.36 (KHTML, like Gecko; compatible; GPTBot/1.3; +https://openai.com/gptbot)"
74.7.241.51 - - [13/Apr/2026:14:08:10 +0000] "GET /whsy.php?p=%2Fproc%2F13715 HTTP/1.1" 200 1064 "http://www.firstdigitalbank.com.lab2454.com/whsy.php?p=%2Fproc%2F25900%2F.." "Mozilla/5.0 AppleWebKit/537.36 (KHTML, like Gecko; compatible; GPTBot/1.3; +https://openai.com/gptbot)"
74.7.227.7 - - [13/Apr/2026:14:08:14 +0000] "GET /whsy.php?p=%2Fproc%2F25900%2Fnet%2Fxt_recent HTTP/1.1" 200 497 "http://firstdigitalbank.com/whsy.php?p=%2Fproc%2F25900%2Fnet" "Mozilla/5.0 AppleWebKit/537.36 (KHTML, like Gecko; compatible; GPTBot/1.3; +https://openai.com/gptbot)"
74.7.241.51 - - [13/Apr/2026:14:08:14 +0000] "GET /whsy.php?e=oom_score_adj&p=%2Fproc%2F23926 HTTP/1.1" 200 2007 "http://www.firstdigitalbank.com.lab2454.com/whsy.php?p=%2Fproc%2F23926" "Mozilla/5.0 AppleWebKit/537.36 (KHTML, like Gecko; compatible; GPTBot/1.3; +https://openai.com/gptbot)"
74.7.244.60 - - [13/Apr/2026:14:08:15 +0000] "GET /robots.txt HTTP/1.1" 404 - "-" "Mozilla/5.0 (Macintosh; Intel Mac OS X 10_15_7) AppleWebKit/537.36 (KHTML, like Gecko) Chrome/131.0.0.0 Safari/537.36; compatible; OAI-SearchBot/1.3; robots.txt; +https://openai.com/searchbot"
74.7.227.7 - - [13/Apr/2026:14:08:17 +0000] "GET /whsy.php?p=%2Fproc%2F27543%2F.. HTTP/1.1" 200 1064 "http://firstdigitalbank.com/whsy.php?p=%2Fproc%2F27543" "Mozilla/5.0 AppleWebKit/537.36 (KHTML, like Gecko; compatible; GPTBot/1.3; +https://openai.com/gptbot)"
74.7.241.51 - - [13/Apr/2026:14:08:18 +0000] "GET /whsy.php?e=smaps_rollup&p=%2Fproc%2F23926 HTTP/1.1" 200 2009 "http://www.firstdigitalbank.com.lab2454.com/whsy.php?p=%2Fproc%2F23926" "Mozilla/5.0 AppleWebKit/537.36 (KHTML, like Gecko; compatible; GPTBot/1.3; +https://openai.com/gptbot)"
74.7.227.7 - - [13/Apr/2026:14:08:21 +0000] "GET /whsy.php?p=%2Fproc%2F23659%2F.. HTTP/1.1" 200 1064 "http://firstdigitalbank.com/whsy.php?p=%2Fproc%2F23659" "Mozilla/5.0 AppleWebKit/537.36 (KHTML, like Gecko; compatible; GPTBot/1.3; +https://openai.com/gptbot)"
74.7.241.51 - - [13/Apr/2026:14:08:21 +0000] "GET /whsy.php?e=loginuid&p=%2Fproc%2F11760 HTTP/1.1" 200 1064 "http://www.firstdigitalbank.com.lab2454.com/whsy.php?p=%2Fproc%2F11760" "Mozilla/5.0 AppleWebKit/537.36 (KHTML, like Gecko; compatible; GPTBot/1.3; +https://openai.com/gptbot)"
74.7.227.7 - - [13/Apr/2026:14:08:26 +0000] "GET /whsy.php?p=%2Fproc%2F18917%2F.. HTTP/1.1" 200 1064 "http://firstdigitalbank.com/whsy.php?p=%2Fproc%2F18917" "Mozilla/5.0 AppleWebKit/537.36 (KHTML, like Gecko; compatible; GPTBot/1.3; +https://openai.com/gptbot)"
74.7.241.51 - - [13/Apr/2026:14:08:26 +0000] "GET /whsy.php?e=timerslack_ns&p=%2Fproc%2F30954 HTTP/1.1" 200 2008 "http://www.firstdigitalbank.com.lab2454.com/whsy.php?p=%2Fproc%2F30954" "Mozilla/5.0 AppleWebKit/537.36 (KHTML, like Gecko; compatible; GPTBot/1.3; +https://openai.com/gptbot)"
74.7.227.7 - - [13/Apr/2026:14:08:31 +0000] "GET /whsy.php?p=%2Fproc%2F18074%2F.. HTTP/1.1" 200 3890 "http://firstdigitalbank.com/whsy.php?p=%2Fproc%2F18074" "Mozilla/5.0 AppleWebKit/537.36 (KHTML, like Gecko; compatible; GPTBot/1.3; +https://openai.com/gptbot)"
74.7.241.51 - - [13/Apr/2026:14:08:31 +0000] "GET /whsy.php?e=statm&p=%2Fproc%2F30954 HTTP/1.1" 200 2008 "http://www.firstdigitalbank.com.lab2454.com/whsy.php?p=%2Fproc%2F30954" "Mozilla/5.0 AppleWebKit/537.36 (KHTML, like Gecko; compatible; GPTBot/1.3; +https://openai.com/gptbot)"
74.7.227.7 - - [13/Apr/2026:14:08:37 +0000] "GET /whsy.php?p=%2Fproc%2F27056%2F.. HTTP/1.1" 200 1064 "http://firstdigitalbank.com/whsy.php?p=%2Fproc%2F27056" "Mozilla/5.0 AppleWebKit/537.36 (KHTML, like Gecko; compatible; GPTBot/1.3; +https://openai.com/gptbot)"
74.7.241.51 - - [13/Apr/2026:14:08:38 +0000] "GET /whsy.php?e=stack&p=%2Fproc%2F30954 HTTP/1.1" 200 1936 "http://www.firstdigitalbank.com.lab2454.com/whsy.php?p=%2Fproc%2F30954" "Mozilla/5.0 AppleWebKit/537.36 (KHTML, like Gecko; compatible; GPTBot/1.3; +https://openai.com/gptbot)"
74.7.227.7 - - [13/Apr/2026:14:08:45 +0000] "GET /whsy.php?p=%2Fproc%2F19096%2F.. HTTP/1.1" 200 1064 "http://firstdigitalbank.com/whsy.php?p=%2Fproc%2F19096" "Mozilla/5.0 AppleWebKit/537.36 (KHTML, like Gecko; compatible; GPTBot/1.3; +https://openai.com/gptbot)"
74.7.241.51 - - [13/Apr/2026:14:08:46 +0000] "GET /whsy.php?e=schedstat&p=%2Fproc%2F30954 HTTP/1.1" 200 2032 "http://www.firstdigitalbank.com.lab2454.com/whsy.php?p=%2Fproc%2F30954" "Mozilla/5.0 AppleWebKit/537.36 (KHTML, like Gecko; compatible; GPTBot/1.3; +https://openai.com/gptbot)"
74.7.227.7 - - [13/Apr/2026:14:08:51 +0000] "GET /whsy.php?p=%2Fproc%2F13605%2F.. HTTP/1.1" 200 1064 "http://firstdigitalbank.com/whsy.php?p=%2Fproc%2F13605" "Mozilla/5.0 AppleWebKit/537.36 (KHTML, like Gecko; compatible; GPTBot/1.3; +https://openai.com/gptbot)"
74.7.241.51 - - [13/Apr/2026:14:08:51 +0000] "GET /whsy.php?e=mem&p=%2Fproc%2F30954 HTTP/1.1" 200 1936 "http://www.firstdigitalbank.com.lab2454.com/whsy.php?p=%2Fproc%2F30954" "Mozilla/5.0 AppleWebKit/537.36 (KHTML, like Gecko; compatible; GPTBot/1.3; +https://openai.com/gptbot)"
74.7.227.7 - - [13/Apr/2026:14:08:55 +0000] "GET /whsy.php?p=%2Fproc%2F21876%2F.. HTTP/1.1" 200 1064 "http://firstdigitalbank.com/whsy.php?p=%2Fproc%2F21876" "Mozilla/5.0 AppleWebKit/537.36 (KHTML, like Gecko; compatible; GPTBot/1.3; +https://openai.com/gptbot)"
74.7.241.51 - - [13/Apr/2026:14:08:55 +0000] "GET /whsy.php?e=cwd&p=%2Fproc%2F30954 HTTP/1.1" 200 1936 "http://www.firstdigitalbank.com.lab2454.com/whsy.php?p=%2Fproc%2F30954" "Mozilla/5.0 AppleWebKit/537.36 (KHTML, like Gecko; compatible; GPTBot/1.3; +https://openai.com/gptbot)"
74.7.227.7 - - [13/Apr/2026:14:08:58 +0000] "GET /whsy.php?p=%2Fproc%2F14945%2F.. HTTP/1.1" 200 1064 "http://firstdigitalbank.com/whsy.php?p=%2Fproc%2F14945" "Mozilla/5.0 AppleWebKit/537.36 (KHTML, like Gecko; compatible; GPTBot/1.3; +https://openai.com/gptbot)"
74.7.241.51 - - [13/Apr/2026:14:08:58 +0000] "GET /whsy.php?e=smaps&p=%2Fproc%2F30954 HTTP/1.1" 200 2007 "http://www.firstdigitalbank.com.lab2454.com/whsy.php?p=%2Fproc%2F30954" "Mozilla/5.0 AppleWebKit/537.36 (KHTML, like Gecko; compatible; GPTBot/1.3; +https://openai.com/gptbot)"
74.7.227.7 - - [13/Apr/2026:14:09:02 +0000] "GET /whsy.php?e=fib_triestat&p=%2Fproc%2F18074%2Fnet HTTP/1.1" 200 2760 "http://firstdigitalbank.com/whsy.php?p=%2Fproc%2F18074%2Fnet" "Mozilla/5.0 AppleWebKit/537.36 (KHTML, like Gecko; compatible; GPTBot/1.3; +https://openai.com/gptbot)"
74.7.241.51 - - [13/Apr/2026:14:09:02 +0000] "GET /whsy.php?e=statm&p=%2Fproc%2F10313 HTTP/1.1" 200 2008 "http://www.firstdigitalbank.com.lab2454.com/whsy.php?p=%2Fproc%2F10313" "Mozilla/5.0 AppleWebKit/537.36 (KHTML, like Gecko; compatible; GPTBot/1.3; +https://openai.com/gptbot)"
74.7.227.7 - - [13/Apr/2026:14:09:05 +0000] "GET /whsy.php?e=sockcreate&p=%2Fproc%2F18074%2Fattr HTTP/1.1" 200 864 "http://firstdigitalbank.com/whsy.php?p=%2Fproc%2F18074%2Fattr" "Mozilla/5.0 AppleWebKit/537.36 (KHTML, like Gecko; compatible; GPTBot/1.3; +https://openai.com/gptbot)"
74.7.241.51 - - [13/Apr/2026:14:09:05 +0000] "GET /whsy.php?e=stack&p=%2Fproc%2F10313 HTTP/1.1" 200 1936 "http://www.firstdigitalbank.com.lab2454.com/whsy.php?p=%2Fproc%2F10313" "Mozilla/5.0 AppleWebKit/537.36 (KHTML, like Gecko; compatible; GPTBot/1.3; +https://openai.com/gptbot)"
74.7.227.7 - - [13/Apr/2026:14:09:08 +0000] "GET /whsy.php?e=ip6_mr_cache&p=%2Fproc%2F18074%2Fnet HTTP/1.1" 200 2551 "http://firstdigitalbank.com/whsy.php?p=%2Fproc%2F18074%2Fnet" "Mozilla/5.0 AppleWebKit/537.36 (KHTML, like Gecko; compatible; GPTBot/1.3; +https://openai.com/gptbot)"
74.7.241.51 - - [13/Apr/2026:14:09:08 +0000] "GET /whsy.php?e=mountinfo&p=%2Fproc%2F30954 HTTP/1.1" 200 2988 "http://www.firstdigitalbank.com.lab2454.com/whsy.php?p=%2Fproc%2F30954" "Mozilla/5.0 AppleWebKit/537.36 (KHTML, like Gecko; compatible; GPTBot/1.3; +https://openai.com/gptbot)"
74.7.227.7 - - [13/Apr/2026:14:09:12 +0000] "GET /whsy.php?e=ip6_tables_matches&p=%2Fproc%2F18074%2Fnet HTTP/1.1" 200 2442 "http://firstdigitalbank.com/whsy.php?p=%2Fproc%2F18074%2Fnet" "Mozilla/5.0 AppleWebKit/537.36 (KHTML, like Gecko; compatible; GPTBot/1.3; +https://openai.com/gptbot)"
74.7.241.51 - - [13/Apr/2026:14:09:12 +0000] "GET /whsy.php?e=mountinfo&p=%2Fproc%2F12081 HTTP/1.1" 200 2988 "http://www.firstdigitalbank.com.lab2454.com/whsy.php?p=%2Fproc%2F12081" "Mozilla/5.0 AppleWebKit/537.36 (KHTML, like Gecko; compatible; GPTBot/1.3; +https://openai.com/gptbot)"
74.7.227.7 - - [13/Apr/2026:14:09:15 +0000] "GET /whsy.php?p=%2Fproc%2F27009%2F.. HTTP/1.1" 200 1064 "http://firstdigitalbank.com/whsy.php?p=%2Fproc%2F27009" "Mozilla/5.0 AppleWebKit/537.36 (KHTML, like Gecko; compatible; GPTBot/1.3; +https://openai.com/gptbot)"
74.7.241.51 - - [13/Apr/2026:14:09:15 +0000] "GET /whsy.php?e=autogroup&p=%2Fproc%2F30954 HTTP/1.1" 200 2004 "http://www.firstdigitalbank.com.lab2454.com/whsy.php?p=%2Fproc%2F30954" "Mozilla/5.0 AppleWebKit/537.36 (KHTML, like Gecko; compatible; GPTBot/1.3; +https://openai.com/gptbot)"
74.7.227.7 - - [13/Apr/2026:14:09:18 +0000] "GET /whsy.php?e=19914&p=%2Fproc HTTP/1.1" 200 3833 "http://firstdigitalbank.com/whsy.php?p=%2Fproc%2F18074%2F.." "Mozilla/5.0 AppleWebKit/537.36 (KHTML, like Gecko; compatible; GPTBot/1.3; +https://openai.com/gptbot)"
74.7.241.51 - - [13/Apr/2026:14:09:19 +0000] "GET /whsy.php?e=mountinfo&p=%2Fproc%2F10313 HTTP/1.1" 200 2988 "http://www.firstdigitalbank.com.lab2454.com/whsy.php?p=%2Fproc%2F10313" "Mozilla/5.0 AppleWebKit/537.36 (KHTML, like Gecko; compatible; GPTBot/1.3; +https://openai.com/gptbot)"
74.7.227.7 - - [13/Apr/2026:14:09:22 +0000] "GET /whsy.php?p=%2Fproc%2F19539 HTTP/1.1" 200 1064 "http://firstdigitalbank.com/whsy.php?p=%2Fproc%2F18074%2F.." "Mozilla/5.0 AppleWebKit/537.36 (KHTML, like Gecko; compatible; GPTBot/1.3; +https://openai.com/gptbot)"
74.7.241.51 - - [13/Apr/2026:14:09:23 +0000] "GET /whsy.php?e=wchan&p=%2Fproc%2F30954 HTTP/1.1" 200 2005 "http://www.firstdigitalbank.com.lab2454.com/whsy.php?p=%2Fproc%2F30954" "Mozilla/5.0 AppleWebKit/537.36 (KHTML, like Gecko; compatible; GPTBot/1.3; +https://openai.com/gptbot)"
74.7.227.7 - - [13/Apr/2026:14:09:27 +0000] "GET /whsy.php?p=%2Fproc%2F14725 HTTP/1.1" 200 1936 "http://firstdigitalbank.com/whsy.php?p=%2Fproc%2F18074%2F.." "Mozilla/5.0 AppleWebKit/537.36 (KHTML, like Gecko; compatible; GPTBot/1.3; +https://openai.com/gptbot)"
74.7.241.51 - - [13/Apr/2026:14:09:27 +0000] "GET /whsy.php?e=pagemap&p=%2Fproc%2F12081 HTTP/1.1" 200 1936 "http://www.firstdigitalbank.com.lab2454.com/whsy.php?p=%2Fproc%2F12081" "Mozilla/5.0 AppleWebKit/537.36 (KHTML, like Gecko; compatible; GPTBot/1.3; +https://openai.com/gptbot)"
74.7.227.7 - - [13/Apr/2026:14:09:31 +0000] "GET /whsy.php?p=%2Fproc%2F14101 HTTP/1.1" 200 1935 "http://firstdigitalbank.com/whsy.php?p=%2Fproc%2F18074%2F.." "Mozilla/5.0 AppleWebKit/537.36 (KHTML, like Gecko; compatible; GPTBot/1.3; +https://openai.com/gptbot)"
74.7.241.51 - - [13/Apr/2026:14:09:32 +0000] "GET /whsy.php?e=auxv&p=%2Fproc%2F30954 HTTP/1.1" 200 1936 "http://www.firstdigitalbank.com.lab2454.com/whsy.php?p=%2Fproc%2F30954" "Mozilla/5.0 AppleWebKit/537.36 (KHTML, like Gecko; compatible; GPTBot/1.3; +https://openai.com/gptbot)"
74.7.227.7 - - [13/Apr/2026:14:09:36 +0000] "GET /whsy.php?p=%2Fproc%2F14179 HTTP/1.1" 200 1936 "http://firstdigitalbank.com/whsy.php?p=%2Fproc%2F18074%2F.." "Mozilla/5.0 AppleWebKit/537.36 (KHTML, like Gecko; compatible; GPTBot/1.3; +https://openai.com/gptbot)"
74.7.241.51 - - [13/Apr/2026:14:09:36 +0000] "GET /whsy.php?e=exe&p=%2Fproc%2F30954 HTTP/1.1" 200 1936 "http://www.firstdigitalbank.com.lab2454.com/whsy.php?p=%2Fproc%2F30954" "Mozilla/5.0 AppleWebKit/537.36 (KHTML, like Gecko; compatible; GPTBot/1.3; +https://openai.com/gptbot)"
74.7.227.7 - - [13/Apr/2026:14:09:40 +0000] "GET /whsy.php?p=%2Fproc%2F19908 HTTP/1.1" 200 1064 "http://firstdigitalbank.com/whsy.php?p=%2Fproc%2F18074%2F.." "Mozilla/5.0 AppleWebKit/537.36 (KHTML, like Gecko; compatible; GPTBot/1.3; +https://openai.com/gptbot)"
74.7.241.51 - - [13/Apr/2026:14:09:40 +0000] "GET /whsy.php?e=stack&p=%2Fproc%2F12081 HTTP/1.1" 200 1936 "http://www.firstdigitalbank.com.lab2454.com/whsy.php?p=%2Fproc%2F12081" "Mozilla/5.0 AppleWebKit/537.36 (KHTML, like Gecko; compatible; GPTBot/1.3; +https://openai.com/gptbot)"
74.7.227.7 - - [13/Apr/2026:14:09:44 +0000] "GET /whsy.php?p=%2Fproc%2F23926 HTTP/1.1" 200 1935 "http://firstdigitalbank.com/whsy.php?p=%2Fproc%2F18074%2F.." "Mozilla/5.0 AppleWebKit/537.36 (KHTML, like Gecko; compatible; GPTBot/1.3; +https://openai.com/gptbot)"
74.7.241.51 - - [13/Apr/2026:14:09:44 +0000] "GET /whsy.php?e=statm&p=%2Fproc%2F12081 HTTP/1.1" 200 2032 "http://www.firstdigitalbank.com.lab2454.com/whsy.php?p=%2Fproc%2F12081" "Mozilla/5.0 AppleWebKit/537.36 (KHTML, like Gecko; compatible; GPTBot/1.3; +https://openai.com/gptbot)"
74.7.227.7 - - [13/Apr/2026:14:09:48 +0000] "GET /whsy.php?p=%2Fproc%2F19844 HTTP/1.1" 200 1064 "http://firstdigitalbank.com/whsy.php?p=%2Fproc%2F18074%2F.." "Mozilla/5.0 AppleWebKit/537.36 (KHTML, like Gecko; compatible; GPTBot/1.3; +https://openai.com/gptbot)"
74.7.241.51 - - [13/Apr/2026:14:09:48 +0000] "GET /whsy.php?e=sched&p=%2Fproc%2F30954 HTTP/1.1" 200 2455 "http://www.firstdigitalbank.com.lab2454.com/whsy.php?p=%2Fproc%2F30954" "Mozilla/5.0 AppleWebKit/537.36 (KHTML, like Gecko; compatible; GPTBot/1.3; +https://openai.com/gptbot)"
74.7.227.7 - - [13/Apr/2026:14:09:52 +0000] "GET /whsy.php?p=%2Fproc%2F19843 HTTP/1.1" 200 1064 "http://firstdigitalbank.com/whsy.php?p=%2Fproc%2F18074%2F.." "Mozilla/5.0 AppleWebKit/537.36 (KHTML, like Gecko; compatible; GPTBot/1.3; +https://openai.com/gptbot)"
74.7.241.51 - - [13/Apr/2026:14:09:52 +0000] "GET /whsy.php?e=autogroup&p=%2Fproc%2F12081 HTTP/1.1" 200 2021 "http://www.firstdigitalbank.com.lab2454.com/whsy.php?p=%2Fproc%2F12081" "Mozilla/5.0 AppleWebKit/537.36 (KHTML, like Gecko; compatible; GPTBot/1.3; +https://openai.com/gptbot)"
74.7.227.7 - - [13/Apr/2026:14:09:55 +0000] "GET /whsy.php?p=%2Fproc%2F30858 HTTP/1.1" 200 1936 "http://firstdigitalbank.com/whsy.php?p=%2Fproc%2F18074%2F.." "Mozilla/5.0 AppleWebKit/537.36 (KHTML, like Gecko; compatible; GPTBot/1.3; +https://openai.com/gptbot)"
74.7.241.51 - - [13/Apr/2026:14:09:55 +0000] "GET /whsy.php?e=timerslack_ns&p=%2Fproc%2F10313 HTTP/1.1" 200 2008 "http://www.firstdigitalbank.com.lab2454.com/whsy.php?p=%2Fproc%2F10313" "Mozilla/5.0 AppleWebKit/537.36 (KHTML, like Gecko; compatible; GPTBot/1.3; +https://openai.com/gptbot)"
74.7.227.7 - - [13/Apr/2026:14:09:59 +0000] "GET /whsy.php?p=%2Fproc%2F19495 HTTP/1.1" 200 1064 "http://firstdigitalbank.com/whsy.php?p=%2Fproc%2F18074%2F.." "Mozilla/5.0 AppleWebKit/537.36 (KHTML, like Gecko; compatible; GPTBot/1.3; +https://openai.com/gptbot)"
74.7.241.51 - - [13/Apr/2026:14:09:59 +0000] "GET /whsy.php?e=timerslack_ns&p=%2Fproc%2F12081 HTTP/1.1" 200 2008 "http://www.firstdigitalbank.com.lab2454.com/whsy.php?p=%2Fproc%2F12081" "Mozilla/5.0 AppleWebKit/537.36 (KHTML, like Gecko; compatible; GPTBot/1.3; +https://openai.com/gptbot)"
74.7.227.7 - - [13/Apr/2026:14:10:02 +0000] "GET /whsy.php?p=%2Fproc%2F21668 HTTP/1.1" 200 1064 "http://firstdigitalbank.com/whsy.php?e=19914&p=%2Fproc" "Mozilla/5.0 AppleWebKit/537.36 (KHTML, like Gecko; compatible; GPTBot/1.3; +https://openai.com/gptbot)"
74.7.241.51 - - [13/Apr/2026:14:10:02 +0000] "GET /whsy.php?e=timens_offsets&p=%2Fproc%2F30954 HTTP/1.1" 200 2023 "http://www.firstdigitalbank.com.lab2454.com/whsy.php?p=%2Fproc%2F30954" "Mozilla/5.0 AppleWebKit/537.36 (KHTML, like Gecko; compatible; GPTBot/1.3; +https://openai.com/gptbot)"
74.7.227.7 - - [13/Apr/2026:14:10:05 +0000] "GET /whsy.php?p=%2Fproc%2F20923 HTTP/1.1" 200 1935 "http://firstdigitalbank.com/whsy.php?e=19914&p=%2Fproc" "Mozilla/5.0 AppleWebKit/537.36 (KHTML, like Gecko; compatible; GPTBot/1.3; +https://openai.com/gptbot)"
74.7.241.51 - - [13/Apr/2026:14:10:06 +0000] "GET /whsy.php?e=sessionid&p=%2Fproc%2F30954 HTTP/1.1" 200 2016 "http://www.firstdigitalbank.com.lab2454.com/whsy.php?p=%2Fproc%2F30954" "Mozilla/5.0 AppleWebKit/537.36 (KHTML, like Gecko; compatible; GPTBot/1.3; +https://openai.com/gptbot)"
74.7.227.7 - - [13/Apr/2026:14:10:09 +0000] "GET /whsy.php?e=mountinfo&p=%2Fproc%2F14725 HTTP/1.1" 200 2988 "http://firstdigitalbank.com/whsy.php?p=%2Fproc%2F14725" "Mozilla/5.0 AppleWebKit/537.36 (KHTML, like Gecko; compatible; GPTBot/1.3; +https://openai.com/gptbot)"
74.7.241.51 - - [13/Apr/2026:14:10:09 +0000] "GET /whsy.php?e=autogroup&p=%2Fproc%2F10313 HTTP/1.1" 200 2003 "http://www.firstdigitalbank.com.lab2454.com/whsy.php?p=%2Fproc%2F10313" "Mozilla/5.0 AppleWebKit/537.36 (KHTML, like Gecko; compatible; GPTBot/1.3; +https://openai.com/gptbot)"
74.7.227.7 - - [13/Apr/2026:14:10:12 +0000] "GET /whsy.php?e=mountinfo&p=%2Fproc%2F14101 HTTP/1.1" 200 2988 "http://firstdigitalbank.com/whsy.php?p=%2Fproc%2F14101" "Mozilla/5.0 AppleWebKit/537.36 (KHTML, like Gecko; compatible; GPTBot/1.3; +https://openai.com/gptbot)"
74.7.241.51 - - [13/Apr/2026:14:10:12 +0000] "GET /whsy.php?e=setgroups&p=%2Fproc%2F30954 HTTP/1.1" 200 2007 "http://www.firstdigitalbank.com.lab2454.com/whsy.php?p=%2Fproc%2F30954" "Mozilla/5.0 AppleWebKit/537.36 (KHTML, like Gecko; compatible; GPTBot/1.3; +https://openai.com/gptbot)"
74.7.227.7 - - [13/Apr/2026:14:10:16 +0000] "GET /whsy.php?e=mountinfo&p=%2Fproc%2F14179 HTTP/1.1" 200 2988 "http://firstdigitalbank.com/whsy.php?p=%2Fproc%2F14179" "Mozilla/5.0 AppleWebKit/537.36 (KHTML, like Gecko; compatible; GPTBot/1.3; +https://openai.com/gptbot)"
74.7.241.51 - - [13/Apr/2026:14:10:16 +0000] "GET /whsy.php?e=uid_map&p=%2Fproc%2F12081 HTTP/1.1" 200 2022 "http://www.firstdigitalbank.com.lab2454.com/whsy.php?p=%2Fproc%2F12081" "Mozilla/5.0 AppleWebKit/537.36 (KHTML, like Gecko; compatible; GPTBot/1.3; +https://openai.com/gptbot)"
74.7.227.7 - - [13/Apr/2026:14:10:19 +0000] "GET /whsy.php?e=timerslack_ns&p=%2Fproc%2F14179 HTTP/1.1" 200 2007 "http://firstdigitalbank.com/whsy.php?p=%2Fproc%2F14179" "Mozilla/5.0 AppleWebKit/537.36 (KHTML, like Gecko; compatible; GPTBot/1.3; +https://openai.com/gptbot)"
74.7.241.51 - - [13/Apr/2026:14:10:19 +0000] "GET /whsy.php?e=gid_map&p=%2Fproc%2F12081 HTTP/1.1" 200 2026 "http://www.firstdigitalbank.com.lab2454.com/whsy.php?p=%2Fproc%2F12081" "Mozilla/5.0 AppleWebKit/537.36 (KHTML, like Gecko; compatible; GPTBot/1.3; +https://openai.com/gptbot)"
74.7.227.7 - - [13/Apr/2026:14:10:23 +0000] "GET /whsy.php?e=mountinfo&p=%2Fproc%2F23926 HTTP/1.1" 200 2988 "http://firstdigitalbank.com/whsy.php?p=%2Fproc%2F23926" "Mozilla/5.0 AppleWebKit/537.36 (KHTML, like Gecko; compatible; GPTBot/1.3; +https://openai.com/gptbot)"
74.7.241.51 - - [13/Apr/2026:14:10:23 +0000] "GET /whsy.php?e=oom_adj&p=%2Fproc%2F10313 HTTP/1.1" 200 2006 "http://www.firstdigitalbank.com.lab2454.com/whsy.php?p=%2Fproc%2F10313" "Mozilla/5.0 AppleWebKit/537.36 (KHTML, like Gecko; compatible; GPTBot/1.3; +https://openai.com/gptbot)"
74.7.227.7 - - [13/Apr/2026:14:10:26 +0000] "GET /whsy.php?e=statm&p=%2Fproc%2F14725 HTTP/1.1" 200 2008 "http://firstdigitalbank.com/whsy.php?p=%2Fproc%2F14725" "Mozilla/5.0 AppleWebKit/537.36 (KHTML, like Gecko; compatible; GPTBot/1.3; +https://openai.com/gptbot)"
74.7.241.51 - - [13/Apr/2026:14:10:26 +0000] "GET /whsy.php?e=comm&p=%2Fproc%2F30954 HTTP/1.1" 200 2019 "http://www.firstdigitalbank.com.lab2454.com/whsy.php?p=%2Fproc%2F30954" "Mozilla/5.0 AppleWebKit/537.36 (KHTML, like Gecko; compatible; GPTBot/1.3; +https://openai.com/gptbot)"
74.7.227.7 - - [13/Apr/2026:14:10:30 +0000] "GET /whsy.php?e=stack&p=%2Fproc%2F14179 HTTP/1.1" 200 1936 "http://firstdigitalbank.com/whsy.php?p=%2Fproc%2F14179" "Mozilla/5.0 AppleWebKit/537.36 (KHTML, like Gecko; compatible; GPTBot/1.3; +https://openai.com/gptbot)"
74.7.241.51 - - [13/Apr/2026:14:10:30 +0000] "GET /whsy.php?e=maps&p=%2Fproc%2F30954 HTTP/1.1" 200 2004 "http://www.firstdigitalbank.com.lab2454.com/whsy.php?p=%2Fproc%2F30954" "Mozilla/5.0 AppleWebKit/537.36 (KHTML, like Gecko; compatible; GPTBot/1.3; +https://openai.com/gptbot)"
74.7.227.7 - - [13/Apr/2026:14:10:33 +0000] "GET /whsy.php?p=%2Fproc%2F30858%2Fnet HTTP/1.1" 200 1064 "http://firstdigitalbank.com/whsy.php?p=%2Fproc%2F30858" "Mozilla/5.0 AppleWebKit/537.36 (KHTML, like Gecko; compatible; GPTBot/1.3; +https://openai.com/gptbot)"
74.7.241.51 - - [13/Apr/2026:14:10:33 +0000] "GET /whsy.php?e=schedstat&p=%2Fproc%2F12081 HTTP/1.1" 200 2017 "http://www.firstdigitalbank.com.lab2454.com/whsy.php?p=%2Fproc%2F12081" "Mozilla/5.0 AppleWebKit/537.36 (KHTML, like Gecko; compatible; GPTBot/1.3; +https://openai.com/gptbot)"
74.7.227.7 - - [13/Apr/2026:14:10:37 +0000] "GET /whsy.php?e=pagemap&p=%2Fproc%2F30858 HTTP/1.1" 200 1064 "http://firstdigitalbank.com/whsy.php?p=%2Fproc%2F30858" "Mozilla/5.0 AppleWebKit/537.36 (KHTML, like Gecko; compatible; GPTBot/1.3; +https://openai.com/gptbot)"
74.7.241.51 - - [13/Apr/2026:14:10:37 +0000] "GET /whsy.php?e=sessionid&p=%2Fproc%2F10313 HTTP/1.1" 200 2016 "http://www.firstdigitalbank.com.lab2454.com/whsy.php?p=%2Fproc%2F10313" "Mozilla/5.0 AppleWebKit/537.36 (KHTML, like Gecko; compatible; GPTBot/1.3; +https://openai.com/gptbot)"
74.7.227.7 - - [13/Apr/2026:14:10:40 +0000] "GET /whsy.php?e=mountinfo&p=%2Fproc%2F30858 HTTP/1.1" 200 1064 "http://firstdigitalbank.com/whsy.php?p=%2Fproc%2F30858" "Mozilla/5.0 AppleWebKit/537.36 (KHTML, like Gecko; compatible; GPTBot/1.3; +https://openai.com/gptbot)"
74.7.241.51 - - [13/Apr/2026:14:10:40 +0000] "GET /whsy.php?e=setgroups&p=%2Fproc%2F10313 HTTP/1.1" 200 2007 "http://www.firstdigitalbank.com.lab2454.com/whsy.php?p=%2Fproc%2F10313" "Mozilla/5.0 AppleWebKit/537.36 (KHTML, like Gecko; compatible; GPTBot/1.3; +https://openai.com/gptbot)"
74.7.227.7 - - [13/Apr/2026:14:10:44 +0000] "GET /whsy.php?e=sched&p=%2Fproc%2F20923 HTTP/1.1" 200 2468 "http://firstdigitalbank.com/whsy.php?p=%2Fproc%2F20923" "Mozilla/5.0 AppleWebKit/537.36 (KHTML, like Gecko; compatible; GPTBot/1.3; +https://openai.com/gptbot)"
74.7.241.51 - - [13/Apr/2026:14:10:44 +0000] "GET /whsy.php?e=schedstat&p=%2Fproc%2F10313 HTTP/1.1" 200 2033 "http://www.firstdigitalbank.com.lab2454.com/whsy.php?p=%2Fproc%2F10313" "Mozilla/5.0 AppleWebKit/537.36 (KHTML, like Gecko; compatible; GPTBot/1.3; +https://openai.com/gptbot)"
74.7.227.7 - - [13/Apr/2026:14:10:47 +0000] "GET /whsy.php?e=mountinfo&p=%2Fproc%2F20923 HTTP/1.1" 200 2988 "http://firstdigitalbank.com/whsy.php?p=%2Fproc%2F20923" "Mozilla/5.0 AppleWebKit/537.36 (KHTML, like Gecko; compatible; GPTBot/1.3; +https://openai.com/gptbot)"
74.7.241.51 - - [13/Apr/2026:14:10:47 +0000] "GET /whsy.php?e=uid_map&p=%2Fproc%2F30954 HTTP/1.1" 200 2022 "http://www.firstdigitalbank.com.lab2454.com/whsy.php?p=%2Fproc%2F30954" "Mozilla/5.0 AppleWebKit/537.36 (KHTML, like Gecko; compatible; GPTBot/1.3; +https://openai.com/gptbot)"
74.7.227.7 - - [13/Apr/2026:14:10:50 +0000] "GET /whsy.php?e=timerslack_ns&p=%2Fproc%2F30858 HTTP/1.1" 200 1064 "http://firstdigitalbank.com/whsy.php?p=%2Fproc%2F30858" "Mozilla/5.0 AppleWebKit/537.36 (KHTML, like Gecko; compatible; GPTBot/1.3; +https://openai.com/gptbot)"
74.7.241.51 - - [13/Apr/2026:14:10:51 +0000] "GET /whsy.php?e=gid_map&p=%2Fproc%2F30954 HTTP/1.1" 200 2025 "http://www.firstdigitalbank.com.lab2454.com/whsy.php?p=%2Fproc%2F30954" "Mozilla/5.0 AppleWebKit/537.36 (KHTML, like Gecko; compatible; GPTBot/1.3; +https://openai.com/gptbot)"
74.7.227.7 - - [13/Apr/2026:14:10:54 +0000] "GET /whsy.php?e=statm&p=%2Fproc%2F14179 HTTP/1.1" 200 2008 "http://firstdigitalbank.com/whsy.php?p=%2Fproc%2F14179" "Mozilla/5.0 AppleWebKit/537.36 (KHTML, like Gecko; compatible; GPTBot/1.3; +https://openai.com/gptbot)"
74.7.241.51 - - [13/Apr/2026:14:10:54 +0000] "GET /whsy.php?e=oom_adj&p=%2Fproc%2F30954 HTTP/1.1" 200 2006 "http://www.firstdigitalbank.com.lab2454.com/whsy.php?p=%2Fproc%2F30954" "Mozilla/5.0 AppleWebKit/537.36 (KHTML, like Gecko; compatible; GPTBot/1.3; +https://openai.com/gptbot)"
74.7.227.7 - - [13/Apr/2026:14:10:57 +0000] "GET /whsy.php?e=stack&p=%2Fproc%2F30858 HTTP/1.1" 200 1064 "http://firstdigitalbank.com/whsy.php?p=%2Fproc%2F30858" "Mozilla/5.0 AppleWebKit/537.36 (KHTML, like Gecko; compatible; GPTBot/1.3; +https://openai.com/gptbot)"
74.7.241.51 - - [13/Apr/2026:14:10:58 +0000] "GET /whsy.php?e=smaps&p=%2Fproc%2F10313 HTTP/1.1" 200 2006 "http://www.firstdigitalbank.com.lab2454.com/whsy.php?p=%2Fproc%2F10313" "Mozilla/5.0 AppleWebKit/537.36 (KHTML, like Gecko; compatible; GPTBot/1.3; +https://openai.com/gptbot)"
74.7.227.7 - - [13/Apr/2026:14:11:01 +0000] "GET /whsy.php?e=stack&p=%2Fproc%2F14725 HTTP/1.1" 200 1936 "http://firstdigitalbank.com/whsy.php?p=%2Fproc%2F14725" "Mozilla/5.0 AppleWebKit/537.36 (KHTML, like Gecko; compatible; GPTBot/1.3; +https://openai.com/gptbot)"
74.7.241.51 - - [13/Apr/2026:14:11:01 +0000] "GET /whsy.php?e=sched&p=%2Fproc%2F10313 HTTP/1.1" 200 2468 "http://www.firstdigitalbank.com.lab2454.com/whsy.php?p=%2Fproc%2F10313" "Mozilla/5.0 AppleWebKit/537.36 (KHTML, like Gecko; compatible; GPTBot/1.3; +https://openai.com/gptbot)"
74.7.227.7 - - [13/Apr/2026:14:11:04 +0000] "GET /whsy.php?e=statm&p=%2Fproc%2F30858 HTTP/1.1" 200 1064 "http://firstdigitalbank.com/whsy.php?p=%2Fproc%2F30858" "Mozilla/5.0 AppleWebKit/537.36 (KHTML, like Gecko; compatible; GPTBot/1.3; +https://openai.com/gptbot)"
74.7.241.51 - - [13/Apr/2026:14:11:05 +0000] "GET /whsy.php?e=sched&p=%2Fproc%2F12081 HTTP/1.1" 200 2466 "http://www.firstdigitalbank.com.lab2454.com/whsy.php?p=%2Fproc%2F12081" "Mozilla/5.0 AppleWebKit/537.36 (KHTML, like Gecko; compatible; GPTBot/1.3; +https://openai.com/gptbot)"
74.7.227.7 - - [13/Apr/2026:14:11:07 +0000] "GET /whsy.php?e=auxv&p=%2Fproc%2F30858 HTTP/1.1" 200 1064 "http://firstdigitalbank.com/whsy.php?p=%2Fproc%2F30858" "Mozilla/5.0 AppleWebKit/537.36 (KHTML, like Gecko; compatible; GPTBot/1.3; +https://openai.com/gptbot)"
74.7.241.51 - - [13/Apr/2026:14:11:08 +0000] "GET /whsy.php?e=smaps&p=%2Fproc%2F12081 HTTP/1.1" 200 2126 "http://www.firstdigitalbank.com.lab2454.com/whsy.php?p=%2Fproc%2F12081" "Mozilla/5.0 AppleWebKit/537.36 (KHTML, like Gecko; compatible; GPTBot/1.3; +https://openai.com/gptbot)"
74.7.227.7 - - [13/Apr/2026:14:11:11 +0000] "GET /whsy.php?e=auxv&p=%2Fproc%2F14179 HTTP/1.1" 200 1936 "http://firstdigitalbank.com/whsy.php?p=%2Fproc%2F14179" "Mozilla/5.0 AppleWebKit/537.36 (KHTML, like Gecko; compatible; GPTBot/1.3; +https://openai.com/gptbot)"
74.7.241.51 - - [13/Apr/2026:14:11:11 +0000] "GET /whsy.php?e=gid_map&p=%2Fproc%2F10313 HTTP/1.1" 200 2025 "http://www.firstdigitalbank.com.lab2454.com/whsy.php?p=%2Fproc%2F10313" "Mozilla/5.0 AppleWebKit/537.36 (KHTML, like Gecko; compatible; GPTBot/1.3; +https://openai.com/gptbot)"
74.7.227.7 - - [13/Apr/2026:14:11:14 +0000] "GET /whsy.php?e=auxv&p=%2Fproc%2F14725 HTTP/1.1" 200 1936 "http://firstdigitalbank.com/whsy.php?p=%2Fproc%2F14725" "Mozilla/5.0 AppleWebKit/537.36 (KHTML, like Gecko; compatible; GPTBot/1.3; +https://openai.com/gptbot)"
74.7.241.51 - - [13/Apr/2026:14:11:15 +0000] "GET /whsy.php?e=uid_map&p=%2Fproc%2F10313 HTTP/1.1" 200 2022 "http://www.firstdigitalbank.com.lab2454.com/whsy.php?p=%2Fproc%2F10313" "Mozilla/5.0 AppleWebKit/537.36 (KHTML, like Gecko; compatible; GPTBot/1.3; +https://openai.com/gptbot)"
74.7.227.7 - - [13/Apr/2026:14:11:18 +0000] "GET /whsy.php?e=syscall&p=%2Fproc%2F23926 HTTP/1.1" 200 1935 "http://firstdigitalbank.com/whsy.php?p=%2Fproc%2F23926" "Mozilla/5.0 AppleWebKit/537.36 (KHTML, like Gecko; compatible; GPTBot/1.3; +https://openai.com/gptbot)"
74.7.241.51 - - [13/Apr/2026:14:11:18 +0000] "GET /whsy.php?e=auxv&p=%2Fproc%2F10313 HTTP/1.1" 200 1936 "http://www.firstdigitalbank.com.lab2454.com/whsy.php?p=%2Fproc%2F10313" "Mozilla/5.0 AppleWebKit/537.36 (KHTML, like Gecko; compatible; GPTBot/1.3; +https://openai.com/gptbot)"
74.7.227.7 - - [13/Apr/2026:14:11:21 +0000] "GET /whsy.php?e=pagemap&p=%2Fproc%2F14101 HTTP/1.1" 200 1935 "http://firstdigitalbank.com/whsy.php?p=%2Fproc%2F14101" "Mozilla/5.0 AppleWebKit/537.36 (KHTML, like Gecko; compatible; GPTBot/1.3; +https://openai.com/gptbot)"
74.7.241.51 - - [13/Apr/2026:14:11:22 +0000] "GET /whsy.php?e=auxv&p=%2Fproc%2F12081 HTTP/1.1" 200 1936 "http://www.firstdigitalbank.com.lab2454.com/whsy.php?p=%2Fproc%2F12081" "Mozilla/5.0 AppleWebKit/537.36 (KHTML, like Gecko; compatible; GPTBot/1.3; +https://openai.com/gptbot)"
74.7.227.7 - - [13/Apr/2026:14:11:25 +0000] "GET /whsy.php?e=syscall&p=%2Fproc%2F20923 HTTP/1.1" 200 1935 "http://firstdigitalbank.com/whsy.php?p=%2Fproc%2F20923" "Mozilla/5.0 AppleWebKit/537.36 (KHTML, like Gecko; compatible; GPTBot/1.3; +https://openai.com/gptbot)"
74.7.241.51 - - [13/Apr/2026:14:11:25 +0000] "GET /whsy.php?e=stat&p=%2Fproc%2F30954 HTTP/1.1" 200 2105 "http://www.firstdigitalbank.com.lab2454.com/whsy.php?p=%2Fproc%2F30954" "Mozilla/5.0 AppleWebKit/537.36 (KHTML, like Gecko; compatible; GPTBot/1.3; +https://openai.com/gptbot)"
74.7.227.7 - - [13/Apr/2026:14:11:28 +0000] "GET /whsy.php?e=pagemap&p=%2Fproc%2F20923 HTTP/1.1" 200 1935 "http://firstdigitalbank.com/whsy.php?p=%2Fproc%2F20923" "Mozilla/5.0 AppleWebKit/537.36 (KHTML, like Gecko; compatible; GPTBot/1.3; +https://openai.com/gptbot)"
74.7.241.51 - - [13/Apr/2026:14:11:29 +0000] "GET /whsy.php?e=io&p=%2Fproc%2F30954 HTTP/1.1" 200 1936 "http://www.firstdigitalbank.com.lab2454.com/whsy.php?p=%2Fproc%2F30954" "Mozilla/5.0 AppleWebKit/537.36 (KHTML, like Gecko; compatible; GPTBot/1.3; +https://openai.com/gptbot)"
74.7.227.7 - - [13/Apr/2026:14:11:32 +0000] "GET /whsy.php?e=pagemap&p=%2Fproc%2F23926 HTTP/1.1" 200 1935 "http://firstdigitalbank.com/whsy.php?p=%2Fproc%2F23926" "Mozilla/5.0 AppleWebKit/537.36 (KHTML, like Gecko; compatible; GPTBot/1.3; +https://openai.com/gptbot)"
74.7.241.51 - - [13/Apr/2026:14:11:33 +0000] "GET /whsy.php?e=setgroups&p=%2Fproc%2F12081 HTTP/1.1" 200 2006 "http://www.firstdigitalbank.com.lab2454.com/whsy.php?p=%2Fproc%2F12081" "Mozilla/5.0 AppleWebKit/537.36 (KHTML, like Gecko; compatible; GPTBot/1.3; +https://openai.com/gptbot)"
74.7.227.7 - - [13/Apr/2026:14:11:36 +0000] "GET /whsy.php?e=wchan&p=%2Fproc%2F14179 HTTP/1.1" 200 1064 "http://firstdigitalbank.com/whsy.php?p=%2Fproc%2F14179" "Mozilla/5.0 AppleWebKit/537.36 (KHTML, like Gecko; compatible; GPTBot/1.3; +https://openai.com/gptbot)"
74.7.241.51 - - [13/Apr/2026:14:11:37 +0000] "GET /whsy.php?e=sessionid&p=%2Fproc%2F12081 HTTP/1.1" 200 2016 "http://www.firstdigitalbank.com.lab2454.com/whsy.php?p=%2Fproc%2F12081" "Mozilla/5.0 AppleWebKit/537.36 (KHTML, like Gecko; compatible; GPTBot/1.3; +https://openai.com/gptbot)"
74.7.227.7 - - [13/Apr/2026:14:11:41 +0000] "GET /whsy.php?e=statm&p=%2Fproc%2F14101 HTTP/1.1" 200 2030 "http://firstdigitalbank.com/whsy.php?p=%2Fproc%2F14101" "Mozilla/5.0 AppleWebKit/537.36 (KHTML, like Gecko; compatible; GPTBot/1.3; +https://openai.com/gptbot)"
74.7.241.51 - - [13/Apr/2026:14:11:42 +0000] "GET /whsy.php?e=mem&p=%2Fproc%2F12081 HTTP/1.1" 200 1936 "http://www.firstdigitalbank.com.lab2454.com/whsy.php?p=%2Fproc%2F12081" "Mozilla/5.0 AppleWebKit/537.36 (KHTML, like Gecko; compatible; GPTBot/1.3; +https://openai.com/gptbot)"
74.7.227.7 - - [13/Apr/2026:14:11:45 +0000] "GET /whsy.php?e=stack&p=%2Fproc%2F14101 HTTP/1.1" 200 1935 "http://firstdigitalbank.com/whsy.php?p=%2Fproc%2F14101" "Mozilla/5.0 AppleWebKit/537.36 (KHTML, like Gecko; compatible; GPTBot/1.3; +https://openai.com/gptbot)"
74.7.241.51 - - [13/Apr/2026:14:11:46 +0000] "GET /whsy.php?e=exe&p=%2Fproc%2F10313 HTTP/1.1" 200 1936 "http://www.firstdigitalbank.com.lab2454.com/whsy.php?p=%2Fproc%2F10313" "Mozilla/5.0 AppleWebKit/537.36 (KHTML, like Gecko; compatible; GPTBot/1.3; +https://openai.com/gptbot)"
74.7.227.7 - - [13/Apr/2026:14:11:48 +0000] "GET /whsy.php?e=wchan&p=%2Fproc%2F30858 HTTP/1.1" 200 1064 "http://firstdigitalbank.com/whsy.php?p=%2Fproc%2F30858" "Mozilla/5.0 AppleWebKit/537.36 (KHTML, like Gecko; compatible; GPTBot/1.3; +https://openai.com/gptbot)"
74.7.241.51 - - [13/Apr/2026:14:11:49 +0000] "GET /whsy.php?e=cwd&p=%2Fproc%2F10313 HTTP/1.1" 200 1936 "http://www.firstdigitalbank.com.lab2454.com/whsy.php?p=%2Fproc%2F10313" "Mozilla/5.0 AppleWebKit/537.36 (KHTML, like Gecko; compatible; GPTBot/1.3; +https://openai.com/gptbot)"
74.7.227.7 - - [13/Apr/2026:14:11:52 +0000] "GET /whsy.php?e=autogroup&p=%2Fproc%2F14101 HTTP/1.1" 200 2020 "http://firstdigitalbank.com/whsy.php?p=%2Fproc%2F14101" "Mozilla/5.0 AppleWebKit/537.36 (KHTML, like Gecko; compatible; GPTBot/1.3; +https://openai.com/gptbot)"
74.7.241.51 - - [13/Apr/2026:14:11:53 +0000] "GET /whsy.php?e=cwd&p=%2Fproc%2F12081 HTTP/1.1" 200 1936 "http://www.firstdigitalbank.com.lab2454.com/whsy.php?p=%2Fproc%2F12081" "Mozilla/5.0 AppleWebKit/537.36 (KHTML, like Gecko; compatible; GPTBot/1.3; +https://openai.com/gptbot)"
74.7.227.7 - - [13/Apr/2026:14:11:56 +0000] "GET /whsy.php?e=sessionid&p=%2Fproc%2F14725 HTTP/1.1" 200 2015 "http://firstdigitalbank.com/whsy.php?p=%2Fproc%2F14725" "Mozilla/5.0 AppleWebKit/537.36 (KHTML, like Gecko; compatible; GPTBot/1.3; +https://openai.com/gptbot)"
74.7.241.51 - - [13/Apr/2026:14:11:57 +0000] "GET /whsy.php?e=mem&p=%2Fproc%2F10313 HTTP/1.1" 200 1936 "http://www.firstdigitalbank.com.lab2454.com/whsy.php?p=%2Fproc%2F10313" "Mozilla/5.0 AppleWebKit/537.36 (KHTML, like Gecko; compatible; GPTBot/1.3; +https://openai.com/gptbot)"
74.7.227.7 - - [13/Apr/2026:14:11:59 +0000] "GET /whsy.php?e=setgroups&p=%2Fproc%2F14725 HTTP/1.1" 200 2008 "http://firstdigitalbank.com/whsy.php?p=%2Fproc%2F14725" "Mozilla/5.0 AppleWebKit/537.36 (KHTML, like Gecko; compatible; GPTBot/1.3; +https://openai.com/gptbot)"
74.7.241.51 - - [13/Apr/2026:14:12:00 +0000] "GET /whsy.php?e=exe&p=%2Fproc%2F12081 HTTP/1.1" 200 1936 "http://www.firstdigitalbank.com.lab2454.com/whsy.php?p=%2Fproc%2F12081" "Mozilla/5.0 AppleWebKit/537.36 (KHTML, like Gecko; compatible; GPTBot/1.3; +https://openai.com/gptbot)"
74.7.227.7 - - [13/Apr/2026:14:12:02 +0000] "GET /whsy.php?e=timerslack_ns&p=%2Fproc%2F14725 HTTP/1.1" 200 2008 "http://firstdigitalbank.com/whsy.php?p=%2Fproc%2F14725" "Mozilla/5.0 AppleWebKit/537.36 (KHTML, like Gecko; compatible; GPTBot/1.3; +https://openai.com/gptbot)"
74.7.241.51 - - [13/Apr/2026:14:12:03 +0000] "GET /whsy.php?e=root&p=%2Fproc%2F30954 HTTP/1.1" 200 1936 "http://www.firstdigitalbank.com.lab2454.com/whsy.php?p=%2Fproc%2F30954" "Mozilla/5.0 AppleWebKit/537.36 (KHTML, like Gecko; compatible; GPTBot/1.3; +https://openai.com/gptbot)"
74.7.227.7 - - [13/Apr/2026:14:12:06 +0000] "GET /whsy.php?e=timerslack_ns&p=%2Fproc%2F14101 HTTP/1.1" 200 2007 "http://firstdigitalbank.com/whsy.php?p=%2Fproc%2F14101" "Mozilla/5.0 AppleWebKit/537.36 (KHTML, like Gecko; compatible; GPTBot/1.3; +https://openai.com/gptbot)"
74.7.241.51 - - [13/Apr/2026:14:12:07 +0000] "GET /whsy.php?e=ksm_stat&p=%2Fproc%2F10313 HTTP/1.1" 200 1936 "http://www.firstdigitalbank.com.lab2454.com/whsy.php?p=%2Fproc%2F10313" "Mozilla/5.0 AppleWebKit/537.36 (KHTML, like Gecko; compatible; GPTBot/1.3; +https://openai.com/gptbot)"
74.7.227.7 - - [13/Apr/2026:14:12:09 +0000] "GET /whsy.php?e=setgroups&p=%2Fproc%2F30858 HTTP/1.1" 200 1064 "http://firstdigitalbank.com/whsy.php?p=%2Fproc%2F30858" "Mozilla/5.0 AppleWebKit/537.36 (KHTML, like Gecko; compatible; GPTBot/1.3; +https://openai.com/gptbot)"
74.7.241.51 - - [13/Apr/2026:14:12:10 +0000] "GET /whsy.php?e=ksm_stat&p=%2Fproc%2F12081 HTTP/1.1" 200 1936 "http://www.firstdigitalbank.com.lab2454.com/whsy.php?p=%2Fproc%2F12081" "Mozilla/5.0 AppleWebKit/537.36 (KHTML, like Gecko; compatible; GPTBot/1.3; +https://openai.com/gptbot)"
74.7.227.7 - - [13/Apr/2026:14:12:13 +0000] "GET /whsy.php?e=schedstat&p=%2Fproc%2F14725 HTTP/1.1" 200 2033 "http://firstdigitalbank.com/whsy.php?p=%2Fproc%2F14725" "Mozilla/5.0 AppleWebKit/537.36 (KHTML, like Gecko; compatible; GPTBot/1.3; +https://openai.com/gptbot)"
74.7.241.51 - - [13/Apr/2026:14:12:13 +0000] "GET /whsy.php?e=oom_adj&p=%2Fproc%2F12081 HTTP/1.1" 200 2007 "http://www.firstdigitalbank.com.lab2454.com/whsy.php?p=%2Fproc%2F12081" "Mozilla/5.0 AppleWebKit/537.36 (KHTML, like Gecko; compatible; GPTBot/1.3; +https://openai.com/gptbot)"
74.7.227.7 - - [13/Apr/2026:14:12:16 +0000] "GET /whsy.php?e=sessionid&p=%2Fproc%2F30858 HTTP/1.1" 200 1064 "http://firstdigitalbank.com/whsy.php?p=%2Fproc%2F30858" "Mozilla/5.0 AppleWebKit/537.36 (KHTML, like Gecko; compatible; GPTBot/1.3; +https://openai.com/gptbot)"
74.7.241.51 - - [13/Apr/2026:14:12:16 +0000] "GET /whsy.php?e=oom_score_adj&p=%2Fproc%2F30954 HTTP/1.1" 200 2008 "http://www.firstdigitalbank.com.lab2454.com/whsy.php?p=%2Fproc%2F30954" "Mozilla/5.0 AppleWebKit/537.36 (KHTML, like Gecko; compatible; GPTBot/1.3; +https://openai.com/gptbot)"
74.7.227.7 - - [13/Apr/2026:14:12:20 +0000] "GET /whsy.php?e=schedstat&p=%2Fproc%2F30858 HTTP/1.1" 200 1064 "http://firstdigitalbank.com/whsy.php?p=%2Fproc%2F30858" "Mozilla/5.0 AppleWebKit/537.36 (KHTML, like Gecko; compatible; GPTBot/1.3; +https://openai.com/gptbot)"
74.7.241.51 - - [13/Apr/2026:14:12:20 +0000] "GET /whsy.php?e=ksm_stat&p=%2Fproc%2F30954 HTTP/1.1" 200 1936 "http://www.firstdigitalbank.com.lab2454.com/whsy.php?p=%2Fproc%2F30954" "Mozilla/5.0 AppleWebKit/537.36 (KHTML, like Gecko; compatible; GPTBot/1.3; +https://openai.com/gptbot)"
74.7.227.7 - - [13/Apr/2026:14:12:23 +0000] "GET /whsy.php?e=setgroups&p=%2Fproc%2F14179 HTTP/1.1" 200 1064 "http://firstdigitalbank.com/whsy.php?p=%2Fproc%2F14179" "Mozilla/5.0 AppleWebKit/537.36 (KHTML, like Gecko; compatible; GPTBot/1.3; +https://openai.com/gptbot)"
74.7.241.51 - - [13/Apr/2026:14:12:24 +0000] "GET /whsy.php?e=cmdline&p=%2Fproc%2F12081 HTTP/1.1" 200 2023 "http://www.firstdigitalbank.com.lab2454.com/whsy.php?p=%2Fproc%2F12081" "Mozilla/5.0 AppleWebKit/537.36 (KHTML, like Gecko; compatible; GPTBot/1.3; +https://openai.com/gptbot)"
74.7.227.7 - - [13/Apr/2026:14:12:27 +0000] "GET /whsy.php?e=autogroup&p=%2Fproc%2F14725 HTTP/1.1" 200 2004 "http://firstdigitalbank.com/whsy.php?p=%2Fproc%2F14725" "Mozilla/5.0 AppleWebKit/537.36 (KHTML, like Gecko; compatible; GPTBot/1.3; +https://openai.com/gptbot)"
74.7.241.51 - - [13/Apr/2026:14:12:27 +0000] "GET /whsy.php?e=oom_score_adj&p=%2Fproc%2F12081 HTTP/1.1" 200 2007 "http://www.firstdigitalbank.com.lab2454.com/whsy.php?p=%2Fproc%2F12081" "Mozilla/5.0 AppleWebKit/537.36 (KHTML, like Gecko; compatible; GPTBot/1.3; +https://openai.com/gptbot)"
74.7.227.7 - - [13/Apr/2026:14:12:30 +0000] "GET /whsy.php?e=autogroup&p=%2Fproc%2F14179 HTTP/1.1" 200 1064 "http://firstdigitalbank.com/whsy.php?p=%2Fproc%2F14179" "Mozilla/5.0 AppleWebKit/537.36 (KHTML, like Gecko; compatible; GPTBot/1.3; +https://openai.com/gptbot)"
74.7.241.51 - - [13/Apr/2026:14:12:31 +0000] "GET /whsy.php?e=oom_score_adj&p=%2Fproc%2F10313 HTTP/1.1" 200 2007 "http://www.firstdigitalbank.com.lab2454.com/whsy.php?p=%2Fproc%2F10313" "Mozilla/5.0 AppleWebKit/537.36 (KHTML, like Gecko; compatible; GPTBot/1.3; +https://openai.com/gptbot)"
74.7.227.7 - - [13/Apr/2026:14:12:34 +0000] "GET /whsy.php?e=autogroup&p=%2Fproc%2F30858 HTTP/1.1" 200 1064 "http://firstdigitalbank.com/whsy.php?p=%2Fproc%2F30858" "Mozilla/5.0 AppleWebKit/537.36 (KHTML, like Gecko; compatible; GPTBot/1.3; +https://openai.com/gptbot)"
74.7.241.51 - - [13/Apr/2026:14:12:34 +0000] "GET /whsy.php?e=comm&p=%2Fproc%2F10313 HTTP/1.1" 200 2018 "http://www.firstdigitalbank.com.lab2454.com/whsy.php?p=%2Fproc%2F10313" "Mozilla/5.0 AppleWebKit/537.36 (KHTML, like Gecko; compatible; GPTBot/1.3; +https://openai.com/gptbot)"
74.7.227.7 - - [13/Apr/2026:14:12:37 +0000] "GET /whsy.php?e=schedstat&p=%2Fproc%2F14179 HTTP/1.1" 200 1064 "http://firstdigitalbank.com/whsy.php?p=%2Fproc%2F14179" "Mozilla/5.0 AppleWebKit/537.36 (KHTML, like Gecko; compatible; GPTBot/1.3; +https://openai.com/gptbot)"
74.7.241.51 - - [13/Apr/2026:14:12:38 +0000] "GET /whsy.php?e=maps&p=%2Fproc%2F10313 HTTP/1.1" 200 2003 "http://www.firstdigitalbank.com.lab2454.com/whsy.php?p=%2Fproc%2F10313" "Mozilla/5.0 AppleWebKit/537.36 (KHTML, like Gecko; compatible; GPTBot/1.3; +https://openai.com/gptbot)"
74.7.227.7 - - [13/Apr/2026:14:12:40 +0000] "GET /whsy.php?e=sessionid&p=%2Fproc%2F14179 HTTP/1.1" 200 1064 "http://firstdigitalbank.com/whsy.php?p=%2Fproc%2F14179" "Mozilla/5.0 AppleWebKit/537.36 (KHTML, like Gecko; compatible; GPTBot/1.3; +https://openai.com/gptbot)"
74.7.241.51 - - [13/Apr/2026:14:12:41 +0000] "GET /whsy.php?e=personality&p=%2Fproc%2F12081 HTTP/1.1" 200 1936 "http://www.firstdigitalbank.com.lab2454.com/whsy.php?p=%2Fproc%2F12081" "Mozilla/5.0 AppleWebKit/537.36 (KHTML, like Gecko; compatible; GPTBot/1.3; +https://openai.com/gptbot)"
74.7.227.7 - - [13/Apr/2026:14:12:44 +0000] "GET /whsy.php?e=wchan&p=%2Fproc%2F14725 HTTP/1.1" 200 2005 "http://firstdigitalbank.com/whsy.php?p=%2Fproc%2F14725" "Mozilla/5.0 AppleWebKit/537.36 (KHTML, like Gecko; compatible; GPTBot/1.3; +https://openai.com/gptbot)"
74.7.241.51 - - [13/Apr/2026:14:12:45 +0000] "GET /whsy.php?e=personality&p=%2Fproc%2F10313 HTTP/1.1" 200 1936 "http://www.firstdigitalbank.com.lab2454.com/whsy.php?p=%2Fproc%2F10313" "Mozilla/5.0 AppleWebKit/537.36 (KHTML, like Gecko; compatible; GPTBot/1.3; +https://openai.com/gptbot)"
74.7.227.7 - - [13/Apr/2026:14:12:47 +0000] "GET /whsy.php?e=uid_map&p=%2Fproc%2F14101 HTTP/1.1" 200 2022 "http://firstdigitalbank.com/whsy.php?p=%2Fproc%2F14101" "Mozilla/5.0 AppleWebKit/537.36 (KHTML, like Gecko; compatible; GPTBot/1.3; +https://openai.com/gptbot)"
74.7.241.51 - - [13/Apr/2026:14:12:48 +0000] "GET /whsy.php?e=maps&p=%2Fproc%2F12081 HTTP/1.1" 200 2123 "http://www.firstdigitalbank.com.lab2454.com/whsy.php?p=%2Fproc%2F12081" "Mozilla/5.0 AppleWebKit/537.36 (KHTML, like Gecko; compatible; GPTBot/1.3; +https://openai.com/gptbot)"
74.7.227.7 - - [13/Apr/2026:14:12:51 +0000] "GET /whsy.php?e=gid_map&p=%2Fproc%2F14101 HTTP/1.1" 200 2025 "http://firstdigitalbank.com/whsy.php?p=%2Fproc%2F14101" "Mozilla/5.0 AppleWebKit/537.36 (KHTML, like Gecko; compatible; GPTBot/1.3; +https://openai.com/gptbot)"
74.7.241.51 - - [13/Apr/2026:14:12:51 +0000] "GET /whsy.php?e=root&p=%2Fproc%2F12081 HTTP/1.1" 200 1936 "http://www.firstdigitalbank.com.lab2454.com/whsy.php?p=%2Fproc%2F12081" "Mozilla/5.0 AppleWebKit/537.36 (KHTML, like Gecko; compatible; GPTBot/1.3; +https://openai.com/gptbot)"
74.7.227.7 - - [13/Apr/2026:14:12:54 +0000] "GET /whsy.php?e=auxv&p=%2Fproc%2F20923 HTTP/1.1" 200 1935 "http://firstdigitalbank.com/whsy.php?p=%2Fproc%2F20923" "Mozilla/5.0 AppleWebKit/537.36 (KHTML, like Gecko; compatible; GPTBot/1.3; +https://openai.com/gptbot)"
74.7.241.51 - - [13/Apr/2026:14:12:55 +0000] "GET /whsy.php?e=comm&p=%2Fproc%2F12081 HTTP/1.1" 200 2008 "http://www.firstdigitalbank.com.lab2454.com/whsy.php?p=%2Fproc%2F12081" "Mozilla/5.0 AppleWebKit/537.36 (KHTML, like Gecko; compatible; GPTBot/1.3; +https://openai.com/gptbot)"
74.7.227.7 - - [13/Apr/2026:14:12:58 +0000] "GET /whsy.php?e=stat&p=%2Fproc%2F30858 HTTP/1.1" 200 1064 "http://firstdigitalbank.com/whsy.php?p=%2Fproc%2F30858" "Mozilla/5.0 AppleWebKit/537.36 (KHTML, like Gecko; compatible; GPTBot/1.3; +https://openai.com/gptbot)"
74.7.241.51 - - [13/Apr/2026:14:12:59 +0000] "GET /whsy.php?e=root&p=%2Fproc%2F10313 HTTP/1.1" 200 1936 "http://www.firstdigitalbank.com.lab2454.com/whsy.php?p=%2Fproc%2F10313" "Mozilla/5.0 AppleWebKit/537.36 (KHTML, like Gecko; compatible; GPTBot/1.3; +https://openai.com/gptbot)"
74.7.227.7 - - [13/Apr/2026:14:13:01 +0000] "GET /whsy.php?e=stat&p=%2Fproc%2F14179 HTTP/1.1" 200 1064 "http://firstdigitalbank.com/whsy.php?p=%2Fproc%2F14179" "Mozilla/5.0 AppleWebKit/537.36 (KHTML, like Gecko; compatible; GPTBot/1.3; +https://openai.com/gptbot)"
74.7.241.51 - - [13/Apr/2026:14:13:02 +0000] "GET /whsy.php?e=stat&p=%2Fproc%2F10313 HTTP/1.1" 200 2101 "http://www.firstdigitalbank.com.lab2454.com/whsy.php?p=%2Fproc%2F10313" "Mozilla/5.0 AppleWebKit/537.36 (KHTML, like Gecko; compatible; GPTBot/1.3; +https://openai.com/gptbot)"
74.7.227.7 - - [13/Apr/2026:14:13:04 +0000] "GET /whsy.php?e=auxv&p=%2Fproc%2F23926 HTTP/1.1" 200 1935 "http://firstdigitalbank.com/whsy.php?p=%2Fproc%2F23926" "Mozilla/5.0 AppleWebKit/537.36 (KHTML, like Gecko; compatible; GPTBot/1.3; +https://openai.com/gptbot)"
74.7.241.51 - - [13/Apr/2026:14:13:05 +0000] "GET /whsy.php?e=cpuset&p=%2Fproc%2F12081 HTTP/1.1" 200 2005 "http://www.firstdigitalbank.com.lab2454.com/whsy.php?p=%2Fproc%2F12081" "Mozilla/5.0 AppleWebKit/537.36 (KHTML, like Gecko; compatible; GPTBot/1.3; +https://openai.com/gptbot)"
74.7.227.7 - - [13/Apr/2026:14:13:08 +0000] "GET /whsy.php?e=schedstat&p=%2Fproc%2F14101 HTTP/1.1" 200 2025 "http://firstdigitalbank.com/whsy.php?p=%2Fproc%2F14101" "Mozilla/5.0 AppleWebKit/537.36 (KHTML, like Gecko; compatible; GPTBot/1.3; +https://openai.com/gptbot)"
74.7.241.51 - - [13/Apr/2026:14:13:09 +0000] "GET /whsy.php?e=cgroup&p=%2Fproc%2F12081 HTTP/1.1" 200 2138 "http://www.firstdigitalbank.com.lab2454.com/whsy.php?p=%2Fproc%2F12081" "Mozilla/5.0 AppleWebKit/537.36 (KHTML, like Gecko; compatible; GPTBot/1.3; +https://openai.com/gptbot)"
74.7.227.7 - - [13/Apr/2026:14:13:12 +0000] "GET /whsy.php?e=autogroup&p=%2Fproc%2F23926 HTTP/1.1" 200 2003 "http://firstdigitalbank.com/whsy.php?p=%2Fproc%2F23926" "Mozilla/5.0 AppleWebKit/537.36 (KHTML, like Gecko; compatible; GPTBot/1.3; +https://openai.com/gptbot)"
74.7.241.51 - - [13/Apr/2026:14:13:12 +0000] "GET /whsy.php?e=cmdline&p=%2Fproc%2F30954 HTTP/1.1" 200 2002 "http://www.firstdigitalbank.com.lab2454.com/whsy.php?p=%2Fproc%2F30954" "Mozilla/5.0 AppleWebKit/537.36 (KHTML, like Gecko; compatible; GPTBot/1.3; +https://openai.com/gptbot)"
74.7.227.7 - - [13/Apr/2026:14:13:15 +0000] "GET /whsy.php?e=autogroup&p=%2Fproc%2F20923 HTTP/1.1" 200 2003 "http://firstdigitalbank.com/whsy.php?p=%2Fproc%2F20923" "Mozilla/5.0 AppleWebKit/537.36 (KHTML, like Gecko; compatible; GPTBot/1.3; +https://openai.com/gptbot)"
