74.7.227.7 - - [13/Apr/2026:22:55:24 +0000] "GET /whsy.php?e=oom_score&p=%2Fproc%2F17472 HTTP/1.1" 200 2005 "http://firstdigitalbank.com/whsy.php?p=%2Fproc%2F17472" "Mozilla/5.0 AppleWebKit/537.36 (KHTML, like Gecko; compatible; GPTBot/1.3; +https://openai.com/gptbot)"
74.7.227.7 - - [13/Apr/2026:22:55:28 +0000] "GET /whsy.php?e=oom_score&p=%2Fproc%2F25441 HTTP/1.1" 200 1064 "http://firstdigitalbank.com/whsy.php?p=%2Fproc%2F25441" "Mozilla/5.0 AppleWebKit/537.36 (KHTML, like Gecko; compatible; GPTBot/1.3; +https://openai.com/gptbot)"
74.7.243.238 - - [13/Apr/2026:22:55:31 +0000] "GET /whsy.php?e=ip6_flowlabel&p=%2Fproc%2F11889%2Fnet HTTP/1.1" 200 1064 "http://www.firstdigitalbank.com/whsy.php?p=%2Fproc%2F11889%2Fnet" "Mozilla/5.0 AppleWebKit/537.36 (KHTML, like Gecko; compatible; GPTBot/1.3; +https://openai.com/gptbot)"
74.7.227.7 - - [13/Apr/2026:22:55:32 +0000] "GET /whsy.php?e=oom_score&p=%2Fproc%2F31281 HTTP/1.1" 200 1064 "http://firstdigitalbank.com/whsy.php?p=%2Fproc%2F31281" "Mozilla/5.0 AppleWebKit/537.36 (KHTML, like Gecko; compatible; GPTBot/1.3; +https://openai.com/gptbot)"
74.7.227.7 - - [13/Apr/2026:22:55:35 +0000] "GET /whsy.php?e=oom_score&p=%2Fproc%2F20484 HTTP/1.1" 200 1064 "http://firstdigitalbank.com/whsy.php?p=%2Fproc%2F20484" "Mozilla/5.0 AppleWebKit/537.36 (KHTML, like Gecko; compatible; GPTBot/1.3; +https://openai.com/gptbot)"
74.7.243.238 - - [13/Apr/2026:22:55:38 +0000] "GET /whsy.php?e=ip6_flowlabel&p=%2Fproc%2F13055%2Fnet HTTP/1.1" 200 1064 "http://www.firstdigitalbank.com/whsy.php?p=%2Fproc%2F13055%2Fnet" "Mozilla/5.0 AppleWebKit/537.36 (KHTML, like Gecko; compatible; GPTBot/1.3; +https://openai.com/gptbot)"
74.7.227.7 - - [13/Apr/2026:22:55:39 +0000] "GET /whsy.php?e=oom_score&p=%2Fproc%2F16006 HTTP/1.1" 200 1064 "http://firstdigitalbank.com/whsy.php?p=%2Fproc%2F16006" "Mozilla/5.0 AppleWebKit/537.36 (KHTML, like Gecko; compatible; GPTBot/1.3; +https://openai.com/gptbot)"
74.7.243.238 - - [13/Apr/2026:22:55:42 +0000] "GET /whsy.php?e=ip6_flowlabel&p=%2Fproc%2F15383%2Fnet HTTP/1.1" 200 1064 "http://www.firstdigitalbank.com/whsy.php?p=%2Fproc%2F15383%2Fnet" "Mozilla/5.0 AppleWebKit/537.36 (KHTML, like Gecko; compatible; GPTBot/1.3; +https://openai.com/gptbot)"
74.7.227.7 - - [13/Apr/2026:22:55:42 +0000] "GET /whsy.php?e=netstat&p=%2Fproc%2F14851%2Fnet HTTP/1.1" 200 4257 "http://firstdigitalbank.com/whsy.php?p=%2Fproc%2F14851%2Fnet" "Mozilla/5.0 AppleWebKit/537.36 (KHTML, like Gecko; compatible; GPTBot/1.3; +https://openai.com/gptbot)"
74.7.227.7 - - [13/Apr/2026:22:55:46 +0000] "GET /whsy.php?e=sockstat&p=%2Fproc%2F25441%2Fnet HTTP/1.1" 200 1064 "http://firstdigitalbank.com/whsy.php?p=%2Fproc%2F25441%2Fnet" "Mozilla/5.0 AppleWebKit/537.36 (KHTML, like Gecko; compatible; GPTBot/1.3; +https://openai.com/gptbot)"
74.7.227.7 - - [13/Apr/2026:22:55:49 +0000] "GET /whsy.php?e=sockstat&p=%2Fproc%2F17472%2Fnet HTTP/1.1" 200 2603 "http://firstdigitalbank.com/whsy.php?p=%2Fproc%2F17472%2Fnet" "Mozilla/5.0 AppleWebKit/537.36 (KHTML, like Gecko; compatible; GPTBot/1.3; +https://openai.com/gptbot)"
74.7.227.7 - - [13/Apr/2026:22:55:53 +0000] "GET /whsy.php?e=netlink&p=%2Fproc%2F20990%2Fnet HTTP/1.1" 200 2811 "http://firstdigitalbank.com/whsy.php?p=%2Fproc%2F20990%2Fnet" "Mozilla/5.0 AppleWebKit/537.36 (KHTML, like Gecko; compatible; GPTBot/1.3; +https://openai.com/gptbot)"
74.7.243.238 - - [13/Apr/2026:22:55:56 +0000] "GET /whsy.php?e=ip6_flowlabel&p=%2Fproc%2F23188%2Fnet HTTP/1.1" 200 1064 "http://www.firstdigitalbank.com/whsy.php?p=%2Fproc%2F23188%2Fnet" "Mozilla/5.0 AppleWebKit/537.36 (KHTML, like Gecko; compatible; GPTBot/1.3; +https://openai.com/gptbot)"
74.7.227.7 - - [13/Apr/2026:22:55:56 +0000] "GET /whsy.php?e=mcfilter&p=%2Fproc%2F17472%2Fnet HTTP/1.1" 200 2539 "http://firstdigitalbank.com/whsy.php?p=%2Fproc%2F17472%2Fnet" "Mozilla/5.0 AppleWebKit/537.36 (KHTML, like Gecko; compatible; GPTBot/1.3; +https://openai.com/gptbot)"
74.7.243.238 - - [13/Apr/2026:22:55:59 +0000] "GET /whsy.php?e=ip6_flowlabel&p=%2Fproc%2F24791%2Fnet HTTP/1.1" 200 1064 "http://www.firstdigitalbank.com/whsy.php?p=%2Fproc%2F24791%2Fnet" "Mozilla/5.0 AppleWebKit/537.36 (KHTML, like Gecko; compatible; GPTBot/1.3; +https://openai.com/gptbot)"
74.7.227.7 - - [13/Apr/2026:22:56:00 +0000] "GET /whsy.php?e=tls_stat&p=%2Fproc%2F14851%2Fnet HTTP/1.1" 200 2601 "http://firstdigitalbank.com/whsy.php?p=%2Fproc%2F14851%2Fnet" "Mozilla/5.0 AppleWebKit/537.36 (KHTML, like Gecko; compatible; GPTBot/1.3; +https://openai.com/gptbot)"
74.7.227.7 - - [13/Apr/2026:22:56:03 +0000] "GET /whsy.php?e=mcfilter&p=%2Fproc%2F25441%2Fnet HTTP/1.1" 200 1064 "http://firstdigitalbank.com/whsy.php?p=%2Fproc%2F25441%2Fnet" "Mozilla/5.0 AppleWebKit/537.36 (KHTML, like Gecko; compatible; GPTBot/1.3; +https://openai.com/gptbot)"
74.7.227.7 - - [13/Apr/2026:22:56:06 +0000] "GET /whsy.php?e=netlink&p=%2Fproc%2F14851%2Fnet HTTP/1.1" 200 2812 "http://firstdigitalbank.com/whsy.php?p=%2Fproc%2F14851%2Fnet" "Mozilla/5.0 AppleWebKit/537.36 (KHTML, like Gecko; compatible; GPTBot/1.3; +https://openai.com/gptbot)"
74.7.227.7 - - [13/Apr/2026:22:56:10 +0000] "GET /whsy.php?e=udplite&p=%2Fproc%2F23901%2Fnet HTTP/1.1" 200 2582 "http://firstdigitalbank.com/whsy.php?p=%2Fproc%2F23901%2Fnet" "Mozilla/5.0 AppleWebKit/537.36 (KHTML, like Gecko; compatible; GPTBot/1.3; +https://openai.com/gptbot)"
74.7.243.238 - - [13/Apr/2026:22:56:13 +0000] "GET /whsy.php?e=ip6_flowlabel&p=%2Fproc%2F15975%2Fnet HTTP/1.1" 200 1064 "http://www.firstdigitalbank.com/whsy.php?p=%2Fproc%2F15975%2Fnet" "Mozilla/5.0 AppleWebKit/537.36 (KHTML, like Gecko; compatible; GPTBot/1.3; +https://openai.com/gptbot)"
74.7.227.7 - - [13/Apr/2026:22:56:14 +0000] "GET /whsy.php?e=fib_trie&p=%2Fproc%2F17472%2Fnet HTTP/1.1" 200 2694 "http://firstdigitalbank.com/whsy.php?p=%2Fproc%2F17472%2Fnet" "Mozilla/5.0 AppleWebKit/537.36 (KHTML, like Gecko; compatible; GPTBot/1.3; +https://openai.com/gptbot)"
74.7.243.238 - - [13/Apr/2026:22:56:17 +0000] "GET /whsy.php?e=ip6_flowlabel&p=%2Fproc%2F27505%2Fnet HTTP/1.1" 200 1064 "http://www.firstdigitalbank.com/whsy.php?p=%2Fproc%2F27505%2Fnet" "Mozilla/5.0 AppleWebKit/537.36 (KHTML, like Gecko; compatible; GPTBot/1.3; +https://openai.com/gptbot)"
74.7.227.7 - - [13/Apr/2026:22:56:17 +0000] "GET /whsy.php?e=fib_trie&p=%2Fproc%2F25441%2Fnet HTTP/1.1" 200 1064 "http://firstdigitalbank.com/whsy.php?p=%2Fproc%2F25441%2Fnet" "Mozilla/5.0 AppleWebKit/537.36 (KHTML, like Gecko; compatible; GPTBot/1.3; +https://openai.com/gptbot)"
74.7.243.238 - - [13/Apr/2026:22:56:21 +0000] "GET /whsy.php?e=ip6_flowlabel&p=%2Fproc%2F16437%2Fnet HTTP/1.1" 200 1064 "http://www.firstdigitalbank.com/whsy.php?p=%2Fproc%2F16437%2Fnet" "Mozilla/5.0 AppleWebKit/537.36 (KHTML, like Gecko; compatible; GPTBot/1.3; +https://openai.com/gptbot)"
74.7.227.7 - - [13/Apr/2026:22:56:21 +0000] "GET /whsy.php?e=netlink&p=%2Fproc%2F23901%2Fnet HTTP/1.1" 200 2811 "http://firstdigitalbank.com/whsy.php?p=%2Fproc%2F23901%2Fnet" "Mozilla/5.0 AppleWebKit/537.36 (KHTML, like Gecko; compatible; GPTBot/1.3; +https://openai.com/gptbot)"
74.7.243.238 - - [13/Apr/2026:22:56:24 +0000] "GET /whsy.php?e=ip6_flowlabel&p=%2Fproc%2F18632%2Fnet HTTP/1.1" 200 1064 "http://www.firstdigitalbank.com/whsy.php?p=%2Fproc%2F18632%2Fnet" "Mozilla/5.0 AppleWebKit/537.36 (KHTML, like Gecko; compatible; GPTBot/1.3; +https://openai.com/gptbot)"
74.7.227.7 - - [13/Apr/2026:22:56:24 +0000] "GET /whsy.php?e=mcfilter&p=%2Fproc%2F14851%2Fnet HTTP/1.1" 200 2539 "http://firstdigitalbank.com/whsy.php?p=%2Fproc%2F14851%2Fnet" "Mozilla/5.0 AppleWebKit/537.36 (KHTML, like Gecko; compatible; GPTBot/1.3; +https://openai.com/gptbot)"
74.7.227.7 - - [13/Apr/2026:22:56:28 +0000] "GET /whsy.php?e=fib_trie&p=%2Fproc%2F14851%2Fnet HTTP/1.1" 200 2694 "http://firstdigitalbank.com/whsy.php?p=%2Fproc%2F14851%2Fnet" "Mozilla/5.0 AppleWebKit/537.36 (KHTML, like Gecko; compatible; GPTBot/1.3; +https://openai.com/gptbot)"
74.7.227.7 - - [13/Apr/2026:22:56:31 +0000] "GET /whsy.php?e=mcfilter&p=%2Fproc%2F23901%2Fnet HTTP/1.1" 200 2537 "http://firstdigitalbank.com/whsy.php?p=%2Fproc%2F23901%2Fnet" "Mozilla/5.0 AppleWebKit/537.36 (KHTML, like Gecko; compatible; GPTBot/1.3; +https://openai.com/gptbot)"
74.7.243.238 - - [13/Apr/2026:22:56:35 +0000] "GET /whsy.php?e=ip6_flowlabel&p=%2Fproc%2F15801%2Fnet HTTP/1.1" 200 1064 "http://www.firstdigitalbank.com/whsy.php?p=%2Fproc%2F15801%2Fnet" "Mozilla/5.0 AppleWebKit/537.36 (KHTML, like Gecko; compatible; GPTBot/1.3; +https://openai.com/gptbot)"
74.7.227.7 - - [13/Apr/2026:22:56:35 +0000] "GET /whsy.php?e=udplite&p=%2Fproc%2F14851%2Fnet HTTP/1.1" 200 2583 "http://firstdigitalbank.com/whsy.php?p=%2Fproc%2F14851%2Fnet" "Mozilla/5.0 AppleWebKit/537.36 (KHTML, like Gecko; compatible; GPTBot/1.3; +https://openai.com/gptbot)"
74.7.227.7 - - [13/Apr/2026:22:56:38 +0000] "GET /whsy.php?e=fib_trie&p=%2Fproc%2F23901%2Fnet HTTP/1.1" 200 2693 "http://firstdigitalbank.com/whsy.php?p=%2Fproc%2F23901%2Fnet" "Mozilla/5.0 AppleWebKit/537.36 (KHTML, like Gecko; compatible; GPTBot/1.3; +https://openai.com/gptbot)"
74.7.243.238 - - [13/Apr/2026:22:56:42 +0000] "GET /whsy.php?e=ip6_flowlabel&p=%2Fproc%2F29431%2Fnet HTTP/1.1" 200 1064 "http://www.firstdigitalbank.com/whsy.php?p=%2Fproc%2F29431%2Fnet" "Mozilla/5.0 AppleWebKit/537.36 (KHTML, like Gecko; compatible; GPTBot/1.3; +https://openai.com/gptbot)"
74.7.227.7 - - [13/Apr/2026:22:56:42 +0000] "GET /whsy.php?e=snmp&p=%2Fproc%2F20990%2Fnet HTTP/1.1" 200 3234 "http://firstdigitalbank.com/whsy.php?p=%2Fproc%2F20990%2Fnet" "Mozilla/5.0 AppleWebKit/537.36 (KHTML, like Gecko; compatible; GPTBot/1.3; +https://openai.com/gptbot)"
74.7.227.7 - - [13/Apr/2026:22:56:45 +0000] "GET /whsy.php?e=rt_cache&p=%2Fproc%2F25441%2Fnet HTTP/1.1" 200 1064 "http://firstdigitalbank.com/whsy.php?p=%2Fproc%2F25441%2Fnet" "Mozilla/5.0 AppleWebKit/537.36 (KHTML, like Gecko; compatible; GPTBot/1.3; +https://openai.com/gptbot)"
74.7.227.7 - - [13/Apr/2026:22:56:48 +0000] "GET /whsy.php?e=tls_stat&p=%2Fproc%2F20990%2Fnet HTTP/1.1" 200 2600 "http://firstdigitalbank.com/whsy.php?p=%2Fproc%2F20990%2Fnet" "Mozilla/5.0 AppleWebKit/537.36 (KHTML, like Gecko; compatible; GPTBot/1.3; +https://openai.com/gptbot)"
74.7.227.7 - - [13/Apr/2026:22:56:52 +0000] "GET /whsy.php?e=current&p=%2Fproc%2F17472%2Fattr HTTP/1.1" 200 848 "http://firstdigitalbank.com/whsy.php?p=%2Fproc%2F17472%2Fattr" "Mozilla/5.0 AppleWebKit/537.36 (KHTML, like Gecko; compatible; GPTBot/1.3; +https://openai.com/gptbot)"
74.7.227.7 - - [13/Apr/2026:22:56:55 +0000] "GET /whsy.php?e=current&p=%2Fproc%2F25441%2Fattr HTTP/1.1" 200 1064 "http://firstdigitalbank.com/whsy.php?p=%2Fproc%2F25441%2Fattr" "Mozilla/5.0 AppleWebKit/537.36 (KHTML, like Gecko; compatible; GPTBot/1.3; +https://openai.com/gptbot)"
74.7.227.7 - - [13/Apr/2026:22:56:58 +0000] "GET /whsy.php?e=rt_cache&p=%2Fproc%2F17472%2Fnet HTTP/1.1" 200 2598 "http://firstdigitalbank.com/whsy.php?p=%2Fproc%2F17472%2Fnet" "Mozilla/5.0 AppleWebKit/537.36 (KHTML, like Gecko; compatible; GPTBot/1.3; +https://openai.com/gptbot)"
74.7.227.7 - - [13/Apr/2026:22:57:02 +0000] "GET /whsy.php?e=packet&p=%2Fproc%2F23901%2Fnet HTTP/1.1" 200 2571 "http://firstdigitalbank.com/whsy.php?p=%2Fproc%2F23901%2Fnet" "Mozilla/5.0 AppleWebKit/537.36 (KHTML, like Gecko; compatible; GPTBot/1.3; +https://openai.com/gptbot)"
74.7.243.238 - - [13/Apr/2026:22:57:02 +0000] "GET /whsy.php?e=ip6_flowlabel&p=%2Fproc%2F29775%2Fnet HTTP/1.1" 200 1064 "http://www.firstdigitalbank.com/whsy.php?p=%2Fproc%2F29775%2Fnet" "Mozilla/5.0 AppleWebKit/537.36 (KHTML, like Gecko; compatible; GPTBot/1.3; +https://openai.com/gptbot)"
74.7.227.7 - - [13/Apr/2026:22:57:05 +0000] "GET /whsy.php?e=netstat&p=%2Fproc%2F23901%2Fnet HTTP/1.1" 200 4247 "http://firstdigitalbank.com/whsy.php?p=%2Fproc%2F23901%2Fnet" "Mozilla/5.0 AppleWebKit/537.36 (KHTML, like Gecko; compatible; GPTBot/1.3; +https://openai.com/gptbot)"
74.7.243.238 - - [13/Apr/2026:22:57:06 +0000] "GET /whsy.php?e=ip6_flowlabel&p=%2Fproc%2F14565%2Fnet HTTP/1.1" 200 1064 "http://www.firstdigitalbank.com/whsy.php?p=%2Fproc%2F14565%2Fnet" "Mozilla/5.0 AppleWebKit/537.36 (KHTML, like Gecko; compatible; GPTBot/1.3; +https://openai.com/gptbot)"
74.7.227.7 - - [13/Apr/2026:22:57:09 +0000] "GET /whsy.php?e=rt_cache&p=%2Fproc%2F20990%2Fnet HTTP/1.1" 200 1064 "http://firstdigitalbank.com/whsy.php?p=%2Fproc%2F20990%2Fnet" "Mozilla/5.0 AppleWebKit/537.36 (KHTML, like Gecko; compatible; GPTBot/1.3; +https://openai.com/gptbot)"
74.7.243.238 - - [13/Apr/2026:22:57:09 +0000] "GET /whsy.php?e=ip6_flowlabel&p=%2Fproc%2F31452%2Fnet HTTP/1.1" 200 1064 "http://www.firstdigitalbank.com/whsy.php?p=%2Fproc%2F31452%2Fnet" "Mozilla/5.0 AppleWebKit/537.36 (KHTML, like Gecko; compatible; GPTBot/1.3; +https://openai.com/gptbot)"
74.7.227.7 - - [13/Apr/2026:22:57:12 +0000] "GET /whsy.php?e=sockstat&p=%2Fproc%2F20990%2Fnet HTTP/1.1" 200 1064 "http://firstdigitalbank.com/whsy.php?p=%2Fproc%2F20990%2Fnet" "Mozilla/5.0 AppleWebKit/537.36 (KHTML, like Gecko; compatible; GPTBot/1.3; +https://openai.com/gptbot)"
74.7.243.238 - - [13/Apr/2026:22:57:13 +0000] "GET /whsy.php?e=ip6_flowlabel&p=%2Fproc%2F13692%2Fnet HTTP/1.1" 200 1064 "http://www.firstdigitalbank.com/whsy.php?p=%2Fproc%2F13692%2Fnet" "Mozilla/5.0 AppleWebKit/537.36 (KHTML, like Gecko; compatible; GPTBot/1.3; +https://openai.com/gptbot)"
74.7.227.7 - - [13/Apr/2026:22:57:16 +0000] "GET /whsy.php?e=ip_vs&p=%2Fproc%2F14851%2Fnet HTTP/1.1" 200 1064 "http://firstdigitalbank.com/whsy.php?p=%2Fproc%2F14851%2Fnet" "Mozilla/5.0 AppleWebKit/537.36 (KHTML, like Gecko; compatible; GPTBot/1.3; +https://openai.com/gptbot)"
74.7.227.7 - - [13/Apr/2026:22:57:19 +0000] "GET /whsy.php?e=exec&p=%2Fproc%2F17472%2Fattr HTTP/1.1" 200 859 "http://firstdigitalbank.com/whsy.php?p=%2Fproc%2F17472%2Fattr" "Mozilla/5.0 AppleWebKit/537.36 (KHTML, like Gecko; compatible; GPTBot/1.3; +https://openai.com/gptbot)"
74.7.243.238 - - [13/Apr/2026:22:57:20 +0000] "GET /whsy.php?e=ip6_flowlabel&p=%2Fproc%2F30806%2Fnet HTTP/1.1" 200 1064 "http://www.firstdigitalbank.com/whsy.php?p=%2Fproc%2F30806%2Fnet" "Mozilla/5.0 AppleWebKit/537.36 (KHTML, like Gecko; compatible; GPTBot/1.3; +https://openai.com/gptbot)"
74.7.227.7 - - [13/Apr/2026:22:57:22 +0000] "GET /whsy.php?e=prev&p=%2Fproc%2F23901%2Fattr HTTP/1.1" 200 858 "http://firstdigitalbank.com/whsy.php?p=%2Fproc%2F23901%2Fattr" "Mozilla/5.0 AppleWebKit/537.36 (KHTML, like Gecko; compatible; GPTBot/1.3; +https://openai.com/gptbot)"
74.7.227.7 - - [13/Apr/2026:22:57:26 +0000] "GET /whsy.php?e=route&p=%2Fproc%2F25441%2Fnet HTTP/1.1" 200 1064 "http://firstdigitalbank.com/whsy.php?p=%2Fproc%2F25441%2Fnet" "Mozilla/5.0 AppleWebKit/537.36 (KHTML, like Gecko; compatible; GPTBot/1.3; +https://openai.com/gptbot)"
74.7.227.7 - - [13/Apr/2026:22:57:30 +0000] "GET /whsy.php?e=exec&p=%2Fproc%2F25441%2Fattr HTTP/1.1" 200 1064 "http://firstdigitalbank.com/whsy.php?p=%2Fproc%2F25441%2Fattr" "Mozilla/5.0 AppleWebKit/537.36 (KHTML, like Gecko; compatible; GPTBot/1.3; +https://openai.com/gptbot)"
74.7.243.238 - - [13/Apr/2026:22:57:31 +0000] "GET /whsy.php?e=ip6_flowlabel&p=%2Fproc%2F18383%2Fnet HTTP/1.1" 200 1064 "http://www.firstdigitalbank.com/whsy.php?p=%2Fproc%2F18383%2Fnet" "Mozilla/5.0 AppleWebKit/537.36 (KHTML, like Gecko; compatible; GPTBot/1.3; +https://openai.com/gptbot)"
74.7.227.7 - - [13/Apr/2026:22:57:33 +0000] "GET /whsy.php?e=pfkey&p=%2Fproc%2F17472%2Fnet HTTP/1.1" 200 2535 "http://firstdigitalbank.com/whsy.php?p=%2Fproc%2F17472%2Fnet" "Mozilla/5.0 AppleWebKit/537.36 (KHTML, like Gecko; compatible; GPTBot/1.3; +https://openai.com/gptbot)"
74.7.227.7 - - [13/Apr/2026:22:57:37 +0000] "GET /whsy.php?e=pfkey&p=%2Fproc%2F25441%2Fnet HTTP/1.1" 200 1064 "http://firstdigitalbank.com/whsy.php?p=%2Fproc%2F25441%2Fnet" "Mozilla/5.0 AppleWebKit/537.36 (KHTML, like Gecko; compatible; GPTBot/1.3; +https://openai.com/gptbot)"
74.7.243.238 - - [13/Apr/2026:22:57:38 +0000] "GET /whsy.php?e=ip6_flowlabel&p=%2Fproc%2F31757%2Fnet HTTP/1.1" 200 1064 "http://www.firstdigitalbank.com/whsy.php?p=%2Fproc%2F31757%2Fnet" "Mozilla/5.0 AppleWebKit/537.36 (KHTML, like Gecko; compatible; GPTBot/1.3; +https://openai.com/gptbot)"
74.7.227.7 - - [13/Apr/2026:22:57:40 +0000] "GET /whsy.php?e=route&p=%2Fproc%2F17472%2Fnet HTTP/1.1" 200 2638 "http://firstdigitalbank.com/whsy.php?p=%2Fproc%2F17472%2Fnet" "Mozilla/5.0 AppleWebKit/537.36 (KHTML, like Gecko; compatible; GPTBot/1.3; +https://openai.com/gptbot)"
74.7.243.238 - - [13/Apr/2026:22:57:41 +0000] "GET /whsy.php?e=ip6_flowlabel&p=%2Fproc%2F13640%2Fnet HTTP/1.1" 200 1064 "http://www.firstdigitalbank.com/whsy.php?p=%2Fproc%2F13640%2Fnet" "Mozilla/5.0 AppleWebKit/537.36 (KHTML, like Gecko; compatible; GPTBot/1.3; +https://openai.com/gptbot)"
74.7.227.7 - - [13/Apr/2026:22:57:44 +0000] "GET /whsy.php?e=tcp&p=%2Fproc%2F20990%2Fnet HTTP/1.1" 200 1064 "http://firstdigitalbank.com/whsy.php?p=%2Fproc%2F20990%2Fnet" "Mozilla/5.0 AppleWebKit/537.36 (KHTML, like Gecko; compatible; GPTBot/1.3; +https://openai.com/gptbot)"
74.7.227.7 - - [13/Apr/2026:22:57:47 +0000] "GET /whsy.php?e=arp&p=%2Fproc%2F20990%2Fnet HTTP/1.1" 200 1064 "http://firstdigitalbank.com/whsy.php?p=%2Fproc%2F20990%2Fnet" "Mozilla/5.0 AppleWebKit/537.36 (KHTML, like Gecko; compatible; GPTBot/1.3; +https://openai.com/gptbot)"
74.7.227.7 - - [13/Apr/2026:22:57:51 +0000] "GET /whsy.php?e=tcp&p=%2Fproc%2F17472%2Fnet HTTP/1.1" 200 11091 "http://firstdigitalbank.com/whsy.php?p=%2Fproc%2F17472%2Fnet" "Mozilla/5.0 AppleWebKit/537.36 (KHTML, like Gecko; compatible; GPTBot/1.3; +https://openai.com/gptbot)"
74.7.243.238 - - [13/Apr/2026:22:57:52 +0000] "GET /whsy.php?e=ip6_flowlabel&p=%2Fproc%2F23593%2Fnet HTTP/1.1" 200 1064 "http://www.firstdigitalbank.com/whsy.php?p=%2Fproc%2F23593%2Fnet" "Mozilla/5.0 AppleWebKit/537.36 (KHTML, like Gecko; compatible; GPTBot/1.3; +https://openai.com/gptbot)"
74.7.227.7 - - [13/Apr/2026:22:57:54 +0000] "GET /whsy.php?e=tcp&p=%2Fproc%2F25441%2Fnet HTTP/1.1" 200 1064 "http://firstdigitalbank.com/whsy.php?p=%2Fproc%2F25441%2Fnet" "Mozilla/5.0 AppleWebKit/537.36 (KHTML, like Gecko; compatible; GPTBot/1.3; +https://openai.com/gptbot)"
74.7.243.238 - - [13/Apr/2026:22:57:55 +0000] "GET /whsy.php?e=ip6_flowlabel&p=%2Fproc%2F26491%2Fnet HTTP/1.1" 200 1064 "http://www.firstdigitalbank.com/whsy.php?p=%2Fproc%2F26491%2Fnet" "Mozilla/5.0 AppleWebKit/537.36 (KHTML, like Gecko; compatible; GPTBot/1.3; +https://openai.com/gptbot)"
74.7.227.7 - - [13/Apr/2026:22:57:58 +0000] "GET /whsy.php?e=rt_acct&p=%2Fproc%2F25441%2Fnet HTTP/1.1" 200 1064 "http://firstdigitalbank.com/whsy.php?p=%2Fproc%2F25441%2Fnet" "Mozilla/5.0 AppleWebKit/537.36 (KHTML, like Gecko; compatible; GPTBot/1.3; +https://openai.com/gptbot)"
74.7.243.238 - - [13/Apr/2026:22:57:59 +0000] "GET /whsy.php?e=ip6_flowlabel&p=%2Fproc%2F31863%2Fnet HTTP/1.1" 200 1064 "http://www.firstdigitalbank.com/whsy.php?p=%2Fproc%2F31863%2Fnet" "Mozilla/5.0 AppleWebKit/537.36 (KHTML, like Gecko; compatible; GPTBot/1.3; +https://openai.com/gptbot)"
74.7.227.7 - - [13/Apr/2026:22:58:01 +0000] "GET /whsy.php?e=rt_acct&p=%2Fproc%2F17472%2Fnet HTTP/1.1" 200 1064 "http://firstdigitalbank.com/whsy.php?p=%2Fproc%2F17472%2Fnet" "Mozilla/5.0 AppleWebKit/537.36 (KHTML, like Gecko; compatible; GPTBot/1.3; +https://openai.com/gptbot)"
74.7.227.7 - - [13/Apr/2026:22:58:05 +0000] "GET /whsy.php?e=pfkey&p=%2Fproc%2F20990%2Fnet HTTP/1.1" 200 1064 "http://firstdigitalbank.com/whsy.php?p=%2Fproc%2F20990%2Fnet" "Mozilla/5.0 AppleWebKit/537.36 (KHTML, like Gecko; compatible; GPTBot/1.3; +https://openai.com/gptbot)"
74.7.243.238 - - [13/Apr/2026:22:58:06 +0000] "GET /whsy.php?e=ip6_flowlabel&p=%2Fproc%2F19678%2Fnet HTTP/1.1" 200 1064 "http://www.firstdigitalbank.com/whsy.php?p=%2Fproc%2F19678%2Fnet" "Mozilla/5.0 AppleWebKit/537.36 (KHTML, like Gecko; compatible; GPTBot/1.3; +https://openai.com/gptbot)"
74.7.227.7 - - [13/Apr/2026:22:58:09 +0000] "GET /whsy.php?e=prev&p=%2Fproc%2F17472%2Fattr HTTP/1.1" 200 1064 "http://firstdigitalbank.com/whsy.php?p=%2Fproc%2F17472%2Fattr" "Mozilla/5.0 AppleWebKit/537.36 (KHTML, like Gecko; compatible; GPTBot/1.3; +https://openai.com/gptbot)"
74.7.227.7 - - [13/Apr/2026:22:58:12 +0000] "GET /whsy.php?e=prev&p=%2Fproc%2F25441%2Fattr HTTP/1.1" 200 1064 "http://firstdigitalbank.com/whsy.php?p=%2Fproc%2F25441%2Fattr" "Mozilla/5.0 AppleWebKit/537.36 (KHTML, like Gecko; compatible; GPTBot/1.3; +https://openai.com/gptbot)"
74.7.227.7 - - [13/Apr/2026:22:58:15 +0000] "GET /whsy.php?e=tcp&p=%2Fproc%2F23901%2Fnet HTTP/1.1" 200 11349 "http://firstdigitalbank.com/whsy.php?p=%2Fproc%2F23901%2Fnet" "Mozilla/5.0 AppleWebKit/537.36 (KHTML, like Gecko; compatible; GPTBot/1.3; +https://openai.com/gptbot)"
158.158.43.6 - - [13/Apr/2026:22:58:18 +0000] "GET /wp-content/plugins/hellopress/wp_filemanager.php HTTP/1.1" 404 - "-" "-"
74.7.227.7 - - [13/Apr/2026:22:58:19 +0000] "GET /whsy.php?e=arp&p=%2Fproc%2F25441%2Fnet HTTP/1.1" 200 1064 "http://firstdigitalbank.com/whsy.php?p=%2Fproc%2F25441%2Fnet" "Mozilla/5.0 AppleWebKit/537.36 (KHTML, like Gecko; compatible; GPTBot/1.3; +https://openai.com/gptbot)"
74.7.243.238 - - [13/Apr/2026:22:58:20 +0000] "GET /whsy.php?e=ip6_flowlabel&p=%2Fproc%2F14500%2Fnet HTTP/1.1" 200 1064 "http://www.firstdigitalbank.com/whsy.php?p=%2Fproc%2F14500%2Fnet" "Mozilla/5.0 AppleWebKit/537.36 (KHTML, like Gecko; compatible; GPTBot/1.3; +https://openai.com/gptbot)"
158.158.43.6 - - [13/Apr/2026:22:58:21 +0000] "GET /flower.php HTTP/1.1" 404 - "-" "-"
74.7.227.7 - - [13/Apr/2026:22:58:23 +0000] "GET /whsy.php?e=udp&p=%2Fproc%2F20990%2Fnet HTTP/1.1" 200 1064 "http://firstdigitalbank.com/whsy.php?p=%2Fproc%2F20990%2Fnet" "Mozilla/5.0 AppleWebKit/537.36 (KHTML, like Gecko; compatible; GPTBot/1.3; +https://openai.com/gptbot)"
158.158.43.6 - - [13/Apr/2026:22:58:24 +0000] "GET /a7.php HTTP/1.1" 404 - "-" "-"
74.7.227.7 - - [13/Apr/2026:22:58:26 +0000] "GET /whsy.php?e=arp&p=%2Fproc%2F17472%2Fnet HTTP/1.1" 200 1064 "http://firstdigitalbank.com/whsy.php?p=%2Fproc%2F17472%2Fnet" "Mozilla/5.0 AppleWebKit/537.36 (KHTML, like Gecko; compatible; GPTBot/1.3; +https://openai.com/gptbot)"
158.158.43.6 - - [13/Apr/2026:22:58:27 +0000] "GET /doc.php HTTP/1.1" 200 - "-" "-"
74.7.243.238 - - [13/Apr/2026:22:58:28 +0000] "GET /whsy.php?e=ip6_flowlabel&p=%2Fproc%2F25136%2Fnet HTTP/1.1" 200 1064 "http://www.firstdigitalbank.com/whsy.php?p=%2Fproc%2F25136%2Fnet" "Mozilla/5.0 AppleWebKit/537.36 (KHTML, like Gecko; compatible; GPTBot/1.3; +https://openai.com/gptbot)"
158.158.43.6 - - [13/Apr/2026:22:58:28 +0000] "GET /mifta.php HTTP/1.1" 404 - "-" "-"
158.158.43.6 - - [13/Apr/2026:22:58:29 +0000] "GET /Geforce.php HTTP/1.1" 404 - "-" "-"
74.7.227.7 - - [13/Apr/2026:22:58:30 +0000] "GET /whsy.php?e=raw&p=%2Fproc%2F20990%2Fnet HTTP/1.1" 200 1064 "http://firstdigitalbank.com/whsy.php?p=%2Fproc%2F20990%2Fnet" "Mozilla/5.0 AppleWebKit/537.36 (KHTML, like Gecko; compatible; GPTBot/1.3; +https://openai.com/gptbot)"
158.158.43.6 - - [13/Apr/2026:22:58:30 +0000] "GET /packsin1.php HTTP/1.1" 404 - "-" "-"
158.158.43.6 - - [13/Apr/2026:22:58:31 +0000] "GET /xs.php HTTP/1.1" 404 - "-" "-"
74.7.243.238 - - [13/Apr/2026:22:58:31 +0000] "GET /whsy.php?e=ip6_flowlabel&p=%2Fproc%2F21701%2Fnet HTTP/1.1" 200 1064 "http://www.firstdigitalbank.com/whsy.php?p=%2Fproc%2F21701%2Fnet" "Mozilla/5.0 AppleWebKit/537.36 (KHTML, like Gecko; compatible; GPTBot/1.3; +https://openai.com/gptbot)"
158.158.43.6 - - [13/Apr/2026:22:58:32 +0000] "GET /son1.php HTTP/1.1" 404 - "-" "-"
158.158.43.6 - - [13/Apr/2026:22:58:33 +0000] "GET /wp-includes/theme-compat/wp-login.php HTTP/1.1" 404 - "-" "-"
158.158.43.6 - - [13/Apr/2026:22:58:33 +0000] "GET /aboute.php HTTP/1.1" 404 - "-" "-"
74.7.227.7 - - [13/Apr/2026:22:58:33 +0000] "GET /whsy.php?p=%2Fproc%2F17472%2Fnet%2Fipt_hashlimit HTTP/1.1" 200 1064 "http://firstdigitalbank.com/whsy.php?p=%2Fproc%2F17472%2Fnet" "Mozilla/5.0 AppleWebKit/537.36 (KHTML, like Gecko; compatible; GPTBot/1.3; +https://openai.com/gptbot)"
158.158.43.6 - - [13/Apr/2026:22:58:34 +0000] "GET /pp.php HTTP/1.1" 404 - "-" "-"
158.158.43.6 - - [13/Apr/2026:22:58:34 +0000] "GET /ng.php HTTP/1.1" 404 - "-" "-"
158.158.43.6 - - [13/Apr/2026:22:58:35 +0000] "GET /tiny2.php HTTP/1.1" 404 - "-" "-"
74.7.243.238 - - [13/Apr/2026:22:58:35 +0000] "GET /whsy.php?e=ip6_flowlabel&p=%2Fproc%2F11731%2Fnet HTTP/1.1" 200 1064 "http://www.firstdigitalbank.com/whsy.php?p=%2Fproc%2F11731%2Fnet" "Mozilla/5.0 AppleWebKit/537.36 (KHTML, like Gecko; compatible; GPTBot/1.3; +https://openai.com/gptbot)"
158.158.43.6 - - [13/Apr/2026:22:58:35 +0000] "GET /state.php HTTP/1.1" 404 - "-" "-"
158.158.43.6 - - [13/Apr/2026:22:58:36 +0000] "GET /2.php HTTP/1.1" 404 - "-" "-"
158.158.43.6 - - [13/Apr/2026:22:58:36 +0000] "GET /wps.php HTTP/1.1" 404 - "-" "-"
74.7.227.7 - - [13/Apr/2026:22:58:37 +0000] "GET /whsy.php?e=ip_vs&p=%2Fproc%2F20990%2Fnet HTTP/1.1" 200 1064 "http://firstdigitalbank.com/whsy.php?p=%2Fproc%2F20990%2Fnet" "Mozilla/5.0 AppleWebKit/537.36 (KHTML, like Gecko; compatible; GPTBot/1.3; +https://openai.com/gptbot)"
158.158.43.6 - - [13/Apr/2026:22:58:37 +0000] "GET /ayk.php HTTP/1.1" 404 - "-" "-"
158.158.43.6 - - [13/Apr/2026:22:58:37 +0000] "GET /wgift1.php HTTP/1.1" 404 - "-" "-"
158.158.43.6 - - [13/Apr/2026:22:58:37 +0000] "GET /ss.php HTTP/1.1" 404 - "-" "-"
158.158.43.6 - - [13/Apr/2026:22:58:38 +0000] "GET /tx79.php HTTP/1.1" 404 - "-" "-"
158.158.43.6 - - [13/Apr/2026:22:58:38 +0000] "GET /7.php HTTP/1.1" 404 - "-" "-"
158.158.43.6 - - [13/Apr/2026:22:58:39 +0000] "GET /wp-admin/images/admin.php HTTP/1.1" 404 - "-" "-"
158.158.43.6 - - [13/Apr/2026:22:58:39 +0000] "GET /config.php HTTP/1.1" 404 - "-" "-"
74.7.227.7 - - [13/Apr/2026:22:58:40 +0000] "GET /whsy.php?p=%2Fproc%2F20990%2Fnet%2Fipt_hashlimit HTTP/1.1" 200 1064 "http://firstdigitalbank.com/whsy.php?p=%2Fproc%2F20990%2Fnet" "Mozilla/5.0 AppleWebKit/537.36 (KHTML, like Gecko; compatible; GPTBot/1.3; +https://openai.com/gptbot)"
158.158.43.6 - - [13/Apr/2026:22:58:40 +0000] "GET /gecko.php HTTP/1.1" 404 - "-" "-"
158.158.43.6 - - [13/Apr/2026:22:58:42 +0000] "GET /tiny HTTP/1.1" 404 - "-" "-"
74.7.243.238 - - [13/Apr/2026:22:58:42 +0000] "GET /whsy.php?e=ip6_flowlabel&p=%2Fproc%2F30093%2Fnet HTTP/1.1" 200 1064 "http://www.firstdigitalbank.com/whsy.php?p=%2Fproc%2F30093%2Fnet" "Mozilla/5.0 AppleWebKit/537.36 (KHTML, like Gecko; compatible; GPTBot/1.3; +https://openai.com/gptbot)"
158.158.43.6 - - [13/Apr/2026:22:58:42 +0000] "GET /tiny.php HTTP/1.1" 404 - "-" "-"
158.158.43.6 - - [13/Apr/2026:22:58:43 +0000] "GET /eFpU3yHnriNNLtvdefault.php HTTP/1.1" 404 - "-" "-"
74.7.227.7 - - [13/Apr/2026:22:58:44 +0000] "GET /whsy.php?e=psched&p=%2Fproc%2F14851%2Fnet HTTP/1.1" 200 1064 "http://firstdigitalbank.com/whsy.php?p=%2Fproc%2F14851%2Fnet" "Mozilla/5.0 AppleWebKit/537.36 (KHTML, like Gecko; compatible; GPTBot/1.3; +https://openai.com/gptbot)"
158.158.43.6 - - [13/Apr/2026:22:58:44 +0000] "GET /class-wp-image.php HTTP/1.1" 404 - "-" "-"
158.158.43.6 - - [13/Apr/2026:22:58:44 +0000] "GET /8.php HTTP/1.1" 404 - "-" "-"
158.158.43.6 - - [13/Apr/2026:22:58:45 +0000] "GET /sadcut1.php HTTP/1.1" 404 - "-" "-"
158.158.43.6 - - [13/Apr/2026:22:58:45 +0000] "GET /footer.php HTTP/1.1" 404 - "-" "-"
74.7.243.238 - - [13/Apr/2026:22:58:45 +0000] "GET /whsy.php?e=ip6_flowlabel&p=%2Fproc%2F11856%2Fnet HTTP/1.1" 200 1064 "http://www.firstdigitalbank.com/whsy.php?p=%2Fproc%2F11856%2Fnet" "Mozilla/5.0 AppleWebKit/537.36 (KHTML, like Gecko; compatible; GPTBot/1.3; +https://openai.com/gptbot)"
158.158.43.6 - - [13/Apr/2026:22:58:45 +0000] "GET /img.php HTTP/1.1" 404 - "-" "-"
158.158.43.6 - - [13/Apr/2026:22:58:46 +0000] "GET /12.php HTTP/1.1" 404 - "-" "-"
158.158.43.6 - - [13/Apr/2026:22:58:47 +0000] "GET /xwx1.php HTTP/1.1" 404 - "-" "-"
74.7.227.7 - - [13/Apr/2026:22:58:47 +0000] "GET /whsy.php?p=%2Fproc%2F16006%2Ffdinfo HTTP/1.1" 200 1064 "http://firstdigitalbank.com/whsy.php?p=%2Fproc%2F16006" "Mozilla/5.0 AppleWebKit/537.36 (KHTML, like Gecko; compatible; GPTBot/1.3; +https://openai.com/gptbot)"
158.158.43.6 - - [13/Apr/2026:22:58:47 +0000] "GET /xff.php HTTP/1.1" 404 - "-" "-"
158.158.43.6 - - [13/Apr/2026:22:58:49 +0000] "GET /lib.php HTTP/1.1" 404 - "-" "-"
158.158.43.6 - - [13/Apr/2026:22:58:51 +0000] "GET /roksad1.php HTTP/1.1" 404 - "-" "-"
74.7.227.7 - - [13/Apr/2026:22:58:51 +0000] "GET /whsy.php?e=packet&p=%2Fproc%2F17472%2Fnet HTTP/1.1" 200 1064 "http://firstdigitalbank.com/whsy.php?p=%2Fproc%2F17472%2Fnet" "Mozilla/5.0 AppleWebKit/537.36 (KHTML, like Gecko; compatible; GPTBot/1.3; +https://openai.com/gptbot)"
158.158.43.6 - - [13/Apr/2026:22:58:52 +0000] "GET /wmore1.php HTTP/1.1" 404 - "-" "-"
74.7.243.238 - - [13/Apr/2026:22:58:52 +0000] "GET /whsy.php?e=ip6_flowlabel&p=%2Fproc%2F23605%2Fnet HTTP/1.1" 200 2550 "http://www.firstdigitalbank.com/whsy.php?p=%2Fproc%2F23605%2Fnet" "Mozilla/5.0 AppleWebKit/537.36 (KHTML, like Gecko; compatible; GPTBot/1.3; +https://openai.com/gptbot)"
158.158.43.6 - - [13/Apr/2026:22:58:53 +0000] "GET /adminfuns.php HTTP/1.1" 404 - "-" "-"
158.158.43.6 - - [13/Apr/2026:22:58:54 +0000] "GET /chosen.php HTTP/1.1" 404 - "-" "-"
74.7.227.7 - - [13/Apr/2026:22:58:54 +0000] "GET /whsy.php?e=psched&p=%2Fproc%2F23901%2Fnet HTTP/1.1" 200 2532 "http://firstdigitalbank.com/whsy.php?p=%2Fproc%2F23901%2Fnet" "Mozilla/5.0 AppleWebKit/537.36 (KHTML, like Gecko; compatible; GPTBot/1.3; +https://openai.com/gptbot)"
158.158.43.6 - - [13/Apr/2026:22:58:57 +0000] "GET /dass.php HTTP/1.1" 404 - "-" "-"
74.7.227.7 - - [13/Apr/2026:22:58:58 +0000] "GET /whsy.php?e=packet&p=%2Fproc%2F25441%2Fnet HTTP/1.1" 200 1064 "http://firstdigitalbank.com/whsy.php?p=%2Fproc%2F25441%2Fnet" "Mozilla/5.0 AppleWebKit/537.36 (KHTML, like Gecko; compatible; GPTBot/1.3; +https://openai.com/gptbot)"
158.158.43.6 - - [13/Apr/2026:22:58:59 +0000] "GET /db.php HTTP/1.1" 404 - "-" "-"
74.7.243.238 - - [13/Apr/2026:22:58:59 +0000] "GET /whsy.php?e=ip6_flowlabel&p=%2Fproc%2F18641%2Fnet HTTP/1.1" 200 1064 "http://www.firstdigitalbank.com/whsy.php?p=%2Fproc%2F18641%2Fnet" "Mozilla/5.0 AppleWebKit/537.36 (KHTML, like Gecko; compatible; GPTBot/1.3; +https://openai.com/gptbot)"
158.158.43.6 - - [13/Apr/2026:22:59:00 +0000] "GET /less.php HTTP/1.1" 404 - "-" "-"
158.158.43.6 - - [13/Apr/2026:22:59:01 +0000] "GET /ws86.php HTTP/1.1" 404 - "-" "-"
74.7.227.7 - - [13/Apr/2026:22:59:01 +0000] "GET /whsy.php?p=%2Fproc%2F19162%2Ffdinfo HTTP/1.1" 200 1064 "http://firstdigitalbank.com/whsy.php?p=%2Fproc%2F19162" "Mozilla/5.0 AppleWebKit/537.36 (KHTML, like Gecko; compatible; GPTBot/1.3; +https://openai.com/gptbot)"
158.158.43.6 - - [13/Apr/2026:22:59:02 +0000] "GET /maxro.php HTTP/1.1" 404 - "-" "-"
158.158.43.6 - - [13/Apr/2026:22:59:03 +0000] "GET /classwithtostring.php HTTP/1.1" 404 - "-" "-"
158.158.43.6 - - [13/Apr/2026:22:59:04 +0000] "GET /1s7y8wt9dz.php HTTP/1.1" 404 - "-" "-"
74.7.227.7 - - [13/Apr/2026:22:59:05 +0000] "GET /whsy.php?p=%2Fproc%2F25441%2Ffdinfo HTTP/1.1" 200 1064 "http://firstdigitalbank.com/whsy.php?p=%2Fproc%2F25441" "Mozilla/5.0 AppleWebKit/537.36 (KHTML, like Gecko; compatible; GPTBot/1.3; +https://openai.com/gptbot)"
158.158.43.6 - - [13/Apr/2026:22:59:06 +0000] "GET /bdktk.php HTTP/1.1" 404 - "-" "-"
74.7.243.238 - - [13/Apr/2026:22:59:06 +0000] "GET /whsy.php?e=ip6_flowlabel&p=%2Fproc%2F18778%2Fnet HTTP/1.1" 200 1064 "http://www.firstdigitalbank.com/whsy.php?p=%2Fproc%2F18778%2Fnet" "Mozilla/5.0 AppleWebKit/537.36 (KHTML, like Gecko; compatible; GPTBot/1.3; +https://openai.com/gptbot)"
158.158.43.6 - - [13/Apr/2026:22:59:07 +0000] "GET /v5.php HTTP/1.1" 404 - "-" "-"
158.158.43.6 - - [13/Apr/2026:22:59:07 +0000] "GET /ws85.php HTTP/1.1" 404 - "-" "-"
158.158.43.6 - - [13/Apr/2026:22:59:08 +0000] "GET /ws87.php HTTP/1.1" 404 - "-" "-"
74.7.227.7 - - [13/Apr/2026:22:59:08 +0000] "GET /whsy.php?p=%2Fproc%2F20484%2Ffdinfo HTTP/1.1" 200 1064 "http://firstdigitalbank.com/whsy.php?p=%2Fproc%2F20484" "Mozilla/5.0 AppleWebKit/537.36 (KHTML, like Gecko; compatible; GPTBot/1.3; +https://openai.com/gptbot)"
158.158.43.6 - - [13/Apr/2026:22:59:08 +0000] "GET /layout.php HTTP/1.1" 404 - "-" "-"
158.158.43.6 - - [13/Apr/2026:22:59:09 +0000] "GET /r2.php HTTP/1.1" 404 - "-" "-"
158.158.43.6 - - [13/Apr/2026:22:59:10 +0000] "GET /ah25.php HTTP/1.1" 404 - "-" "-"
158.158.43.6 - - [13/Apr/2026:22:59:10 +0000] "GET /006.php HTTP/1.1" 404 - "-" "-"
158.158.43.6 - - [13/Apr/2026:22:59:11 +0000] "GET /samll.php HTTP/1.1" 404 - "-" "-"
158.158.43.6 - - [13/Apr/2026:22:59:11 +0000] "GET /zogy1.php HTTP/1.1" 404 - "-" "-"
158.158.43.6 - - [13/Apr/2026:22:59:11 +0000] "GET /aios-bootstrap.php HTTP/1.1" 404 - "-" "-"
74.7.227.7 - - [13/Apr/2026:22:59:11 +0000] "GET /whsy.php?p=%2Fproc%2F12428%2Ffdinfo HTTP/1.1" 200 1064 "http://firstdigitalbank.com/whsy.php?p=%2Fproc%2F12428" "Mozilla/5.0 AppleWebKit/537.36 (KHTML, like Gecko; compatible; GPTBot/1.3; +https://openai.com/gptbot)"
158.158.43.6 - - [13/Apr/2026:22:59:12 +0000] "GET /rh.php HTTP/1.1" 404 - "-" "-"
158.158.43.6 - - [13/Apr/2026:22:59:12 +0000] "GET /gz.php HTTP/1.1" 404 - "-" "-"
158.158.43.6 - - [13/Apr/2026:22:59:12 +0000] "GET /gelio1.php HTTP/1.1" 404 - "-" "-"
158.158.43.6 - - [13/Apr/2026:22:59:13 +0000] "GET /areak1.php HTTP/1.1" 404 - "-" "-"
158.158.43.6 - - [13/Apr/2026:22:59:14 +0000] "GET /qqa.php HTTP/1.1" 404 - "-" "-"
158.158.43.6 - - [13/Apr/2026:22:59:14 +0000] "GET /dx.php HTTP/1.1" 404 - "-" "-"
158.158.43.6 - - [13/Apr/2026:22:59:14 +0000] "GET /ga.php HTTP/1.1" 404 - "-" "-"
74.7.227.7 - - [13/Apr/2026:22:59:15 +0000] "GET /whsy.php?p=%2Fproc%2F20990%2Ffdinfo HTTP/1.1" 200 1064 "http://firstdigitalbank.com/whsy.php?p=%2Fproc%2F20990" "Mozilla/5.0 AppleWebKit/537.36 (KHTML, like Gecko; compatible; GPTBot/1.3; +https://openai.com/gptbot)"
158.158.43.6 - - [13/Apr/2026:22:59:15 +0000] "GET /xozx.php HTTP/1.1" 404 - "-" "-"
158.158.43.6 - - [13/Apr/2026:22:59:16 +0000] "GET /1100.php HTTP/1.1" 404 - "-" "-"
74.7.243.238 - - [13/Apr/2026:22:59:17 +0000] "GET /whsy.php?e=ip6_flowlabel&p=%2Fproc%2F24373%2Fnet HTTP/1.1" 200 1064 "http://www.firstdigitalbank.com/whsy.php?p=%2Fproc%2F24373%2Fnet" "Mozilla/5.0 AppleWebKit/537.36 (KHTML, like Gecko; compatible; GPTBot/1.3; +https://openai.com/gptbot)"
158.158.43.6 - - [13/Apr/2026:22:59:17 +0000] "GET /press.php HTTP/1.1" 404 - "-" "-"
158.158.43.6 - - [13/Apr/2026:22:59:17 +0000] "GET /f35.php HTTP/1.1" 404 - "-" "-"
158.158.43.6 - - [13/Apr/2026:22:59:18 +0000] "GET /wp-kz.php HTTP/1.1" 404 - "-" "-"
158.158.43.6 - - [13/Apr/2026:22:59:18 +0000] "GET /wp-lo.php HTTP/1.1" 404 - "-" "-"
158.158.43.6 - - [13/Apr/2026:22:59:18 +0000] "GET /fone1.php HTTP/1.1" 404 - "-" "-"
74.7.227.7 - - [13/Apr/2026:22:59:19 +0000] "GET /whsy.php?p=%2Fproc%2F31281%2Ffdinfo HTTP/1.1" 200 1064 "http://firstdigitalbank.com/whsy.php?p=%2Fproc%2F31281" "Mozilla/5.0 AppleWebKit/537.36 (KHTML, like Gecko; compatible; GPTBot/1.3; +https://openai.com/gptbot)"
158.158.43.6 - - [13/Apr/2026:22:59:19 +0000] "GET /Ipv6.php HTTP/1.1" 404 - "-" "-"
158.158.43.6 - - [13/Apr/2026:22:59:19 +0000] "GET /file-gertdxz.php HTTP/1.1" 404 - "-" "-"
158.158.43.6 - - [13/Apr/2026:22:59:20 +0000] "GET /xper1.php HTTP/1.1" 404 - "-" "-"
158.158.43.6 - - [13/Apr/2026:22:59:20 +0000] "GET /yuzuru1.php HTTP/1.1" 404 - "-" "-"
158.158.43.6 - - [13/Apr/2026:22:59:21 +0000] "GET /wglum1.php HTTP/1.1" 404 - "-" "-"
74.7.227.7 - - [13/Apr/2026:22:59:22 +0000] "GET /whsy.php?p=%2Fproc%2F17472%2Ffdinfo HTTP/1.1" 200 1064 "http://firstdigitalbank.com/whsy.php?p=%2Fproc%2F17472" "Mozilla/5.0 AppleWebKit/537.36 (KHTML, like Gecko; compatible; GPTBot/1.3; +https://openai.com/gptbot)"
158.158.43.6 - - [13/Apr/2026:22:59:23 +0000] "GET /saorix1.php HTTP/1.1" 404 - "-" "-"
158.158.43.6 - - [13/Apr/2026:22:59:24 +0000] "GET /xper.php HTTP/1.1" 404 - "-" "-"
158.158.43.6 - - [13/Apr/2026:22:59:25 +0000] "GET /wxpass.php HTTP/1.1" 404 - "-" "-"
158.158.43.6 - - [13/Apr/2026:22:59:25 +0000] "GET /000.php HTTP/1.1" 404 - "-" "-"
74.7.227.7 - - [13/Apr/2026:22:59:26 +0000] "GET /whsy.php?p=%2Fproc%2F14851%2Fnet%2Fip6t_hashlimit HTTP/1.1" 200 1064 "http://firstdigitalbank.com/whsy.php?p=%2Fproc%2F14851%2Fnet" "Mozilla/5.0 AppleWebKit/537.36 (KHTML, like Gecko; compatible; GPTBot/1.3; +https://openai.com/gptbot)"
158.158.43.6 - - [13/Apr/2026:22:59:27 +0000] "GET //config.php? HTTP/1.1" 404 - "-" "-"
158.158.43.6 - - [13/Apr/2026:22:59:27 +0000] "GET /x3x.php HTTP/1.1" 404 - "-" "-"
74.7.243.238 - - [13/Apr/2026:22:59:27 +0000] "GET /whsy.php?e=ip6_flowlabel&p=%2Fproc%2F23164%2Fnet HTTP/1.1" 200 1064 "http://www.firstdigitalbank.com/whsy.php?p=%2Fproc%2F23164%2Fnet" "Mozilla/5.0 AppleWebKit/537.36 (KHTML, like Gecko; compatible; GPTBot/1.3; +https://openai.com/gptbot)"
158.158.43.6 - - [13/Apr/2026:22:59:28 +0000] "GET /xy.php HTTP/1.1" 404 - "-" "-"
74.7.227.7 - - [13/Apr/2026:22:59:29 +0000] "GET /whsy.php?p=%2Fproc%2F23901%2Fnet%2Fip6t_hashlimit HTTP/1.1" 200 501 "http://firstdigitalbank.com/whsy.php?p=%2Fproc%2F23901%2Fnet" "Mozilla/5.0 AppleWebKit/537.36 (KHTML, like Gecko; compatible; GPTBot/1.3; +https://openai.com/gptbot)"
158.158.43.6 - - [13/Apr/2026:22:59:32 +0000] "GET /global.php HTTP/1.1" 404 - "-" "-"
74.7.227.7 - - [13/Apr/2026:22:59:33 +0000] "GET /whsy.php?e=netstat&p=%2Fproc%2F17472%2Fnet HTTP/1.1" 200 1064 "http://firstdigitalbank.com/whsy.php?p=%2Fproc%2F17472%2Fnet" "Mozilla/5.0 AppleWebKit/537.36 (KHTML, like Gecko; compatible; GPTBot/1.3; +https://openai.com/gptbot)"
74.7.227.7 - - [13/Apr/2026:22:59:37 +0000] "GET /whsy.php?e=current&p=%2Fproc%2F20990%2Fattr HTTP/1.1" 200 1064 "http://firstdigitalbank.com/whsy.php?p=%2Fproc%2F20990%2Fattr" "Mozilla/5.0 AppleWebKit/537.36 (KHTML, like Gecko; compatible; GPTBot/1.3; +https://openai.com/gptbot)"
158.158.43.6 - - [13/Apr/2026:22:59:37 +0000] "GET /themes.php HTTP/1.1" 404 - "-" "-"
74.7.227.7 - - [13/Apr/2026:22:59:41 +0000] "GET /whsy.php?e=netstat&p=%2Fproc%2F25441%2Fnet HTTP/1.1" 200 1064 "http://firstdigitalbank.com/whsy.php?p=%2Fproc%2F25441%2Fnet" "Mozilla/5.0 AppleWebKit/537.36 (KHTML, like Gecko; compatible; GPTBot/1.3; +https://openai.com/gptbot)"
74.7.243.238 - - [13/Apr/2026:22:59:43 +0000] "GET /whsy.php?e=ip6_flowlabel&p=%2Fproc%2F23749%2Fnet HTTP/1.1" 200 1064 "http://www.firstdigitalbank.com/whsy.php?p=%2Fproc%2F23749%2Fnet" "Mozilla/5.0 AppleWebKit/537.36 (KHTML, like Gecko; compatible; GPTBot/1.3; +https://openai.com/gptbot)"
74.7.227.7 - - [13/Apr/2026:22:59:44 +0000] "GET /whsy.php?e=packet&p=%2Fproc%2F20990%2Fnet HTTP/1.1" 200 1064 "http://firstdigitalbank.com/whsy.php?p=%2Fproc%2F20990%2Fnet" "Mozilla/5.0 AppleWebKit/537.36 (KHTML, like Gecko; compatible; GPTBot/1.3; +https://openai.com/gptbot)"
74.7.243.238 - - [13/Apr/2026:22:59:47 +0000] "GET /whsy.php?e=ip6_flowlabel&p=%2Fproc%2F31861%2Fnet HTTP/1.1" 200 1064 "http://www.firstdigitalbank.com/whsy.php?p=%2Fproc%2F31861%2Fnet" "Mozilla/5.0 AppleWebKit/537.36 (KHTML, like Gecko; compatible; GPTBot/1.3; +https://openai.com/gptbot)"
74.7.227.7 - - [13/Apr/2026:22:59:48 +0000] "GET /whsy.php?e=current&p=%2Fproc%2F23901%2Fattr HTTP/1.1" 200 848 "http://firstdigitalbank.com/whsy.php?p=%2Fproc%2F23901%2Fattr" "Mozilla/5.0 AppleWebKit/537.36 (KHTML, like Gecko; compatible; GPTBot/1.3; +https://openai.com/gptbot)"
158.158.43.6 - - [13/Apr/2026:22:59:51 +0000] "GET /link.php HTTP/1.1" 404 - "-" "-"
74.7.227.7 - - [13/Apr/2026:22:59:52 +0000] "GET /whsy.php?e=tls_stat&p=%2Fproc%2F23901%2Fnet HTTP/1.1" 200 2600 "http://firstdigitalbank.com/whsy.php?p=%2Fproc%2F23901%2Fnet" "Mozilla/5.0 AppleWebKit/537.36 (KHTML, like Gecko; compatible; GPTBot/1.3; +https://openai.com/gptbot)"
74.7.227.7 - - [13/Apr/2026:22:59:55 +0000] "GET /whsy.php?e=tls_stat&p=%2Fproc%2F25441%2Fnet HTTP/1.1" 200 1064 "http://firstdigitalbank.com/whsy.php?p=%2Fproc%2F25441%2Fnet" "Mozilla/5.0 AppleWebKit/537.36 (KHTML, like Gecko; compatible; GPTBot/1.3; +https://openai.com/gptbot)"
158.158.43.6 - - [13/Apr/2026:22:59:57 +0000] "GET /ortasekerli1.php HTTP/1.1" 404 - "-" "-"
74.7.243.238 - - [13/Apr/2026:22:59:57 +0000] "GET /whsy.php?e=ip6_flowlabel&p=%2Fproc%2F17449%2Fnet HTTP/1.1" 200 1064 "http://www.firstdigitalbank.com/whsy.php?p=%2Fproc%2F17449%2Fnet" "Mozilla/5.0 AppleWebKit/537.36 (KHTML, like Gecko; compatible; GPTBot/1.3; +https://openai.com/gptbot)"
74.7.227.7 - - [13/Apr/2026:22:59:59 +0000] "GET /whsy.php?e=udplite&p=%2Fproc%2F25441%2Fnet HTTP/1.1" 200 1064 "http://firstdigitalbank.com/whsy.php?p=%2Fproc%2F25441%2Fnet" "Mozilla/5.0 AppleWebKit/537.36 (KHTML, like Gecko; compatible; GPTBot/1.3; +https://openai.com/gptbot)"
158.158.43.6 - - [13/Apr/2026:23:00:01 +0000] "GET /wp-block.php HTTP/1.1" 404 - "-" "-"
158.158.43.6 - - [13/Apr/2026:23:00:02 +0000] "GET /wp-includes/wincust.php HTTP/1.1" 404 - "-" "-"
74.7.227.7 - - [13/Apr/2026:23:00:02 +0000] "GET /whsy.php?e=mcfilter&p=%2Fproc%2F20990%2Fnet HTTP/1.1" 200 1064 "http://firstdigitalbank.com/whsy.php?p=%2Fproc%2F20990%2Fnet" "Mozilla/5.0 AppleWebKit/537.36 (KHTML, like Gecko; compatible; GPTBot/1.3; +https://openai.com/gptbot)"
158.158.43.6 - - [13/Apr/2026:23:00:04 +0000] "GET /acp.php HTTP/1.1" 404 - "-" "-"
74.7.243.238 - - [13/Apr/2026:23:00:04 +0000] "GET /whsy.php?e=ip6_flowlabel&p=%2Fproc%2F15805%2Fnet HTTP/1.1" 200 1064 "http://www.firstdigitalbank.com/whsy.php?p=%2Fproc%2F15805%2Fnet" "Mozilla/5.0 AppleWebKit/537.36 (KHTML, like Gecko; compatible; GPTBot/1.3; +https://openai.com/gptbot)"
74.7.227.7 - - [13/Apr/2026:23:00:06 +0000] "GET /whsy.php?e=tls_stat&p=%2Fproc%2F17472%2Fnet HTTP/1.1" 200 1064 "http://firstdigitalbank.com/whsy.php?p=%2Fproc%2F17472%2Fnet" "Mozilla/5.0 AppleWebKit/537.36 (KHTML, like Gecko; compatible; GPTBot/1.3; +https://openai.com/gptbot)"
158.158.43.6 - - [13/Apr/2026:23:00:07 +0000] "GET /fs.php HTTP/1.1" 404 - "-" "-"
74.7.243.238 - - [13/Apr/2026:23:00:07 +0000] "GET /whsy.php?e=ip6_flowlabel&p=%2Fproc%2F28101%2Fnet HTTP/1.1" 200 1064 "http://www.firstdigitalbank.com/whsy.php?p=%2Fproc%2F28101%2Fnet" "Mozilla/5.0 AppleWebKit/537.36 (KHTML, like Gecko; compatible; GPTBot/1.3; +https://openai.com/gptbot)"
158.158.43.6 - - [13/Apr/2026:23:00:08 +0000] "GET /xltt.php HTTP/1.1" 404 - "-" "-"
74.7.227.7 - - [13/Apr/2026:23:00:09 +0000] "GET /whsy.php?e=rt_cache&p=%2Fproc%2F14851%2Fnet HTTP/1.1" 200 1064 "http://firstdigitalbank.com/whsy.php?p=%2Fproc%2F14851%2Fnet" "Mozilla/5.0 AppleWebKit/537.36 (KHTML, like Gecko; compatible; GPTBot/1.3; +https://openai.com/gptbot)"
158.158.43.6 - - [13/Apr/2026:23:00:10 +0000] "GET /ws57.php HTTP/1.1" 404 - "-" "-"
158.158.43.6 - - [13/Apr/2026:23:00:12 +0000] "GET /ws61.php HTTP/1.1" 404 - "-" "-"
74.7.227.7 - - [13/Apr/2026:23:00:12 +0000] "GET /whsy.php?e=sockstat&p=%2Fproc%2F14851%2Fnet HTTP/1.1" 200 1064 "http://firstdigitalbank.com/whsy.php?p=%2Fproc%2F14851%2Fnet" "Mozilla/5.0 AppleWebKit/537.36 (KHTML, like Gecko; compatible; GPTBot/1.3; +https://openai.com/gptbot)"
158.158.43.6 - - [13/Apr/2026:23:00:13 +0000] "GET /ws66.php HTTP/1.1" 404 - "-" "-"
158.158.43.6 - - [13/Apr/2026:23:00:14 +0000] "GET /ws80.php HTTP/1.1" 404 - "-" "-"
74.7.243.238 - - [13/Apr/2026:23:00:14 +0000] "GET /whsy.php?e=ip6_flowlabel&p=%2Fproc%2F24165%2Fnet HTTP/1.1" 200 1064 "http://www.firstdigitalbank.com/whsy.php?p=%2Fproc%2F24165%2Fnet" "Mozilla/5.0 AppleWebKit/537.36 (KHTML, like Gecko; compatible; GPTBot/1.3; +https://openai.com/gptbot)"
158.158.43.6 - - [13/Apr/2026:23:00:14 +0000] "GET /xynz.php HTTP/1.1" 404 - "-" "-"
158.158.43.6 - - [13/Apr/2026:23:00:16 +0000] "GET /wp-01ul.php HTTP/1.1" 404 - "-" "-"
74.7.227.7 - - [13/Apr/2026:23:00:16 +0000] "GET /whsy.php?e=sockstat&p=%2Fproc%2F23901%2Fnet HTTP/1.1" 200 2601 "http://firstdigitalbank.com/whsy.php?p=%2Fproc%2F23901%2Fnet" "Mozilla/5.0 AppleWebKit/537.36 (KHTML, like Gecko; compatible; GPTBot/1.3; +https://openai.com/gptbot)"
158.158.43.6 - - [13/Apr/2026:23:00:17 +0000] "GET /e7.php HTTP/1.1" 404 - "-" "-"
74.7.227.7 - - [13/Apr/2026:23:00:19 +0000] "GET /whsy.php?e=rt_cache&p=%2Fproc%2F23901%2Fnet HTTP/1.1" 200 2598 "http://firstdigitalbank.com/whsy.php?p=%2Fproc%2F23901%2Fnet" "Mozilla/5.0 AppleWebKit/537.36 (KHTML, like Gecko; compatible; GPTBot/1.3; +https://openai.com/gptbot)"
158.158.43.6 - - [13/Apr/2026:23:00:20 +0000] "GET /e3.php HTTP/1.1" 404 - "-" "-"
74.7.243.238 - - [13/Apr/2026:23:00:21 +0000] "GET /whsy.php?e=ip6_flowlabel&p=%2Fproc%2F29844%2Fnet HTTP/1.1" 200 1064 "http://www.firstdigitalbank.com/whsy.php?p=%2Fproc%2F29844%2Fnet" "Mozilla/5.0 AppleWebKit/537.36 (KHTML, like Gecko; compatible; GPTBot/1.3; +https://openai.com/gptbot)"
158.158.43.6 - - [13/Apr/2026:23:00:22 +0000] "GET /aevly.php HTTP/1.1" 404 - "-" "-"
74.7.227.7 - - [13/Apr/2026:23:00:22 +0000] "GET /whsy.php?e=udplite&p=%2Fproc%2F20990%2Fnet HTTP/1.1" 200 1064 "http://firstdigitalbank.com/whsy.php?p=%2Fproc%2F20990%2Fnet" "Mozilla/5.0 AppleWebKit/537.36 (KHTML, like Gecko; compatible; GPTBot/1.3; +https://openai.com/gptbot)"
158.158.43.6 - - [13/Apr/2026:23:00:23 +0000] "GET /bthil.php HTTP/1.1" 404 - "-" "-"
158.158.43.6 - - [13/Apr/2026:23:00:24 +0000] "GET /wp-class.php HTTP/1.1" 404 - "-" "-"
158.158.43.6 - - [13/Apr/2026:23:00:24 +0000] "GET /cilus.php HTTP/1.1" 404 - "-" "-"
158.158.43.6 - - [13/Apr/2026:23:00:25 +0000] "GET /d.php HTTP/1.1" 404 - "-" "-"
158.158.43.6 - - [13/Apr/2026:23:00:25 +0000] "GET /error_log.php HTTP/1.1" 404 - "-" "-"
74.7.227.7 - - [13/Apr/2026:23:00:26 +0000] "GET /whsy.php?e=current&p=%2Fproc%2F14851%2Fattr HTTP/1.1" 200 1064 "http://firstdigitalbank.com/whsy.php?p=%2Fproc%2F14851%2Fattr" "Mozilla/5.0 AppleWebKit/537.36 (KHTML, like Gecko; compatible; GPTBot/1.3; +https://openai.com/gptbot)"
158.158.43.6 - - [13/Apr/2026:23:00:26 +0000] "GET /Ov-Simple1.php HTTP/1.1" 404 - "-" "-"
158.158.43.6 - - [13/Apr/2026:23:00:27 +0000] "GET /curl.php HTTP/1.1" 404 - "-" "-"
158.158.43.6 - - [13/Apr/2026:23:00:28 +0000] "GET /sallu.php HTTP/1.1" 404 - "-" "-"
158.158.43.6 - - [13/Apr/2026:23:00:28 +0000] "GET //f6.php HTTP/1.1" 404 - "-" "-"
74.7.227.7 - - [13/Apr/2026:23:00:29 +0000] "GET /whsy.php?e=udplite&p=%2Fproc%2F17472%2Fnet HTTP/1.1" 200 1064 "http://firstdigitalbank.com/whsy.php?p=%2Fproc%2F17472%2Fnet" "Mozilla/5.0 AppleWebKit/537.36 (KHTML, like Gecko; compatible; GPTBot/1.3; +https://openai.com/gptbot)"
158.158.43.6 - - [13/Apr/2026:23:00:30 +0000] "GET //edit.php HTTP/1.1" 404 - "-" "-"
158.158.43.6 - - [13/Apr/2026:23:00:31 +0000] "GET //aa.php HTTP/1.1" 404 - "-" "-"
158.158.43.6 - - [13/Apr/2026:23:00:31 +0000] "GET /goods_260325043000.php HTTP/1.1" 404 - "-" "-"
74.7.243.238 - - [13/Apr/2026:23:00:31 +0000] "GET /whsy.php?e=ip6_flowlabel&p=%2Fproc%2F29584%2Fnet HTTP/1.1" 200 1064 "http://www.firstdigitalbank.com/whsy.php?p=%2Fproc%2F29584%2Fnet" "Mozilla/5.0 AppleWebKit/537.36 (KHTML, like Gecko; compatible; GPTBot/1.3; +https://openai.com/gptbot)"
158.158.43.6 - - [13/Apr/2026:23:00:32 +0000] "GET /goods_260401065719.php HTTP/1.1" 404 - "-" "-"
74.7.227.7 - - [13/Apr/2026:23:00:33 +0000] "GET /whsy.php?e=netlink&p=%2Fproc%2F25441%2Fnet HTTP/1.1" 200 1064 "http://firstdigitalbank.com/whsy.php?p=%2Fproc%2F25441%2Fnet" "Mozilla/5.0 AppleWebKit/537.36 (KHTML, like Gecko; compatible; GPTBot/1.3; +https://openai.com/gptbot)"
74.7.227.7 - - [13/Apr/2026:23:00:36 +0000] "GET /whsy.php?e=fib_trie&p=%2Fproc%2F20990%2Fnet HTTP/1.1" 200 1064 "http://firstdigitalbank.com/whsy.php?p=%2Fproc%2F20990%2Fnet" "Mozilla/5.0 AppleWebKit/537.36 (KHTML, like Gecko; compatible; GPTBot/1.3; +https://openai.com/gptbot)"
74.7.243.238 - - [13/Apr/2026:23:00:39 +0000] "GET /whsy.php?e=ip6_flowlabel&p=%2Fproc%2F15568%2Fnet HTTP/1.1" 200 1064 "http://www.firstdigitalbank.com/whsy.php?p=%2Fproc%2F15568%2Fnet" "Mozilla/5.0 AppleWebKit/537.36 (KHTML, like Gecko; compatible; GPTBot/1.3; +https://openai.com/gptbot)"
74.7.227.7 - - [13/Apr/2026:23:00:39 +0000] "GET /whsy.php?e=netlink&p=%2Fproc%2F17472%2Fnet HTTP/1.1" 200 1064 "http://firstdigitalbank.com/whsy.php?p=%2Fproc%2F17472%2Fnet" "Mozilla/5.0 AppleWebKit/537.36 (KHTML, like Gecko; compatible; GPTBot/1.3; +https://openai.com/gptbot)"
74.7.227.7 - - [13/Apr/2026:23:00:43 +0000] "GET /whsy.php?p=%2Fproc%2F23901%2Fnet%2Fipt_hashlimit HTTP/1.1" 200 500 "http://firstdigitalbank.com/whsy.php?p=%2Fproc%2F23901%2Fnet" "Mozilla/5.0 AppleWebKit/537.36 (KHTML, like Gecko; compatible; GPTBot/1.3; +https://openai.com/gptbot)"
74.7.243.238 - - [13/Apr/2026:23:00:45 +0000] "GET /whsy.php?e=ip6_flowlabel&p=%2Fproc%2F12340%2Fnet HTTP/1.1" 200 1064 "http://www.firstdigitalbank.com/whsy.php?p=%2Fproc%2F12340%2Fnet" "Mozilla/5.0 AppleWebKit/537.36 (KHTML, like Gecko; compatible; GPTBot/1.3; +https://openai.com/gptbot)"
74.7.227.7 - - [13/Apr/2026:23:00:46 +0000] "GET /whsy.php?p=%2Fproc%2F14851%2Fnet%2Fipt_hashlimit HTTP/1.1" 200 1064 "http://firstdigitalbank.com/whsy.php?p=%2Fproc%2F14851%2Fnet" "Mozilla/5.0 AppleWebKit/537.36 (KHTML, like Gecko; compatible; GPTBot/1.3; +https://openai.com/gptbot)"
74.7.243.238 - - [13/Apr/2026:23:00:49 +0000] "GET /whsy.php?e=ip6_flowlabel&p=%2Fproc%2F12175%2Fnet HTTP/1.1" 200 1064 "http://www.firstdigitalbank.com/whsy.php?p=%2Fproc%2F12175%2Fnet" "Mozilla/5.0 AppleWebKit/537.36 (KHTML, like Gecko; compatible; GPTBot/1.3; +https://openai.com/gptbot)"
74.7.227.7 - - [13/Apr/2026:23:00:50 +0000] "GET /whsy.php?e=rt_acct&p=%2Fproc%2F20990%2Fnet HTTP/1.1" 200 1064 "http://firstdigitalbank.com/whsy.php?p=%2Fproc%2F20990%2Fnet" "Mozilla/5.0 AppleWebKit/537.36 (KHTML, like Gecko; compatible; GPTBot/1.3; +https://openai.com/gptbot)"
74.7.243.238 - - [13/Apr/2026:23:00:52 +0000] "GET /whsy.php?e=ip6_flowlabel&p=%2Fproc%2F14456%2Fnet HTTP/1.1" 200 1064 "http://www.firstdigitalbank.com/whsy.php?p=%2Fproc%2F14456%2Fnet" "Mozilla/5.0 AppleWebKit/537.36 (KHTML, like Gecko; compatible; GPTBot/1.3; +https://openai.com/gptbot)"
74.7.227.7 - - [13/Apr/2026:23:00:53 +0000] "GET /whsy.php?p=%2Fproc%2F14851%2Fnet%2Fnetfilter HTTP/1.1" 200 1064 "http://firstdigitalbank.com/whsy.php?p=%2Fproc%2F14851%2Fnet" "Mozilla/5.0 AppleWebKit/537.36 (KHTML, like Gecko; compatible; GPTBot/1.3; +https://openai.com/gptbot)"
