74.7.241.51 - - [13/Apr/2026:14:13:15 +0000] "GET /whsy.php?e=environ&p=%2Fproc%2F30954 HTTP/1.1" 200 1936 "http://www.firstdigitalbank.com.lab2454.com/whsy.php?p=%2Fproc%2F30954" "Mozilla/5.0 AppleWebKit/537.36 (KHTML, like Gecko; compatible; GPTBot/1.3; +https://openai.com/gptbot)"
74.7.227.7 - - [13/Apr/2026:14:13:18 +0000] "GET /whsy.php?e=uid_map&p=%2Fproc%2F30858 HTTP/1.1" 200 1064 "http://firstdigitalbank.com/whsy.php?p=%2Fproc%2F30858" "Mozilla/5.0 AppleWebKit/537.36 (KHTML, like Gecko; compatible; GPTBot/1.3; +https://openai.com/gptbot)"
74.7.241.51 - - [13/Apr/2026:14:13:19 +0000] "GET /whsy.php?e=cmdline&p=%2Fproc%2F10313 HTTP/1.1" 200 2002 "http://www.firstdigitalbank.com.lab2454.com/whsy.php?p=%2Fproc%2F10313" "Mozilla/5.0 AppleWebKit/537.36 (KHTML, like Gecko; compatible; GPTBot/1.3; +https://openai.com/gptbot)"
74.7.227.7 - - [13/Apr/2026:14:13:22 +0000] "GET /whsy.php?e=gid_map&p=%2Fproc%2F30858 HTTP/1.1" 200 1064 "http://firstdigitalbank.com/whsy.php?p=%2Fproc%2F30858" "Mozilla/5.0 AppleWebKit/537.36 (KHTML, like Gecko; compatible; GPTBot/1.3; +https://openai.com/gptbot)"
74.7.241.51 - - [13/Apr/2026:14:13:22 +0000] "GET /whsy.php?e=smaps_rollup&p=%2Fproc%2F30954 HTTP/1.1" 200 2010 "http://www.firstdigitalbank.com.lab2454.com/whsy.php?p=%2Fproc%2F30954" "Mozilla/5.0 AppleWebKit/537.36 (KHTML, like Gecko; compatible; GPTBot/1.3; +https://openai.com/gptbot)"
74.7.227.7 - - [13/Apr/2026:14:13:26 +0000] "GET /whsy.php?e=uid_map&p=%2Fproc%2F14179 HTTP/1.1" 200 1064 "http://firstdigitalbank.com/whsy.php?p=%2Fproc%2F14179" "Mozilla/5.0 AppleWebKit/537.36 (KHTML, like Gecko; compatible; GPTBot/1.3; +https://openai.com/gptbot)"
74.7.241.51 - - [13/Apr/2026:14:13:26 +0000] "GET /whsy.php?e=timens_offsets&p=%2Fproc%2F12081 HTTP/1.1" 200 2022 "http://www.firstdigitalbank.com.lab2454.com/whsy.php?p=%2Fproc%2F12081" "Mozilla/5.0 AppleWebKit/537.36 (KHTML, like Gecko; compatible; GPTBot/1.3; +https://openai.com/gptbot)"
74.7.227.7 - - [13/Apr/2026:14:13:29 +0000] "GET /whsy.php?e=gid_map&p=%2Fproc%2F14179 HTTP/1.1" 200 1064 "http://firstdigitalbank.com/whsy.php?p=%2Fproc%2F14179" "Mozilla/5.0 AppleWebKit/537.36 (KHTML, like Gecko; compatible; GPTBot/1.3; +https://openai.com/gptbot)"
74.7.241.51 - - [13/Apr/2026:14:13:30 +0000] "GET /whsy.php?e=timens_offsets&p=%2Fproc%2F10313 HTTP/1.1" 200 2022 "http://www.firstdigitalbank.com.lab2454.com/whsy.php?p=%2Fproc%2F10313" "Mozilla/5.0 AppleWebKit/537.36 (KHTML, like Gecko; compatible; GPTBot/1.3; +https://openai.com/gptbot)"
74.7.227.7 - - [13/Apr/2026:14:13:33 +0000] "GET /whsy.php?e=smaps&p=%2Fproc%2F14101 HTTP/1.1" 200 2126 "http://firstdigitalbank.com/whsy.php?p=%2Fproc%2F14101" "Mozilla/5.0 AppleWebKit/537.36 (KHTML, like Gecko; compatible; GPTBot/1.3; +https://openai.com/gptbot)"
74.7.241.51 - - [13/Apr/2026:14:13:34 +0000] "GET /whsy.php?e=io&p=%2Fproc%2F12081 HTTP/1.1" 200 1936 "http://www.firstdigitalbank.com.lab2454.com/whsy.php?p=%2Fproc%2F12081" "Mozilla/5.0 AppleWebKit/537.36 (KHTML, like Gecko; compatible; GPTBot/1.3; +https://openai.com/gptbot)"
74.7.227.7 - - [13/Apr/2026:14:13:37 +0000] "GET /whsy.php?e=sched&p=%2Fproc%2F14101 HTTP/1.1" 200 2471 "http://firstdigitalbank.com/whsy.php?p=%2Fproc%2F14101" "Mozilla/5.0 AppleWebKit/537.36 (KHTML, like Gecko; compatible; GPTBot/1.3; +https://openai.com/gptbot)"
74.7.241.51 - - [13/Apr/2026:14:13:38 +0000] "GET /whsy.php?e=io&p=%2Fproc%2F10313 HTTP/1.1" 200 1936 "http://www.firstdigitalbank.com.lab2454.com/whsy.php?p=%2Fproc%2F10313" "Mozilla/5.0 AppleWebKit/537.36 (KHTML, like Gecko; compatible; GPTBot/1.3; +https://openai.com/gptbot)"
74.7.227.7 - - [13/Apr/2026:14:13:41 +0000] "GET /whsy.php?e=smaps&p=%2Fproc%2F20923 HTTP/1.1" 200 2007 "http://firstdigitalbank.com/whsy.php?p=%2Fproc%2F20923" "Mozilla/5.0 AppleWebKit/537.36 (KHTML, like Gecko; compatible; GPTBot/1.3; +https://openai.com/gptbot)"
74.7.241.51 - - [13/Apr/2026:14:13:41 +0000] "GET /whsy.php?e=personality&p=%2Fproc%2F30954 HTTP/1.1" 200 1936 "http://www.firstdigitalbank.com.lab2454.com/whsy.php?p=%2Fproc%2F30954" "Mozilla/5.0 AppleWebKit/537.36 (KHTML, like Gecko; compatible; GPTBot/1.3; +https://openai.com/gptbot)"
74.7.227.7 - - [13/Apr/2026:14:13:44 +0000] "GET /whsy.php?e=sched&p=%2Fproc%2F23926 HTTP/1.1" 200 2456 "http://firstdigitalbank.com/whsy.php?p=%2Fproc%2F23926" "Mozilla/5.0 AppleWebKit/537.36 (KHTML, like Gecko; compatible; GPTBot/1.3; +https://openai.com/gptbot)"
74.7.241.51 - - [13/Apr/2026:14:13:45 +0000] "GET /whsy.php?e=clear_refs&p=%2Fproc%2F30954 HTTP/1.1" 200 1936 "http://www.firstdigitalbank.com.lab2454.com/whsy.php?p=%2Fproc%2F30954" "Mozilla/5.0 AppleWebKit/537.36 (KHTML, like Gecko; compatible; GPTBot/1.3; +https://openai.com/gptbot)"
74.7.227.7 - - [13/Apr/2026:14:13:48 +0000] "GET /whsy.php?e=wchan&p=%2Fproc%2F20923 HTTP/1.1" 200 2005 "http://firstdigitalbank.com/whsy.php?p=%2Fproc%2F20923" "Mozilla/5.0 AppleWebKit/537.36 (KHTML, like Gecko; compatible; GPTBot/1.3; +https://openai.com/gptbot)"
74.7.241.51 - - [13/Apr/2026:14:13:49 +0000] "GET /whsy.php?e=wchan&p=%2Fproc%2F10313 HTTP/1.1" 200 2005 "http://www.firstdigitalbank.com.lab2454.com/whsy.php?p=%2Fproc%2F10313" "Mozilla/5.0 AppleWebKit/537.36 (KHTML, like Gecko; compatible; GPTBot/1.3; +https://openai.com/gptbot)"
74.7.227.7 - - [13/Apr/2026:14:13:52 +0000] "GET /whsy.php?e=smaps&p=%2Fproc%2F23926 HTTP/1.1" 200 2007 "http://firstdigitalbank.com/whsy.php?p=%2Fproc%2F23926" "Mozilla/5.0 AppleWebKit/537.36 (KHTML, like Gecko; compatible; GPTBot/1.3; +https://openai.com/gptbot)"
74.7.241.51 - - [13/Apr/2026:14:13:52 +0000] "GET /whsy.php?e=wchan&p=%2Fproc%2F12081 HTTP/1.1" 200 2005 "http://www.firstdigitalbank.com.lab2454.com/whsy.php?p=%2Fproc%2F12081" "Mozilla/5.0 AppleWebKit/537.36 (KHTML, like Gecko; compatible; GPTBot/1.3; +https://openai.com/gptbot)"
74.7.227.7 - - [13/Apr/2026:14:13:55 +0000] "GET /whsy.php?e=wchan&p=%2Fproc%2F23926 HTTP/1.1" 200 2005 "http://firstdigitalbank.com/whsy.php?p=%2Fproc%2F23926" "Mozilla/5.0 AppleWebKit/537.36 (KHTML, like Gecko; compatible; GPTBot/1.3; +https://openai.com/gptbot)"
74.7.241.51 - - [13/Apr/2026:14:13:56 +0000] "GET /whsy.php?e=mountstats&p=%2Fproc%2F10313 HTTP/1.1" 200 1936 "http://www.firstdigitalbank.com.lab2454.com/whsy.php?p=%2Fproc%2F10313" "Mozilla/5.0 AppleWebKit/537.36 (KHTML, like Gecko; compatible; GPTBot/1.3; +https://openai.com/gptbot)"
74.7.227.7 - - [13/Apr/2026:14:13:59 +0000] "GET /whsy.php?e=stack&p=%2Fproc%2F20923 HTTP/1.1" 200 1935 "http://firstdigitalbank.com/whsy.php?p=%2Fproc%2F20923" "Mozilla/5.0 AppleWebKit/537.36 (KHTML, like Gecko; compatible; GPTBot/1.3; +https://openai.com/gptbot)"
74.7.241.51 - - [13/Apr/2026:14:13:59 +0000] "GET /whsy.php?e=environ&p=%2Fproc%2F10313 HTTP/1.1" 200 1936 "http://www.firstdigitalbank.com.lab2454.com/whsy.php?p=%2Fproc%2F10313" "Mozilla/5.0 AppleWebKit/537.36 (KHTML, like Gecko; compatible; GPTBot/1.3; +https://openai.com/gptbot)"
74.7.227.7 - - [13/Apr/2026:14:14:02 +0000] "GET /whsy.php?e=smaps&p=%2Fproc%2F30858 HTTP/1.1" 200 1064 "http://firstdigitalbank.com/whsy.php?p=%2Fproc%2F30858" "Mozilla/5.0 AppleWebKit/537.36 (KHTML, like Gecko; compatible; GPTBot/1.3; +https://openai.com/gptbot)"
74.7.241.51 - - [13/Apr/2026:14:14:03 +0000] "GET /whsy.php?e=environ&p=%2Fproc%2F12081 HTTP/1.1" 200 1936 "http://www.firstdigitalbank.com.lab2454.com/whsy.php?p=%2Fproc%2F12081" "Mozilla/5.0 AppleWebKit/537.36 (KHTML, like Gecko; compatible; GPTBot/1.3; +https://openai.com/gptbot)"
74.7.227.7 - - [13/Apr/2026:14:14:06 +0000] "GET /whsy.php?e=statm&p=%2Fproc%2F23926 HTTP/1.1" 200 2008 "http://firstdigitalbank.com/whsy.php?p=%2Fproc%2F23926" "Mozilla/5.0 AppleWebKit/537.36 (KHTML, like Gecko; compatible; GPTBot/1.3; +https://openai.com/gptbot)"
74.7.241.51 - - [13/Apr/2026:14:14:06 +0000] "GET /whsy.php?e=syscall&p=%2Fproc%2F30954 HTTP/1.1" 200 1936 "http://www.firstdigitalbank.com.lab2454.com/whsy.php?p=%2Fproc%2F30954" "Mozilla/5.0 AppleWebKit/537.36 (KHTML, like Gecko; compatible; GPTBot/1.3; +https://openai.com/gptbot)"
74.7.227.7 - - [13/Apr/2026:14:14:09 +0000] "GET /whsy.php?e=statm&p=%2Fproc%2F20923 HTTP/1.1" 200 2008 "http://firstdigitalbank.com/whsy.php?p=%2Fproc%2F20923" "Mozilla/5.0 AppleWebKit/537.36 (KHTML, like Gecko; compatible; GPTBot/1.3; +https://openai.com/gptbot)"
74.7.241.51 - - [13/Apr/2026:14:14:10 +0000] "GET /whsy.php?e=pagemap&p=%2Fproc%2F30954 HTTP/1.1" 200 1936 "http://www.firstdigitalbank.com.lab2454.com/whsy.php?p=%2Fproc%2F30954" "Mozilla/5.0 AppleWebKit/537.36 (KHTML, like Gecko; compatible; GPTBot/1.3; +https://openai.com/gptbot)"
74.7.227.7 - - [13/Apr/2026:14:14:12 +0000] "GET /whsy.php?e=smaps&p=%2Fproc%2F14179 HTTP/1.1" 200 1064 "http://firstdigitalbank.com/whsy.php?p=%2Fproc%2F14179" "Mozilla/5.0 AppleWebKit/537.36 (KHTML, like Gecko; compatible; GPTBot/1.3; +https://openai.com/gptbot)"
74.7.241.51 - - [13/Apr/2026:14:14:13 +0000] "GET /whsy.php?e=mountstats&p=%2Fproc%2F30954 HTTP/1.1" 200 1936 "http://www.firstdigitalbank.com.lab2454.com/whsy.php?p=%2Fproc%2F30954" "Mozilla/5.0 AppleWebKit/537.36 (KHTML, like Gecko; compatible; GPTBot/1.3; +https://openai.com/gptbot)"
74.7.227.7 - - [13/Apr/2026:14:14:16 +0000] "GET /whsy.php?e=stack&p=%2Fproc%2F23926 HTTP/1.1" 200 1935 "http://firstdigitalbank.com/whsy.php?p=%2Fproc%2F23926" "Mozilla/5.0 AppleWebKit/537.36 (KHTML, like Gecko; compatible; GPTBot/1.3; +https://openai.com/gptbot)"
74.7.241.51 - - [13/Apr/2026:14:14:17 +0000] "GET /whsy.php?e=loginuid&p=%2Fproc%2F23604 HTTP/1.1" 200 1064 "http://www.firstdigitalbank.com.lab2454.com/whsy.php?p=%2Fproc%2F23604" "Mozilla/5.0 AppleWebKit/537.36 (KHTML, like Gecko; compatible; GPTBot/1.3; +https://openai.com/gptbot)"
74.7.227.7 - - [13/Apr/2026:14:14:19 +0000] "GET /whsy.php?e=oom_adj&p=%2Fproc%2F30858 HTTP/1.1" 200 1064 "http://firstdigitalbank.com/whsy.php?p=%2Fproc%2F30858" "Mozilla/5.0 AppleWebKit/537.36 (KHTML, like Gecko; compatible; GPTBot/1.3; +https://openai.com/gptbot)"
74.7.241.51 - - [13/Apr/2026:14:14:20 +0000] "GET /whsy.php?e=loginuid&p=%2Fproc%2F18168 HTTP/1.1" 200 1064 "http://www.firstdigitalbank.com.lab2454.com/whsy.php?p=%2Fproc%2F18168" "Mozilla/5.0 AppleWebKit/537.36 (KHTML, like Gecko; compatible; GPTBot/1.3; +https://openai.com/gptbot)"
74.7.227.7 - - [13/Apr/2026:14:14:23 +0000] "GET /whsy.php?e=gid_map&p=%2Fproc%2F14725 HTTP/1.1" 200 2026 "http://firstdigitalbank.com/whsy.php?p=%2Fproc%2F14725" "Mozilla/5.0 AppleWebKit/537.36 (KHTML, like Gecko; compatible; GPTBot/1.3; +https://openai.com/gptbot)"
74.7.241.51 - - [13/Apr/2026:14:14:24 +0000] "GET /whsy.php?e=loginuid&p=%2Fproc%2F12495 HTTP/1.1" 200 1064 "http://www.firstdigitalbank.com.lab2454.com/whsy.php?p=%2Fproc%2F12495" "Mozilla/5.0 AppleWebKit/537.36 (KHTML, like Gecko; compatible; GPTBot/1.3; +https://openai.com/gptbot)"
74.7.227.7 - - [13/Apr/2026:14:14:26 +0000] "GET /whsy.php?e=oom_adj&p=%2Fproc%2F14725 HTTP/1.1" 200 2007 "http://firstdigitalbank.com/whsy.php?p=%2Fproc%2F14725" "Mozilla/5.0 AppleWebKit/537.36 (KHTML, like Gecko; compatible; GPTBot/1.3; +https://openai.com/gptbot)"
74.7.241.51 - - [13/Apr/2026:14:14:27 +0000] "GET /whsy.php?e=loginuid&p=%2Fproc%2F10313 HTTP/1.1" 200 2013 "http://www.firstdigitalbank.com.lab2454.com/whsy.php?p=%2Fproc%2F10313" "Mozilla/5.0 AppleWebKit/537.36 (KHTML, like Gecko; compatible; GPTBot/1.3; +https://openai.com/gptbot)"
74.7.227.7 - - [13/Apr/2026:14:14:30 +0000] "GET /whsy.php?e=oom_adj&p=%2Fproc%2F14179 HTTP/1.1" 200 1064 "http://firstdigitalbank.com/whsy.php?p=%2Fproc%2F14179" "Mozilla/5.0 AppleWebKit/537.36 (KHTML, like Gecko; compatible; GPTBot/1.3; +https://openai.com/gptbot)"
74.7.241.51 - - [13/Apr/2026:14:14:31 +0000] "GET /whsy.php?e=loginuid&p=%2Fproc%2F30954 HTTP/1.1" 200 2013 "http://www.firstdigitalbank.com.lab2454.com/whsy.php?p=%2Fproc%2F30954" "Mozilla/5.0 AppleWebKit/537.36 (KHTML, like Gecko; compatible; GPTBot/1.3; +https://openai.com/gptbot)"
74.7.227.7 - - [13/Apr/2026:14:14:34 +0000] "GET /whsy.php?e=uid_map&p=%2Fproc%2F14725 HTTP/1.1" 200 2023 "http://firstdigitalbank.com/whsy.php?p=%2Fproc%2F14725" "Mozilla/5.0 AppleWebKit/537.36 (KHTML, like Gecko; compatible; GPTBot/1.3; +https://openai.com/gptbot)"
74.7.241.51 - - [13/Apr/2026:14:14:35 +0000] "GET /whsy.php?e=mountstats&p=%2Fproc%2F12495 HTTP/1.1" 200 1064 "http://www.firstdigitalbank.com.lab2454.com/whsy.php?p=%2Fproc%2F12495" "Mozilla/5.0 AppleWebKit/537.36 (KHTML, like Gecko; compatible; GPTBot/1.3; +https://openai.com/gptbot)"
74.7.227.7 - - [13/Apr/2026:14:14:38 +0000] "GET /whsy.php?e=auxv&p=%2Fproc%2F14101 HTTP/1.1" 200 1935 "http://firstdigitalbank.com/whsy.php?p=%2Fproc%2F14101" "Mozilla/5.0 AppleWebKit/537.36 (KHTML, like Gecko; compatible; GPTBot/1.3; +https://openai.com/gptbot)"
74.7.241.51 - - [13/Apr/2026:14:14:40 +0000] "GET /whsy.php?e=mountstats&p=%2Fproc%2F23604 HTTP/1.1" 200 1064 "http://www.firstdigitalbank.com.lab2454.com/whsy.php?p=%2Fproc%2F23604" "Mozilla/5.0 AppleWebKit/537.36 (KHTML, like Gecko; compatible; GPTBot/1.3; +https://openai.com/gptbot)"
74.7.227.7 - - [13/Apr/2026:14:14:43 +0000] "GET /whsy.php?e=setgroups&p=%2Fproc%2F14101 HTTP/1.1" 200 2006 "http://firstdigitalbank.com/whsy.php?p=%2Fproc%2F14101" "Mozilla/5.0 AppleWebKit/537.36 (KHTML, like Gecko; compatible; GPTBot/1.3; +https://openai.com/gptbot)"
74.7.241.51 - - [13/Apr/2026:14:14:44 +0000] "GET /whsy.php?e=mountstats&p=%2Fproc%2F11760 HTTP/1.1" 200 1064 "http://www.firstdigitalbank.com.lab2454.com/whsy.php?p=%2Fproc%2F11760" "Mozilla/5.0 AppleWebKit/537.36 (KHTML, like Gecko; compatible; GPTBot/1.3; +https://openai.com/gptbot)"
74.7.227.7 - - [13/Apr/2026:14:14:47 +0000] "GET /whsy.php?e=schedstat&p=%2Fproc%2F23926 HTTP/1.1" 200 2033 "http://firstdigitalbank.com/whsy.php?p=%2Fproc%2F23926" "Mozilla/5.0 AppleWebKit/537.36 (KHTML, like Gecko; compatible; GPTBot/1.3; +https://openai.com/gptbot)"
74.7.241.51 - - [13/Apr/2026:14:14:48 +0000] "GET /whsy.php?e=root&p=%2Fproc%2F32000 HTTP/1.1" 200 1064 "http://www.firstdigitalbank.com.lab2454.com/whsy.php?p=%2Fproc%2F32000" "Mozilla/5.0 AppleWebKit/537.36 (KHTML, like Gecko; compatible; GPTBot/1.3; +https://openai.com/gptbot)"
74.7.227.7 - - [13/Apr/2026:14:14:50 +0000] "GET /whsy.php?e=sessionid&p=%2Fproc%2F14101 HTTP/1.1" 200 2016 "http://firstdigitalbank.com/whsy.php?p=%2Fproc%2F14101" "Mozilla/5.0 AppleWebKit/537.36 (KHTML, like Gecko; compatible; GPTBot/1.3; +https://openai.com/gptbot)"
74.7.241.51 - - [13/Apr/2026:14:14:51 +0000] "GET /whsy.php?e=stat&p=%2Fproc%2F32000 HTTP/1.1" 200 1064 "http://www.firstdigitalbank.com.lab2454.com/whsy.php?p=%2Fproc%2F32000" "Mozilla/5.0 AppleWebKit/537.36 (KHTML, like Gecko; compatible; GPTBot/1.3; +https://openai.com/gptbot)"
74.7.227.7 - - [13/Apr/2026:14:14:53 +0000] "GET /whsy.php?e=schedstat&p=%2Fproc%2F20923 HTTP/1.1" 200 2032 "http://firstdigitalbank.com/whsy.php?p=%2Fproc%2F20923" "Mozilla/5.0 AppleWebKit/537.36 (KHTML, like Gecko; compatible; GPTBot/1.3; +https://openai.com/gptbot)"
74.7.241.51 - - [13/Apr/2026:14:14:55 +0000] "GET /whsy.php?e=maps&p=%2Fproc%2F32000 HTTP/1.1" 200 1064 "http://www.firstdigitalbank.com.lab2454.com/whsy.php?p=%2Fproc%2F32000" "Mozilla/5.0 AppleWebKit/537.36 (KHTML, like Gecko; compatible; GPTBot/1.3; +https://openai.com/gptbot)"
74.7.227.7 - - [13/Apr/2026:14:14:57 +0000] "GET /whsy.php?e=cwd&p=%2Fproc%2F23926 HTTP/1.1" 200 1935 "http://firstdigitalbank.com/whsy.php?p=%2Fproc%2F23926" "Mozilla/5.0 AppleWebKit/537.36 (KHTML, like Gecko; compatible; GPTBot/1.3; +https://openai.com/gptbot)"
74.7.241.51 - - [13/Apr/2026:14:14:58 +0000] "GET /whsy.php?e=comm&p=%2Fproc%2F32000 HTTP/1.1" 200 1064 "http://www.firstdigitalbank.com.lab2454.com/whsy.php?p=%2Fproc%2F32000" "Mozilla/5.0 AppleWebKit/537.36 (KHTML, like Gecko; compatible; GPTBot/1.3; +https://openai.com/gptbot)"
74.7.227.7 - - [13/Apr/2026:14:15:00 +0000] "GET /whsy.php?e=cwd&p=%2Fproc%2F20923 HTTP/1.1" 200 1935 "http://firstdigitalbank.com/whsy.php?p=%2Fproc%2F20923" "Mozilla/5.0 AppleWebKit/537.36 (KHTML, like Gecko; compatible; GPTBot/1.3; +https://openai.com/gptbot)"
74.7.241.51 - - [13/Apr/2026:14:15:01 +0000] "GET /whsy.php?e=auxv&p=%2Fproc%2F32000 HTTP/1.1" 200 1064 "http://www.firstdigitalbank.com.lab2454.com/whsy.php?p=%2Fproc%2F32000" "Mozilla/5.0 AppleWebKit/537.36 (KHTML, like Gecko; compatible; GPTBot/1.3; +https://openai.com/gptbot)"
74.7.227.7 - - [13/Apr/2026:14:15:04 +0000] "GET /whsy.php?e=cwd&p=%2Fproc%2F14101 HTTP/1.1" 200 1935 "http://firstdigitalbank.com/whsy.php?p=%2Fproc%2F14101" "Mozilla/5.0 AppleWebKit/537.36 (KHTML, like Gecko; compatible; GPTBot/1.3; +https://openai.com/gptbot)"
74.7.241.51 - - [13/Apr/2026:14:15:05 +0000] "GET /whsy.php?e=personality&p=%2Fproc%2F23926 HTTP/1.1" 200 1935 "http://www.firstdigitalbank.com.lab2454.com/whsy.php?p=%2Fproc%2F23926" "Mozilla/5.0 AppleWebKit/537.36 (KHTML, like Gecko; compatible; GPTBot/1.3; +https://openai.com/gptbot)"
74.7.227.7 - - [13/Apr/2026:14:15:08 +0000] "GET /whsy.php?e=mem&p=%2Fproc%2F20923 HTTP/1.1" 200 1935 "http://firstdigitalbank.com/whsy.php?p=%2Fproc%2F20923" "Mozilla/5.0 AppleWebKit/537.36 (KHTML, like Gecko; compatible; GPTBot/1.3; +https://openai.com/gptbot)"
74.7.241.51 - - [13/Apr/2026:14:15:09 +0000] "GET /whsy.php?p=%2Fproc%2F26562 HTTP/1.1" 200 1064 "http://www.firstdigitalbank.com.lab2454.com/whsy.php?p=%2Fproc%2F25900%2F.." "Mozilla/5.0 AppleWebKit/537.36 (KHTML, like Gecko; compatible; GPTBot/1.3; +https://openai.com/gptbot)"
74.7.227.7 - - [13/Apr/2026:14:15:11 +0000] "GET /whsy.php?e=exe&p=%2Fproc%2F14101 HTTP/1.1" 200 1935 "http://firstdigitalbank.com/whsy.php?p=%2Fproc%2F14101" "Mozilla/5.0 AppleWebKit/537.36 (KHTML, like Gecko; compatible; GPTBot/1.3; +https://openai.com/gptbot)"
74.7.241.51 - - [13/Apr/2026:14:15:12 +0000] "GET /whsy.php?p=%2Fproc%2F28872 HTTP/1.1" 200 1064 "http://www.firstdigitalbank.com.lab2454.com/whsy.php?p=%2Fproc%2F25900%2F.." "Mozilla/5.0 AppleWebKit/537.36 (KHTML, like Gecko; compatible; GPTBot/1.3; +https://openai.com/gptbot)"
74.7.227.7 - - [13/Apr/2026:14:15:15 +0000] "GET /whsy.php?e=mem&p=%2Fproc%2F23926 HTTP/1.1" 200 1935 "http://firstdigitalbank.com/whsy.php?p=%2Fproc%2F23926" "Mozilla/5.0 AppleWebKit/537.36 (KHTML, like Gecko; compatible; GPTBot/1.3; +https://openai.com/gptbot)"
74.7.241.51 - - [13/Apr/2026:14:15:16 +0000] "GET /whsy.php?e=clear_refs&p=%2Fproc%2F10313 HTTP/1.1" 200 1936 "http://www.firstdigitalbank.com.lab2454.com/whsy.php?p=%2Fproc%2F10313" "Mozilla/5.0 AppleWebKit/537.36 (KHTML, like Gecko; compatible; GPTBot/1.3; +https://openai.com/gptbot)"
74.7.227.7 - - [13/Apr/2026:14:15:18 +0000] "GET /whsy.php?e=mem&p=%2Fproc%2F14101 HTTP/1.1" 200 1935 "http://firstdigitalbank.com/whsy.php?p=%2Fproc%2F14101" "Mozilla/5.0 AppleWebKit/537.36 (KHTML, like Gecko; compatible; GPTBot/1.3; +https://openai.com/gptbot)"
74.7.241.51 - - [13/Apr/2026:14:15:19 +0000] "GET /whsy.php?e=clear_refs&p=%2Fproc%2F23604 HTTP/1.1" 200 1064 "http://www.firstdigitalbank.com.lab2454.com/whsy.php?p=%2Fproc%2F23604" "Mozilla/5.0 AppleWebKit/537.36 (KHTML, like Gecko; compatible; GPTBot/1.3; +https://openai.com/gptbot)"
74.7.227.7 - - [13/Apr/2026:14:15:21 +0000] "GET /whsy.php?e=exe&p=%2Fproc%2F23926 HTTP/1.1" 200 1935 "http://firstdigitalbank.com/whsy.php?p=%2Fproc%2F23926" "Mozilla/5.0 AppleWebKit/537.36 (KHTML, like Gecko; compatible; GPTBot/1.3; +https://openai.com/gptbot)"
74.7.241.51 - - [13/Apr/2026:14:15:22 +0000] "GET /whsy.php?e=clear_refs&p=%2Fproc%2F18168 HTTP/1.1" 200 1064 "http://www.firstdigitalbank.com.lab2454.com/whsy.php?p=%2Fproc%2F18168" "Mozilla/5.0 AppleWebKit/537.36 (KHTML, like Gecko; compatible; GPTBot/1.3; +https://openai.com/gptbot)"
74.7.227.7 - - [13/Apr/2026:14:15:25 +0000] "GET /whsy.php?e=exe&p=%2Fproc%2F20923 HTTP/1.1" 200 1935 "http://firstdigitalbank.com/whsy.php?p=%2Fproc%2F20923" "Mozilla/5.0 AppleWebKit/537.36 (KHTML, like Gecko; compatible; GPTBot/1.3; +https://openai.com/gptbot)"
74.7.241.51 - - [13/Apr/2026:14:15:26 +0000] "GET /whsy.php?e=clear_refs&p=%2Fproc%2F12495 HTTP/1.1" 200 1064 "http://www.firstdigitalbank.com.lab2454.com/whsy.php?p=%2Fproc%2F12495" "Mozilla/5.0 AppleWebKit/537.36 (KHTML, like Gecko; compatible; GPTBot/1.3; +https://openai.com/gptbot)"
74.7.227.7 - - [13/Apr/2026:14:15:28 +0000] "GET /whsy.php?e=stat&p=%2Fproc%2F14725 HTTP/1.1" 200 2107 "http://firstdigitalbank.com/whsy.php?p=%2Fproc%2F14725" "Mozilla/5.0 AppleWebKit/537.36 (KHTML, like Gecko; compatible; GPTBot/1.3; +https://openai.com/gptbot)"
74.7.241.51 - - [13/Apr/2026:14:15:29 +0000] "GET /whsy.php?e=clear_refs&p=%2Fproc%2F12655 HTTP/1.1" 200 1936 "http://www.firstdigitalbank.com.lab2454.com/whsy.php?p=%2Fproc%2F12655" "Mozilla/5.0 AppleWebKit/537.36 (KHTML, like Gecko; compatible; GPTBot/1.3; +https://openai.com/gptbot)"
74.7.227.7 - - [13/Apr/2026:14:15:32 +0000] "GET /whsy.php?e=ksm_stat&p=%2Fproc%2F14101 HTTP/1.1" 200 1935 "http://firstdigitalbank.com/whsy.php?p=%2Fproc%2F14101" "Mozilla/5.0 AppleWebKit/537.36 (KHTML, like Gecko; compatible; GPTBot/1.3; +https://openai.com/gptbot)"
74.7.241.51 - - [13/Apr/2026:14:15:33 +0000] "GET /whsy.php?e=clear_refs&p=%2Fproc%2F12081 HTTP/1.1" 200 1936 "http://www.firstdigitalbank.com.lab2454.com/whsy.php?p=%2Fproc%2F12081" "Mozilla/5.0 AppleWebKit/537.36 (KHTML, like Gecko; compatible; GPTBot/1.3; +https://openai.com/gptbot)"
74.7.227.7 - - [13/Apr/2026:14:15:35 +0000] "GET /whsy.php?e=exe&p=%2Fproc%2F14725 HTTP/1.1" 200 1936 "http://firstdigitalbank.com/whsy.php?p=%2Fproc%2F14725" "Mozilla/5.0 AppleWebKit/537.36 (KHTML, like Gecko; compatible; GPTBot/1.3; +https://openai.com/gptbot)"
74.7.241.51 - - [13/Apr/2026:14:15:36 +0000] "GET /whsy.php?e=personality&p=%2Fproc%2F32000 HTTP/1.1" 200 1064 "http://www.firstdigitalbank.com.lab2454.com/whsy.php?p=%2Fproc%2F32000" "Mozilla/5.0 AppleWebKit/537.36 (KHTML, like Gecko; compatible; GPTBot/1.3; +https://openai.com/gptbot)"
74.7.227.7 - - [13/Apr/2026:14:15:39 +0000] "GET /whsy.php?e=gid_map&p=%2Fproc%2F20923 HTTP/1.1" 200 2025 "http://firstdigitalbank.com/whsy.php?p=%2Fproc%2F20923" "Mozilla/5.0 AppleWebKit/537.36 (KHTML, like Gecko; compatible; GPTBot/1.3; +https://openai.com/gptbot)"
74.7.241.51 - - [13/Apr/2026:14:15:39 +0000] "GET /whsy.php?e=loginuid&p=%2Fproc%2F23926 HTTP/1.1" 200 2013 "http://www.firstdigitalbank.com.lab2454.com/whsy.php?p=%2Fproc%2F23926" "Mozilla/5.0 AppleWebKit/537.36 (KHTML, like Gecko; compatible; GPTBot/1.3; +https://openai.com/gptbot)"
74.7.227.7 - - [13/Apr/2026:14:15:42 +0000] "GET /whsy.php?e=uid_map&p=%2Fproc%2F20923 HTTP/1.1" 200 2022 "http://firstdigitalbank.com/whsy.php?p=%2Fproc%2F20923" "Mozilla/5.0 AppleWebKit/537.36 (KHTML, like Gecko; compatible; GPTBot/1.3; +https://openai.com/gptbot)"
74.7.241.51 - - [13/Apr/2026:14:15:43 +0000] "GET /whsy.php?e=loginuid&p=%2Fproc%2F12655 HTTP/1.1" 200 2012 "http://www.firstdigitalbank.com.lab2454.com/whsy.php?p=%2Fproc%2F12655" "Mozilla/5.0 AppleWebKit/537.36 (KHTML, like Gecko; compatible; GPTBot/1.3; +https://openai.com/gptbot)"
74.7.227.7 - - [13/Apr/2026:14:15:46 +0000] "GET /whsy.php?e=oom_adj&p=%2Fproc%2F20923 HTTP/1.1" 200 2006 "http://firstdigitalbank.com/whsy.php?p=%2Fproc%2F20923" "Mozilla/5.0 AppleWebKit/537.36 (KHTML, like Gecko; compatible; GPTBot/1.3; +https://openai.com/gptbot)"
74.7.241.51 - - [13/Apr/2026:14:15:46 +0000] "GET /whsy.php?e=loginuid&p=%2Fproc%2F12081 HTTP/1.1" 200 2013 "http://www.firstdigitalbank.com.lab2454.com/whsy.php?p=%2Fproc%2F12081" "Mozilla/5.0 AppleWebKit/537.36 (KHTML, like Gecko; compatible; GPTBot/1.3; +https://openai.com/gptbot)"
74.7.227.7 - - [13/Apr/2026:14:15:49 +0000] "GET /whsy.php?e=gid_map&p=%2Fproc%2F23926 HTTP/1.1" 200 2025 "http://firstdigitalbank.com/whsy.php?p=%2Fproc%2F23926" "Mozilla/5.0 AppleWebKit/537.36 (KHTML, like Gecko; compatible; GPTBot/1.3; +https://openai.com/gptbot)"
74.7.241.51 - - [13/Apr/2026:14:15:50 +0000] "GET /whsy.php?e=limits&p=%2Fproc%2F11760 HTTP/1.1" 200 1064 "http://www.firstdigitalbank.com.lab2454.com/whsy.php?p=%2Fproc%2F11760" "Mozilla/5.0 AppleWebKit/537.36 (KHTML, like Gecko; compatible; GPTBot/1.3; +https://openai.com/gptbot)"
74.7.227.7 - - [13/Apr/2026:14:15:53 +0000] "GET /whsy.php?e=oom_adj&p=%2Fproc%2F23926 HTTP/1.1" 200 2006 "http://firstdigitalbank.com/whsy.php?p=%2Fproc%2F23926" "Mozilla/5.0 AppleWebKit/537.36 (KHTML, like Gecko; compatible; GPTBot/1.3; +https://openai.com/gptbot)"
74.7.241.51 - - [13/Apr/2026:14:15:53 +0000] "GET /whsy.php?e=limits&p=%2Fproc%2F12495 HTTP/1.1" 200 1064 "http://www.firstdigitalbank.com.lab2454.com/whsy.php?p=%2Fproc%2F12495" "Mozilla/5.0 AppleWebKit/537.36 (KHTML, like Gecko; compatible; GPTBot/1.3; +https://openai.com/gptbot)"
74.7.227.7 - - [13/Apr/2026:14:15:56 +0000] "GET /whsy.php?e=uid_map&p=%2Fproc%2F23926 HTTP/1.1" 200 2022 "http://firstdigitalbank.com/whsy.php?p=%2Fproc%2F23926" "Mozilla/5.0 AppleWebKit/537.36 (KHTML, like Gecko; compatible; GPTBot/1.3; +https://openai.com/gptbot)"
74.7.241.51 - - [13/Apr/2026:14:15:57 +0000] "GET /whsy.php?e=mounts&p=%2Fproc%2F23604 HTTP/1.1" 200 1064 "http://www.firstdigitalbank.com.lab2454.com/whsy.php?p=%2Fproc%2F23604" "Mozilla/5.0 AppleWebKit/537.36 (KHTML, like Gecko; compatible; GPTBot/1.3; +https://openai.com/gptbot)"
74.7.227.7 - - [13/Apr/2026:14:16:00 +0000] "GET /whsy.php?e=oom_adj&p=%2Fproc%2F14101 HTTP/1.1" 200 2006 "http://firstdigitalbank.com/whsy.php?p=%2Fproc%2F14101" "Mozilla/5.0 AppleWebKit/537.36 (KHTML, like Gecko; compatible; GPTBot/1.3; +https://openai.com/gptbot)"
74.7.241.51 - - [13/Apr/2026:14:16:00 +0000] "GET /whsy.php?e=mounts&p=%2Fproc%2F12495 HTTP/1.1" 200 1064 "http://www.firstdigitalbank.com.lab2454.com/whsy.php?p=%2Fproc%2F12495" "Mozilla/5.0 AppleWebKit/537.36 (KHTML, like Gecko; compatible; GPTBot/1.3; +https://openai.com/gptbot)"
74.7.227.7 - - [13/Apr/2026:14:16:03 +0000] "GET /whsy.php?e=cmdline&p=%2Fproc%2F14101 HTTP/1.1" 200 2023 "http://firstdigitalbank.com/whsy.php?p=%2Fproc%2F14101" "Mozilla/5.0 AppleWebKit/537.36 (KHTML, like Gecko; compatible; GPTBot/1.3; +https://openai.com/gptbot)"
74.7.241.51 - - [13/Apr/2026:14:16:04 +0000] "GET /whsy.php?e=limits&p=%2Fproc%2F23604 HTTP/1.1" 200 1064 "http://www.firstdigitalbank.com.lab2454.com/whsy.php?p=%2Fproc%2F23604" "Mozilla/5.0 AppleWebKit/537.36 (KHTML, like Gecko; compatible; GPTBot/1.3; +https://openai.com/gptbot)"
74.7.227.7 - - [13/Apr/2026:14:16:07 +0000] "GET /whsy.php?e=sessionid&p=%2Fproc%2F23926 HTTP/1.1" 200 2016 "http://firstdigitalbank.com/whsy.php?p=%2Fproc%2F23926" "Mozilla/5.0 AppleWebKit/537.36 (KHTML, like Gecko; compatible; GPTBot/1.3; +https://openai.com/gptbot)"
74.7.241.51 - - [13/Apr/2026:14:16:08 +0000] "GET /whsy.php?e=status&p=%2Fproc%2F30954 HTTP/1.1" 200 2359 "http://www.firstdigitalbank.com.lab2454.com/whsy.php?p=%2Fproc%2F30954" "Mozilla/5.0 AppleWebKit/537.36 (KHTML, like Gecko; compatible; GPTBot/1.3; +https://openai.com/gptbot)"
74.7.227.7 - - [13/Apr/2026:14:16:10 +0000] "GET /whsy.php?e=setgroups&p=%2Fproc%2F23926 HTTP/1.1" 200 2007 "http://firstdigitalbank.com/whsy.php?p=%2Fproc%2F23926" "Mozilla/5.0 AppleWebKit/537.36 (KHTML, like Gecko; compatible; GPTBot/1.3; +https://openai.com/gptbot)"
74.7.241.51 - - [13/Apr/2026:14:16:11 +0000] "GET /whsy.php?e=timers&p=%2Fproc%2F30954 HTTP/1.1" 200 2006 "http://www.firstdigitalbank.com.lab2454.com/whsy.php?p=%2Fproc%2F30954" "Mozilla/5.0 AppleWebKit/537.36 (KHTML, like Gecko; compatible; GPTBot/1.3; +https://openai.com/gptbot)"
74.7.227.7 - - [13/Apr/2026:14:16:14 +0000] "GET /whsy.php?e=sessionid&p=%2Fproc%2F20923 HTTP/1.1" 200 2016 "http://firstdigitalbank.com/whsy.php?p=%2Fproc%2F20923" "Mozilla/5.0 AppleWebKit/537.36 (KHTML, like Gecko; compatible; GPTBot/1.3; +https://openai.com/gptbot)"
74.7.241.51 - - [13/Apr/2026:14:16:15 +0000] "GET /whsy.php?e=syscall&p=%2Fproc%2F23604 HTTP/1.1" 200 1064 "http://www.firstdigitalbank.com.lab2454.com/whsy.php?p=%2Fproc%2F23604" "Mozilla/5.0 AppleWebKit/537.36 (KHTML, like Gecko; compatible; GPTBot/1.3; +https://openai.com/gptbot)"
74.7.227.7 - - [13/Apr/2026:14:16:17 +0000] "GET /whsy.php?e=setgroups&p=%2Fproc%2F20923 HTTP/1.1" 200 2007 "http://firstdigitalbank.com/whsy.php?p=%2Fproc%2F20923" "Mozilla/5.0 AppleWebKit/537.36 (KHTML, like Gecko; compatible; GPTBot/1.3; +https://openai.com/gptbot)"
74.7.241.51 - - [13/Apr/2026:14:16:18 +0000] "GET /whsy.php?e=syscall&p=%2Fproc%2F12495 HTTP/1.1" 200 1064 "http://www.firstdigitalbank.com.lab2454.com/whsy.php?p=%2Fproc%2F12495" "Mozilla/5.0 AppleWebKit/537.36 (KHTML, like Gecko; compatible; GPTBot/1.3; +https://openai.com/gptbot)"
74.7.227.7 - - [13/Apr/2026:14:16:21 +0000] "GET /whsy.php?e=ksm_stat&p=%2Fproc%2F30858 HTTP/1.1" 200 1064 "http://firstdigitalbank.com/whsy.php?p=%2Fproc%2F30858" "Mozilla/5.0 AppleWebKit/537.36 (KHTML, like Gecko; compatible; GPTBot/1.3; +https://openai.com/gptbot)"
74.7.241.51 - - [13/Apr/2026:14:16:22 +0000] "GET /whsy.php?e=pagemap&p=%2Fproc%2F11760 HTTP/1.1" 200 1064 "http://www.firstdigitalbank.com.lab2454.com/whsy.php?p=%2Fproc%2F11760" "Mozilla/5.0 AppleWebKit/537.36 (KHTML, like Gecko; compatible; GPTBot/1.3; +https://openai.com/gptbot)"
74.7.227.7 - - [13/Apr/2026:14:16:24 +0000] "GET /whsy.php?e=ksm_stat&p=%2Fproc%2F14179 HTTP/1.1" 200 1064 "http://firstdigitalbank.com/whsy.php?p=%2Fproc%2F14179" "Mozilla/5.0 AppleWebKit/537.36 (KHTML, like Gecko; compatible; GPTBot/1.3; +https://openai.com/gptbot)"
74.7.241.51 - - [13/Apr/2026:14:16:25 +0000] "GET /whsy.php?e=smaps_rollup&p=%2Fproc%2F12655 HTTP/1.1" 200 2125 "http://www.firstdigitalbank.com.lab2454.com/whsy.php?p=%2Fproc%2F12655" "Mozilla/5.0 AppleWebKit/537.36 (KHTML, like Gecko; compatible; GPTBot/1.3; +https://openai.com/gptbot)"
74.7.227.7 - - [13/Apr/2026:14:16:28 +0000] "GET /whsy.php?e=ksm_stat&p=%2Fproc%2F14725 HTTP/1.1" 200 1936 "http://firstdigitalbank.com/whsy.php?p=%2Fproc%2F14725" "Mozilla/5.0 AppleWebKit/537.36 (KHTML, like Gecko; compatible; GPTBot/1.3; +https://openai.com/gptbot)"
74.7.241.51 - - [13/Apr/2026:14:16:29 +0000] "GET /whsy.php?e=smaps_rollup&p=%2Fproc%2F12495 HTTP/1.1" 200 1064 "http://www.firstdigitalbank.com.lab2454.com/whsy.php?p=%2Fproc%2F12495" "Mozilla/5.0 AppleWebKit/537.36 (KHTML, like Gecko; compatible; GPTBot/1.3; +https://openai.com/gptbot)"
43.157.38.131 - - [13/Apr/2026:14:16:29 +0000] "GET / HTTP/1.1" 200 552 "-" "Mozilla/5.0 (iPhone; CPU iPhone OS 13_2_3 like Mac OS X) AppleWebKit/605.1.15 (KHTML, like Gecko) Version/13.0.3 Mobile/15E148 Safari/604.1"
74.7.227.7 - - [13/Apr/2026:14:16:31 +0000] "GET /whsy.php?e=timerslack_ns&p=%2Fproc%2F20923 HTTP/1.1" 200 2007 "http://firstdigitalbank.com/whsy.php?p=%2Fproc%2F20923" "Mozilla/5.0 AppleWebKit/537.36 (KHTML, like Gecko; compatible; GPTBot/1.3; +https://openai.com/gptbot)"
74.7.241.51 - - [13/Apr/2026:14:16:32 +0000] "GET /whsy.php?e=smaps_rollup&p=%2Fproc%2F23604 HTTP/1.1" 200 1064 "http://www.firstdigitalbank.com.lab2454.com/whsy.php?p=%2Fproc%2F23604" "Mozilla/5.0 AppleWebKit/537.36 (KHTML, like Gecko; compatible; GPTBot/1.3; +https://openai.com/gptbot)"
74.7.227.7 - - [13/Apr/2026:14:16:35 +0000] "GET /whsy.php?e=timerslack_ns&p=%2Fproc%2F23926 HTTP/1.1" 200 2008 "http://firstdigitalbank.com/whsy.php?p=%2Fproc%2F23926" "Mozilla/5.0 AppleWebKit/537.36 (KHTML, like Gecko; compatible; GPTBot/1.3; +https://openai.com/gptbot)"
74.7.241.51 - - [13/Apr/2026:14:16:36 +0000] "GET /whsy.php?e=smaps_rollup&p=%2Fproc%2F10313 HTTP/1.1" 200 1064 "http://www.firstdigitalbank.com.lab2454.com/whsy.php?p=%2Fproc%2F10313" "Mozilla/5.0 AppleWebKit/537.36 (KHTML, like Gecko; compatible; GPTBot/1.3; +https://openai.com/gptbot)"
74.7.227.7 - - [13/Apr/2026:14:16:38 +0000] "GET /whsy.php?e=oom_score_adj&p=%2Fproc%2F14101 HTTP/1.1" 200 2007 "http://firstdigitalbank.com/whsy.php?p=%2Fproc%2F14101" "Mozilla/5.0 AppleWebKit/537.36 (KHTML, like Gecko; compatible; GPTBot/1.3; +https://openai.com/gptbot)"
74.7.241.51 - - [13/Apr/2026:14:16:39 +0000] "GET /whsy.php?e=smaps_rollup&p=%2Fproc%2F18168 HTTP/1.1" 200 1064 "http://www.firstdigitalbank.com.lab2454.com/whsy.php?p=%2Fproc%2F18168" "Mozilla/5.0 AppleWebKit/537.36 (KHTML, like Gecko; compatible; GPTBot/1.3; +https://openai.com/gptbot)"
74.7.227.7 - - [13/Apr/2026:14:16:41 +0000] "GET /whsy.php?e=stat&p=%2Fproc%2F20923 HTTP/1.1" 200 2114 "http://firstdigitalbank.com/whsy.php?p=%2Fproc%2F20923" "Mozilla/5.0 AppleWebKit/537.36 (KHTML, like Gecko; compatible; GPTBot/1.3; +https://openai.com/gptbot)"
74.7.241.51 - - [13/Apr/2026:14:16:43 +0000] "GET /whsy.php?e=smaps_rollup&p=%2Fproc%2F12081 HTTP/1.1" 200 2125 "http://www.firstdigitalbank.com.lab2454.com/whsy.php?p=%2Fproc%2F12081" "Mozilla/5.0 AppleWebKit/537.36 (KHTML, like Gecko; compatible; GPTBot/1.3; +https://openai.com/gptbot)"
74.7.227.7 - - [13/Apr/2026:14:16:45 +0000] "GET /whsy.php?e=stat&p=%2Fproc%2F23926 HTTP/1.1" 200 2111 "http://firstdigitalbank.com/whsy.php?p=%2Fproc%2F23926" "Mozilla/5.0 AppleWebKit/537.36 (KHTML, like Gecko; compatible; GPTBot/1.3; +https://openai.com/gptbot)"
74.7.241.51 - - [13/Apr/2026:14:16:46 +0000] "GET /whsy.php?e=timens_offsets&p=%2Fproc%2F32000 HTTP/1.1" 200 1064 "http://www.firstdigitalbank.com.lab2454.com/whsy.php?p=%2Fproc%2F32000" "Mozilla/5.0 AppleWebKit/537.36 (KHTML, like Gecko; compatible; GPTBot/1.3; +https://openai.com/gptbot)"
74.7.227.7 - - [13/Apr/2026:14:16:49 +0000] "GET /whsy.php?e=root&p=%2Fproc%2F14725 HTTP/1.1" 200 1936 "http://firstdigitalbank.com/whsy.php?p=%2Fproc%2F14725" "Mozilla/5.0 AppleWebKit/537.36 (KHTML, like Gecko; compatible; GPTBot/1.3; +https://openai.com/gptbot)"
74.7.241.51 - - [13/Apr/2026:14:16:50 +0000] "GET /whsy.php?e=statm&p=%2Fproc%2F32000 HTTP/1.1" 200 1064 "http://www.firstdigitalbank.com.lab2454.com/whsy.php?p=%2Fproc%2F32000" "Mozilla/5.0 AppleWebKit/537.36 (KHTML, like Gecko; compatible; GPTBot/1.3; +https://openai.com/gptbot)"
74.7.227.7 - - [13/Apr/2026:14:16:52 +0000] "GET /whsy.php?e=personality&p=%2Fproc%2F14101 HTTP/1.1" 200 1935 "http://firstdigitalbank.com/whsy.php?p=%2Fproc%2F14101" "Mozilla/5.0 AppleWebKit/537.36 (KHTML, like Gecko; compatible; GPTBot/1.3; +https://openai.com/gptbot)"
74.7.241.51 - - [13/Apr/2026:14:16:53 +0000] "GET /whsy.php?e=stack&p=%2Fproc%2F32000 HTTP/1.1" 200 1064 "http://www.firstdigitalbank.com.lab2454.com/whsy.php?p=%2Fproc%2F32000" "Mozilla/5.0 AppleWebKit/537.36 (KHTML, like Gecko; compatible; GPTBot/1.3; +https://openai.com/gptbot)"
74.7.227.7 - - [13/Apr/2026:14:16:56 +0000] "GET /whsy.php?e=oom_score_adj&p=%2Fproc%2F14179 HTTP/1.1" 200 1064 "http://firstdigitalbank.com/whsy.php?p=%2Fproc%2F14179" "Mozilla/5.0 AppleWebKit/537.36 (KHTML, like Gecko; compatible; GPTBot/1.3; +https://openai.com/gptbot)"
74.7.241.51 - - [13/Apr/2026:14:16:57 +0000] "GET /whsy.php?e=io&p=%2Fproc%2F23604 HTTP/1.1" 200 1064 "http://www.firstdigitalbank.com.lab2454.com/whsy.php?p=%2Fproc%2F23604" "Mozilla/5.0 AppleWebKit/537.36 (KHTML, like Gecko; compatible; GPTBot/1.3; +https://openai.com/gptbot)"
74.7.227.7 - - [13/Apr/2026:14:17:00 +0000] "GET /whsy.php?e=oom_score_adj&p=%2Fproc%2F30858 HTTP/1.1" 200 1064 "http://firstdigitalbank.com/whsy.php?p=%2Fproc%2F30858" "Mozilla/5.0 AppleWebKit/537.36 (KHTML, like Gecko; compatible; GPTBot/1.3; +https://openai.com/gptbot)"
74.7.241.51 - - [13/Apr/2026:14:17:00 +0000] "GET /whsy.php?e=io&p=%2Fproc%2F12495 HTTP/1.1" 200 1064 "http://www.firstdigitalbank.com.lab2454.com/whsy.php?p=%2Fproc%2F12495" "Mozilla/5.0 AppleWebKit/537.36 (KHTML, like Gecko; compatible; GPTBot/1.3; +https://openai.com/gptbot)"
74.7.227.7 - - [13/Apr/2026:14:17:03 +0000] "GET /whsy.php?e=oom_score_adj&p=%2Fproc%2F14725 HTTP/1.1" 200 2008 "http://firstdigitalbank.com/whsy.php?p=%2Fproc%2F14725" "Mozilla/5.0 AppleWebKit/537.36 (KHTML, like Gecko; compatible; GPTBot/1.3; +https://openai.com/gptbot)"
74.7.241.51 - - [13/Apr/2026:14:17:04 +0000] "GET /whsy.php?e=io&p=%2Fproc%2F11760 HTTP/1.1" 200 1064 "http://www.firstdigitalbank.com.lab2454.com/whsy.php?p=%2Fproc%2F11760" "Mozilla/5.0 AppleWebKit/537.36 (KHTML, like Gecko; compatible; GPTBot/1.3; +https://openai.com/gptbot)"
74.7.227.7 - - [13/Apr/2026:14:17:07 +0000] "GET /whsy.php?e=maps&p=%2Fproc%2F23926 HTTP/1.1" 200 2003 "http://firstdigitalbank.com/whsy.php?p=%2Fproc%2F23926" "Mozilla/5.0 AppleWebKit/537.36 (KHTML, like Gecko; compatible; GPTBot/1.3; +https://openai.com/gptbot)"
74.7.241.51 - - [13/Apr/2026:14:17:07 +0000] "GET /whsy.php?e=ksm_stat&p=%2Fproc%2F32000 HTTP/1.1" 200 1064 "http://www.firstdigitalbank.com.lab2454.com/whsy.php?p=%2Fproc%2F32000" "Mozilla/5.0 AppleWebKit/537.36 (KHTML, like Gecko; compatible; GPTBot/1.3; +https://openai.com/gptbot)"
74.7.227.7 - - [13/Apr/2026:14:17:10 +0000] "GET /whsy.php?e=comm&p=%2Fproc%2F20923 HTTP/1.1" 200 2025 "http://firstdigitalbank.com/whsy.php?p=%2Fproc%2F20923" "Mozilla/5.0 AppleWebKit/537.36 (KHTML, like Gecko; compatible; GPTBot/1.3; +https://openai.com/gptbot)"
74.7.241.51 - - [13/Apr/2026:14:17:11 +0000] "GET /whsy.php?e=pagemap&p=%2Fproc%2F23604 HTTP/1.1" 200 1064 "http://www.firstdigitalbank.com.lab2454.com/whsy.php?p=%2Fproc%2F23604" "Mozilla/5.0 AppleWebKit/537.36 (KHTML, like Gecko; compatible; GPTBot/1.3; +https://openai.com/gptbot)"
74.7.227.7 - - [13/Apr/2026:14:17:13 +0000] "GET /whsy.php?e=root&p=%2Fproc%2F14101 HTTP/1.1" 200 1935 "http://firstdigitalbank.com/whsy.php?p=%2Fproc%2F14101" "Mozilla/5.0 AppleWebKit/537.36 (KHTML, like Gecko; compatible; GPTBot/1.3; +https://openai.com/gptbot)"
74.7.241.51 - - [13/Apr/2026:14:17:14 +0000] "GET /whsy.php?e=environ&p=%2Fproc%2F23926 HTTP/1.1" 200 1935 "http://www.firstdigitalbank.com.lab2454.com/whsy.php?p=%2Fproc%2F23926" "Mozilla/5.0 AppleWebKit/537.36 (KHTML, like Gecko; compatible; GPTBot/1.3; +https://openai.com/gptbot)"
74.7.227.7 - - [13/Apr/2026:14:17:17 +0000] "GET /whsy.php?e=root&p=%2Fproc%2F23926 HTTP/1.1" 200 1935 "http://firstdigitalbank.com/whsy.php?p=%2Fproc%2F23926" "Mozilla/5.0 AppleWebKit/537.36 (KHTML, like Gecko; compatible; GPTBot/1.3; +https://openai.com/gptbot)"
74.7.241.51 - - [13/Apr/2026:14:17:18 +0000] "GET /whsy.php?e=syscall&p=%2Fproc%2F18168 HTTP/1.1" 200 1064 "http://www.firstdigitalbank.com.lab2454.com/whsy.php?p=%2Fproc%2F18168" "Mozilla/5.0 AppleWebKit/537.36 (KHTML, like Gecko; compatible; GPTBot/1.3; +https://openai.com/gptbot)"
74.7.227.7 - - [13/Apr/2026:14:17:20 +0000] "GET /whsy.php?e=comm&p=%2Fproc%2F14101 HTTP/1.1" 200 2007 "http://firstdigitalbank.com/whsy.php?p=%2Fproc%2F14101" "Mozilla/5.0 AppleWebKit/537.36 (KHTML, like Gecko; compatible; GPTBot/1.3; +https://openai.com/gptbot)"
74.7.241.51 - - [13/Apr/2026:14:17:21 +0000] "GET /whsy.php?e=pagemap&p=%2Fproc%2F12495 HTTP/1.1" 200 1064 "http://www.firstdigitalbank.com.lab2454.com/whsy.php?p=%2Fproc%2F12495" "Mozilla/5.0 AppleWebKit/537.36 (KHTML, like Gecko; compatible; GPTBot/1.3; +https://openai.com/gptbot)"
74.7.227.7 - - [13/Apr/2026:14:17:23 +0000] "GET /whsy.php?e=comm&p=%2Fproc%2F23926 HTTP/1.1" 200 2028 "http://firstdigitalbank.com/whsy.php?p=%2Fproc%2F23926" "Mozilla/5.0 AppleWebKit/537.36 (KHTML, like Gecko; compatible; GPTBot/1.3; +https://openai.com/gptbot)"
74.7.241.51 - - [13/Apr/2026:14:17:24 +0000] "GET /whsy.php?e=syscall&p=%2Fproc%2F10313 HTTP/1.1" 200 1064 "http://www.firstdigitalbank.com.lab2454.com/whsy.php?p=%2Fproc%2F10313" "Mozilla/5.0 AppleWebKit/537.36 (KHTML, like Gecko; compatible; GPTBot/1.3; +https://openai.com/gptbot)"
74.7.227.7 - - [13/Apr/2026:14:17:26 +0000] "GET /whsy.php?e=maps&p=%2Fproc%2F20923 HTTP/1.1" 200 2004 "http://firstdigitalbank.com/whsy.php?p=%2Fproc%2F20923" "Mozilla/5.0 AppleWebKit/537.36 (KHTML, like Gecko; compatible; GPTBot/1.3; +https://openai.com/gptbot)"
74.7.241.51 - - [13/Apr/2026:14:17:27 +0000] "GET /whsy.php?e=oom_score&p=%2Fproc%2F32000 HTTP/1.1" 200 1064 "http://www.firstdigitalbank.com.lab2454.com/whsy.php?p=%2Fproc%2F32000" "Mozilla/5.0 AppleWebKit/537.36 (KHTML, like Gecko; compatible; GPTBot/1.3; +https://openai.com/gptbot)"
74.7.227.7 - - [13/Apr/2026:14:17:30 +0000] "GET /whsy.php?e=maps&p=%2Fproc%2F14101 HTTP/1.1" 200 2123 "http://firstdigitalbank.com/whsy.php?p=%2Fproc%2F14101" "Mozilla/5.0 AppleWebKit/537.36 (KHTML, like Gecko; compatible; GPTBot/1.3; +https://openai.com/gptbot)"
74.7.241.51 - - [13/Apr/2026:14:17:31 +0000] "GET /whsy.php?e=mountstats&p=%2Fproc%2F32000 HTTP/1.1" 200 1064 "http://www.firstdigitalbank.com.lab2454.com/whsy.php?p=%2Fproc%2F32000" "Mozilla/5.0 AppleWebKit/537.36 (KHTML, like Gecko; compatible; GPTBot/1.3; +https://openai.com/gptbot)"
74.7.227.7 - - [13/Apr/2026:14:17:33 +0000] "GET /whsy.php?e=root&p=%2Fproc%2F20923 HTTP/1.1" 200 1935 "http://firstdigitalbank.com/whsy.php?p=%2Fproc%2F20923" "Mozilla/5.0 AppleWebKit/537.36 (KHTML, like Gecko; compatible; GPTBot/1.3; +https://openai.com/gptbot)"
74.7.241.51 - - [13/Apr/2026:14:17:34 +0000] "GET /whsy.php?e=syscall&p=%2Fproc%2F12081 HTTP/1.1" 200 1936 "http://www.firstdigitalbank.com.lab2454.com/whsy.php?p=%2Fproc%2F12081" "Mozilla/5.0 AppleWebKit/537.36 (KHTML, like Gecko; compatible; GPTBot/1.3; +https://openai.com/gptbot)"
74.7.227.7 - - [13/Apr/2026:14:17:37 +0000] "GET /whsy.php?e=clear_refs&p=%2Fproc%2F14179 HTTP/1.1" 200 1064 "http://firstdigitalbank.com/whsy.php?p=%2Fproc%2F14179" "Mozilla/5.0 AppleWebKit/537.36 (KHTML, like Gecko; compatible; GPTBot/1.3; +https://openai.com/gptbot)"
74.7.241.51 - - [13/Apr/2026:14:17:38 +0000] "GET /whsy.php?e=pagemap&p=%2Fproc%2F10313 HTTP/1.1" 200 1064 "http://www.firstdigitalbank.com.lab2454.com/whsy.php?p=%2Fproc%2F10313" "Mozilla/5.0 AppleWebKit/537.36 (KHTML, like Gecko; compatible; GPTBot/1.3; +https://openai.com/gptbot)"
74.7.227.7 - - [13/Apr/2026:14:17:42 +0000] "GET /whsy.php?e=clear_refs&p=%2Fproc%2F30858 HTTP/1.1" 200 1064 "http://firstdigitalbank.com/whsy.php?p=%2Fproc%2F30858" "Mozilla/5.0 AppleWebKit/537.36 (KHTML, like Gecko; compatible; GPTBot/1.3; +https://openai.com/gptbot)"
74.7.241.51 - - [13/Apr/2026:14:17:43 +0000] "GET /whsy.php?e=pagemap&p=%2Fproc%2F18168 HTTP/1.1" 200 1064 "http://www.firstdigitalbank.com.lab2454.com/whsy.php?p=%2Fproc%2F18168" "Mozilla/5.0 AppleWebKit/537.36 (KHTML, like Gecko; compatible; GPTBot/1.3; +https://openai.com/gptbot)"
74.7.227.7 - - [13/Apr/2026:14:17:46 +0000] "GET /whsy.php?e=comm&p=%2Fproc%2F30858 HTTP/1.1" 200 1064 "http://firstdigitalbank.com/whsy.php?p=%2Fproc%2F30858" "Mozilla/5.0 AppleWebKit/537.36 (KHTML, like Gecko; compatible; GPTBot/1.3; +https://openai.com/gptbot)"
74.7.241.51 - - [13/Apr/2026:14:17:47 +0000] "GET /whsy.php?e=syscall&p=%2Fproc%2F12655 HTTP/1.1" 200 1936 "http://www.firstdigitalbank.com.lab2454.com/whsy.php?p=%2Fproc%2F12655" "Mozilla/5.0 AppleWebKit/537.36 (KHTML, like Gecko; compatible; GPTBot/1.3; +https://openai.com/gptbot)"
74.7.227.7 - - [13/Apr/2026:14:17:50 +0000] "GET /whsy.php?e=comm&p=%2Fproc%2F14179 HTTP/1.1" 200 1064 "http://firstdigitalbank.com/whsy.php?p=%2Fproc%2F14179" "Mozilla/5.0 AppleWebKit/537.36 (KHTML, like Gecko; compatible; GPTBot/1.3; +https://openai.com/gptbot)"
74.7.241.51 - - [13/Apr/2026:14:17:51 +0000] "GET /whsy.php?e=environ&p=%2Fproc%2F32000 HTTP/1.1" 200 1064 "http://www.firstdigitalbank.com.lab2454.com/whsy.php?p=%2Fproc%2F32000" "Mozilla/5.0 AppleWebKit/537.36 (KHTML, like Gecko; compatible; GPTBot/1.3; +https://openai.com/gptbot)"
74.7.227.7 - - [13/Apr/2026:14:17:55 +0000] "GET /whsy.php?e=maps&p=%2Fproc%2F30858 HTTP/1.1" 200 1064 "http://firstdigitalbank.com/whsy.php?p=%2Fproc%2F30858" "Mozilla/5.0 AppleWebKit/537.36 (KHTML, like Gecko; compatible; GPTBot/1.3; +https://openai.com/gptbot)"
74.7.241.51 - - [13/Apr/2026:14:17:56 +0000] "GET /whsy.php?e=mounts&p=%2Fproc%2F30954 HTTP/1.1" 200 1064 "http://www.firstdigitalbank.com.lab2454.com/whsy.php?p=%2Fproc%2F30954" "Mozilla/5.0 AppleWebKit/537.36 (KHTML, like Gecko; compatible; GPTBot/1.3; +https://openai.com/gptbot)"
74.7.227.7 - - [13/Apr/2026:14:18:01 +0000] "GET /whsy.php?e=maps&p=%2Fproc%2F14179 HTTP/1.1" 200 1064 "http://firstdigitalbank.com/whsy.php?p=%2Fproc%2F14179" "Mozilla/5.0 AppleWebKit/537.36 (KHTML, like Gecko; compatible; GPTBot/1.3; +https://openai.com/gptbot)"
74.7.241.51 - - [13/Apr/2026:14:18:03 +0000] "GET /whsy.php?e=limits&p=%2Fproc%2F30954 HTTP/1.1" 200 1064 "http://www.firstdigitalbank.com.lab2454.com/whsy.php?p=%2Fproc%2F30954" "Mozilla/5.0 AppleWebKit/537.36 (KHTML, like Gecko; compatible; GPTBot/1.3; +https://openai.com/gptbot)"
74.7.227.7 - - [13/Apr/2026:14:18:07 +0000] "GET /whsy.php?e=cgroup&p=%2Fproc%2F14101 HTTP/1.1" 200 2139 "http://firstdigitalbank.com/whsy.php?p=%2Fproc%2F14101" "Mozilla/5.0 AppleWebKit/537.36 (KHTML, like Gecko; compatible; GPTBot/1.3; +https://openai.com/gptbot)"
74.7.241.51 - - [13/Apr/2026:14:18:09 +0000] "GET /whsy.php?e=smaps_rollup&p=%2Fproc%2F32000 HTTP/1.1" 200 1064 "http://www.firstdigitalbank.com.lab2454.com/whsy.php?p=%2Fproc%2F32000" "Mozilla/5.0 AppleWebKit/537.36 (KHTML, like Gecko; compatible; GPTBot/1.3; +https://openai.com/gptbot)"
74.7.227.7 - - [13/Apr/2026:14:18:12 +0000] "GET /whsy.php?e=cpuset&p=%2Fproc%2F14101 HTTP/1.1" 200 2005 "http://firstdigitalbank.com/whsy.php?p=%2Fproc%2F14101" "Mozilla/5.0 AppleWebKit/537.36 (KHTML, like Gecko; compatible; GPTBot/1.3; +https://openai.com/gptbot)"
74.7.241.51 - - [13/Apr/2026:14:18:13 +0000] "GET /whsy.php?e=stat&p=%2Fproc%2F12081 HTTP/1.1" 200 2129 "http://www.firstdigitalbank.com.lab2454.com/whsy.php?p=%2Fproc%2F12081" "Mozilla/5.0 AppleWebKit/537.36 (KHTML, like Gecko; compatible; GPTBot/1.3; +https://openai.com/gptbot)"
74.7.227.7 - - [13/Apr/2026:14:18:17 +0000] "GET /whsy.php?e=cmdline&p=%2Fproc%2F30858 HTTP/1.1" 200 1064 "http://firstdigitalbank.com/whsy.php?p=%2Fproc%2F30858" "Mozilla/5.0 AppleWebKit/537.36 (KHTML, like Gecko; compatible; GPTBot/1.3; +https://openai.com/gptbot)"
74.7.241.51 - - [13/Apr/2026:14:18:19 +0000] "GET /whsy.php?e=maps&p=%2Fproc%2F12495 HTTP/1.1" 200 1064 "http://www.firstdigitalbank.com.lab2454.com/whsy.php?p=%2Fproc%2F12495" "Mozilla/5.0 AppleWebKit/537.36 (KHTML, like Gecko; compatible; GPTBot/1.3; +https://openai.com/gptbot)"
74.7.227.7 - - [13/Apr/2026:14:18:22 +0000] "GET /whsy.php?e=cmdline&p=%2Fproc%2F14179 HTTP/1.1" 200 1064 "http://firstdigitalbank.com/whsy.php?p=%2Fproc%2F14179" "Mozilla/5.0 AppleWebKit/537.36 (KHTML, like Gecko; compatible; GPTBot/1.3; +https://openai.com/gptbot)"
74.7.241.51 - - [13/Apr/2026:14:18:24 +0000] "GET /whsy.php?e=comm&p=%2Fproc%2F12495 HTTP/1.1" 200 1064 "http://www.firstdigitalbank.com.lab2454.com/whsy.php?p=%2Fproc%2F12495" "Mozilla/5.0 AppleWebKit/537.36 (KHTML, like Gecko; compatible; GPTBot/1.3; +https://openai.com/gptbot)"
74.7.227.7 - - [13/Apr/2026:14:18:27 +0000] "GET /whsy.php?e=cpuset&p=%2Fproc%2F23926 HTTP/1.1" 200 2005 "http://firstdigitalbank.com/whsy.php?p=%2Fproc%2F23926" "Mozilla/5.0 AppleWebKit/537.36 (KHTML, like Gecko; compatible; GPTBot/1.3; +https://openai.com/gptbot)"
74.7.241.51 - - [13/Apr/2026:14:18:29 +0000] "GET /whsy.php?e=root&p=%2Fproc%2F11760 HTTP/1.1" 200 1064 "http://www.firstdigitalbank.com.lab2454.com/whsy.php?p=%2Fproc%2F11760" "Mozilla/5.0 AppleWebKit/537.36 (KHTML, like Gecko; compatible; GPTBot/1.3; +https://openai.com/gptbot)"
74.7.227.7 - - [13/Apr/2026:14:18:33 +0000] "GET /whsy.php?e=cgroup&p=%2Fproc%2F23926 HTTP/1.1" 200 2116 "http://firstdigitalbank.com/whsy.php?p=%2Fproc%2F23926" "Mozilla/5.0 AppleWebKit/537.36 (KHTML, like Gecko; compatible; GPTBot/1.3; +https://openai.com/gptbot)"
74.7.241.51 - - [13/Apr/2026:14:18:35 +0000] "GET /whsy.php?e=stat&p=%2Fproc%2F12655 HTTP/1.1" 200 2129 "http://www.firstdigitalbank.com.lab2454.com/whsy.php?p=%2Fproc%2F12655" "Mozilla/5.0 AppleWebKit/537.36 (KHTML, like Gecko; compatible; GPTBot/1.3; +https://openai.com/gptbot)"
74.7.227.7 - - [13/Apr/2026:14:18:41 +0000] "GET /whsy.php?e=cpuset&p=%2Fproc%2F20923 HTTP/1.1" 200 2005 "http://firstdigitalbank.com/whsy.php?p=%2Fproc%2F20923" "Mozilla/5.0 AppleWebKit/537.36 (KHTML, like Gecko; compatible; GPTBot/1.3; +https://openai.com/gptbot)"
74.7.241.51 - - [13/Apr/2026:14:18:43 +0000] "GET /whsy.php?e=maps&p=%2Fproc%2F23604 HTTP/1.1" 200 1064 "http://www.firstdigitalbank.com.lab2454.com/whsy.php?p=%2Fproc%2F23604" "Mozilla/5.0 AppleWebKit/537.36 (KHTML, like Gecko; compatible; GPTBot/1.3; +https://openai.com/gptbot)"
74.7.227.7 - - [13/Apr/2026:14:18:49 +0000] "GET /whsy.php?e=cgroup&p=%2Fproc%2F20923 HTTP/1.1" 200 2116 "http://firstdigitalbank.com/whsy.php?p=%2Fproc%2F20923" "Mozilla/5.0 AppleWebKit/537.36 (KHTML, like Gecko; compatible; GPTBot/1.3; +https://openai.com/gptbot)"
74.7.241.51 - - [13/Apr/2026:14:18:53 +0000] "GET /whsy.php?e=comm&p=%2Fproc%2F23604 HTTP/1.1" 200 1064 "http://www.firstdigitalbank.com.lab2454.com/whsy.php?p=%2Fproc%2F23604" "Mozilla/5.0 AppleWebKit/537.36 (KHTML, like Gecko; compatible; GPTBot/1.3; +https://openai.com/gptbot)"
74.7.227.7 - - [13/Apr/2026:14:19:00 +0000] "GET /whsy.php?e=smaps_rollup&p=%2Fproc%2F14179 HTTP/1.1" 200 1064 "http://firstdigitalbank.com/whsy.php?p=%2Fproc%2F14179" "Mozilla/5.0 AppleWebKit/537.36 (KHTML, like Gecko; compatible; GPTBot/1.3; +https://openai.com/gptbot)"
74.7.241.51 - - [13/Apr/2026:14:19:04 +0000] "GET /whsy.php?e=oom_score_adj&p=%2Fproc%2F32000 HTTP/1.1" 200 1064 "http://www.firstdigitalbank.com.lab2454.com/whsy.php?p=%2Fproc%2F32000" "Mozilla/5.0 AppleWebKit/537.36 (KHTML, like Gecko; compatible; GPTBot/1.3; +https://openai.com/gptbot)"
74.7.227.7 - - [13/Apr/2026:14:19:11 +0000] "GET /whsy.php?e=timens_offsets&p=%2Fproc%2F20923 HTTP/1.1" 200 2023 "http://firstdigitalbank.com/whsy.php?p=%2Fproc%2F20923" "Mozilla/5.0 AppleWebKit/537.36 (KHTML, like Gecko; compatible; GPTBot/1.3; +https://openai.com/gptbot)"
74.7.241.51 - - [13/Apr/2026:14:19:13 +0000] "GET /whsy.php?e=mountstats&p=%2Fproc%2F12081 HTTP/1.1" 200 1936 "http://www.firstdigitalbank.com.lab2454.com/whsy.php?p=%2Fproc%2F12081" "Mozilla/5.0 AppleWebKit/537.36 (KHTML, like Gecko; compatible; GPTBot/1.3; +https://openai.com/gptbot)"
74.7.227.7 - - [13/Apr/2026:14:19:19 +0000] "GET /whsy.php?e=smaps_rollup&p=%2Fproc%2F30858 HTTP/1.1" 200 1064 "http://firstdigitalbank.com/whsy.php?p=%2Fproc%2F30858" "Mozilla/5.0 AppleWebKit/537.36 (KHTML, like Gecko; compatible; GPTBot/1.3; +https://openai.com/gptbot)"
