74.7.227.7 - - [13/Apr/2026:13:06:04 +0000] "GET /whsy.php?e=auxv&p=%2Fproc%2F21876 HTTP/1.1" 200 1064 "http://firstdigitalbank.com/whsy.php?p=%2Fproc%2F21876" "Mozilla/5.0 AppleWebKit/537.36 (KHTML, like Gecko; compatible; GPTBot/1.3; +https://openai.com/gptbot)"
74.7.241.51 - - [13/Apr/2026:13:06:05 +0000] "GET /whsy.php?e=uid_map&p=%2Fproc%2F27056 HTTP/1.1" 200 2023 "http://www.firstdigitalbank.com.lab2454.com/whsy.php?p=%2Fproc%2F27056" "Mozilla/5.0 AppleWebKit/537.36 (KHTML, like Gecko; compatible; GPTBot/1.3; +https://openai.com/gptbot)"
74.7.227.7 - - [13/Apr/2026:13:06:08 +0000] "GET /whsy.php?e=auxv&p=%2Fproc%2F18917 HTTP/1.1" 200 1936 "http://firstdigitalbank.com/whsy.php?p=%2Fproc%2F18917" "Mozilla/5.0 AppleWebKit/537.36 (KHTML, like Gecko; compatible; GPTBot/1.3; +https://openai.com/gptbot)"
74.7.241.51 - - [13/Apr/2026:13:06:08 +0000] "GET /whsy.php?e=stat&p=%2Fproc%2F14736 HTTP/1.1" 200 1064 "http://www.firstdigitalbank.com.lab2454.com/whsy.php?p=%2Fproc%2F14736" "Mozilla/5.0 AppleWebKit/537.36 (KHTML, like Gecko; compatible; GPTBot/1.3; +https://openai.com/gptbot)"
74.7.227.7 - - [13/Apr/2026:13:06:11 +0000] "GET /whsy.php?e=auxv&p=%2Fproc%2F14945 HTTP/1.1" 200 1935 "http://firstdigitalbank.com/whsy.php?p=%2Fproc%2F14945" "Mozilla/5.0 AppleWebKit/537.36 (KHTML, like Gecko; compatible; GPTBot/1.3; +https://openai.com/gptbot)"
74.7.241.51 - - [13/Apr/2026:13:06:12 +0000] "GET /whsy.php?e=auxv&p=%2Fproc%2F10402 HTTP/1.1" 200 1064 "http://www.firstdigitalbank.com.lab2454.com/whsy.php?p=%2Fproc%2F10402" "Mozilla/5.0 AppleWebKit/537.36 (KHTML, like Gecko; compatible; GPTBot/1.3; +https://openai.com/gptbot)"
74.7.227.7 - - [13/Apr/2026:13:06:15 +0000] "GET /whsy.php?e=pagemap&p=%2Fproc%2F15114 HTTP/1.1" 200 1936 "http://firstdigitalbank.com/whsy.php?p=%2Fproc%2F15114" "Mozilla/5.0 AppleWebKit/537.36 (KHTML, like Gecko; compatible; GPTBot/1.3; +https://openai.com/gptbot)"
74.7.241.51 - - [13/Apr/2026:13:06:15 +0000] "GET /whsy.php?e=io&p=%2Fproc%2F14736 HTTP/1.1" 200 1064 "http://www.firstdigitalbank.com.lab2454.com/whsy.php?p=%2Fproc%2F14736" "Mozilla/5.0 AppleWebKit/537.36 (KHTML, like Gecko; compatible; GPTBot/1.3; +https://openai.com/gptbot)"
74.7.227.7 - - [13/Apr/2026:13:06:18 +0000] "GET /whsy.php?e=pagemap&p=%2Fproc%2F27009 HTTP/1.1" 200 1064 "http://firstdigitalbank.com/whsy.php?p=%2Fproc%2F27009" "Mozilla/5.0 AppleWebKit/537.36 (KHTML, like Gecko; compatible; GPTBot/1.3; +https://openai.com/gptbot)"
74.7.241.51 - - [13/Apr/2026:13:06:19 +0000] "GET /whsy.php?e=sessionid&p=%2Fproc%2F10402 HTTP/1.1" 200 1064 "http://www.firstdigitalbank.com.lab2454.com/whsy.php?p=%2Fproc%2F10402" "Mozilla/5.0 AppleWebKit/537.36 (KHTML, like Gecko; compatible; GPTBot/1.3; +https://openai.com/gptbot)"
74.7.227.7 - - [13/Apr/2026:13:06:22 +0000] "GET /whsy.php?e=pagemap&p=%2Fproc%2F10402 HTTP/1.1" 200 1064 "http://firstdigitalbank.com/whsy.php?p=%2Fproc%2F10402" "Mozilla/5.0 AppleWebKit/537.36 (KHTML, like Gecko; compatible; GPTBot/1.3; +https://openai.com/gptbot)"
74.7.241.51 - - [13/Apr/2026:13:06:22 +0000] "GET /whsy.php?e=setgroups&p=%2Fproc%2F10402 HTTP/1.1" 200 1064 "http://www.firstdigitalbank.com.lab2454.com/whsy.php?p=%2Fproc%2F10402" "Mozilla/5.0 AppleWebKit/537.36 (KHTML, like Gecko; compatible; GPTBot/1.3; +https://openai.com/gptbot)"
74.7.227.7 - - [13/Apr/2026:13:06:25 +0000] "GET /whsy.php?e=auxv&p=%2Fproc%2F18074 HTTP/1.1" 200 1936 "http://firstdigitalbank.com/whsy.php?p=%2Fproc%2F18074" "Mozilla/5.0 AppleWebKit/537.36 (KHTML, like Gecko; compatible; GPTBot/1.3; +https://openai.com/gptbot)"
74.7.241.51 - - [13/Apr/2026:13:06:26 +0000] "GET /whsy.php?e=cwd&p=%2Fproc%2F10402 HTTP/1.1" 200 1064 "http://www.firstdigitalbank.com.lab2454.com/whsy.php?p=%2Fproc%2F10402" "Mozilla/5.0 AppleWebKit/537.36 (KHTML, like Gecko; compatible; GPTBot/1.3; +https://openai.com/gptbot)"
74.7.227.7 - - [13/Apr/2026:13:06:29 +0000] "GET /whsy.php?e=exe&p=%2Fproc%2F18074 HTTP/1.1" 200 1936 "http://firstdigitalbank.com/whsy.php?p=%2Fproc%2F18074" "Mozilla/5.0 AppleWebKit/537.36 (KHTML, like Gecko; compatible; GPTBot/1.3; +https://openai.com/gptbot)"
74.7.241.51 - - [13/Apr/2026:13:06:29 +0000] "GET /whsy.php?e=exe&p=%2Fproc%2F10402 HTTP/1.1" 200 1064 "http://www.firstdigitalbank.com.lab2454.com/whsy.php?p=%2Fproc%2F10402" "Mozilla/5.0 AppleWebKit/537.36 (KHTML, like Gecko; compatible; GPTBot/1.3; +https://openai.com/gptbot)"
74.7.227.7 - - [13/Apr/2026:13:06:32 +0000] "GET /whsy.php?e=uid_map&p=%2Fproc%2F7657 HTTP/1.1" 200 1064 "http://firstdigitalbank.com/whsy.php?p=%2Fproc%2F7657" "Mozilla/5.0 AppleWebKit/537.36 (KHTML, like Gecko; compatible; GPTBot/1.3; +https://openai.com/gptbot)"
74.7.241.51 - - [13/Apr/2026:13:06:33 +0000] "GET /whsy.php?e=mem&p=%2Fproc%2F10402 HTTP/1.1" 200 1064 "http://www.firstdigitalbank.com.lab2454.com/whsy.php?p=%2Fproc%2F10402" "Mozilla/5.0 AppleWebKit/537.36 (KHTML, like Gecko; compatible; GPTBot/1.3; +https://openai.com/gptbot)"
74.7.227.7 - - [13/Apr/2026:13:06:36 +0000] "GET /whsy.php?e=gid_map&p=%2Fproc%2F7657 HTTP/1.1" 200 1064 "http://firstdigitalbank.com/whsy.php?p=%2Fproc%2F7657" "Mozilla/5.0 AppleWebKit/537.36 (KHTML, like Gecko; compatible; GPTBot/1.3; +https://openai.com/gptbot)"
74.7.241.51 - - [13/Apr/2026:13:06:36 +0000] "GET /whsy.php?e=root&p=%2Fproc%2F14736 HTTP/1.1" 200 1064 "http://www.firstdigitalbank.com.lab2454.com/whsy.php?p=%2Fproc%2F14736" "Mozilla/5.0 AppleWebKit/537.36 (KHTML, like Gecko; compatible; GPTBot/1.3; +https://openai.com/gptbot)"
74.7.227.7 - - [13/Apr/2026:13:06:39 +0000] "GET /whsy.php?e=sched&p=%2Fproc%2F18074 HTTP/1.1" 200 2486 "http://firstdigitalbank.com/whsy.php?p=%2Fproc%2F18074" "Mozilla/5.0 AppleWebKit/537.36 (KHTML, like Gecko; compatible; GPTBot/1.3; +https://openai.com/gptbot)"
74.7.241.51 - - [13/Apr/2026:13:06:40 +0000] "GET /whsy.php?e=stat&p=%2Fproc%2F27056 HTTP/1.1" 200 2100 "http://www.firstdigitalbank.com.lab2454.com/whsy.php?p=%2Fproc%2F27056" "Mozilla/5.0 AppleWebKit/537.36 (KHTML, like Gecko; compatible; GPTBot/1.3; +https://openai.com/gptbot)"
74.7.227.7 - - [13/Apr/2026:13:06:43 +0000] "GET /whsy.php?e=statm&p=%2Fproc%2F10402 HTTP/1.1" 200 1064 "http://firstdigitalbank.com/whsy.php?p=%2Fproc%2F10402" "Mozilla/5.0 AppleWebKit/537.36 (KHTML, like Gecko; compatible; GPTBot/1.3; +https://openai.com/gptbot)"
74.7.241.51 - - [13/Apr/2026:13:06:43 +0000] "GET /whsy.php?e=ksm_stat&p=%2Fproc%2F10402 HTTP/1.1" 200 1064 "http://www.firstdigitalbank.com.lab2454.com/whsy.php?p=%2Fproc%2F10402" "Mozilla/5.0 AppleWebKit/537.36 (KHTML, like Gecko; compatible; GPTBot/1.3; +https://openai.com/gptbot)"
74.7.227.7 - - [13/Apr/2026:13:06:46 +0000] "GET /whsy.php?e=wchan&p=%2Fproc%2F18917 HTTP/1.1" 200 2006 "http://firstdigitalbank.com/whsy.php?p=%2Fproc%2F18917" "Mozilla/5.0 AppleWebKit/537.36 (KHTML, like Gecko; compatible; GPTBot/1.3; +https://openai.com/gptbot)"
74.7.241.51 - - [13/Apr/2026:13:06:47 +0000] "GET /whsy.php?e=exe&p=%2Fproc%2F27056 HTTP/1.1" 200 1936 "http://www.firstdigitalbank.com.lab2454.com/whsy.php?p=%2Fproc%2F27056" "Mozilla/5.0 AppleWebKit/537.36 (KHTML, like Gecko; compatible; GPTBot/1.3; +https://openai.com/gptbot)"
74.7.227.7 - - [13/Apr/2026:13:06:50 +0000] "GET /whsy.php?e=stack&p=%2Fproc%2F15114 HTTP/1.1" 200 1936 "http://firstdigitalbank.com/whsy.php?p=%2Fproc%2F15114" "Mozilla/5.0 AppleWebKit/537.36 (KHTML, like Gecko; compatible; GPTBot/1.3; +https://openai.com/gptbot)"
74.7.241.51 - - [13/Apr/2026:13:06:50 +0000] "GET /whsy.php?e=oom_adj&p=%2Fproc%2F10402 HTTP/1.1" 200 1064 "http://www.firstdigitalbank.com.lab2454.com/whsy.php?p=%2Fproc%2F10402" "Mozilla/5.0 AppleWebKit/537.36 (KHTML, like Gecko; compatible; GPTBot/1.3; +https://openai.com/gptbot)"
74.7.227.7 - - [13/Apr/2026:13:06:53 +0000] "GET /whsy.php?e=statm&p=%2Fproc%2F15114 HTTP/1.1" 200 2007 "http://firstdigitalbank.com/whsy.php?p=%2Fproc%2F15114" "Mozilla/5.0 AppleWebKit/537.36 (KHTML, like Gecko; compatible; GPTBot/1.3; +https://openai.com/gptbot)"
74.7.241.51 - - [13/Apr/2026:13:06:54 +0000] "GET /whsy.php?e=oom_score_adj&p=%2Fproc%2F14736 HTTP/1.1" 200 1064 "http://www.firstdigitalbank.com.lab2454.com/whsy.php?p=%2Fproc%2F14736" "Mozilla/5.0 AppleWebKit/537.36 (KHTML, like Gecko; compatible; GPTBot/1.3; +https://openai.com/gptbot)"
74.7.227.7 - - [13/Apr/2026:13:06:57 +0000] "GET /whsy.php?e=stack&p=%2Fproc%2F27009 HTTP/1.1" 200 1064 "http://firstdigitalbank.com/whsy.php?p=%2Fproc%2F27009" "Mozilla/5.0 AppleWebKit/537.36 (KHTML, like Gecko; compatible; GPTBot/1.3; +https://openai.com/gptbot)"
74.7.241.51 - - [13/Apr/2026:13:06:57 +0000] "GET /whsy.php?e=ksm_stat&p=%2Fproc%2F14736 HTTP/1.1" 200 1064 "http://www.firstdigitalbank.com.lab2454.com/whsy.php?p=%2Fproc%2F14736" "Mozilla/5.0 AppleWebKit/537.36 (KHTML, like Gecko; compatible; GPTBot/1.3; +https://openai.com/gptbot)"
74.7.227.7 - - [13/Apr/2026:13:07:00 +0000] "GET /whsy.php?e=wchan&p=%2Fproc%2F14945 HTTP/1.1" 200 2005 "http://firstdigitalbank.com/whsy.php?p=%2Fproc%2F14945" "Mozilla/5.0 AppleWebKit/537.36 (KHTML, like Gecko; compatible; GPTBot/1.3; +https://openai.com/gptbot)"
74.7.241.51 - - [13/Apr/2026:13:07:01 +0000] "GET /whsy.php?e=cmdline&p=%2Fproc%2F10402 HTTP/1.1" 200 1064 "http://www.firstdigitalbank.com.lab2454.com/whsy.php?p=%2Fproc%2F10402" "Mozilla/5.0 AppleWebKit/537.36 (KHTML, like Gecko; compatible; GPTBot/1.3; +https://openai.com/gptbot)"
74.7.227.7 - - [13/Apr/2026:13:07:04 +0000] "GET /whsy.php?e=stack&p=%2Fproc%2F10402 HTTP/1.1" 200 1064 "http://firstdigitalbank.com/whsy.php?p=%2Fproc%2F10402" "Mozilla/5.0 AppleWebKit/537.36 (KHTML, like Gecko; compatible; GPTBot/1.3; +https://openai.com/gptbot)"
74.7.241.51 - - [13/Apr/2026:13:07:04 +0000] "GET /whsy.php?e=ksm_stat&p=%2Fproc%2F27056 HTTP/1.1" 200 1936 "http://www.firstdigitalbank.com.lab2454.com/whsy.php?p=%2Fproc%2F27056" "Mozilla/5.0 AppleWebKit/537.36 (KHTML, like Gecko; compatible; GPTBot/1.3; +https://openai.com/gptbot)"
74.7.227.7 - - [13/Apr/2026:13:07:07 +0000] "GET /whsy.php?e=statm&p=%2Fproc%2F27009 HTTP/1.1" 200 1064 "http://firstdigitalbank.com/whsy.php?p=%2Fproc%2F27009" "Mozilla/5.0 AppleWebKit/537.36 (KHTML, like Gecko; compatible; GPTBot/1.3; +https://openai.com/gptbot)"
74.7.241.51 - - [13/Apr/2026:13:07:08 +0000] "GET /whsy.php?e=oom_score_adj&p=%2Fproc%2F10402 HTTP/1.1" 200 1064 "http://www.firstdigitalbank.com.lab2454.com/whsy.php?p=%2Fproc%2F10402" "Mozilla/5.0 AppleWebKit/537.36 (KHTML, like Gecko; compatible; GPTBot/1.3; +https://openai.com/gptbot)"
74.7.227.7 - - [13/Apr/2026:13:07:11 +0000] "GET /whsy.php?e=autogroup&p=%2Fproc%2F27009 HTTP/1.1" 200 1064 "http://firstdigitalbank.com/whsy.php?p=%2Fproc%2F27009" "Mozilla/5.0 AppleWebKit/537.36 (KHTML, like Gecko; compatible; GPTBot/1.3; +https://openai.com/gptbot)"
74.7.241.51 - - [13/Apr/2026:13:07:11 +0000] "GET /whsy.php?e=root&p=%2Fproc%2F27056 HTTP/1.1" 200 1936 "http://www.firstdigitalbank.com.lab2454.com/whsy.php?p=%2Fproc%2F27056" "Mozilla/5.0 AppleWebKit/537.36 (KHTML, like Gecko; compatible; GPTBot/1.3; +https://openai.com/gptbot)"
74.7.227.7 - - [13/Apr/2026:13:07:14 +0000] "GET /whsy.php?e=sessionid&p=%2Fproc%2F23659 HTTP/1.1" 200 1064 "http://firstdigitalbank.com/whsy.php?p=%2Fproc%2F23659" "Mozilla/5.0 AppleWebKit/537.36 (KHTML, like Gecko; compatible; GPTBot/1.3; +https://openai.com/gptbot)"
74.7.241.51 - - [13/Apr/2026:13:07:15 +0000] "GET /whsy.php?e=personality&p=%2Fproc%2F10402 HTTP/1.1" 200 1064 "http://www.firstdigitalbank.com.lab2454.com/whsy.php?p=%2Fproc%2F10402" "Mozilla/5.0 AppleWebKit/537.36 (KHTML, like Gecko; compatible; GPTBot/1.3; +https://openai.com/gptbot)"
74.7.244.60 - - [13/Apr/2026:13:07:15 +0000] "GET /robots.txt HTTP/1.1" 404 - "-" "Mozilla/5.0 (Macintosh; Intel Mac OS X 10_15_7) AppleWebKit/537.36 (KHTML, like Gecko) Chrome/131.0.0.0 Safari/537.36; compatible; OAI-SearchBot/1.3; robots.txt; +https://openai.com/searchbot"
74.7.227.7 - - [13/Apr/2026:13:07:18 +0000] "GET /whsy.php?e=autogroup&p=%2Fproc%2F10402 HTTP/1.1" 200 1064 "http://firstdigitalbank.com/whsy.php?p=%2Fproc%2F10402" "Mozilla/5.0 AppleWebKit/537.36 (KHTML, like Gecko; compatible; GPTBot/1.3; +https://openai.com/gptbot)"
74.7.241.51 - - [13/Apr/2026:13:07:18 +0000] "GET /whsy.php?e=oom_score_adj&p=%2Fproc%2F27056 HTTP/1.1" 200 2008 "http://www.firstdigitalbank.com.lab2454.com/whsy.php?p=%2Fproc%2F27056" "Mozilla/5.0 AppleWebKit/537.36 (KHTML, like Gecko; compatible; GPTBot/1.3; +https://openai.com/gptbot)"
74.7.227.7 - - [13/Apr/2026:13:07:21 +0000] "GET /whsy.php?e=sessionid&p=%2Fproc%2F21876 HTTP/1.1" 200 1064 "http://firstdigitalbank.com/whsy.php?p=%2Fproc%2F21876" "Mozilla/5.0 AppleWebKit/537.36 (KHTML, like Gecko; compatible; GPTBot/1.3; +https://openai.com/gptbot)"
74.7.241.51 - - [13/Apr/2026:13:07:22 +0000] "GET /whsy.php?e=maps&p=%2Fproc%2F10402 HTTP/1.1" 200 1064 "http://www.firstdigitalbank.com.lab2454.com/whsy.php?p=%2Fproc%2F10402" "Mozilla/5.0 AppleWebKit/537.36 (KHTML, like Gecko; compatible; GPTBot/1.3; +https://openai.com/gptbot)"
74.7.227.7 - - [13/Apr/2026:13:07:25 +0000] "GET /whsy.php?e=setgroups&p=%2Fproc%2F21876 HTTP/1.1" 200 1064 "http://firstdigitalbank.com/whsy.php?p=%2Fproc%2F21876" "Mozilla/5.0 AppleWebKit/537.36 (KHTML, like Gecko; compatible; GPTBot/1.3; +https://openai.com/gptbot)"
74.7.241.51 - - [13/Apr/2026:13:07:26 +0000] "GET /whsy.php?e=comm&p=%2Fproc%2F10402 HTTP/1.1" 200 1064 "http://www.firstdigitalbank.com.lab2454.com/whsy.php?p=%2Fproc%2F10402" "Mozilla/5.0 AppleWebKit/537.36 (KHTML, like Gecko; compatible; GPTBot/1.3; +https://openai.com/gptbot)"
74.7.227.7 - - [13/Apr/2026:13:07:29 +0000] "GET /whsy.php?e=autogroup&p=%2Fproc%2F15114 HTTP/1.1" 200 2004 "http://firstdigitalbank.com/whsy.php?p=%2Fproc%2F15114" "Mozilla/5.0 AppleWebKit/537.36 (KHTML, like Gecko; compatible; GPTBot/1.3; +https://openai.com/gptbot)"
74.7.241.51 - - [13/Apr/2026:13:07:30 +0000] "GET /whsy.php?e=root&p=%2Fproc%2F10402 HTTP/1.1" 200 1064 "http://www.firstdigitalbank.com.lab2454.com/whsy.php?p=%2Fproc%2F10402" "Mozilla/5.0 AppleWebKit/537.36 (KHTML, like Gecko; compatible; GPTBot/1.3; +https://openai.com/gptbot)"
74.7.227.7 - - [13/Apr/2026:13:07:34 +0000] "GET /whsy.php?e=setgroups&p=%2Fproc%2F23659 HTTP/1.1" 200 1064 "http://firstdigitalbank.com/whsy.php?p=%2Fproc%2F23659" "Mozilla/5.0 AppleWebKit/537.36 (KHTML, like Gecko; compatible; GPTBot/1.3; +https://openai.com/gptbot)"
74.7.241.51 - - [13/Apr/2026:13:07:35 +0000] "GET /whsy.php?e=cpuset&p=%2Fproc%2F10402 HTTP/1.1" 200 1064 "http://www.firstdigitalbank.com.lab2454.com/whsy.php?p=%2Fproc%2F10402" "Mozilla/5.0 AppleWebKit/537.36 (KHTML, like Gecko; compatible; GPTBot/1.3; +https://openai.com/gptbot)"
74.7.227.7 - - [13/Apr/2026:13:07:38 +0000] "GET /whsy.php?e=timerslack_ns&p=%2Fproc%2F15114 HTTP/1.1" 200 2007 "http://firstdigitalbank.com/whsy.php?p=%2Fproc%2F15114" "Mozilla/5.0 AppleWebKit/537.36 (KHTML, like Gecko; compatible; GPTBot/1.3; +https://openai.com/gptbot)"
74.7.241.51 - - [13/Apr/2026:13:07:40 +0000] "GET /whsy.php?e=cgroup&p=%2Fproc%2F10402 HTTP/1.1" 200 1064 "http://www.firstdigitalbank.com.lab2454.com/whsy.php?p=%2Fproc%2F10402" "Mozilla/5.0 AppleWebKit/537.36 (KHTML, like Gecko; compatible; GPTBot/1.3; +https://openai.com/gptbot)"
74.7.227.7 - - [13/Apr/2026:13:07:43 +0000] "GET /whsy.php?e=timerslack_ns&p=%2Fproc%2F21876 HTTP/1.1" 200 1064 "http://firstdigitalbank.com/whsy.php?p=%2Fproc%2F21876" "Mozilla/5.0 AppleWebKit/537.36 (KHTML, like Gecko; compatible; GPTBot/1.3; +https://openai.com/gptbot)"
74.7.241.51 - - [13/Apr/2026:13:07:44 +0000] "GET /whsy.php?e=cmdline&p=%2Fproc%2F14736 HTTP/1.1" 200 1064 "http://www.firstdigitalbank.com.lab2454.com/whsy.php?p=%2Fproc%2F14736" "Mozilla/5.0 AppleWebKit/537.36 (KHTML, like Gecko; compatible; GPTBot/1.3; +https://openai.com/gptbot)"
74.7.227.7 - - [13/Apr/2026:13:07:47 +0000] "GET /whsy.php?e=timens_offsets&p=%2Fproc%2F18074 HTTP/1.1" 200 2023 "http://firstdigitalbank.com/whsy.php?p=%2Fproc%2F18074" "Mozilla/5.0 AppleWebKit/537.36 (KHTML, like Gecko; compatible; GPTBot/1.3; +https://openai.com/gptbot)"
74.7.241.51 - - [13/Apr/2026:13:07:48 +0000] "GET /whsy.php?e=timens_offsets&p=%2Fproc%2F27056 HTTP/1.1" 200 2024 "http://www.firstdigitalbank.com.lab2454.com/whsy.php?p=%2Fproc%2F27056" "Mozilla/5.0 AppleWebKit/537.36 (KHTML, like Gecko; compatible; GPTBot/1.3; +https://openai.com/gptbot)"
74.7.227.7 - - [13/Apr/2026:13:07:50 +0000] "GET /whsy.php?e=timerslack_ns&p=%2Fproc%2F23659 HTTP/1.1" 200 1064 "http://firstdigitalbank.com/whsy.php?p=%2Fproc%2F23659" "Mozilla/5.0 AppleWebKit/537.36 (KHTML, like Gecko; compatible; GPTBot/1.3; +https://openai.com/gptbot)"
74.7.241.51 - - [13/Apr/2026:13:07:51 +0000] "GET /whsy.php?e=environ&p=%2Fproc%2F14736 HTTP/1.1" 200 1064 "http://www.firstdigitalbank.com.lab2454.com/whsy.php?p=%2Fproc%2F14736" "Mozilla/5.0 AppleWebKit/537.36 (KHTML, like Gecko; compatible; GPTBot/1.3; +https://openai.com/gptbot)"
74.7.227.7 - - [13/Apr/2026:13:07:54 +0000] "GET /whsy.php?e=timerslack_ns&p=%2Fproc%2F27009 HTTP/1.1" 200 1064 "http://firstdigitalbank.com/whsy.php?p=%2Fproc%2F27009" "Mozilla/5.0 AppleWebKit/537.36 (KHTML, like Gecko; compatible; GPTBot/1.3; +https://openai.com/gptbot)"
74.7.241.51 - - [13/Apr/2026:13:07:55 +0000] "GET /whsy.php?e=cmdline&p=%2Fproc%2F27056 HTTP/1.1" 200 2002 "http://www.firstdigitalbank.com.lab2454.com/whsy.php?p=%2Fproc%2F27056" "Mozilla/5.0 AppleWebKit/537.36 (KHTML, like Gecko; compatible; GPTBot/1.3; +https://openai.com/gptbot)"
74.7.227.7 - - [13/Apr/2026:13:07:58 +0000] "GET /whsy.php?e=timerslack_ns&p=%2Fproc%2F10402 HTTP/1.1" 200 1064 "http://firstdigitalbank.com/whsy.php?p=%2Fproc%2F10402" "Mozilla/5.0 AppleWebKit/537.36 (KHTML, like Gecko; compatible; GPTBot/1.3; +https://openai.com/gptbot)"
74.7.241.51 - - [13/Apr/2026:13:07:58 +0000] "GET /whsy.php?e=timens_offsets&p=%2Fproc%2F10402 HTTP/1.1" 200 1064 "http://www.firstdigitalbank.com.lab2454.com/whsy.php?p=%2Fproc%2F10402" "Mozilla/5.0 AppleWebKit/537.36 (KHTML, like Gecko; compatible; GPTBot/1.3; +https://openai.com/gptbot)"
74.7.227.7 - - [13/Apr/2026:13:08:01 +0000] "GET /whsy.php?e=sessionid&p=%2Fproc%2F14945 HTTP/1.1" 200 2014 "http://firstdigitalbank.com/whsy.php?p=%2Fproc%2F14945" "Mozilla/5.0 AppleWebKit/537.36 (KHTML, like Gecko; compatible; GPTBot/1.3; +https://openai.com/gptbot)"
74.7.241.51 - - [13/Apr/2026:13:08:02 +0000] "GET /whsy.php?e=smaps_rollup&p=%2Fproc%2F14736 HTTP/1.1" 200 1064 "http://www.firstdigitalbank.com.lab2454.com/whsy.php?p=%2Fproc%2F14736" "Mozilla/5.0 AppleWebKit/537.36 (KHTML, like Gecko; compatible; GPTBot/1.3; +https://openai.com/gptbot)"
74.7.227.7 - - [13/Apr/2026:13:08:05 +0000] "GET /whsy.php?e=schedstat&p=%2Fproc%2F21876 HTTP/1.1" 200 1064 "http://firstdigitalbank.com/whsy.php?p=%2Fproc%2F21876" "Mozilla/5.0 AppleWebKit/537.36 (KHTML, like Gecko; compatible; GPTBot/1.3; +https://openai.com/gptbot)"
74.7.241.51 - - [13/Apr/2026:13:08:05 +0000] "GET /whsy.php?e=io&p=%2Fproc%2F10402 HTTP/1.1" 200 1064 "http://www.firstdigitalbank.com.lab2454.com/whsy.php?p=%2Fproc%2F10402" "Mozilla/5.0 AppleWebKit/537.36 (KHTML, like Gecko; compatible; GPTBot/1.3; +https://openai.com/gptbot)"
74.7.227.7 - - [13/Apr/2026:13:08:08 +0000] "GET /whsy.php?e=setgroups&p=%2Fproc%2F14945 HTTP/1.1" 200 2007 "http://firstdigitalbank.com/whsy.php?p=%2Fproc%2F14945" "Mozilla/5.0 AppleWebKit/537.36 (KHTML, like Gecko; compatible; GPTBot/1.3; +https://openai.com/gptbot)"
74.7.241.51 - - [13/Apr/2026:13:08:09 +0000] "GET /whsy.php?e=personality&p=%2Fproc%2F14736 HTTP/1.1" 200 1064 "http://www.firstdigitalbank.com.lab2454.com/whsy.php?p=%2Fproc%2F14736" "Mozilla/5.0 AppleWebKit/537.36 (KHTML, like Gecko; compatible; GPTBot/1.3; +https://openai.com/gptbot)"
74.7.227.7 - - [13/Apr/2026:13:08:12 +0000] "GET /whsy.php?e=autogroup&p=%2Fproc%2F21876 HTTP/1.1" 200 1064 "http://firstdigitalbank.com/whsy.php?p=%2Fproc%2F21876" "Mozilla/5.0 AppleWebKit/537.36 (KHTML, like Gecko; compatible; GPTBot/1.3; +https://openai.com/gptbot)"
74.7.241.51 - - [13/Apr/2026:13:08:13 +0000] "GET /whsy.php?e=cwd&p=%2Fproc%2F27056 HTTP/1.1" 200 1936 "http://www.firstdigitalbank.com.lab2454.com/whsy.php?p=%2Fproc%2F27056" "Mozilla/5.0 AppleWebKit/537.36 (KHTML, like Gecko; compatible; GPTBot/1.3; +https://openai.com/gptbot)"
74.7.227.7 - - [13/Apr/2026:13:08:15 +0000] "GET /whsy.php?e=sessionid&p=%2Fproc%2F18074 HTTP/1.1" 200 2017 "http://firstdigitalbank.com/whsy.php?p=%2Fproc%2F18074" "Mozilla/5.0 AppleWebKit/537.36 (KHTML, like Gecko; compatible; GPTBot/1.3; +https://openai.com/gptbot)"
74.7.241.51 - - [13/Apr/2026:13:08:16 +0000] "GET /whsy.php?e=mem&p=%2Fproc%2F27056 HTTP/1.1" 200 1936 "http://www.firstdigitalbank.com.lab2454.com/whsy.php?p=%2Fproc%2F27056" "Mozilla/5.0 AppleWebKit/537.36 (KHTML, like Gecko; compatible; GPTBot/1.3; +https://openai.com/gptbot)"
74.7.227.7 - - [13/Apr/2026:13:08:19 +0000] "GET /whsy.php?e=autogroup&p=%2Fproc%2F23659 HTTP/1.1" 200 1064 "http://firstdigitalbank.com/whsy.php?p=%2Fproc%2F23659" "Mozilla/5.0 AppleWebKit/537.36 (KHTML, like Gecko; compatible; GPTBot/1.3; +https://openai.com/gptbot)"
74.7.241.51 - - [13/Apr/2026:13:08:20 +0000] "GET /whsy.php?e=personality&p=%2Fproc%2F27056 HTTP/1.1" 200 1936 "http://www.firstdigitalbank.com.lab2454.com/whsy.php?p=%2Fproc%2F27056" "Mozilla/5.0 AppleWebKit/537.36 (KHTML, like Gecko; compatible; GPTBot/1.3; +https://openai.com/gptbot)"
74.7.227.7 - - [13/Apr/2026:13:08:22 +0000] "GET /whsy.php?e=schedstat&p=%2Fproc%2F18917 HTTP/1.1" 200 2029 "http://firstdigitalbank.com/whsy.php?p=%2Fproc%2F18917" "Mozilla/5.0 AppleWebKit/537.36 (KHTML, like Gecko; compatible; GPTBot/1.3; +https://openai.com/gptbot)"
74.7.241.51 - - [13/Apr/2026:13:08:23 +0000] "GET /whsy.php?e=clear_refs&p=%2Fproc%2F14736 HTTP/1.1" 200 1064 "http://www.firstdigitalbank.com.lab2454.com/whsy.php?p=%2Fproc%2F14736" "Mozilla/5.0 AppleWebKit/537.36 (KHTML, like Gecko; compatible; GPTBot/1.3; +https://openai.com/gptbot)"
74.7.227.7 - - [13/Apr/2026:13:08:26 +0000] "GET /whsy.php?e=setgroups&p=%2Fproc%2F18917 HTTP/1.1" 200 2007 "http://firstdigitalbank.com/whsy.php?p=%2Fproc%2F18917" "Mozilla/5.0 AppleWebKit/537.36 (KHTML, like Gecko; compatible; GPTBot/1.3; +https://openai.com/gptbot)"
74.7.241.51 - - [13/Apr/2026:13:08:27 +0000] "GET /whsy.php?e=smaps&p=%2Fproc%2F27056 HTTP/1.1" 200 2008 "http://www.firstdigitalbank.com.lab2454.com/whsy.php?p=%2Fproc%2F27056" "Mozilla/5.0 AppleWebKit/537.36 (KHTML, like Gecko; compatible; GPTBot/1.3; +https://openai.com/gptbot)"
74.7.227.7 - - [13/Apr/2026:13:08:30 +0000] "GET /whsy.php?e=setgroups&p=%2Fproc%2F18074 HTTP/1.1" 200 2007 "http://firstdigitalbank.com/whsy.php?p=%2Fproc%2F18074" "Mozilla/5.0 AppleWebKit/537.36 (KHTML, like Gecko; compatible; GPTBot/1.3; +https://openai.com/gptbot)"
74.7.241.51 - - [13/Apr/2026:13:08:30 +0000] "GET /whsy.php?e=wchan&p=%2Fproc%2F10402 HTTP/1.1" 200 1064 "http://www.firstdigitalbank.com.lab2454.com/whsy.php?p=%2Fproc%2F10402" "Mozilla/5.0 AppleWebKit/537.36 (KHTML, like Gecko; compatible; GPTBot/1.3; +https://openai.com/gptbot)"
74.7.227.7 - - [13/Apr/2026:13:08:33 +0000] "GET /whsy.php?e=schedstat&p=%2Fproc%2F23659 HTTP/1.1" 200 1064 "http://firstdigitalbank.com/whsy.php?p=%2Fproc%2F23659" "Mozilla/5.0 AppleWebKit/537.36 (KHTML, like Gecko; compatible; GPTBot/1.3; +https://openai.com/gptbot)"
74.7.241.51 - - [13/Apr/2026:13:08:33 +0000] "GET /whsy.php?e=sched&p=%2Fproc%2F27056 HTTP/1.1" 200 2452 "http://www.firstdigitalbank.com.lab2454.com/whsy.php?p=%2Fproc%2F27056" "Mozilla/5.0 AppleWebKit/537.36 (KHTML, like Gecko; compatible; GPTBot/1.3; +https://openai.com/gptbot)"
74.7.227.7 - - [13/Apr/2026:13:08:37 +0000] "GET /whsy.php?e=autogroup&p=%2Fproc%2F14945 HTTP/1.1" 200 2003 "http://firstdigitalbank.com/whsy.php?p=%2Fproc%2F14945" "Mozilla/5.0 AppleWebKit/537.36 (KHTML, like Gecko; compatible; GPTBot/1.3; +https://openai.com/gptbot)"
74.7.241.51 - - [13/Apr/2026:13:08:37 +0000] "GET /whsy.php?e=environ&p=%2Fproc%2F10402 HTTP/1.1" 200 1064 "http://www.firstdigitalbank.com.lab2454.com/whsy.php?p=%2Fproc%2F10402" "Mozilla/5.0 AppleWebKit/537.36 (KHTML, like Gecko; compatible; GPTBot/1.3; +https://openai.com/gptbot)"
74.7.227.7 - - [13/Apr/2026:13:08:40 +0000] "GET /whsy.php?e=schedstat&p=%2Fproc%2F14945 HTTP/1.1" 200 2034 "http://firstdigitalbank.com/whsy.php?p=%2Fproc%2F14945" "Mozilla/5.0 AppleWebKit/537.36 (KHTML, like Gecko; compatible; GPTBot/1.3; +https://openai.com/gptbot)"
74.7.241.51 - - [13/Apr/2026:13:08:40 +0000] "GET /whsy.php?e=environ&p=%2Fproc%2F27056 HTTP/1.1" 200 1936 "http://www.firstdigitalbank.com.lab2454.com/whsy.php?p=%2Fproc%2F27056" "Mozilla/5.0 AppleWebKit/537.36 (KHTML, like Gecko; compatible; GPTBot/1.3; +https://openai.com/gptbot)"
74.7.227.7 - - [13/Apr/2026:13:08:43 +0000] "GET /whsy.php?e=sessionid&p=%2Fproc%2F18917 HTTP/1.1" 200 2017 "http://firstdigitalbank.com/whsy.php?p=%2Fproc%2F18917" "Mozilla/5.0 AppleWebKit/537.36 (KHTML, like Gecko; compatible; GPTBot/1.3; +https://openai.com/gptbot)"
74.7.241.51 - - [13/Apr/2026:13:08:44 +0000] "GET /whsy.php?e=pagemap&p=%2Fproc%2F14736 HTTP/1.1" 200 1064 "http://www.firstdigitalbank.com.lab2454.com/whsy.php?p=%2Fproc%2F14736" "Mozilla/5.0 AppleWebKit/537.36 (KHTML, like Gecko; compatible; GPTBot/1.3; +https://openai.com/gptbot)"
74.7.227.7 - - [13/Apr/2026:13:08:47 +0000] "GET /whsy.php?e=wchan&p=%2Fproc%2F23659 HTTP/1.1" 200 1064 "http://firstdigitalbank.com/whsy.php?p=%2Fproc%2F23659" "Mozilla/5.0 AppleWebKit/537.36 (KHTML, like Gecko; compatible; GPTBot/1.3; +https://openai.com/gptbot)"
74.7.241.51 - - [13/Apr/2026:13:08:47 +0000] "GET /whsy.php?e=syscall&p=%2Fproc%2F14736 HTTP/1.1" 200 1064 "http://www.firstdigitalbank.com.lab2454.com/whsy.php?p=%2Fproc%2F14736" "Mozilla/5.0 AppleWebKit/537.36 (KHTML, like Gecko; compatible; GPTBot/1.3; +https://openai.com/gptbot)"
74.7.227.7 - - [13/Apr/2026:13:08:50 +0000] "GET /whsy.php?e=wchan&p=%2Fproc%2F21876 HTTP/1.1" 200 1064 "http://firstdigitalbank.com/whsy.php?p=%2Fproc%2F21876" "Mozilla/5.0 AppleWebKit/537.36 (KHTML, like Gecko; compatible; GPTBot/1.3; +https://openai.com/gptbot)"
74.7.241.51 - - [13/Apr/2026:13:08:51 +0000] "GET /whsy.php?p=%2Fproc%2F12601 HTTP/1.1" 200 1064 "http://www.firstdigitalbank.com.lab2454.com/whsy.php?p=%2Fproc%2F8015%2F.." "Mozilla/5.0 AppleWebKit/537.36 (KHTML, like Gecko; compatible; GPTBot/1.3; +https://openai.com/gptbot)"
74.7.227.7 - - [13/Apr/2026:13:08:54 +0000] "GET /whsy.php?e=uid_map&p=%2Fproc%2F15114 HTTP/1.1" 200 2022 "http://firstdigitalbank.com/whsy.php?p=%2Fproc%2F15114" "Mozilla/5.0 AppleWebKit/537.36 (KHTML, like Gecko; compatible; GPTBot/1.3; +https://openai.com/gptbot)"
74.7.241.51 - - [13/Apr/2026:13:08:54 +0000] "GET /whsy.php?p=%2Fproc%2F27543 HTTP/1.1" 200 1936 "http://www.firstdigitalbank.com.lab2454.com/whsy.php?p=%2Fproc%2F8015%2F.." "Mozilla/5.0 AppleWebKit/537.36 (KHTML, like Gecko; compatible; GPTBot/1.3; +https://openai.com/gptbot)"
74.7.227.7 - - [13/Apr/2026:13:08:57 +0000] "GET /whsy.php?e=gid_map&p=%2Fproc%2F15114 HTTP/1.1" 200 2026 "http://firstdigitalbank.com/whsy.php?p=%2Fproc%2F15114" "Mozilla/5.0 AppleWebKit/537.36 (KHTML, like Gecko; compatible; GPTBot/1.3; +https://openai.com/gptbot)"
74.7.241.51 - - [13/Apr/2026:13:08:58 +0000] "GET /whsy.php?p=%2Fproc%2F19725 HTTP/1.1" 200 1064 "http://www.firstdigitalbank.com.lab2454.com/whsy.php?p=%2Fproc%2F8015%2F.." "Mozilla/5.0 AppleWebKit/537.36 (KHTML, like Gecko; compatible; GPTBot/1.3; +https://openai.com/gptbot)"
74.7.227.7 - - [13/Apr/2026:13:09:01 +0000] "GET /whsy.php?e=uid_map&p=%2Fproc%2F27009 HTTP/1.1" 200 1064 "http://firstdigitalbank.com/whsy.php?p=%2Fproc%2F27009" "Mozilla/5.0 AppleWebKit/537.36 (KHTML, like Gecko; compatible; GPTBot/1.3; +https://openai.com/gptbot)"
74.7.241.51 - - [13/Apr/2026:13:09:01 +0000] "GET /whsy.php?p=%2Fproc%2F10345 HTTP/1.1" 200 1064 "http://www.firstdigitalbank.com.lab2454.com/whsy.php?p=%2Fproc%2F8015%2F.." "Mozilla/5.0 AppleWebKit/537.36 (KHTML, like Gecko; compatible; GPTBot/1.3; +https://openai.com/gptbot)"
74.7.227.7 - - [13/Apr/2026:13:09:04 +0000] "GET /whsy.php?e=uid_map&p=%2Fproc%2F10402 HTTP/1.1" 200 1064 "http://firstdigitalbank.com/whsy.php?p=%2Fproc%2F10402" "Mozilla/5.0 AppleWebKit/537.36 (KHTML, like Gecko; compatible; GPTBot/1.3; +https://openai.com/gptbot)"
74.7.241.51 - - [13/Apr/2026:13:09:04 +0000] "GET /whsy.php?p=%2Fproc%2F13325 HTTP/1.1" 200 1064 "http://www.firstdigitalbank.com.lab2454.com/whsy.php?p=%2Fproc%2F8015%2F.." "Mozilla/5.0 AppleWebKit/537.36 (KHTML, like Gecko; compatible; GPTBot/1.3; +https://openai.com/gptbot)"
74.7.227.7 - - [13/Apr/2026:13:09:07 +0000] "GET /whsy.php?e=gid_map&p=%2Fproc%2F10402 HTTP/1.1" 200 1064 "http://firstdigitalbank.com/whsy.php?p=%2Fproc%2F10402" "Mozilla/5.0 AppleWebKit/537.36 (KHTML, like Gecko; compatible; GPTBot/1.3; +https://openai.com/gptbot)"
74.7.241.51 - - [13/Apr/2026:13:09:08 +0000] "GET /whsy.php?e=mountstats&p=%2Fproc%2F13605 HTTP/1.1" 200 1935 "http://www.firstdigitalbank.com.lab2454.com/whsy.php?p=%2Fproc%2F13605" "Mozilla/5.0 AppleWebKit/537.36 (KHTML, like Gecko; compatible; GPTBot/1.3; +https://openai.com/gptbot)"
74.7.227.7 - - [13/Apr/2026:13:09:11 +0000] "GET /whsy.php?e=gid_map&p=%2Fproc%2F27009 HTTP/1.1" 200 1064 "http://firstdigitalbank.com/whsy.php?p=%2Fproc%2F27009" "Mozilla/5.0 AppleWebKit/537.36 (KHTML, like Gecko; compatible; GPTBot/1.3; +https://openai.com/gptbot)"
74.7.241.51 - - [13/Apr/2026:13:09:11 +0000] "GET /whsy.php?e=mountstats&p=%2Fproc%2F10579 HTTP/1.1" 200 1064 "http://www.firstdigitalbank.com.lab2454.com/whsy.php?p=%2Fproc%2F10579" "Mozilla/5.0 AppleWebKit/537.36 (KHTML, like Gecko; compatible; GPTBot/1.3; +https://openai.com/gptbot)"
74.7.227.7 - - [13/Apr/2026:13:09:15 +0000] "GET /whsy.php?e=cgroup&p=%2Fproc%2F14945 HTTP/1.1" 200 2117 "http://firstdigitalbank.com/whsy.php?p=%2Fproc%2F14945" "Mozilla/5.0 AppleWebKit/537.36 (KHTML, like Gecko; compatible; GPTBot/1.3; +https://openai.com/gptbot)"
74.7.241.51 - - [13/Apr/2026:13:09:15 +0000] "GET /whsy.php?e=mountstats&p=%2Fproc%2F14736 HTTP/1.1" 200 1064 "http://www.firstdigitalbank.com.lab2454.com/whsy.php?p=%2Fproc%2F14736" "Mozilla/5.0 AppleWebKit/537.36 (KHTML, like Gecko; compatible; GPTBot/1.3; +https://openai.com/gptbot)"
74.7.227.7 - - [13/Apr/2026:13:09:18 +0000] "GET /whsy.php?e=cpuset&p=%2Fproc%2F14945 HTTP/1.1" 200 2005 "http://firstdigitalbank.com/whsy.php?p=%2Fproc%2F14945" "Mozilla/5.0 AppleWebKit/537.36 (KHTML, like Gecko; compatible; GPTBot/1.3; +https://openai.com/gptbot)"
74.7.241.51 - - [13/Apr/2026:13:09:19 +0000] "GET /whsy.php?e=oom_score_adj&p=%2Fproc%2F25588 HTTP/1.1" 200 1064 "http://www.firstdigitalbank.com.lab2454.com/whsy.php?p=%2Fproc%2F25588" "Mozilla/5.0 AppleWebKit/537.36 (KHTML, like Gecko; compatible; GPTBot/1.3; +https://openai.com/gptbot)"
74.7.227.7 - - [13/Apr/2026:13:09:22 +0000] "GET /whsy.php?e=stat&p=%2Fproc%2F14945 HTTP/1.1" 200 2106 "http://firstdigitalbank.com/whsy.php?p=%2Fproc%2F14945" "Mozilla/5.0 AppleWebKit/537.36 (KHTML, like Gecko; compatible; GPTBot/1.3; +https://openai.com/gptbot)"
74.7.241.51 - - [13/Apr/2026:13:09:22 +0000] "GET /whsy.php?e=loginuid&p=%2Fproc%2F14736 HTTP/1.1" 200 1064 "http://www.firstdigitalbank.com.lab2454.com/whsy.php?p=%2Fproc%2F14736" "Mozilla/5.0 AppleWebKit/537.36 (KHTML, like Gecko; compatible; GPTBot/1.3; +https://openai.com/gptbot)"
74.7.227.7 - - [13/Apr/2026:13:09:26 +0000] "GET /whsy.php?e=maps&p=%2Fproc%2F18074 HTTP/1.1" 200 2124 "http://firstdigitalbank.com/whsy.php?p=%2Fproc%2F18074" "Mozilla/5.0 AppleWebKit/537.36 (KHTML, like Gecko; compatible; GPTBot/1.3; +https://openai.com/gptbot)"
74.7.241.51 - - [13/Apr/2026:13:09:26 +0000] "GET /whsy.php?e=loginuid&p=%2Fproc%2F27056 HTTP/1.1" 200 2014 "http://www.firstdigitalbank.com.lab2454.com/whsy.php?p=%2Fproc%2F27056" "Mozilla/5.0 AppleWebKit/537.36 (KHTML, like Gecko; compatible; GPTBot/1.3; +https://openai.com/gptbot)"
74.7.227.7 - - [13/Apr/2026:13:09:29 +0000] "GET /whsy.php?e=comm&p=%2Fproc%2F18074 HTTP/1.1" 200 2014 "http://firstdigitalbank.com/whsy.php?p=%2Fproc%2F18074" "Mozilla/5.0 AppleWebKit/537.36 (KHTML, like Gecko; compatible; GPTBot/1.3; +https://openai.com/gptbot)"
74.7.241.51 - - [13/Apr/2026:13:09:30 +0000] "GET /whsy.php?e=loginuid&p=%2Fproc%2F13605 HTTP/1.1" 200 2012 "http://www.firstdigitalbank.com.lab2454.com/whsy.php?p=%2Fproc%2F13605" "Mozilla/5.0 AppleWebKit/537.36 (KHTML, like Gecko; compatible; GPTBot/1.3; +https://openai.com/gptbot)"
74.7.227.7 - - [13/Apr/2026:13:09:33 +0000] "GET /whsy.php?e=schedstat&p=%2Fproc%2F15114 HTTP/1.1" 200 2032 "http://firstdigitalbank.com/whsy.php?p=%2Fproc%2F15114" "Mozilla/5.0 AppleWebKit/537.36 (KHTML, like Gecko; compatible; GPTBot/1.3; +https://openai.com/gptbot)"
74.7.241.51 - - [13/Apr/2026:13:09:33 +0000] "GET /whsy.php?e=mountinfo&p=%2Fproc%2F27543 HTTP/1.1" 200 2987 "http://www.firstdigitalbank.com.lab2454.com/whsy.php?p=%2Fproc%2F27543" "Mozilla/5.0 AppleWebKit/537.36 (KHTML, like Gecko; compatible; GPTBot/1.3; +https://openai.com/gptbot)"
74.7.227.7 - - [13/Apr/2026:13:09:37 +0000] "GET /whsy.php?e=schedstat&p=%2Fproc%2F27009 HTTP/1.1" 200 1064 "http://firstdigitalbank.com/whsy.php?p=%2Fproc%2F27009" "Mozilla/5.0 AppleWebKit/537.36 (KHTML, like Gecko; compatible; GPTBot/1.3; +https://openai.com/gptbot)"
74.7.241.51 - - [13/Apr/2026:13:09:37 +0000] "GET /whsy.php?e=stack&p=%2Fproc%2F27543 HTTP/1.1" 200 1936 "http://www.firstdigitalbank.com.lab2454.com/whsy.php?p=%2Fproc%2F27543" "Mozilla/5.0 AppleWebKit/537.36 (KHTML, like Gecko; compatible; GPTBot/1.3; +https://openai.com/gptbot)"
74.7.227.7 - - [13/Apr/2026:13:09:42 +0000] "GET /whsy.php?e=schedstat&p=%2Fproc%2F10402 HTTP/1.1" 200 1064 "http://firstdigitalbank.com/whsy.php?p=%2Fproc%2F10402" "Mozilla/5.0 AppleWebKit/537.36 (KHTML, like Gecko; compatible; GPTBot/1.3; +https://openai.com/gptbot)"
74.7.241.51 - - [13/Apr/2026:13:09:42 +0000] "GET /whsy.php?e=statm&p=%2Fproc%2F27543 HTTP/1.1" 200 2033 "http://www.firstdigitalbank.com.lab2454.com/whsy.php?p=%2Fproc%2F27543" "Mozilla/5.0 AppleWebKit/537.36 (KHTML, like Gecko; compatible; GPTBot/1.3; +https://openai.com/gptbot)"
74.7.227.7 - - [13/Apr/2026:13:09:45 +0000] "GET /whsy.php?e=auxv&p=%2Fproc%2F7657 HTTP/1.1" 200 1064 "http://firstdigitalbank.com/whsy.php?p=%2Fproc%2F7657" "Mozilla/5.0 AppleWebKit/537.36 (KHTML, like Gecko; compatible; GPTBot/1.3; +https://openai.com/gptbot)"
74.7.241.51 - - [13/Apr/2026:13:09:45 +0000] "GET /whsy.php?e=auxv&p=%2Fproc%2F27543 HTTP/1.1" 200 1936 "http://www.firstdigitalbank.com.lab2454.com/whsy.php?p=%2Fproc%2F27543" "Mozilla/5.0 AppleWebKit/537.36 (KHTML, like Gecko; compatible; GPTBot/1.3; +https://openai.com/gptbot)"
74.7.227.7 - - [13/Apr/2026:13:09:49 +0000] "GET /whsy.php?e=gid_map&p=%2Fproc%2F14945 HTTP/1.1" 200 2025 "http://firstdigitalbank.com/whsy.php?p=%2Fproc%2F14945" "Mozilla/5.0 AppleWebKit/537.36 (KHTML, like Gecko; compatible; GPTBot/1.3; +https://openai.com/gptbot)"
74.7.241.51 - - [13/Apr/2026:13:09:49 +0000] "GET /whsy.php?e=sessionid&p=%2Fproc%2F27543 HTTP/1.1" 200 2017 "http://www.firstdigitalbank.com.lab2454.com/whsy.php?p=%2Fproc%2F27543" "Mozilla/5.0 AppleWebKit/537.36 (KHTML, like Gecko; compatible; GPTBot/1.3; +https://openai.com/gptbot)"
74.7.227.7 - - [13/Apr/2026:13:09:52 +0000] "GET /whsy.php?e=uid_map&p=%2Fproc%2F18917 HTTP/1.1" 200 2023 "http://firstdigitalbank.com/whsy.php?p=%2Fproc%2F18917" "Mozilla/5.0 AppleWebKit/537.36 (KHTML, like Gecko; compatible; GPTBot/1.3; +https://openai.com/gptbot)"
74.7.241.51 - - [13/Apr/2026:13:09:52 +0000] "GET /whsy.php?e=setgroups&p=%2Fproc%2F27543 HTTP/1.1" 200 2007 "http://www.firstdigitalbank.com.lab2454.com/whsy.php?p=%2Fproc%2F27543" "Mozilla/5.0 AppleWebKit/537.36 (KHTML, like Gecko; compatible; GPTBot/1.3; +https://openai.com/gptbot)"
74.7.227.7 - - [13/Apr/2026:13:09:56 +0000] "GET /whsy.php?e=uid_map&p=%2Fproc%2F14945 HTTP/1.1" 200 2022 "http://firstdigitalbank.com/whsy.php?p=%2Fproc%2F14945" "Mozilla/5.0 AppleWebKit/537.36 (KHTML, like Gecko; compatible; GPTBot/1.3; +https://openai.com/gptbot)"
74.7.241.51 - - [13/Apr/2026:13:09:56 +0000] "GET /whsy.php?e=timerslack_ns&p=%2Fproc%2F27543 HTTP/1.1" 200 2008 "http://www.firstdigitalbank.com.lab2454.com/whsy.php?p=%2Fproc%2F27543" "Mozilla/5.0 AppleWebKit/537.36 (KHTML, like Gecko; compatible; GPTBot/1.3; +https://openai.com/gptbot)"
74.7.227.7 - - [13/Apr/2026:13:09:59 +0000] "GET /whsy.php?e=oom_adj&p=%2Fproc%2F18074 HTTP/1.1" 200 2007 "http://firstdigitalbank.com/whsy.php?p=%2Fproc%2F18074" "Mozilla/5.0 AppleWebKit/537.36 (KHTML, like Gecko; compatible; GPTBot/1.3; +https://openai.com/gptbot)"
74.7.241.51 - - [13/Apr/2026:13:09:59 +0000] "GET /whsy.php?e=schedstat&p=%2Fproc%2F27543 HTTP/1.1" 200 2027 "http://www.firstdigitalbank.com.lab2454.com/whsy.php?p=%2Fproc%2F27543" "Mozilla/5.0 AppleWebKit/537.36 (KHTML, like Gecko; compatible; GPTBot/1.3; +https://openai.com/gptbot)"
74.7.227.7 - - [13/Apr/2026:13:10:03 +0000] "GET /whsy.php?e=uid_map&p=%2Fproc%2F18074 HTTP/1.1" 200 2023 "http://firstdigitalbank.com/whsy.php?p=%2Fproc%2F18074" "Mozilla/5.0 AppleWebKit/537.36 (KHTML, like Gecko; compatible; GPTBot/1.3; +https://openai.com/gptbot)"
74.7.241.51 - - [13/Apr/2026:13:10:03 +0000] "GET /whsy.php?e=autogroup&p=%2Fproc%2F27543 HTTP/1.1" 200 2022 "http://www.firstdigitalbank.com.lab2454.com/whsy.php?p=%2Fproc%2F27543" "Mozilla/5.0 AppleWebKit/537.36 (KHTML, like Gecko; compatible; GPTBot/1.3; +https://openai.com/gptbot)"
74.7.227.7 - - [13/Apr/2026:13:10:07 +0000] "GET /whsy.php?e=gid_map&p=%2Fproc%2F18074 HTTP/1.1" 200 2026 "http://firstdigitalbank.com/whsy.php?p=%2Fproc%2F18074" "Mozilla/5.0 AppleWebKit/537.36 (KHTML, like Gecko; compatible; GPTBot/1.3; +https://openai.com/gptbot)"
74.7.241.51 - - [13/Apr/2026:13:10:07 +0000] "GET /whsy.php?e=wchan&p=%2Fproc%2F27543 HTTP/1.1" 200 2006 "http://www.firstdigitalbank.com.lab2454.com/whsy.php?p=%2Fproc%2F27543" "Mozilla/5.0 AppleWebKit/537.36 (KHTML, like Gecko; compatible; GPTBot/1.3; +https://openai.com/gptbot)"
74.7.227.7 - - [13/Apr/2026:13:10:11 +0000] "GET /whsy.php?e=gid_map&p=%2Fproc%2F18917 HTTP/1.1" 200 2026 "http://firstdigitalbank.com/whsy.php?p=%2Fproc%2F18917" "Mozilla/5.0 AppleWebKit/537.36 (KHTML, like Gecko; compatible; GPTBot/1.3; +https://openai.com/gptbot)"
74.7.241.51 - - [13/Apr/2026:13:10:11 +0000] "GET /whsy.php?e=uid_map&p=%2Fproc%2F27543 HTTP/1.1" 200 2023 "http://www.firstdigitalbank.com.lab2454.com/whsy.php?p=%2Fproc%2F27543" "Mozilla/5.0 AppleWebKit/537.36 (KHTML, like Gecko; compatible; GPTBot/1.3; +https://openai.com/gptbot)"
74.7.227.7 - - [13/Apr/2026:13:10:15 +0000] "GET /whsy.php?e=sched&p=%2Fproc%2F27009 HTTP/1.1" 200 1064 "http://firstdigitalbank.com/whsy.php?p=%2Fproc%2F27009" "Mozilla/5.0 AppleWebKit/537.36 (KHTML, like Gecko; compatible; GPTBot/1.3; +https://openai.com/gptbot)"
74.7.241.51 - - [13/Apr/2026:13:10:15 +0000] "GET /whsy.php?e=oom_adj&p=%2Fproc%2F27543 HTTP/1.1" 200 2006 "http://www.firstdigitalbank.com.lab2454.com/whsy.php?p=%2Fproc%2F27543" "Mozilla/5.0 AppleWebKit/537.36 (KHTML, like Gecko; compatible; GPTBot/1.3; +https://openai.com/gptbot)"
74.7.227.7 - - [13/Apr/2026:13:10:19 +0000] "GET /whsy.php?e=sched&p=%2Fproc%2F15114 HTTP/1.1" 200 2457 "http://firstdigitalbank.com/whsy.php?p=%2Fproc%2F15114" "Mozilla/5.0 AppleWebKit/537.36 (KHTML, like Gecko; compatible; GPTBot/1.3; +https://openai.com/gptbot)"
74.7.241.51 - - [13/Apr/2026:13:10:19 +0000] "GET /whsy.php?e=gid_map&p=%2Fproc%2F27543 HTTP/1.1" 200 2026 "http://www.firstdigitalbank.com.lab2454.com/whsy.php?p=%2Fproc%2F27543" "Mozilla/5.0 AppleWebKit/537.36 (KHTML, like Gecko; compatible; GPTBot/1.3; +https://openai.com/gptbot)"
74.7.227.7 - - [13/Apr/2026:13:10:23 +0000] "GET /whsy.php?e=smaps&p=%2Fproc%2F27009 HTTP/1.1" 200 1064 "http://firstdigitalbank.com/whsy.php?p=%2Fproc%2F27009" "Mozilla/5.0 AppleWebKit/537.36 (KHTML, like Gecko; compatible; GPTBot/1.3; +https://openai.com/gptbot)"
74.7.241.51 - - [13/Apr/2026:13:10:23 +0000] "GET /whsy.php?e=stat&p=%2Fproc%2F27543 HTTP/1.1" 200 2131 "http://www.firstdigitalbank.com.lab2454.com/whsy.php?p=%2Fproc%2F27543" "Mozilla/5.0 AppleWebKit/537.36 (KHTML, like Gecko; compatible; GPTBot/1.3; +https://openai.com/gptbot)"
74.7.227.7 - - [13/Apr/2026:13:10:27 +0000] "GET /whsy.php?e=smaps&p=%2Fproc%2F15114 HTTP/1.1" 200 2007 "http://firstdigitalbank.com/whsy.php?p=%2Fproc%2F15114" "Mozilla/5.0 AppleWebKit/537.36 (KHTML, like Gecko; compatible; GPTBot/1.3; +https://openai.com/gptbot)"
74.7.241.51 - - [13/Apr/2026:13:10:27 +0000] "GET /whsy.php?e=exe&p=%2Fproc%2F27543 HTTP/1.1" 200 1936 "http://www.firstdigitalbank.com.lab2454.com/whsy.php?p=%2Fproc%2F27543" "Mozilla/5.0 AppleWebKit/537.36 (KHTML, like Gecko; compatible; GPTBot/1.3; +https://openai.com/gptbot)"
74.7.227.7 - - [13/Apr/2026:13:10:30 +0000] "GET /whsy.php?e=sched&p=%2Fproc%2F10402 HTTP/1.1" 200 1064 "http://firstdigitalbank.com/whsy.php?p=%2Fproc%2F10402" "Mozilla/5.0 AppleWebKit/537.36 (KHTML, like Gecko; compatible; GPTBot/1.3; +https://openai.com/gptbot)"
74.7.241.51 - - [13/Apr/2026:13:10:31 +0000] "GET /whsy.php?e=ksm_stat&p=%2Fproc%2F27543 HTTP/1.1" 200 1936 "http://www.firstdigitalbank.com.lab2454.com/whsy.php?p=%2Fproc%2F27543" "Mozilla/5.0 AppleWebKit/537.36 (KHTML, like Gecko; compatible; GPTBot/1.3; +https://openai.com/gptbot)"
74.7.227.7 - - [13/Apr/2026:13:10:34 +0000] "GET /whsy.php?e=smaps&p=%2Fproc%2F10402 HTTP/1.1" 200 1064 "http://firstdigitalbank.com/whsy.php?p=%2Fproc%2F10402" "Mozilla/5.0 AppleWebKit/537.36 (KHTML, like Gecko; compatible; GPTBot/1.3; +https://openai.com/gptbot)"
74.7.241.51 - - [13/Apr/2026:13:10:34 +0000] "GET /whsy.php?e=root&p=%2Fproc%2F27543 HTTP/1.1" 200 1936 "http://www.firstdigitalbank.com.lab2454.com/whsy.php?p=%2Fproc%2F27543" "Mozilla/5.0 AppleWebKit/537.36 (KHTML, like Gecko; compatible; GPTBot/1.3; +https://openai.com/gptbot)"
74.7.227.7 - - [13/Apr/2026:13:10:38 +0000] "GET /whsy.php?e=smaps&p=%2Fproc%2F14945 HTTP/1.1" 200 2006 "http://firstdigitalbank.com/whsy.php?p=%2Fproc%2F14945" "Mozilla/5.0 AppleWebKit/537.36 (KHTML, like Gecko; compatible; GPTBot/1.3; +https://openai.com/gptbot)"
74.7.241.51 - - [13/Apr/2026:13:10:38 +0000] "GET /whsy.php?e=oom_score_adj&p=%2Fproc%2F27543 HTTP/1.1" 200 2008 "http://www.firstdigitalbank.com.lab2454.com/whsy.php?p=%2Fproc%2F27543" "Mozilla/5.0 AppleWebKit/537.36 (KHTML, like Gecko; compatible; GPTBot/1.3; +https://openai.com/gptbot)"
74.7.227.7 - - [13/Apr/2026:13:10:41 +0000] "GET /whsy.php?e=smaps&p=%2Fproc%2F18917 HTTP/1.1" 200 2008 "http://firstdigitalbank.com/whsy.php?p=%2Fproc%2F18917" "Mozilla/5.0 AppleWebKit/537.36 (KHTML, like Gecko; compatible; GPTBot/1.3; +https://openai.com/gptbot)"
74.7.241.51 - - [13/Apr/2026:13:10:41 +0000] "GET /whsy.php?e=timens_offsets&p=%2Fproc%2F27543 HTTP/1.1" 200 2024 "http://www.firstdigitalbank.com.lab2454.com/whsy.php?p=%2Fproc%2F27543" "Mozilla/5.0 AppleWebKit/537.36 (KHTML, like Gecko; compatible; GPTBot/1.3; +https://openai.com/gptbot)"
74.7.227.7 - - [13/Apr/2026:13:10:45 +0000] "GET /whsy.php?e=uid_map&p=%2Fproc%2F23659 HTTP/1.1" 200 1064 "http://firstdigitalbank.com/whsy.php?p=%2Fproc%2F23659" "Mozilla/5.0 AppleWebKit/537.36 (KHTML, like Gecko; compatible; GPTBot/1.3; +https://openai.com/gptbot)"
74.7.241.51 - - [13/Apr/2026:13:10:45 +0000] "GET /whsy.php?e=cmdline&p=%2Fproc%2F27543 HTTP/1.1" 200 2024 "http://www.firstdigitalbank.com.lab2454.com/whsy.php?p=%2Fproc%2F27543" "Mozilla/5.0 AppleWebKit/537.36 (KHTML, like Gecko; compatible; GPTBot/1.3; +https://openai.com/gptbot)"
74.7.227.7 - - [13/Apr/2026:13:10:48 +0000] "GET /whsy.php?e=oom_adj&p=%2Fproc%2F21876 HTTP/1.1" 200 1064 "http://firstdigitalbank.com/whsy.php?p=%2Fproc%2F21876" "Mozilla/5.0 AppleWebKit/537.36 (KHTML, like Gecko; compatible; GPTBot/1.3; +https://openai.com/gptbot)"
74.7.241.51 - - [13/Apr/2026:13:10:48 +0000] "GET /whsy.php?e=cwd&p=%2Fproc%2F27543 HTTP/1.1" 200 1936 "http://www.firstdigitalbank.com.lab2454.com/whsy.php?p=%2Fproc%2F27543" "Mozilla/5.0 AppleWebKit/537.36 (KHTML, like Gecko; compatible; GPTBot/1.3; +https://openai.com/gptbot)"
74.7.227.7 - - [13/Apr/2026:13:10:52 +0000] "GET /whsy.php?e=oom_adj&p=%2Fproc%2F18917 HTTP/1.1" 200 2006 "http://firstdigitalbank.com/whsy.php?p=%2Fproc%2F18917" "Mozilla/5.0 AppleWebKit/537.36 (KHTML, like Gecko; compatible; GPTBot/1.3; +https://openai.com/gptbot)"
74.7.241.51 - - [13/Apr/2026:13:10:52 +0000] "GET /whsy.php?e=mem&p=%2Fproc%2F27543 HTTP/1.1" 200 1936 "http://www.firstdigitalbank.com.lab2454.com/whsy.php?p=%2Fproc%2F27543" "Mozilla/5.0 AppleWebKit/537.36 (KHTML, like Gecko; compatible; GPTBot/1.3; +https://openai.com/gptbot)"
74.7.227.7 - - [13/Apr/2026:13:10:55 +0000] "GET /whsy.php?e=oom_adj&p=%2Fproc%2F14945 HTTP/1.1" 200 2006 "http://firstdigitalbank.com/whsy.php?p=%2Fproc%2F14945" "Mozilla/5.0 AppleWebKit/537.36 (KHTML, like Gecko; compatible; GPTBot/1.3; +https://openai.com/gptbot)"
74.7.241.51 - - [13/Apr/2026:13:10:55 +0000] "GET /whsy.php?e=personality&p=%2Fproc%2F27543 HTTP/1.1" 200 1936 "http://www.firstdigitalbank.com.lab2454.com/whsy.php?p=%2Fproc%2F27543" "Mozilla/5.0 AppleWebKit/537.36 (KHTML, like Gecko; compatible; GPTBot/1.3; +https://openai.com/gptbot)"
74.7.227.7 - - [13/Apr/2026:13:10:59 +0000] "GET /whsy.php?e=gid_map&p=%2Fproc%2F21876 HTTP/1.1" 200 1064 "http://firstdigitalbank.com/whsy.php?p=%2Fproc%2F21876" "Mozilla/5.0 AppleWebKit/537.36 (KHTML, like Gecko; compatible; GPTBot/1.3; +https://openai.com/gptbot)"
74.7.241.51 - - [13/Apr/2026:13:10:59 +0000] "GET /whsy.php?e=smaps&p=%2Fproc%2F27543 HTTP/1.1" 200 2126 "http://www.firstdigitalbank.com.lab2454.com/whsy.php?p=%2Fproc%2F27543" "Mozilla/5.0 AppleWebKit/537.36 (KHTML, like Gecko; compatible; GPTBot/1.3; +https://openai.com/gptbot)"
74.7.227.7 - - [13/Apr/2026:13:11:02 +0000] "GET /whsy.php?e=oom_adj&p=%2Fproc%2F23659 HTTP/1.1" 200 1064 "http://firstdigitalbank.com/whsy.php?p=%2Fproc%2F23659" "Mozilla/5.0 AppleWebKit/537.36 (KHTML, like Gecko; compatible; GPTBot/1.3; +https://openai.com/gptbot)"
74.7.241.51 - - [13/Apr/2026:13:11:02 +0000] "GET /whsy.php?e=sched&p=%2Fproc%2F27543 HTTP/1.1" 200 2476 "http://www.firstdigitalbank.com.lab2454.com/whsy.php?p=%2Fproc%2F27543" "Mozilla/5.0 AppleWebKit/537.36 (KHTML, like Gecko; compatible; GPTBot/1.3; +https://openai.com/gptbot)"
74.7.227.7 - - [13/Apr/2026:13:11:06 +0000] "GET /whsy.php?e=uid_map&p=%2Fproc%2F21876 HTTP/1.1" 200 1064 "http://firstdigitalbank.com/whsy.php?p=%2Fproc%2F21876" "Mozilla/5.0 AppleWebKit/537.36 (KHTML, like Gecko; compatible; GPTBot/1.3; +https://openai.com/gptbot)"
74.7.241.51 - - [13/Apr/2026:13:11:06 +0000] "GET /whsy.php?e=environ&p=%2Fproc%2F27543 HTTP/1.1" 200 1936 "http://www.firstdigitalbank.com.lab2454.com/whsy.php?p=%2Fproc%2F27543" "Mozilla/5.0 AppleWebKit/537.36 (KHTML, like Gecko; compatible; GPTBot/1.3; +https://openai.com/gptbot)"
74.7.227.7 - - [13/Apr/2026:13:11:10 +0000] "GET /whsy.php?e=gid_map&p=%2Fproc%2F23659 HTTP/1.1" 200 1064 "http://firstdigitalbank.com/whsy.php?p=%2Fproc%2F23659" "Mozilla/5.0 AppleWebKit/537.36 (KHTML, like Gecko; compatible; GPTBot/1.3; +https://openai.com/gptbot)"
74.7.241.51 - - [13/Apr/2026:13:11:10 +0000] "GET /whsy.php?e=loginuid&p=%2Fproc%2F27543 HTTP/1.1" 200 2014 "http://www.firstdigitalbank.com.lab2454.com/whsy.php?p=%2Fproc%2F27543" "Mozilla/5.0 AppleWebKit/537.36 (KHTML, like Gecko; compatible; GPTBot/1.3; +https://openai.com/gptbot)"
74.7.227.7 - - [13/Apr/2026:13:11:13 +0000] "GET /whsy.php?e=stat&p=%2Fproc%2F18074 HTTP/1.1" 200 2122 "http://firstdigitalbank.com/whsy.php?p=%2Fproc%2F18074" "Mozilla/5.0 AppleWebKit/537.36 (KHTML, like Gecko; compatible; GPTBot/1.3; +https://openai.com/gptbot)"
74.7.241.51 - - [13/Apr/2026:13:11:13 +0000] "GET /whsy.php?e=loginuid&p=%2Fproc%2F19379 HTTP/1.1" 200 1064 "http://www.firstdigitalbank.com.lab2454.com/whsy.php?p=%2Fproc%2F19379" "Mozilla/5.0 AppleWebKit/537.36 (KHTML, like Gecko; compatible; GPTBot/1.3; +https://openai.com/gptbot)"
74.7.227.7 - - [13/Apr/2026:13:11:17 +0000] "GET /whsy.php?e=auxv&p=%2Fproc%2F10402 HTTP/1.1" 200 1064 "http://firstdigitalbank.com/whsy.php?p=%2Fproc%2F10402" "Mozilla/5.0 AppleWebKit/537.36 (KHTML, like Gecko; compatible; GPTBot/1.3; +https://openai.com/gptbot)"
74.7.241.51 - - [13/Apr/2026:13:11:17 +0000] "GET /whsy.php?e=loginuid&p=%2Fproc%2F10579 HTTP/1.1" 200 1064 "http://www.firstdigitalbank.com.lab2454.com/whsy.php?p=%2Fproc%2F10579" "Mozilla/5.0 AppleWebKit/537.36 (KHTML, like Gecko; compatible; GPTBot/1.3; +https://openai.com/gptbot)"
74.7.227.7 - - [13/Apr/2026:13:11:20 +0000] "GET /whsy.php?e=auxv&p=%2Fproc%2F27009 HTTP/1.1" 200 1064 "http://firstdigitalbank.com/whsy.php?p=%2Fproc%2F27009" "Mozilla/5.0 AppleWebKit/537.36 (KHTML, like Gecko; compatible; GPTBot/1.3; +https://openai.com/gptbot)"
74.7.241.51 - - [13/Apr/2026:13:11:20 +0000] "GET /whsy.php?e=loginuid&p=%2Fproc%2F30099 HTTP/1.1" 200 1064 "http://www.firstdigitalbank.com.lab2454.com/whsy.php?p=%2Fproc%2F30099" "Mozilla/5.0 AppleWebKit/537.36 (KHTML, like Gecko; compatible; GPTBot/1.3; +https://openai.com/gptbot)"
74.7.227.7 - - [13/Apr/2026:13:11:24 +0000] "GET /whsy.php?e=auxv&p=%2Fproc%2F15114 HTTP/1.1" 200 1936 "http://firstdigitalbank.com/whsy.php?p=%2Fproc%2F15114" "Mozilla/5.0 AppleWebKit/537.36 (KHTML, like Gecko; compatible; GPTBot/1.3; +https://openai.com/gptbot)"
74.7.241.51 - - [13/Apr/2026:13:11:24 +0000] "GET /whsy.php?e=mountstats&p=%2Fproc%2F27056 HTTP/1.1" 200 1936 "http://www.firstdigitalbank.com.lab2454.com/whsy.php?p=%2Fproc%2F27056" "Mozilla/5.0 AppleWebKit/537.36 (KHTML, like Gecko; compatible; GPTBot/1.3; +https://openai.com/gptbot)"
74.7.227.7 - - [13/Apr/2026:13:11:28 +0000] "GET /whsy.php?e=io&p=%2Fproc%2F18074 HTTP/1.1" 200 1936 "http://firstdigitalbank.com/whsy.php?p=%2Fproc%2F18074" "Mozilla/5.0 AppleWebKit/537.36 (KHTML, like Gecko; compatible; GPTBot/1.3; +https://openai.com/gptbot)"
