74.7.241.51 - - [13/Apr/2026:15:11:13 +0000] "GET /whsy.php?p=%2Fproc%2F11760%2Ffd HTTP/1.1" 200 1064 "http://www.firstdigitalbank.com.lab2454.com/whsy.php?p=%2Fproc%2F11760" "Mozilla/5.0 AppleWebKit/537.36 (KHTML, like Gecko; compatible; GPTBot/1.3; +https://openai.com/gptbot)"
74.7.227.7 - - [13/Apr/2026:15:11:13 +0000] "GET /whsy.php?e=timers&p=%2Fproc%2F14179 HTTP/1.1" 200 1064 "http://firstdigitalbank.com/whsy.php?p=%2Fproc%2F14179" "Mozilla/5.0 AppleWebKit/537.36 (KHTML, like Gecko; compatible; GPTBot/1.3; +https://openai.com/gptbot)"
74.7.241.51 - - [13/Apr/2026:15:11:17 +0000] "GET /whsy.php?p=%2Fproc%2F18168%2Ffd HTTP/1.1" 200 1064 "http://www.firstdigitalbank.com.lab2454.com/whsy.php?p=%2Fproc%2F18168" "Mozilla/5.0 AppleWebKit/537.36 (KHTML, like Gecko; compatible; GPTBot/1.3; +https://openai.com/gptbot)"
74.7.227.7 - - [13/Apr/2026:15:11:17 +0000] "GET /whsy.php?e=status&p=%2Fproc%2F14179 HTTP/1.1" 200 1064 "http://firstdigitalbank.com/whsy.php?p=%2Fproc%2F14179" "Mozilla/5.0 AppleWebKit/537.36 (KHTML, like Gecko; compatible; GPTBot/1.3; +https://openai.com/gptbot)"
74.7.241.51 - - [13/Apr/2026:15:11:20 +0000] "GET /whsy.php?p=%2Fproc%2F12495%2Ffd HTTP/1.1" 200 1064 "http://www.firstdigitalbank.com.lab2454.com/whsy.php?p=%2Fproc%2F12495" "Mozilla/5.0 AppleWebKit/537.36 (KHTML, like Gecko; compatible; GPTBot/1.3; +https://openai.com/gptbot)"
74.7.227.7 - - [13/Apr/2026:15:11:21 +0000] "GET /whsy.php?e=mounts&p=%2Fproc%2F14101 HTTP/1.1" 200 2677 "http://firstdigitalbank.com/whsy.php?p=%2Fproc%2F14101" "Mozilla/5.0 AppleWebKit/537.36 (KHTML, like Gecko; compatible; GPTBot/1.3; +https://openai.com/gptbot)"
74.7.241.51 - - [13/Apr/2026:15:11:25 +0000] "GET /whsy.php?p=%2Fproc%2F12655%2Ffd HTTP/1.1" 200 1064 "http://www.firstdigitalbank.com.lab2454.com/whsy.php?p=%2Fproc%2F12655" "Mozilla/5.0 AppleWebKit/537.36 (KHTML, like Gecko; compatible; GPTBot/1.3; +https://openai.com/gptbot)"
74.7.227.7 - - [13/Apr/2026:15:11:26 +0000] "GET /whsy.php?e=status&p=%2Fproc%2F14725 HTTP/1.1" 200 1064 "http://firstdigitalbank.com/whsy.php?p=%2Fproc%2F14725" "Mozilla/5.0 AppleWebKit/537.36 (KHTML, like Gecko; compatible; GPTBot/1.3; +https://openai.com/gptbot)"
74.7.241.51 - - [13/Apr/2026:15:11:29 +0000] "GET /whsy.php?p=%2Fproc%2F30954%2Fns HTTP/1.1" 200 1064 "http://www.firstdigitalbank.com.lab2454.com/whsy.php?p=%2Fproc%2F30954" "Mozilla/5.0 AppleWebKit/537.36 (KHTML, like Gecko; compatible; GPTBot/1.3; +https://openai.com/gptbot)"
74.7.227.7 - - [13/Apr/2026:15:11:30 +0000] "GET /whsy.php?e=mounts&p=%2Fproc%2F12081 HTTP/1.1" 200 2677 "http://firstdigitalbank.com/whsy.php?p=%2Fproc%2F12081" "Mozilla/5.0 AppleWebKit/537.36 (KHTML, like Gecko; compatible; GPTBot/1.3; +https://openai.com/gptbot)"
74.7.241.51 - - [13/Apr/2026:15:11:33 +0000] "GET /whsy.php?p=%2Fproc%2F10313%2Fns HTTP/1.1" 200 1064 "http://www.firstdigitalbank.com.lab2454.com/whsy.php?p=%2Fproc%2F10313" "Mozilla/5.0 AppleWebKit/537.36 (KHTML, like Gecko; compatible; GPTBot/1.3; +https://openai.com/gptbot)"
74.7.227.7 - - [13/Apr/2026:15:11:34 +0000] "GET /whsy.php?e=limits&p=%2Fproc%2F14101 HTTP/1.1" 200 2232 "http://firstdigitalbank.com/whsy.php?p=%2Fproc%2F14101" "Mozilla/5.0 AppleWebKit/537.36 (KHTML, like Gecko; compatible; GPTBot/1.3; +https://openai.com/gptbot)"
74.7.241.51 - - [13/Apr/2026:15:11:37 +0000] "GET /whsy.php?e=ip_vs&p=%2Fproc%2F12655%2Fnet HTTP/1.1" 200 1064 "http://www.firstdigitalbank.com.lab2454.com/whsy.php?p=%2Fproc%2F12655%2Fnet" "Mozilla/5.0 AppleWebKit/537.36 (KHTML, like Gecko; compatible; GPTBot/1.3; +https://openai.com/gptbot)"
74.7.227.7 - - [13/Apr/2026:15:11:38 +0000] "GET /whsy.php?e=limits&p=%2Fproc%2F12081 HTTP/1.1" 200 2232 "http://firstdigitalbank.com/whsy.php?p=%2Fproc%2F12081" "Mozilla/5.0 AppleWebKit/537.36 (KHTML, like Gecko; compatible; GPTBot/1.3; +https://openai.com/gptbot)"
74.7.241.51 - - [13/Apr/2026:15:11:42 +0000] "GET /whsy.php?e=ip_vs&p=%2Fproc%2F12081%2Fnet HTTP/1.1" 200 2614 "http://www.firstdigitalbank.com.lab2454.com/whsy.php?p=%2Fproc%2F12081%2Fnet" "Mozilla/5.0 AppleWebKit/537.36 (KHTML, like Gecko; compatible; GPTBot/1.3; +https://openai.com/gptbot)"
74.7.227.7 - - [13/Apr/2026:15:11:43 +0000] "GET /whsy.php?e=status&p=%2Fproc%2F30858 HTTP/1.1" 200 1064 "http://firstdigitalbank.com/whsy.php?p=%2Fproc%2F30858" "Mozilla/5.0 AppleWebKit/537.36 (KHTML, like Gecko; compatible; GPTBot/1.3; +https://openai.com/gptbot)"
74.7.241.51 - - [13/Apr/2026:15:11:47 +0000] "GET /whsy.php?e=if_inet6&p=%2Fproc%2F12081%2Fnet HTTP/1.1" 200 2569 "http://www.firstdigitalbank.com.lab2454.com/whsy.php?p=%2Fproc%2F12081%2Fnet" "Mozilla/5.0 AppleWebKit/537.36 (KHTML, like Gecko; compatible; GPTBot/1.3; +https://openai.com/gptbot)"
74.7.227.7 - - [13/Apr/2026:15:11:48 +0000] "GET /whsy.php?e=timers&p=%2Fproc%2F14725 HTTP/1.1" 200 1064 "http://firstdigitalbank.com/whsy.php?p=%2Fproc%2F14725" "Mozilla/5.0 AppleWebKit/537.36 (KHTML, like Gecko; compatible; GPTBot/1.3; +https://openai.com/gptbot)"
74.7.241.51 - - [13/Apr/2026:15:11:51 +0000] "GET /whsy.php?e=projid_map&p=%2Fproc%2F10313 HTTP/1.1" 200 1064 "http://www.firstdigitalbank.com.lab2454.com/whsy.php?p=%2Fproc%2F10313" "Mozilla/5.0 AppleWebKit/537.36 (KHTML, like Gecko; compatible; GPTBot/1.3; +https://openai.com/gptbot)"
74.7.227.7 - - [13/Apr/2026:15:11:52 +0000] "GET /whsy.php?e=numa_maps&p=%2Fproc%2F14179 HTTP/1.1" 200 1064 "http://firstdigitalbank.com/whsy.php?p=%2Fproc%2F14179" "Mozilla/5.0 AppleWebKit/537.36 (KHTML, like Gecko; compatible; GPTBot/1.3; +https://openai.com/gptbot)"
74.7.241.51 - - [13/Apr/2026:15:11:54 +0000] "GET /whsy.php?e=projid_map&p=%2Fproc%2F18168 HTTP/1.1" 200 1064 "http://www.firstdigitalbank.com.lab2454.com/whsy.php?p=%2Fproc%2F18168" "Mozilla/5.0 AppleWebKit/537.36 (KHTML, like Gecko; compatible; GPTBot/1.3; +https://openai.com/gptbot)"
74.7.227.7 - - [13/Apr/2026:15:11:55 +0000] "GET /whsy.php?e=numa_maps&p=%2Fproc%2F14725 HTTP/1.1" 200 1064 "http://firstdigitalbank.com/whsy.php?p=%2Fproc%2F14725" "Mozilla/5.0 AppleWebKit/537.36 (KHTML, like Gecko; compatible; GPTBot/1.3; +https://openai.com/gptbot)"
74.7.241.51 - - [13/Apr/2026:15:11:58 +0000] "GET /whsy.php?p=%2Fproc%2F23604%2Ffdinfo HTTP/1.1" 200 1064 "http://www.firstdigitalbank.com.lab2454.com/whsy.php?p=%2Fproc%2F23604" "Mozilla/5.0 AppleWebKit/537.36 (KHTML, like Gecko; compatible; GPTBot/1.3; +https://openai.com/gptbot)"
74.7.227.7 - - [13/Apr/2026:15:11:59 +0000] "GET /whsy.php?e=numa_maps&p=%2Fproc%2F30858 HTTP/1.1" 200 1064 "http://firstdigitalbank.com/whsy.php?p=%2Fproc%2F30858" "Mozilla/5.0 AppleWebKit/537.36 (KHTML, like Gecko; compatible; GPTBot/1.3; +https://openai.com/gptbot)"
74.7.241.51 - - [13/Apr/2026:15:12:01 +0000] "GET /whsy.php?p=%2Fproc%2F12495%2Ffdinfo HTTP/1.1" 200 1064 "http://www.firstdigitalbank.com.lab2454.com/whsy.php?p=%2Fproc%2F12495" "Mozilla/5.0 AppleWebKit/537.36 (KHTML, like Gecko; compatible; GPTBot/1.3; +https://openai.com/gptbot)"
74.7.227.7 - - [13/Apr/2026:15:12:02 +0000] "GET /whsy.php?e=timers&p=%2Fproc%2F14101 HTTP/1.1" 200 2005 "http://firstdigitalbank.com/whsy.php?p=%2Fproc%2F14101" "Mozilla/5.0 AppleWebKit/537.36 (KHTML, like Gecko; compatible; GPTBot/1.3; +https://openai.com/gptbot)"
74.7.241.51 - - [13/Apr/2026:15:12:05 +0000] "GET /whsy.php?p=%2Fproc%2F12655%2Fnet%2Fip6t_hashlimit HTTP/1.1" 200 1064 "http://www.firstdigitalbank.com.lab2454.com/whsy.php?p=%2Fproc%2F12655%2Fnet" "Mozilla/5.0 AppleWebKit/537.36 (KHTML, like Gecko; compatible; GPTBot/1.3; +https://openai.com/gptbot)"
74.7.227.7 - - [13/Apr/2026:15:12:06 +0000] "GET /whsy.php?e=timers&p=%2Fproc%2F12081 HTTP/1.1" 200 2005 "http://firstdigitalbank.com/whsy.php?p=%2Fproc%2F12081" "Mozilla/5.0 AppleWebKit/537.36 (KHTML, like Gecko; compatible; GPTBot/1.3; +https://openai.com/gptbot)"
74.7.241.51 - - [13/Apr/2026:15:12:09 +0000] "GET /whsy.php?e=anycast6&p=%2Fproc%2F12655%2Fnet HTTP/1.1" 200 1064 "http://www.firstdigitalbank.com.lab2454.com/whsy.php?p=%2Fproc%2F12655%2Fnet" "Mozilla/5.0 AppleWebKit/537.36 (KHTML, like Gecko; compatible; GPTBot/1.3; +https://openai.com/gptbot)"
74.7.227.7 - - [13/Apr/2026:15:12:10 +0000] "GET /whsy.php?p=%2Fproc%2F23926%2Fattr HTTP/1.1" 200 1064 "http://firstdigitalbank.com/whsy.php?p=%2Fproc%2F23926" "Mozilla/5.0 AppleWebKit/537.36 (KHTML, like Gecko; compatible; GPTBot/1.3; +https://openai.com/gptbot)"
74.7.241.51 - - [13/Apr/2026:15:12:13 +0000] "GET /whsy.php?e=udplite6&p=%2Fproc%2F12081%2Fnet HTTP/1.1" 200 2585 "http://www.firstdigitalbank.com.lab2454.com/whsy.php?p=%2Fproc%2F12081%2Fnet" "Mozilla/5.0 AppleWebKit/537.36 (KHTML, like Gecko; compatible; GPTBot/1.3; +https://openai.com/gptbot)"
74.7.227.7 - - [13/Apr/2026:15:12:14 +0000] "GET /whsy.php?p=%2Fproc%2F30858%2Ftask HTTP/1.1" 200 1064 "http://firstdigitalbank.com/whsy.php?p=%2Fproc%2F30858" "Mozilla/5.0 AppleWebKit/537.36 (KHTML, like Gecko; compatible; GPTBot/1.3; +https://openai.com/gptbot)"
74.7.241.51 - - [13/Apr/2026:15:12:16 +0000] "GET /whsy.php?e=icmp&p=%2Fproc%2F12655%2Fnet HTTP/1.1" 200 1064 "http://www.firstdigitalbank.com.lab2454.com/whsy.php?p=%2Fproc%2F12655%2Fnet" "Mozilla/5.0 AppleWebKit/537.36 (KHTML, like Gecko; compatible; GPTBot/1.3; +https://openai.com/gptbot)"
74.7.227.7 - - [13/Apr/2026:15:12:17 +0000] "GET /whsy.php?p=%2Fproc%2F14101%2Fnet HTTP/1.1" 200 2441 "http://firstdigitalbank.com/whsy.php?p=%2Fproc%2F14101" "Mozilla/5.0 AppleWebKit/537.36 (KHTML, like Gecko; compatible; GPTBot/1.3; +https://openai.com/gptbot)"
74.7.241.51 - - [13/Apr/2026:15:12:20 +0000] "GET /whsy.php?e=icmp&p=%2Fproc%2F12081%2Fnet HTTP/1.1" 200 2580 "http://www.firstdigitalbank.com.lab2454.com/whsy.php?p=%2Fproc%2F12081%2Fnet" "Mozilla/5.0 AppleWebKit/537.36 (KHTML, like Gecko; compatible; GPTBot/1.3; +https://openai.com/gptbot)"
74.7.227.7 - - [13/Apr/2026:15:12:21 +0000] "GET /whsy.php?p=%2Fproc%2F23926%2Ftask HTTP/1.1" 200 1064 "http://firstdigitalbank.com/whsy.php?p=%2Fproc%2F23926" "Mozilla/5.0 AppleWebKit/537.36 (KHTML, like Gecko; compatible; GPTBot/1.3; +https://openai.com/gptbot)"
74.7.241.51 - - [13/Apr/2026:15:12:24 +0000] "GET /whsy.php?p=%2Fproc%2F12655%2Fnet%2Fnetfilter HTTP/1.1" 200 1064 "http://www.firstdigitalbank.com.lab2454.com/whsy.php?p=%2Fproc%2F12655%2Fnet" "Mozilla/5.0 AppleWebKit/537.36 (KHTML, like Gecko; compatible; GPTBot/1.3; +https://openai.com/gptbot)"
74.7.227.7 - - [13/Apr/2026:15:12:25 +0000] "GET /whsy.php?p=%2Fproc%2F20923%2Ftask HTTP/1.1" 200 1064 "http://firstdigitalbank.com/whsy.php?p=%2Fproc%2F20923" "Mozilla/5.0 AppleWebKit/537.36 (KHTML, like Gecko; compatible; GPTBot/1.3; +https://openai.com/gptbot)"
74.7.241.51 - - [13/Apr/2026:15:12:27 +0000] "GET /whsy.php?p=%2Fproc%2F12081%2Fnet%2Fnetfilter HTTP/1.1" 200 732 "http://www.firstdigitalbank.com.lab2454.com/whsy.php?p=%2Fproc%2F12081%2Fnet" "Mozilla/5.0 AppleWebKit/537.36 (KHTML, like Gecko; compatible; GPTBot/1.3; +https://openai.com/gptbot)"
74.7.227.7 - - [13/Apr/2026:15:12:28 +0000] "GET /whsy.php?p=%2Fproc%2F14725%2Ftask HTTP/1.1" 200 1064 "http://firstdigitalbank.com/whsy.php?p=%2Fproc%2F14725" "Mozilla/5.0 AppleWebKit/537.36 (KHTML, like Gecko; compatible; GPTBot/1.3; +https://openai.com/gptbot)"
74.7.227.7 - - [13/Apr/2026:15:12:32 +0000] "GET /whsy.php?p=%2Fproc%2F12081%2Fnet HTTP/1.1" 200 2441 "http://firstdigitalbank.com/whsy.php?p=%2Fproc%2F12081" "Mozilla/5.0 AppleWebKit/537.36 (KHTML, like Gecko; compatible; GPTBot/1.3; +https://openai.com/gptbot)"
74.7.227.7 - - [13/Apr/2026:15:12:37 +0000] "GET /whsy.php?p=%2Fproc%2F14179%2Fnet HTTP/1.1" 200 1064 "http://firstdigitalbank.com/whsy.php?p=%2Fproc%2F14179" "Mozilla/5.0 AppleWebKit/537.36 (KHTML, like Gecko; compatible; GPTBot/1.3; +https://openai.com/gptbot)"
74.7.227.7 - - [13/Apr/2026:15:12:43 +0000] "GET /whsy.php?p=%2Fproc%2F20923%2Fnet HTTP/1.1" 200 1064 "http://firstdigitalbank.com/whsy.php?p=%2Fproc%2F20923" "Mozilla/5.0 AppleWebKit/537.36 (KHTML, like Gecko; compatible; GPTBot/1.3; +https://openai.com/gptbot)"
74.7.227.7 - - [13/Apr/2026:15:12:49 +0000] "GET /whsy.php?p=%2Fproc%2F14101%2Ftask HTTP/1.1" 200 772 "http://firstdigitalbank.com/whsy.php?p=%2Fproc%2F14101" "Mozilla/5.0 AppleWebKit/537.36 (KHTML, like Gecko; compatible; GPTBot/1.3; +https://openai.com/gptbot)"
74.7.227.7 - - [13/Apr/2026:15:12:55 +0000] "GET /whsy.php?p=%2Fproc%2F14179%2Ftask HTTP/1.1" 200 1064 "http://firstdigitalbank.com/whsy.php?p=%2Fproc%2F14179" "Mozilla/5.0 AppleWebKit/537.36 (KHTML, like Gecko; compatible; GPTBot/1.3; +https://openai.com/gptbot)"
74.7.227.7 - - [13/Apr/2026:15:13:00 +0000] "GET /whsy.php?p=%2Fproc%2F14179%2Fattr HTTP/1.1" 200 1064 "http://firstdigitalbank.com/whsy.php?p=%2Fproc%2F14179" "Mozilla/5.0 AppleWebKit/537.36 (KHTML, like Gecko; compatible; GPTBot/1.3; +https://openai.com/gptbot)"
74.7.241.51 - - [13/Apr/2026:15:12:31 +0000] "GET /whsy.php?p=%2Fproc%2F12081%2Fmap_files HTTP/1.1" 200 834827 "http://www.firstdigitalbank.com.lab2454.com/whsy.php?p=%2Fproc%2F12081" "Mozilla/5.0 AppleWebKit/537.36 (KHTML, like Gecko; compatible; GPTBot/1.3; +https://openai.com/gptbot)"
74.7.227.7 - - [13/Apr/2026:15:13:04 +0000] "GET /whsy.php?p=%2Fproc%2F14725%2Fattr HTTP/1.1" 200 1064 "http://firstdigitalbank.com/whsy.php?p=%2Fproc%2F14725" "Mozilla/5.0 AppleWebKit/537.36 (KHTML, like Gecko; compatible; GPTBot/1.3; +https://openai.com/gptbot)"
74.7.241.51 - - [13/Apr/2026:15:13:05 +0000] "GET /whsy.php?e=snmp&p=%2Fproc%2F12655%2Fnet HTTP/1.1" 200 1064 "http://www.firstdigitalbank.com.lab2454.com/whsy.php?p=%2Fproc%2F12655%2Fnet" "Mozilla/5.0 AppleWebKit/537.36 (KHTML, like Gecko; compatible; GPTBot/1.3; +https://openai.com/gptbot)"
74.7.227.7 - - [13/Apr/2026:15:13:07 +0000] "GET /whsy.php?p=%2Fproc%2F14101%2Fnet%2Frpc HTTP/1.1" 200 860 "http://firstdigitalbank.com/whsy.php?p=%2Fproc%2F14101%2Fnet" "Mozilla/5.0 AppleWebKit/537.36 (KHTML, like Gecko; compatible; GPTBot/1.3; +https://openai.com/gptbot)"
74.7.241.51 - - [13/Apr/2026:15:13:08 +0000] "GET /whsy.php?e=snmp&p=%2Fproc%2F12081%2Fnet HTTP/1.1" 200 3234 "http://www.firstdigitalbank.com.lab2454.com/whsy.php?p=%2Fproc%2F12081%2Fnet" "Mozilla/5.0 AppleWebKit/537.36 (KHTML, like Gecko; compatible; GPTBot/1.3; +https://openai.com/gptbot)"
74.7.227.7 - - [13/Apr/2026:15:13:11 +0000] "GET /whsy.php?e=ip6_tables_matches&p=%2Fproc%2F14101%2Fnet HTTP/1.1" 200 2441 "http://firstdigitalbank.com/whsy.php?p=%2Fproc%2F14101%2Fnet" "Mozilla/5.0 AppleWebKit/537.36 (KHTML, like Gecko; compatible; GPTBot/1.3; +https://openai.com/gptbot)"
74.7.241.51 - - [13/Apr/2026:15:13:12 +0000] "GET /whsy.php?e=coredump_filter&p=%2Fproc%2F30954 HTTP/1.1" 200 1064 "http://www.firstdigitalbank.com.lab2454.com/whsy.php?p=%2Fproc%2F30954" "Mozilla/5.0 AppleWebKit/537.36 (KHTML, like Gecko; compatible; GPTBot/1.3; +https://openai.com/gptbot)"
74.7.227.7 - - [13/Apr/2026:15:13:15 +0000] "GET /whsy.php?p=%2Fproc%2F20277%2Ftask HTTP/1.1" 200 778 "http://firstdigitalbank.com/whsy.php?p=%2Fproc%2F20277" "Mozilla/5.0 AppleWebKit/537.36 (KHTML, like Gecko; compatible; GPTBot/1.3; +https://openai.com/gptbot)"
74.7.241.51 - - [13/Apr/2026:15:13:16 +0000] "GET /whsy.php?e=projid_map&p=%2Fproc%2F30954 HTTP/1.1" 200 1064 "http://www.firstdigitalbank.com.lab2454.com/whsy.php?p=%2Fproc%2F30954" "Mozilla/5.0 AppleWebKit/537.36 (KHTML, like Gecko; compatible; GPTBot/1.3; +https://openai.com/gptbot)"
74.7.227.7 - - [13/Apr/2026:15:13:19 +0000] "GET /whsy.php?p=%2Fproc%2F30858%2Fattr HTTP/1.1" 200 1064 "http://firstdigitalbank.com/whsy.php?p=%2Fproc%2F30858" "Mozilla/5.0 AppleWebKit/537.36 (KHTML, like Gecko; compatible; GPTBot/1.3; +https://openai.com/gptbot)"
74.7.241.51 - - [13/Apr/2026:15:13:20 +0000] "GET /whsy.php?p=%2Fproc%2F23926%2Fmap_files HTTP/1.1" 200 1064 "http://www.firstdigitalbank.com.lab2454.com/whsy.php?p=%2Fproc%2F23926" "Mozilla/5.0 AppleWebKit/537.36 (KHTML, like Gecko; compatible; GPTBot/1.3; +https://openai.com/gptbot)"
74.7.227.7 - - [13/Apr/2026:15:13:23 +0000] "GET /whsy.php?e=igmp&p=%2Fproc%2F12081%2Fnet HTTP/1.1" 200 2591 "http://firstdigitalbank.com/whsy.php?p=%2Fproc%2F12081%2Fnet" "Mozilla/5.0 AppleWebKit/537.36 (KHTML, like Gecko; compatible; GPTBot/1.3; +https://openai.com/gptbot)"
74.7.241.51 - - [13/Apr/2026:15:13:24 +0000] "GET /whsy.php?e=projid_map&p=%2Fproc%2F12495 HTTP/1.1" 200 1064 "http://www.firstdigitalbank.com.lab2454.com/whsy.php?p=%2Fproc%2F12495" "Mozilla/5.0 AppleWebKit/537.36 (KHTML, like Gecko; compatible; GPTBot/1.3; +https://openai.com/gptbot)"
74.7.227.7 - - [13/Apr/2026:15:13:27 +0000] "GET /whsy.php?p=%2Fproc%2F14725%2Fnet HTTP/1.1" 200 1064 "http://firstdigitalbank.com/whsy.php?p=%2Fproc%2F14725" "Mozilla/5.0 AppleWebKit/537.36 (KHTML, like Gecko; compatible; GPTBot/1.3; +https://openai.com/gptbot)"
74.7.241.51 - - [13/Apr/2026:15:13:28 +0000] "GET /whsy.php?e=projid_map&p=%2Fproc%2F11760 HTTP/1.1" 200 1064 "http://www.firstdigitalbank.com.lab2454.com/whsy.php?p=%2Fproc%2F11760" "Mozilla/5.0 AppleWebKit/537.36 (KHTML, like Gecko; compatible; GPTBot/1.3; +https://openai.com/gptbot)"
74.7.227.7 - - [13/Apr/2026:15:13:32 +0000] "GET /whsy.php?p=%2Fproc%2F20277%2Fattr HTTP/1.1" 200 800 "http://firstdigitalbank.com/whsy.php?p=%2Fproc%2F20277" "Mozilla/5.0 AppleWebKit/537.36 (KHTML, like Gecko; compatible; GPTBot/1.3; +https://openai.com/gptbot)"
74.7.241.51 - - [13/Apr/2026:15:13:32 +0000] "GET /whsy.php?e=projid_map&p=%2Fproc%2F23604 HTTP/1.1" 200 1064 "http://www.firstdigitalbank.com.lab2454.com/whsy.php?p=%2Fproc%2F23604" "Mozilla/5.0 AppleWebKit/537.36 (KHTML, like Gecko; compatible; GPTBot/1.3; +https://openai.com/gptbot)"
74.7.227.7 - - [13/Apr/2026:15:13:36 +0000] "GET /whsy.php?p=%2Fproc%2F14101%2Ftask%2F14156 HTTP/1.1" 200 1802 "http://firstdigitalbank.com/whsy.php?p=%2Fproc%2F14101%2Ftask" "Mozilla/5.0 AppleWebKit/537.36 (KHTML, like Gecko; compatible; GPTBot/1.3; +https://openai.com/gptbot)"
74.7.241.51 - - [13/Apr/2026:15:13:36 +0000] "GET /whsy.php?e=raw&p=%2Fproc%2F12081%2Fnet HTTP/1.1" 200 2578 "http://www.firstdigitalbank.com.lab2454.com/whsy.php?p=%2Fproc%2F12081%2Fnet" "Mozilla/5.0 AppleWebKit/537.36 (KHTML, like Gecko; compatible; GPTBot/1.3; +https://openai.com/gptbot)"
74.7.227.7 - - [13/Apr/2026:15:13:39 +0000] "GET /whsy.php?p=%2Fproc%2F14101%2Ftask%2F14118 HTTP/1.1" 200 1801 "http://firstdigitalbank.com/whsy.php?p=%2Fproc%2F14101%2Ftask" "Mozilla/5.0 AppleWebKit/537.36 (KHTML, like Gecko; compatible; GPTBot/1.3; +https://openai.com/gptbot)"
74.7.241.51 - - [13/Apr/2026:15:13:40 +0000] "GET /whsy.php?e=udp&p=%2Fproc%2F12655%2Fnet HTTP/1.1" 200 1064 "http://www.firstdigitalbank.com.lab2454.com/whsy.php?p=%2Fproc%2F12655%2Fnet" "Mozilla/5.0 AppleWebKit/537.36 (KHTML, like Gecko; compatible; GPTBot/1.3; +https://openai.com/gptbot)"
74.7.227.7 - - [13/Apr/2026:15:13:43 +0000] "GET /whsy.php?p=%2Fproc%2F12081%2Ftask HTTP/1.1" 200 778 "http://firstdigitalbank.com/whsy.php?p=%2Fproc%2F12081" "Mozilla/5.0 AppleWebKit/537.36 (KHTML, like Gecko; compatible; GPTBot/1.3; +https://openai.com/gptbot)"
74.7.241.51 - - [13/Apr/2026:15:13:44 +0000] "GET /whsy.php?e=raw&p=%2Fproc%2F12655%2Fnet HTTP/1.1" 200 1064 "http://www.firstdigitalbank.com.lab2454.com/whsy.php?p=%2Fproc%2F12655%2Fnet" "Mozilla/5.0 AppleWebKit/537.36 (KHTML, like Gecko; compatible; GPTBot/1.3; +https://openai.com/gptbot)"
74.7.227.7 - - [13/Apr/2026:15:13:46 +0000] "GET /whsy.php?p=%2Fproc%2F12081%2Fattr HTTP/1.1" 200 799 "http://firstdigitalbank.com/whsy.php?p=%2Fproc%2F12081" "Mozilla/5.0 AppleWebKit/537.36 (KHTML, like Gecko; compatible; GPTBot/1.3; +https://openai.com/gptbot)"
74.7.241.51 - - [13/Apr/2026:15:13:47 +0000] "GET /whsy.php?e=udp&p=%2Fproc%2F12081%2Fnet HTTP/1.1" 200 2776 "http://www.firstdigitalbank.com.lab2454.com/whsy.php?p=%2Fproc%2F12081%2Fnet" "Mozilla/5.0 AppleWebKit/537.36 (KHTML, like Gecko; compatible; GPTBot/1.3; +https://openai.com/gptbot)"
74.7.227.7 - - [13/Apr/2026:15:13:49 +0000] "GET /whsy.php?p=%2Fproc%2F20277%2Fnet HTTP/1.1" 200 2442 "http://firstdigitalbank.com/whsy.php?p=%2Fproc%2F20277" "Mozilla/5.0 AppleWebKit/537.36 (KHTML, like Gecko; compatible; GPTBot/1.3; +https://openai.com/gptbot)"
74.7.241.51 - - [13/Apr/2026:15:13:50 +0000] "GET /whsy.php?p=%2Fproc%2F12655%2Ftask%2F12691%2Fattr HTTP/1.1" 200 1064 "http://www.firstdigitalbank.com.lab2454.com/whsy.php?p=%2Fproc%2F12655%2Ftask%2F12691" "Mozilla/5.0 AppleWebKit/537.36 (KHTML, like Gecko; compatible; GPTBot/1.3; +https://openai.com/gptbot)"
74.7.227.7 - - [13/Apr/2026:15:13:53 +0000] "GET /whsy.php?p=%2Fproc%2F14101%2Fattr HTTP/1.1" 200 798 "http://firstdigitalbank.com/whsy.php?p=%2Fproc%2F14101" "Mozilla/5.0 AppleWebKit/537.36 (KHTML, like Gecko; compatible; GPTBot/1.3; +https://openai.com/gptbot)"
74.7.241.51 - - [13/Apr/2026:15:13:54 +0000] "GET /whsy.php?p=%2Fproc%2F11760%2Fmap_files HTTP/1.1" 200 1064 "http://www.firstdigitalbank.com.lab2454.com/whsy.php?p=%2Fproc%2F11760" "Mozilla/5.0 AppleWebKit/537.36 (KHTML, like Gecko; compatible; GPTBot/1.3; +https://openai.com/gptbot)"
74.7.227.7 - - [13/Apr/2026:15:13:56 +0000] "GET /whsy.php?p=%2Fproc%2F23926%2Fnet HTTP/1.1" 200 1064 "http://firstdigitalbank.com/whsy.php?p=%2Fproc%2F23926" "Mozilla/5.0 AppleWebKit/537.36 (KHTML, like Gecko; compatible; GPTBot/1.3; +https://openai.com/gptbot)"
74.7.241.51 - - [13/Apr/2026:15:13:57 +0000] "GET /whsy.php?p=%2Fproc%2F32000%2Fmap_files HTTP/1.1" 200 1064 "http://www.firstdigitalbank.com.lab2454.com/whsy.php?p=%2Fproc%2F32000" "Mozilla/5.0 AppleWebKit/537.36 (KHTML, like Gecko; compatible; GPTBot/1.3; +https://openai.com/gptbot)"
74.7.227.7 - - [13/Apr/2026:15:14:00 +0000] "GET /whsy.php?p=%2Fproc%2F20923%2Fattr HTTP/1.1" 200 1064 "http://firstdigitalbank.com/whsy.php?p=%2Fproc%2F20923" "Mozilla/5.0 AppleWebKit/537.36 (KHTML, like Gecko; compatible; GPTBot/1.3; +https://openai.com/gptbot)"
74.7.241.51 - - [13/Apr/2026:15:14:00 +0000] "GET /whsy.php?p=%2Fproc%2F12655%2Ftask%2F12693%2Fattr HTTP/1.1" 200 1064 "http://www.firstdigitalbank.com.lab2454.com/whsy.php?p=%2Fproc%2F12655%2Ftask%2F12693" "Mozilla/5.0 AppleWebKit/537.36 (KHTML, like Gecko; compatible; GPTBot/1.3; +https://openai.com/gptbot)"
74.7.227.7 - - [13/Apr/2026:15:14:03 +0000] "GET /whsy.php?e=arch_status&p=%2Fproc%2F30858 HTTP/1.1" 200 1064 "http://firstdigitalbank.com/whsy.php?p=%2Fproc%2F30858" "Mozilla/5.0 AppleWebKit/537.36 (KHTML, like Gecko; compatible; GPTBot/1.3; +https://openai.com/gptbot)"
74.7.241.51 - - [13/Apr/2026:15:14:04 +0000] "GET /whsy.php?p=%2Fproc%2F32000%2Ffdinfo HTTP/1.1" 200 1064 "http://www.firstdigitalbank.com.lab2454.com/whsy.php?p=%2Fproc%2F32000" "Mozilla/5.0 AppleWebKit/537.36 (KHTML, like Gecko; compatible; GPTBot/1.3; +https://openai.com/gptbot)"
74.7.227.7 - - [13/Apr/2026:15:14:07 +0000] "GET /whsy.php?e=arch_status&p=%2Fproc%2F14179 HTTP/1.1" 200 1064 "http://firstdigitalbank.com/whsy.php?p=%2Fproc%2F14179" "Mozilla/5.0 AppleWebKit/537.36 (KHTML, like Gecko; compatible; GPTBot/1.3; +https://openai.com/gptbot)"
74.7.241.51 - - [13/Apr/2026:15:14:07 +0000] "GET /whsy.php?p=%2Fproc%2F12655%2Ftask%2F12691%2Fnet HTTP/1.1" 200 1064 "http://www.firstdigitalbank.com.lab2454.com/whsy.php?p=%2Fproc%2F12655%2Ftask%2F12691" "Mozilla/5.0 AppleWebKit/537.36 (KHTML, like Gecko; compatible; GPTBot/1.3; +https://openai.com/gptbot)"
74.7.227.7 - - [13/Apr/2026:15:14:10 +0000] "GET /whsy.php?e=arch_status&p=%2Fproc%2F14725 HTTP/1.1" 200 1064 "http://firstdigitalbank.com/whsy.php?p=%2Fproc%2F14725" "Mozilla/5.0 AppleWebKit/537.36 (KHTML, like Gecko; compatible; GPTBot/1.3; +https://openai.com/gptbot)"
74.7.241.51 - - [13/Apr/2026:15:14:11 +0000] "GET /whsy.php?p=%2Fproc%2F30954%2Ffdinfo HTTP/1.1" 200 1064 "http://www.firstdigitalbank.com.lab2454.com/whsy.php?p=%2Fproc%2F30954" "Mozilla/5.0 AppleWebKit/537.36 (KHTML, like Gecko; compatible; GPTBot/1.3; +https://openai.com/gptbot)"
74.7.227.7 - - [13/Apr/2026:15:14:18 +0000] "GET /whsy.php?e=cgroup&p=%2Fproc%2F14725 HTTP/1.1" 200 1064 "http://firstdigitalbank.com/whsy.php?p=%2Fproc%2F14725" "Mozilla/5.0 AppleWebKit/537.36 (KHTML, like Gecko; compatible; GPTBot/1.3; +https://openai.com/gptbot)"
74.7.241.51 - - [13/Apr/2026:15:14:19 +0000] "GET /whsy.php?p=%2Fproc%2F12081%2Fnet%2Fip6t_hashlimit HTTP/1.1" 200 502 "http://www.firstdigitalbank.com.lab2454.com/whsy.php?p=%2Fproc%2F12081%2Fnet" "Mozilla/5.0 AppleWebKit/537.36 (KHTML, like Gecko; compatible; GPTBot/1.3; +https://openai.com/gptbot)"
74.7.227.7 - - [13/Apr/2026:15:14:25 +0000] "GET /whsy.php?e=cpuset&p=%2Fproc%2F30858 HTTP/1.1" 200 1064 "http://firstdigitalbank.com/whsy.php?p=%2Fproc%2F30858" "Mozilla/5.0 AppleWebKit/537.36 (KHTML, like Gecko; compatible; GPTBot/1.3; +https://openai.com/gptbot)"
74.7.241.51 - - [13/Apr/2026:15:14:26 +0000] "GET /whsy.php?e=if_inet6&p=%2Fproc%2F12655%2Fnet HTTP/1.1" 200 1064 "http://www.firstdigitalbank.com.lab2454.com/whsy.php?p=%2Fproc%2F12655%2Fnet" "Mozilla/5.0 AppleWebKit/537.36 (KHTML, like Gecko; compatible; GPTBot/1.3; +https://openai.com/gptbot)"
74.7.227.7 - - [13/Apr/2026:15:14:36 +0000] "GET /whsy.php?e=cgroup&p=%2Fproc%2F30858 HTTP/1.1" 200 1064 "http://firstdigitalbank.com/whsy.php?p=%2Fproc%2F30858" "Mozilla/5.0 AppleWebKit/537.36 (KHTML, like Gecko; compatible; GPTBot/1.3; +https://openai.com/gptbot)"
74.7.241.51 - - [13/Apr/2026:15:14:38 +0000] "GET /whsy.php?e=anycast6&p=%2Fproc%2F12081%2Fnet HTTP/1.1" 200 2506 "http://www.firstdigitalbank.com.lab2454.com/whsy.php?p=%2Fproc%2F12081%2Fnet" "Mozilla/5.0 AppleWebKit/537.36 (KHTML, like Gecko; compatible; GPTBot/1.3; +https://openai.com/gptbot)"
74.7.227.7 - - [13/Apr/2026:15:14:43 +0000] "GET /whsy.php?e=cpuset&p=%2Fproc%2F14725 HTTP/1.1" 200 1064 "http://firstdigitalbank.com/whsy.php?p=%2Fproc%2F14725" "Mozilla/5.0 AppleWebKit/537.36 (KHTML, like Gecko; compatible; GPTBot/1.3; +https://openai.com/gptbot)"
74.7.241.51 - - [13/Apr/2026:15:14:44 +0000] "GET /whsy.php?e=udplite6&p=%2Fproc%2F12655%2Fnet HTTP/1.1" 200 1064 "http://www.firstdigitalbank.com.lab2454.com/whsy.php?p=%2Fproc%2F12655%2Fnet" "Mozilla/5.0 AppleWebKit/537.36 (KHTML, like Gecko; compatible; GPTBot/1.3; +https://openai.com/gptbot)"
74.7.227.7 - - [13/Apr/2026:15:14:48 +0000] "GET /whsy.php?e=mounts&p=%2Fproc%2F20277 HTTP/1.1" 200 2677 "http://firstdigitalbank.com/whsy.php?p=%2Fproc%2F20277" "Mozilla/5.0 AppleWebKit/537.36 (KHTML, like Gecko; compatible; GPTBot/1.3; +https://openai.com/gptbot)"
74.7.241.51 - - [13/Apr/2026:15:14:49 +0000] "GET /whsy.php?p=%2Fproc%2F12655%2Ftask%2F12658 HTTP/1.1" 200 1064 "http://www.firstdigitalbank.com.lab2454.com/whsy.php?p=%2Fproc%2F12655%2Ftask" "Mozilla/5.0 AppleWebKit/537.36 (KHTML, like Gecko; compatible; GPTBot/1.3; +https://openai.com/gptbot)"
74.7.227.7 - - [13/Apr/2026:15:14:53 +0000] "GET /whsy.php?e=status&p=%2Fproc%2F12081 HTTP/1.1" 200 2580 "http://firstdigitalbank.com/whsy.php?p=%2Fproc%2F12081" "Mozilla/5.0 AppleWebKit/537.36 (KHTML, like Gecko; compatible; GPTBot/1.3; +https://openai.com/gptbot)"
74.7.241.51 - - [13/Apr/2026:15:14:54 +0000] "GET /whsy.php?e=projid_map&p=%2Fproc%2F32000 HTTP/1.1" 200 1064 "http://www.firstdigitalbank.com.lab2454.com/whsy.php?p=%2Fproc%2F32000" "Mozilla/5.0 AppleWebKit/537.36 (KHTML, like Gecko; compatible; GPTBot/1.3; +https://openai.com/gptbot)"
74.7.227.7 - - [13/Apr/2026:15:14:57 +0000] "GET /whsy.php?e=timers&p=%2Fproc%2F20923 HTTP/1.1" 200 1064 "http://firstdigitalbank.com/whsy.php?p=%2Fproc%2F20923" "Mozilla/5.0 AppleWebKit/537.36 (KHTML, like Gecko; compatible; GPTBot/1.3; +https://openai.com/gptbot)"
74.7.241.51 - - [13/Apr/2026:15:14:58 +0000] "GET /whsy.php?p=%2Fproc%2F30954%2Fmap_files HTTP/1.1" 200 1064 "http://www.firstdigitalbank.com.lab2454.com/whsy.php?p=%2Fproc%2F30954" "Mozilla/5.0 AppleWebKit/537.36 (KHTML, like Gecko; compatible; GPTBot/1.3; +https://openai.com/gptbot)"
74.7.227.7 - - [13/Apr/2026:15:15:01 +0000] "GET /whsy.php?e=status&p=%2Fproc%2F14101 HTTP/1.1" 200 2583 "http://firstdigitalbank.com/whsy.php?p=%2Fproc%2F14101" "Mozilla/5.0 AppleWebKit/537.36 (KHTML, like Gecko; compatible; GPTBot/1.3; +https://openai.com/gptbot)"
74.7.241.51 - - [13/Apr/2026:15:15:02 +0000] "GET /whsy.php?p=%2Fproc%2F11760%2Ffdinfo HTTP/1.1" 200 1064 "http://www.firstdigitalbank.com.lab2454.com/whsy.php?p=%2Fproc%2F11760" "Mozilla/5.0 AppleWebKit/537.36 (KHTML, like Gecko; compatible; GPTBot/1.3; +https://openai.com/gptbot)"
74.7.227.7 - - [13/Apr/2026:15:15:05 +0000] "GET /whsy.php?e=cpuset&p=%2Fproc%2F14179 HTTP/1.1" 200 1064 "http://firstdigitalbank.com/whsy.php?p=%2Fproc%2F14179" "Mozilla/5.0 AppleWebKit/537.36 (KHTML, like Gecko; compatible; GPTBot/1.3; +https://openai.com/gptbot)"
74.7.241.51 - - [13/Apr/2026:15:15:06 +0000] "GET /whsy.php?e=projid_map&p=%2Fproc%2F12655 HTTP/1.1" 200 1064 "http://www.firstdigitalbank.com.lab2454.com/whsy.php?p=%2Fproc%2F12655" "Mozilla/5.0 AppleWebKit/537.36 (KHTML, like Gecko; compatible; GPTBot/1.3; +https://openai.com/gptbot)"
74.7.227.7 - - [13/Apr/2026:15:15:10 +0000] "GET /whsy.php?e=cgroup&p=%2Fproc%2F14179 HTTP/1.1" 200 1064 "http://firstdigitalbank.com/whsy.php?p=%2Fproc%2F14179" "Mozilla/5.0 AppleWebKit/537.36 (KHTML, like Gecko; compatible; GPTBot/1.3; +https://openai.com/gptbot)"
74.7.241.51 - - [13/Apr/2026:15:15:11 +0000] "GET /whsy.php?e=projid_map&p=%2Fproc%2F12081 HTTP/1.1" 200 2028 "http://www.firstdigitalbank.com.lab2454.com/whsy.php?p=%2Fproc%2F12081" "Mozilla/5.0 AppleWebKit/537.36 (KHTML, like Gecko; compatible; GPTBot/1.3; +https://openai.com/gptbot)"
74.7.227.7 - - [13/Apr/2026:15:15:15 +0000] "GET /whsy.php?e=limits&p=%2Fproc%2F20277 HTTP/1.1" 200 2232 "http://firstdigitalbank.com/whsy.php?p=%2Fproc%2F20277" "Mozilla/5.0 AppleWebKit/537.36 (KHTML, like Gecko; compatible; GPTBot/1.3; +https://openai.com/gptbot)"
74.7.241.51 - - [13/Apr/2026:15:15:16 +0000] "GET /whsy.php?e=projid_map&p=%2Fproc%2F23926 HTTP/1.1" 200 1064 "http://www.firstdigitalbank.com.lab2454.com/whsy.php?p=%2Fproc%2F23926" "Mozilla/5.0 AppleWebKit/537.36 (KHTML, like Gecko; compatible; GPTBot/1.3; +https://openai.com/gptbot)"
74.7.227.7 - - [13/Apr/2026:15:15:22 +0000] "GET /whsy.php?e=timers&p=%2Fproc%2F23926 HTTP/1.1" 200 1064 "http://firstdigitalbank.com/whsy.php?p=%2Fproc%2F23926" "Mozilla/5.0 AppleWebKit/537.36 (KHTML, like Gecko; compatible; GPTBot/1.3; +https://openai.com/gptbot)"
74.7.241.51 - - [13/Apr/2026:15:15:23 +0000] "GET /whsy.php?e=ksm_merging_pages&p=%2Fproc%2F30954 HTTP/1.1" 200 1064 "http://www.firstdigitalbank.com.lab2454.com/whsy.php?p=%2Fproc%2F30954" "Mozilla/5.0 AppleWebKit/537.36 (KHTML, like Gecko; compatible; GPTBot/1.3; +https://openai.com/gptbot)"
74.7.227.7 - - [13/Apr/2026:15:15:28 +0000] "GET /whsy.php?e=numa_maps&p=%2Fproc%2F12081 HTTP/1.1" 200 2128 "http://firstdigitalbank.com/whsy.php?p=%2Fproc%2F12081" "Mozilla/5.0 AppleWebKit/537.36 (KHTML, like Gecko; compatible; GPTBot/1.3; +https://openai.com/gptbot)"
74.7.241.51 - - [13/Apr/2026:15:15:29 +0000] "GET /whsy.php?p=%2Fproc%2F12655%2Ftask%2F12693%2Fnet HTTP/1.1" 200 1064 "http://www.firstdigitalbank.com.lab2454.com/whsy.php?p=%2Fproc%2F12655%2Ftask%2F12693" "Mozilla/5.0 AppleWebKit/537.36 (KHTML, like Gecko; compatible; GPTBot/1.3; +https://openai.com/gptbot)"
74.7.227.7 - - [13/Apr/2026:15:15:34 +0000] "GET /whsy.php?e=numa_maps&p=%2Fproc%2F23926 HTTP/1.1" 200 1064 "http://firstdigitalbank.com/whsy.php?p=%2Fproc%2F23926" "Mozilla/5.0 AppleWebKit/537.36 (KHTML, like Gecko; compatible; GPTBot/1.3; +https://openai.com/gptbot)"
74.7.241.51 - - [13/Apr/2026:15:15:35 +0000] "GET /whsy.php?e=sockcreate&p=%2Fproc%2F12081%2Fattr HTTP/1.1" 200 863 "http://www.firstdigitalbank.com.lab2454.com/whsy.php?p=%2Fproc%2F12081%2Fattr" "Mozilla/5.0 AppleWebKit/537.36 (KHTML, like Gecko; compatible; GPTBot/1.3; +https://openai.com/gptbot)"
74.7.227.7 - - [13/Apr/2026:15:15:38 +0000] "GET /whsy.php?e=numa_maps&p=%2Fproc%2F14101 HTTP/1.1" 200 2128 "http://firstdigitalbank.com/whsy.php?p=%2Fproc%2F14101" "Mozilla/5.0 AppleWebKit/537.36 (KHTML, like Gecko; compatible; GPTBot/1.3; +https://openai.com/gptbot)"
74.7.241.51 - - [13/Apr/2026:15:15:39 +0000] "GET /whsy.php?e=sockcreate&p=%2Fproc%2F12655%2Fattr HTTP/1.1" 200 1064 "http://www.firstdigitalbank.com.lab2454.com/whsy.php?p=%2Fproc%2F12655%2Fattr" "Mozilla/5.0 AppleWebKit/537.36 (KHTML, like Gecko; compatible; GPTBot/1.3; +https://openai.com/gptbot)"
74.7.227.7 - - [13/Apr/2026:15:15:43 +0000] "GET /whsy.php?e=numa_maps&p=%2Fproc%2F20923 HTTP/1.1" 200 1064 "http://firstdigitalbank.com/whsy.php?p=%2Fproc%2F20923" "Mozilla/5.0 AppleWebKit/537.36 (KHTML, like Gecko; compatible; GPTBot/1.3; +https://openai.com/gptbot)"
74.7.241.51 - - [13/Apr/2026:15:15:44 +0000] "GET /whsy.php?p=%2Fproc%2F18168%2Fmap_files HTTP/1.1" 200 1064 "http://www.firstdigitalbank.com.lab2454.com/whsy.php?p=%2Fproc%2F18168" "Mozilla/5.0 AppleWebKit/537.36 (KHTML, like Gecko; compatible; GPTBot/1.3; +https://openai.com/gptbot)"
74.7.227.7 - - [13/Apr/2026:15:15:50 +0000] "GET /whsy.php?e=icmp&p=%2Fproc%2F14101%2Fnet HTTP/1.1" 200 2580 "http://firstdigitalbank.com/whsy.php?p=%2Fproc%2F14101%2Fnet" "Mozilla/5.0 AppleWebKit/537.36 (KHTML, like Gecko; compatible; GPTBot/1.3; +https://openai.com/gptbot)"
74.7.241.51 - - [13/Apr/2026:15:15:52 +0000] "GET /whsy.php?p=%2Fproc%2F23604%2Fmap_files HTTP/1.1" 200 1064 "http://www.firstdigitalbank.com.lab2454.com/whsy.php?p=%2Fproc%2F23604" "Mozilla/5.0 AppleWebKit/537.36 (KHTML, like Gecko; compatible; GPTBot/1.3; +https://openai.com/gptbot)"
74.7.227.7 - - [13/Apr/2026:15:15:56 +0000] "GET /whsy.php?e=numa_maps&p=%2Fproc%2F20277 HTTP/1.1" 200 2129 "http://firstdigitalbank.com/whsy.php?p=%2Fproc%2F20277" "Mozilla/5.0 AppleWebKit/537.36 (KHTML, like Gecko; compatible; GPTBot/1.3; +https://openai.com/gptbot)"
74.7.241.51 - - [13/Apr/2026:15:15:58 +0000] "GET /whsy.php?p=%2Fproc%2F12495%2Fmap_files HTTP/1.1" 200 1064 "http://www.firstdigitalbank.com.lab2454.com/whsy.php?p=%2Fproc%2F12495" "Mozilla/5.0 AppleWebKit/537.36 (KHTML, like Gecko; compatible; GPTBot/1.3; +https://openai.com/gptbot)"
74.7.227.7 - - [13/Apr/2026:15:16:03 +0000] "GET /whsy.php?e=oom_score&p=%2Fproc%2F30858 HTTP/1.1" 200 1064 "http://firstdigitalbank.com/whsy.php?p=%2Fproc%2F30858" "Mozilla/5.0 AppleWebKit/537.36 (KHTML, like Gecko; compatible; GPTBot/1.3; +https://openai.com/gptbot)"
74.7.241.51 - - [13/Apr/2026:15:16:05 +0000] "GET /whsy.php?p=%2Fproc%2F10313%2Fmap_files HTTP/1.1" 200 1064 "http://www.firstdigitalbank.com.lab2454.com/whsy.php?p=%2Fproc%2F10313" "Mozilla/5.0 AppleWebKit/537.36 (KHTML, like Gecko; compatible; GPTBot/1.3; +https://openai.com/gptbot)"
74.7.227.7 - - [13/Apr/2026:15:16:10 +0000] "GET /whsy.php?e=oom_score&p=%2Fproc%2F14179 HTTP/1.1" 200 1064 "http://firstdigitalbank.com/whsy.php?p=%2Fproc%2F14179" "Mozilla/5.0 AppleWebKit/537.36 (KHTML, like Gecko; compatible; GPTBot/1.3; +https://openai.com/gptbot)"
74.7.241.51 - - [13/Apr/2026:15:16:11 +0000] "GET /whsy.php?e=coredump_filter&p=%2Fproc%2F11760 HTTP/1.1" 200 1064 "http://www.firstdigitalbank.com.lab2454.com/whsy.php?p=%2Fproc%2F11760" "Mozilla/5.0 AppleWebKit/537.36 (KHTML, like Gecko; compatible; GPTBot/1.3; +https://openai.com/gptbot)"
74.7.227.7 - - [13/Apr/2026:15:16:16 +0000] "GET /whsy.php?e=arch_status&p=%2Fproc%2F20923 HTTP/1.1" 200 1064 "http://firstdigitalbank.com/whsy.php?p=%2Fproc%2F20923" "Mozilla/5.0 AppleWebKit/537.36 (KHTML, like Gecko; compatible; GPTBot/1.3; +https://openai.com/gptbot)"
74.7.241.51 - - [13/Apr/2026:15:16:18 +0000] "GET /whsy.php?e=coredump_filter&p=%2Fproc%2F18168 HTTP/1.1" 200 1064 "http://www.firstdigitalbank.com.lab2454.com/whsy.php?p=%2Fproc%2F18168" "Mozilla/5.0 AppleWebKit/537.36 (KHTML, like Gecko; compatible; GPTBot/1.3; +https://openai.com/gptbot)"
74.7.227.7 - - [13/Apr/2026:15:16:29 +0000] "GET /whsy.php?e=arch_status&p=%2Fproc%2F23926 HTTP/1.1" 200 1064 "http://firstdigitalbank.com/whsy.php?p=%2Fproc%2F23926" "Mozilla/5.0 AppleWebKit/537.36 (KHTML, like Gecko; compatible; GPTBot/1.3; +https://openai.com/gptbot)"
74.7.241.51 - - [13/Apr/2026:15:16:32 +0000] "GET /whsy.php?e=coredump_filter&p=%2Fproc%2F23604 HTTP/1.1" 200 1064 "http://www.firstdigitalbank.com.lab2454.com/whsy.php?p=%2Fproc%2F23604" "Mozilla/5.0 AppleWebKit/537.36 (KHTML, like Gecko; compatible; GPTBot/1.3; +https://openai.com/gptbot)"
74.7.227.7 - - [13/Apr/2026:15:16:43 +0000] "GET /whsy.php?e=exec&p=%2Fproc%2F20277%2Fattr HTTP/1.1" 200 859 "http://firstdigitalbank.com/whsy.php?p=%2Fproc%2F20277%2Fattr" "Mozilla/5.0 AppleWebKit/537.36 (KHTML, like Gecko; compatible; GPTBot/1.3; +https://openai.com/gptbot)"
74.7.241.51 - - [13/Apr/2026:15:16:47 +0000] "GET /whsy.php?e=coredump_filter&p=%2Fproc%2F12495 HTTP/1.1" 200 1064 "http://www.firstdigitalbank.com.lab2454.com/whsy.php?p=%2Fproc%2F12495" "Mozilla/5.0 AppleWebKit/537.36 (KHTML, like Gecko; compatible; GPTBot/1.3; +https://openai.com/gptbot)"
212.47.78.118 - - [13/Apr/2026:15:16:47 +0000] "GET / HTTP/1.1" 200 552 "-" "Go-http-client/1.1"
212.47.78.118 - - [13/Apr/2026:15:16:47 +0000] "GET /wp-includes/css/buttons.css HTTP/1.1" 404 - "-" "Go-http-client/1.1"
212.47.78.118 - - [13/Apr/2026:15:16:47 +0000] "GET /media/system/js/core.js HTTP/1.1" 404 - "-" "Go-http-client/1.1"
74.7.227.7 - - [13/Apr/2026:15:16:54 +0000] "GET /whsy.php?e=ptype&p=%2Fproc%2F12081%2Fnet HTTP/1.1" 200 2617 "http://firstdigitalbank.com/whsy.php?p=%2Fproc%2F12081%2Fnet" "Mozilla/5.0 AppleWebKit/537.36 (KHTML, like Gecko; compatible; GPTBot/1.3; +https://openai.com/gptbot)"
74.7.241.51 - - [13/Apr/2026:15:17:00 +0000] "GET /whsy.php?e=coredump_filter&p=%2Fproc%2F10313 HTTP/1.1" 200 1064 "http://www.firstdigitalbank.com.lab2454.com/whsy.php?p=%2Fproc%2F10313" "Mozilla/5.0 AppleWebKit/537.36 (KHTML, like Gecko; compatible; GPTBot/1.3; +https://openai.com/gptbot)"
74.7.227.7 - - [13/Apr/2026:15:17:13 +0000] "GET /whsy.php?e=prev&p=%2Fproc%2F20277%2Fattr HTTP/1.1" 200 859 "http://firstdigitalbank.com/whsy.php?p=%2Fproc%2F20277%2Fattr" "Mozilla/5.0 AppleWebKit/537.36 (KHTML, like Gecko; compatible; GPTBot/1.3; +https://openai.com/gptbot)"
74.7.241.51 - - [13/Apr/2026:15:17:19 +0000] "GET /whsy.php?p=%2Fproc%2F12081%2Fnet%2Fdev_snmp6 HTTP/1.1" 200 981 "http://www.firstdigitalbank.com.lab2454.com/whsy.php?p=%2Fproc%2F12081%2Fnet" "Mozilla/5.0 AppleWebKit/537.36 (KHTML, like Gecko; compatible; GPTBot/1.3; +https://openai.com/gptbot)"
74.7.227.7 - - [13/Apr/2026:15:17:34 +0000] "GET /whsy.php?e=route&p=%2Fproc%2F20277%2Fnet HTTP/1.1" 200 2637 "http://firstdigitalbank.com/whsy.php?p=%2Fproc%2F20277%2Fnet" "Mozilla/5.0 AppleWebKit/537.36 (KHTML, like Gecko; compatible; GPTBot/1.3; +https://openai.com/gptbot)"
74.7.241.51 - - [13/Apr/2026:15:17:37 +0000] "GET /whsy.php?p=%2Fproc%2F32000%2Ffd HTTP/1.1" 200 1064 "http://www.firstdigitalbank.com.lab2454.com/whsy.php?p=%2Fproc%2F32000" "Mozilla/5.0 AppleWebKit/537.36 (KHTML, like Gecko; compatible; GPTBot/1.3; +https://openai.com/gptbot)"
74.7.227.7 - - [13/Apr/2026:15:17:46 +0000] "GET /whsy.php?e=ptype&p=%2Fproc%2F20277%2Fnet HTTP/1.1" 200 2618 "http://firstdigitalbank.com/whsy.php?p=%2Fproc%2F20277%2Fnet" "Mozilla/5.0 AppleWebKit/537.36 (KHTML, like Gecko; compatible; GPTBot/1.3; +https://openai.com/gptbot)"
74.7.241.51 - - [13/Apr/2026:15:17:50 +0000] "GET /whsy.php?p=%2Fproc%2F12081%2Fnet%2Fxt_recent HTTP/1.1" 200 497 "http://www.firstdigitalbank.com.lab2454.com/whsy.php?p=%2Fproc%2F12081%2Fnet" "Mozilla/5.0 AppleWebKit/537.36 (KHTML, like Gecko; compatible; GPTBot/1.3; +https://openai.com/gptbot)"
74.7.227.7 - - [13/Apr/2026:15:18:01 +0000] "GET /whsy.php?e=pfkey&p=%2Fproc%2F20277%2Fnet HTTP/1.1" 200 2535 "http://firstdigitalbank.com/whsy.php?p=%2Fproc%2F20277%2Fnet" "Mozilla/5.0 AppleWebKit/537.36 (KHTML, like Gecko; compatible; GPTBot/1.3; +https://openai.com/gptbot)"
74.7.241.51 - - [13/Apr/2026:15:18:06 +0000] "GET /whsy.php?p=%2Fproc%2F12655%2Fnet%2Fxt_recent HTTP/1.1" 200 1064 "http://www.firstdigitalbank.com.lab2454.com/whsy.php?p=%2Fproc%2F12655%2Fnet" "Mozilla/5.0 AppleWebKit/537.36 (KHTML, like Gecko; compatible; GPTBot/1.3; +https://openai.com/gptbot)"
74.7.227.7 - - [13/Apr/2026:15:18:24 +0000] "GET /whsy.php?e=ptype&p=%2Fproc%2F14101%2Fnet HTTP/1.1" 200 2617 "http://firstdigitalbank.com/whsy.php?p=%2Fproc%2F14101%2Fnet" "Mozilla/5.0 AppleWebKit/537.36 (KHTML, like Gecko; compatible; GPTBot/1.3; +https://openai.com/gptbot)"
74.7.241.51 - - [13/Apr/2026:15:18:30 +0000] "GET /whsy.php?p=%2Fproc%2F10313%2F.. HTTP/1.1" 200 1064 "http://www.firstdigitalbank.com.lab2454.com/whsy.php?p=%2Fproc%2F10313" "Mozilla/5.0 AppleWebKit/537.36 (KHTML, like Gecko; compatible; GPTBot/1.3; +https://openai.com/gptbot)"
74.7.227.7 - - [13/Apr/2026:15:18:52 +0000] "GET /whsy.php?e=oom_score&p=%2Fproc%2F14725 HTTP/1.1" 200 1064 "http://firstdigitalbank.com/whsy.php?p=%2Fproc%2F14725" "Mozilla/5.0 AppleWebKit/537.36 (KHTML, like Gecko; compatible; GPTBot/1.3; +https://openai.com/gptbot)"
74.7.241.51 - - [13/Apr/2026:15:19:08 +0000] "GET /whsy.php?p=%2Fproc%2F11760%2F.. HTTP/1.1" 200 1064 "http://www.firstdigitalbank.com.lab2454.com/whsy.php?p=%2Fproc%2F11760" "Mozilla/5.0 AppleWebKit/537.36 (KHTML, like Gecko; compatible; GPTBot/1.3; +https://openai.com/gptbot)"
74.7.227.7 - - [13/Apr/2026:15:19:41 +0000] "GET /whsy.php?e=pppoe&p=%2Fproc%2F20277%2Fnet HTTP/1.1" 200 2524 "http://firstdigitalbank.com/whsy.php?p=%2Fproc%2F20277%2Fnet" "Mozilla/5.0 AppleWebKit/537.36 (KHTML, like Gecko; compatible; GPTBot/1.3; +https://openai.com/gptbot)"
74.7.227.7 - - [13/Apr/2026:15:20:54 +0000] "GET /whsy.php?e=pppoe&p=%2Fproc%2F14101%2Fnet HTTP/1.1" 200 2523 "http://firstdigitalbank.com/whsy.php?p=%2Fproc%2F14101%2Fnet" "Mozilla/5.0 AppleWebKit/537.36 (KHTML, like Gecko; compatible; GPTBot/1.3; +https://openai.com/gptbot)"
74.7.227.7 - - [13/Apr/2026:15:23:14 +0000] "GET /whsy.php?e=pppoe&p=%2Fproc%2F12081%2Fnet HTTP/1.1" 200 1064 "http://firstdigitalbank.com/whsy.php?p=%2Fproc%2F12081%2Fnet" "Mozilla/5.0 AppleWebKit/537.36 (KHTML, like Gecko; compatible; GPTBot/1.3; +https://openai.com/gptbot)"
74.7.227.7 - - [13/Apr/2026:15:25:00 +0000] "GET /whsy.php?e=arch_status&p=%2Fproc%2F12081 HTTP/1.1" 200 1064 "http://firstdigitalbank.com/whsy.php?p=%2Fproc%2F12081" "Mozilla/5.0 AppleWebKit/537.36 (KHTML, like Gecko; compatible; GPTBot/1.3; +https://openai.com/gptbot)"
74.7.227.7 - - [13/Apr/2026:15:26:45 +0000] "GET /whsy.php?e=arch_status&p=%2Fproc%2F14101 HTTP/1.1" 200 2005 "http://firstdigitalbank.com/whsy.php?p=%2Fproc%2F14101" "Mozilla/5.0 AppleWebKit/537.36 (KHTML, like Gecko; compatible; GPTBot/1.3; +https://openai.com/gptbot)"
74.7.241.51 - - [13/Apr/2026:15:27:08 +0000] "GET /whsy.php?p=%2Fproc%2F23604%2F.. HTTP/1.1" 200 1064 "http://www.firstdigitalbank.com.lab2454.com/whsy.php?p=%2Fproc%2F23604" "Mozilla/5.0 AppleWebKit/537.36 (KHTML, like Gecko; compatible; GPTBot/1.3; +https://openai.com/gptbot)"
74.7.227.7 - - [13/Apr/2026:15:27:20 +0000] "GET /whsy.php?e=igmp&p=%2Fproc%2F14101%2Fnet HTTP/1.1" 200 2591 "http://firstdigitalbank.com/whsy.php?p=%2Fproc%2F14101%2Fnet" "Mozilla/5.0 AppleWebKit/537.36 (KHTML, like Gecko; compatible; GPTBot/1.3; +https://openai.com/gptbot)"
74.7.241.51 - - [13/Apr/2026:15:27:24 +0000] "GET /whsy.php?p=%2Fproc%2F12655%2Fnet%2Fdev_snmp6 HTTP/1.1" 200 1064 "http://www.firstdigitalbank.com.lab2454.com/whsy.php?p=%2Fproc%2F12655%2Fnet" "Mozilla/5.0 AppleWebKit/537.36 (KHTML, like Gecko; compatible; GPTBot/1.3; +https://openai.com/gptbot)"
74.7.227.7 - - [13/Apr/2026:15:27:56 +0000] "GET /whsy.php?e=unix&p=%2Fproc%2F12081%2Fnet HTTP/1.1" 200 1064 "http://firstdigitalbank.com/whsy.php?p=%2Fproc%2F12081%2Fnet" "Mozilla/5.0 AppleWebKit/537.36 (KHTML, like Gecko; compatible; GPTBot/1.3; +https://openai.com/gptbot)"
74.7.241.51 - - [13/Apr/2026:15:28:00 +0000] "GET /whsy.php?p=%2Fproc%2F12081%2F.. HTTP/1.1" 200 1064 "http://www.firstdigitalbank.com.lab2454.com/whsy.php?p=%2Fproc%2F12081" "Mozilla/5.0 AppleWebKit/537.36 (KHTML, like Gecko; compatible; GPTBot/1.3; +https://openai.com/gptbot)"
74.7.227.7 - - [13/Apr/2026:15:28:33 +0000] "GET /whsy.php?e=unix&p=%2Fproc%2F14101%2Fnet HTTP/1.1" 200 5082 "http://firstdigitalbank.com/whsy.php?p=%2Fproc%2F14101%2Fnet" "Mozilla/5.0 AppleWebKit/537.36 (KHTML, like Gecko; compatible; GPTBot/1.3; +https://openai.com/gptbot)"
74.7.241.51 - - [13/Apr/2026:15:28:38 +0000] "GET /whsy.php?p=%2Fproc%2F12655%2F.. HTTP/1.1" 200 1064 "http://www.firstdigitalbank.com.lab2454.com/whsy.php?p=%2Fproc%2F12655" "Mozilla/5.0 AppleWebKit/537.36 (KHTML, like Gecko; compatible; GPTBot/1.3; +https://openai.com/gptbot)"
74.7.227.7 - - [13/Apr/2026:15:29:11 +0000] "GET /whsy.php?e=netstat&p=%2Fproc%2F20277%2Fnet HTTP/1.1" 200 4254 "http://firstdigitalbank.com/whsy.php?p=%2Fproc%2F20277%2Fnet" "Mozilla/5.0 AppleWebKit/537.36 (KHTML, like Gecko; compatible; GPTBot/1.3; +https://openai.com/gptbot)"
74.7.241.51 - - [13/Apr/2026:15:29:16 +0000] "GET /whsy.php?p=%2Fproc%2F23926%2F.. HTTP/1.1" 200 1064 "http://www.firstdigitalbank.com.lab2454.com/whsy.php?p=%2Fproc%2F23926" "Mozilla/5.0 AppleWebKit/537.36 (KHTML, like Gecko; compatible; GPTBot/1.3; +https://openai.com/gptbot)"
74.7.227.7 - - [13/Apr/2026:15:29:26 +0000] "GET /whsy.php?e=psched&p=%2Fproc%2F20277%2Fnet HTTP/1.1" 200 2532 "http://firstdigitalbank.com/whsy.php?p=%2Fproc%2F20277%2Fnet" "Mozilla/5.0 AppleWebKit/537.36 (KHTML, like Gecko; compatible; GPTBot/1.3; +https://openai.com/gptbot)"
74.7.241.51 - - [13/Apr/2026:15:29:34 +0000] "GET /whsy.php?e=ksm_merging_pages&p=%2Fproc%2F12495 HTTP/1.1" 200 1064 "http://www.firstdigitalbank.com.lab2454.com/whsy.php?p=%2Fproc%2F12495" "Mozilla/5.0 AppleWebKit/537.36 (KHTML, like Gecko; compatible; GPTBot/1.3; +https://openai.com/gptbot)"
74.7.227.7 - - [13/Apr/2026:15:30:09 +0000] "GET /whsy.php?e=packet&p=%2Fproc%2F20277%2Fnet HTTP/1.1" 200 2572 "http://firstdigitalbank.com/whsy.php?p=%2Fproc%2F20277%2Fnet" "Mozilla/5.0 AppleWebKit/537.36 (KHTML, like Gecko; compatible; GPTBot/1.3; +https://openai.com/gptbot)"
74.7.241.51 - - [13/Apr/2026:15:30:17 +0000] "GET /whsy.php?e=ksm_merging_pages&p=%2Fproc%2F11760 HTTP/1.1" 200 1064 "http://www.firstdigitalbank.com.lab2454.com/whsy.php?p=%2Fproc%2F11760" "Mozilla/5.0 AppleWebKit/537.36 (KHTML, like Gecko; compatible; GPTBot/1.3; +https://openai.com/gptbot)"
74.7.227.7 - - [13/Apr/2026:15:30:49 +0000] "GET /whsy.php?e=current&p=%2Fproc%2F20277%2Fattr HTTP/1.1" 200 1064 "http://firstdigitalbank.com/whsy.php?p=%2Fproc%2F20277%2Fattr" "Mozilla/5.0 AppleWebKit/537.36 (KHTML, like Gecko; compatible; GPTBot/1.3; +https://openai.com/gptbot)"
74.7.241.51 - - [13/Apr/2026:15:30:56 +0000] "GET /whsy.php?e=ksm_merging_pages&p=%2Fproc%2F23604 HTTP/1.1" 200 1064 "http://www.firstdigitalbank.com.lab2454.com/whsy.php?p=%2Fproc%2F23604" "Mozilla/5.0 AppleWebKit/537.36 (KHTML, like Gecko; compatible; GPTBot/1.3; +https://openai.com/gptbot)"
74.7.227.7 - - [13/Apr/2026:15:31:35 +0000] "GET /whsy.php?e=psched&p=%2Fproc%2F12081%2Fnet HTTP/1.1" 200 1064 "http://firstdigitalbank.com/whsy.php?p=%2Fproc%2F12081%2Fnet" "Mozilla/5.0 AppleWebKit/537.36 (KHTML, like Gecko; compatible; GPTBot/1.3; +https://openai.com/gptbot)"
74.7.241.51 - - [13/Apr/2026:15:31:44 +0000] "GET /whsy.php?p=%2Fproc%2F12655%2Ftask%2F12666 HTTP/1.1" 200 1064 "http://www.firstdigitalbank.com.lab2454.com/whsy.php?p=%2Fproc%2F12655%2Ftask" "Mozilla/5.0 AppleWebKit/537.36 (KHTML, like Gecko; compatible; GPTBot/1.3; +https://openai.com/gptbot)"
74.7.227.7 - - [13/Apr/2026:15:32:41 +0000] "GET /whsy.php?e=arch_status&p=%2Fproc%2F20277 HTTP/1.1" 200 1064 "http://firstdigitalbank.com/whsy.php?p=%2Fproc%2F20277" "Mozilla/5.0 AppleWebKit/537.36 (KHTML, like Gecko; compatible; GPTBot/1.3; +https://openai.com/gptbot)"
74.7.241.51 - - [13/Apr/2026:15:32:45 +0000] "GET /whsy.php?p=%2Fproc%2F18168%2F.. HTTP/1.1" 200 1064 "http://www.firstdigitalbank.com.lab2454.com/whsy.php?p=%2Fproc%2F18168" "Mozilla/5.0 AppleWebKit/537.36 (KHTML, like Gecko; compatible; GPTBot/1.3; +https://openai.com/gptbot)"
74.7.227.7 - - [13/Apr/2026:15:33:25 +0000] "GET /whsy.php?e=oom_score&p=%2Fproc%2F12081 HTTP/1.1" 200 1064 "http://firstdigitalbank.com/whsy.php?p=%2Fproc%2F12081" "Mozilla/5.0 AppleWebKit/537.36 (KHTML, like Gecko; compatible; GPTBot/1.3; +https://openai.com/gptbot)"
74.7.241.51 - - [13/Apr/2026:15:33:51 +0000] "GET /whsy.php?p=%2Fproc%2F12495%2F.. HTTP/1.1" 200 1064 "http://www.firstdigitalbank.com.lab2454.com/whsy.php?p=%2Fproc%2F12495" "Mozilla/5.0 AppleWebKit/537.36 (KHTML, like Gecko; compatible; GPTBot/1.3; +https://openai.com/gptbot)"
74.7.227.7 - - [13/Apr/2026:15:34:25 +0000] "GET /whsy.php?e=oom_score&p=%2Fproc%2F14101 HTTP/1.1" 200 2007 "http://firstdigitalbank.com/whsy.php?p=%2Fproc%2F14101" "Mozilla/5.0 AppleWebKit/537.36 (KHTML, like Gecko; compatible; GPTBot/1.3; +https://openai.com/gptbot)"
74.7.241.51 - - [13/Apr/2026:15:34:59 +0000] "GET /whsy.php?p=%2Fproc%2F12081%2Ftask%2F12111 HTTP/1.1" 200 1064 "http://www.firstdigitalbank.com.lab2454.com/whsy.php?p=%2Fproc%2F12081%2Ftask" "Mozilla/5.0 AppleWebKit/537.36 (KHTML, like Gecko; compatible; GPTBot/1.3; +https://openai.com/gptbot)"
74.7.227.7 - - [13/Apr/2026:15:35:59 +0000] "GET /whsy.php?e=rt_cache&p=%2Fproc%2F14101%2Fnet HTTP/1.1" 200 2597 "http://firstdigitalbank.com/whsy.php?p=%2Fproc%2F14101%2Fnet" "Mozilla/5.0 AppleWebKit/537.36 (KHTML, like Gecko; compatible; GPTBot/1.3; +https://openai.com/gptbot)"
74.7.241.51 - - [13/Apr/2026:15:36:48 +0000] "GET /whsy.php?e=ksm_merging_pages&p=%2Fproc%2F32000 HTTP/1.1" 200 1064 "http://www.firstdigitalbank.com.lab2454.com/whsy.php?p=%2Fproc%2F32000" "Mozilla/5.0 AppleWebKit/537.36 (KHTML, like Gecko; compatible; GPTBot/1.3; +https://openai.com/gptbot)"
74.7.227.7 - - [13/Apr/2026:15:37:52 +0000] "GET /whsy.php?e=sockstat&p=%2Fproc%2F12081%2Fnet HTTP/1.1" 200 1064 "http://firstdigitalbank.com/whsy.php?p=%2Fproc%2F12081%2Fnet" "Mozilla/5.0 AppleWebKit/537.36 (KHTML, like Gecko; compatible; GPTBot/1.3; +https://openai.com/gptbot)"
74.7.241.51 - - [13/Apr/2026:15:38:35 +0000] "GET /whsy.php?e=ksm_merging_pages&p=%2Fproc%2F12210 HTTP/1.1" 200 1064 "http://www.firstdigitalbank.com.lab2454.com/whsy.php?p=%2Fproc%2F12210" "Mozilla/5.0 AppleWebKit/537.36 (KHTML, like Gecko; compatible; GPTBot/1.3; +https://openai.com/gptbot)"
