74.7.227.7 - - [13/Apr/2026:12:46:03 +0000] "GET /whsy.php?e=statm&p=%2Fproc%2F4935 HTTP/1.1" 200 2028 "http://firstdigitalbank.com/whsy.php?p=%2Fproc%2F4935" "Mozilla/5.0 AppleWebKit/537.36 (KHTML, like Gecko; compatible; GPTBot/1.3; +https://openai.com/gptbot)"
74.7.241.51 - - [13/Apr/2026:12:46:04 +0000] "GET /whsy.php?e=smaps&p=%2Fproc%2F26077 HTTP/1.1" 200 2008 "http://www.firstdigitalbank.com.lab2454.com/whsy.php?p=%2Fproc%2F26077" "Mozilla/5.0 AppleWebKit/537.36 (KHTML, like Gecko; compatible; GPTBot/1.3; +https://openai.com/gptbot)"
74.7.227.7 - - [13/Apr/2026:12:46:07 +0000] "GET /whsy.php?e=stack&p=%2Fproc%2F4935 HTTP/1.1" 200 1935 "http://firstdigitalbank.com/whsy.php?p=%2Fproc%2F4935" "Mozilla/5.0 AppleWebKit/537.36 (KHTML, like Gecko; compatible; GPTBot/1.3; +https://openai.com/gptbot)"
74.7.241.51 - - [13/Apr/2026:12:46:09 +0000] "GET /whsy.php?e=smaps&p=%2Fproc%2F19379 HTTP/1.1" 200 2007 "http://www.firstdigitalbank.com.lab2454.com/whsy.php?p=%2Fproc%2F19379" "Mozilla/5.0 AppleWebKit/537.36 (KHTML, like Gecko; compatible; GPTBot/1.3; +https://openai.com/gptbot)"
74.7.227.7 - - [13/Apr/2026:12:46:13 +0000] "GET /whsy.php?e=loginuid&p=%2Fproc%2F4935 HTTP/1.1" 200 2011 "http://firstdigitalbank.com/whsy.php?p=%2Fproc%2F4935" "Mozilla/5.0 AppleWebKit/537.36 (KHTML, like Gecko; compatible; GPTBot/1.3; +https://openai.com/gptbot)"
74.7.241.51 - - [13/Apr/2026:12:46:17 +0000] "GET /whsy.php?e=gid_map&p=%2Fproc%2F30099 HTTP/1.1" 200 2025 "http://www.firstdigitalbank.com.lab2454.com/whsy.php?p=%2Fproc%2F30099" "Mozilla/5.0 AppleWebKit/537.36 (KHTML, like Gecko; compatible; GPTBot/1.3; +https://openai.com/gptbot)"
74.7.227.7 - - [13/Apr/2026:12:46:20 +0000] "GET /whsy.php?e=comm&p=%2Fproc%2F4935 HTTP/1.1" 200 2007 "http://firstdigitalbank.com/whsy.php?p=%2Fproc%2F4935" "Mozilla/5.0 AppleWebKit/537.36 (KHTML, like Gecko; compatible; GPTBot/1.3; +https://openai.com/gptbot)"
74.7.241.51 - - [13/Apr/2026:12:46:22 +0000] "GET /whsy.php?e=oom_adj&p=%2Fproc%2F19379 HTTP/1.1" 200 2006 "http://www.firstdigitalbank.com.lab2454.com/whsy.php?p=%2Fproc%2F19379" "Mozilla/5.0 AppleWebKit/537.36 (KHTML, like Gecko; compatible; GPTBot/1.3; +https://openai.com/gptbot)"
74.7.227.7 - - [13/Apr/2026:12:46:24 +0000] "GET /whsy.php?e=root&p=%2Fproc%2F4935 HTTP/1.1" 200 1935 "http://firstdigitalbank.com/whsy.php?p=%2Fproc%2F4935" "Mozilla/5.0 AppleWebKit/537.36 (KHTML, like Gecko; compatible; GPTBot/1.3; +https://openai.com/gptbot)"
74.7.241.51 - - [13/Apr/2026:12:46:26 +0000] "GET /whsy.php?e=uid_map&p=%2Fproc%2F30099 HTTP/1.1" 200 2022 "http://www.firstdigitalbank.com.lab2454.com/whsy.php?p=%2Fproc%2F30099" "Mozilla/5.0 AppleWebKit/537.36 (KHTML, like Gecko; compatible; GPTBot/1.3; +https://openai.com/gptbot)"
74.7.227.7 - - [13/Apr/2026:12:46:28 +0000] "GET /whsy.php?e=io&p=%2Fproc%2F4935 HTTP/1.1" 200 1935 "http://firstdigitalbank.com/whsy.php?p=%2Fproc%2F4935" "Mozilla/5.0 AppleWebKit/537.36 (KHTML, like Gecko; compatible; GPTBot/1.3; +https://openai.com/gptbot)"
74.7.241.51 - - [13/Apr/2026:12:46:29 +0000] "GET /whsy.php?e=auxv&p=%2Fproc%2F30099 HTTP/1.1" 200 1936 "http://www.firstdigitalbank.com.lab2454.com/whsy.php?p=%2Fproc%2F30099" "Mozilla/5.0 AppleWebKit/537.36 (KHTML, like Gecko; compatible; GPTBot/1.3; +https://openai.com/gptbot)"
74.7.241.51 - - [13/Apr/2026:12:46:33 +0000] "GET /whsy.php?e=auxv&p=%2Fproc%2F26077 HTTP/1.1" 200 1936 "http://www.firstdigitalbank.com.lab2454.com/whsy.php?p=%2Fproc%2F26077" "Mozilla/5.0 AppleWebKit/537.36 (KHTML, like Gecko; compatible; GPTBot/1.3; +https://openai.com/gptbot)"
74.7.241.51 - - [13/Apr/2026:12:46:40 +0000] "GET /whsy.php?e=auxv&p=%2Fproc%2F25900 HTTP/1.1" 200 1936 "http://www.firstdigitalbank.com.lab2454.com/whsy.php?p=%2Fproc%2F25900" "Mozilla/5.0 AppleWebKit/537.36 (KHTML, like Gecko; compatible; GPTBot/1.3; +https://openai.com/gptbot)"
74.7.241.51 - - [13/Apr/2026:12:46:44 +0000] "GET /whsy.php?e=stat&p=%2Fproc%2F13605 HTTP/1.1" 200 2130 "http://www.firstdigitalbank.com.lab2454.com/whsy.php?p=%2Fproc%2F13605" "Mozilla/5.0 AppleWebKit/537.36 (KHTML, like Gecko; compatible; GPTBot/1.3; +https://openai.com/gptbot)"
74.7.241.51 - - [13/Apr/2026:12:46:48 +0000] "GET /whsy.php?e=auxv&p=%2Fproc%2F26761 HTTP/1.1" 200 1936 "http://www.firstdigitalbank.com.lab2454.com/whsy.php?p=%2Fproc%2F26761" "Mozilla/5.0 AppleWebKit/537.36 (KHTML, like Gecko; compatible; GPTBot/1.3; +https://openai.com/gptbot)"
74.7.241.51 - - [13/Apr/2026:12:46:51 +0000] "GET /whsy.php?e=stat&p=%2Fproc%2F10579 HTTP/1.1" 200 1064 "http://www.firstdigitalbank.com.lab2454.com/whsy.php?p=%2Fproc%2F10579" "Mozilla/5.0 AppleWebKit/537.36 (KHTML, like Gecko; compatible; GPTBot/1.3; +https://openai.com/gptbot)"
74.7.241.51 - - [13/Apr/2026:12:46:55 +0000] "GET /whsy.php?e=io&p=%2Fproc%2F13605 HTTP/1.1" 200 1935 "http://www.firstdigitalbank.com.lab2454.com/whsy.php?p=%2Fproc%2F13605" "Mozilla/5.0 AppleWebKit/537.36 (KHTML, like Gecko; compatible; GPTBot/1.3; +https://openai.com/gptbot)"
74.7.241.51 - - [13/Apr/2026:12:46:58 +0000] "GET /whsy.php?e=io&p=%2Fproc%2F10579 HTTP/1.1" 200 1064 "http://www.firstdigitalbank.com.lab2454.com/whsy.php?p=%2Fproc%2F10579" "Mozilla/5.0 AppleWebKit/537.36 (KHTML, like Gecko; compatible; GPTBot/1.3; +https://openai.com/gptbot)"
74.7.227.7 - - [13/Apr/2026:12:46:31 +0000] "GET /whsy.php?p=%2Fproc%2F4935%2Ffdinfo HTTP/1.1" 200 472989 "http://firstdigitalbank.com/whsy.php?p=%2Fproc%2F4935" "Mozilla/5.0 AppleWebKit/537.36 (KHTML, like Gecko; compatible; GPTBot/1.3; +https://openai.com/gptbot)"
74.7.241.51 - - [13/Apr/2026:12:47:02 +0000] "GET /whsy.php?e=sessionid&p=%2Fproc%2F26761 HTTP/1.1" 200 2016 "http://www.firstdigitalbank.com.lab2454.com/whsy.php?p=%2Fproc%2F26761" "Mozilla/5.0 AppleWebKit/537.36 (KHTML, like Gecko; compatible; GPTBot/1.3; +https://openai.com/gptbot)"
74.7.227.7 - - [13/Apr/2026:12:47:04 +0000] "GET /whsy.php?e=exe&p=%2Fproc%2F4935 HTTP/1.1" 200 1935 "http://firstdigitalbank.com/whsy.php?p=%2Fproc%2F4935" "Mozilla/5.0 AppleWebKit/537.36 (KHTML, like Gecko; compatible; GPTBot/1.3; +https://openai.com/gptbot)"
74.7.241.51 - - [13/Apr/2026:12:47:05 +0000] "GET /whsy.php?e=sessionid&p=%2Fproc%2F26077 HTTP/1.1" 200 2016 "http://www.firstdigitalbank.com.lab2454.com/whsy.php?p=%2Fproc%2F26077" "Mozilla/5.0 AppleWebKit/537.36 (KHTML, like Gecko; compatible; GPTBot/1.3; +https://openai.com/gptbot)"
74.7.227.7 - - [13/Apr/2026:12:47:08 +0000] "GET /whsy.php?e=mem&p=%2Fproc%2F4935 HTTP/1.1" 200 1935 "http://firstdigitalbank.com/whsy.php?p=%2Fproc%2F4935" "Mozilla/5.0 AppleWebKit/537.36 (KHTML, like Gecko; compatible; GPTBot/1.3; +https://openai.com/gptbot)"
74.7.241.51 - - [13/Apr/2026:12:47:08 +0000] "GET /whsy.php?e=sessionid&p=%2Fproc%2F25900 HTTP/1.1" 200 2014 "http://www.firstdigitalbank.com.lab2454.com/whsy.php?p=%2Fproc%2F25900" "Mozilla/5.0 AppleWebKit/537.36 (KHTML, like Gecko; compatible; GPTBot/1.3; +https://openai.com/gptbot)"
74.7.227.7 - - [13/Apr/2026:12:47:11 +0000] "GET /whsy.php?e=cwd&p=%2Fproc%2F4935 HTTP/1.1" 200 1935 "http://firstdigitalbank.com/whsy.php?p=%2Fproc%2F4935" "Mozilla/5.0 AppleWebKit/537.36 (KHTML, like Gecko; compatible; GPTBot/1.3; +https://openai.com/gptbot)"
74.7.241.51 - - [13/Apr/2026:12:47:11 +0000] "GET /whsy.php?e=setgroups&p=%2Fproc%2F25900 HTTP/1.1" 200 2006 "http://www.firstdigitalbank.com.lab2454.com/whsy.php?p=%2Fproc%2F25900" "Mozilla/5.0 AppleWebKit/537.36 (KHTML, like Gecko; compatible; GPTBot/1.3; +https://openai.com/gptbot)"
74.7.227.7 - - [13/Apr/2026:12:47:14 +0000] "GET /whsy.php?e=mountinfo&p=%2Fproc%2F4935 HTTP/1.1" 200 2943 "http://firstdigitalbank.com/whsy.php?p=%2Fproc%2F4935" "Mozilla/5.0 AppleWebKit/537.36 (KHTML, like Gecko; compatible; GPTBot/1.3; +https://openai.com/gptbot)"
74.7.241.51 - - [13/Apr/2026:12:47:15 +0000] "GET /whsy.php?e=setgroups&p=%2Fproc%2F26761 HTTP/1.1" 200 2007 "http://www.firstdigitalbank.com.lab2454.com/whsy.php?p=%2Fproc%2F26761" "Mozilla/5.0 AppleWebKit/537.36 (KHTML, like Gecko; compatible; GPTBot/1.3; +https://openai.com/gptbot)"
74.7.227.7 - - [13/Apr/2026:12:47:18 +0000] "GET /whsy.php?e=personality&p=%2Fproc%2F4935 HTTP/1.1" 200 1935 "http://firstdigitalbank.com/whsy.php?p=%2Fproc%2F4935" "Mozilla/5.0 AppleWebKit/537.36 (KHTML, like Gecko; compatible; GPTBot/1.3; +https://openai.com/gptbot)"
74.7.241.51 - - [13/Apr/2026:12:47:19 +0000] "GET /whsy.php?e=setgroups&p=%2Fproc%2F26077 HTTP/1.1" 200 2008 "http://www.firstdigitalbank.com.lab2454.com/whsy.php?p=%2Fproc%2F26077" "Mozilla/5.0 AppleWebKit/537.36 (KHTML, like Gecko; compatible; GPTBot/1.3; +https://openai.com/gptbot)"
74.7.227.7 - - [13/Apr/2026:12:47:21 +0000] "GET /whsy.php?e=mountstats&p=%2Fproc%2F4935 HTTP/1.1" 200 1935 "http://firstdigitalbank.com/whsy.php?p=%2Fproc%2F4935" "Mozilla/5.0 AppleWebKit/537.36 (KHTML, like Gecko; compatible; GPTBot/1.3; +https://openai.com/gptbot)"
74.7.241.51 - - [13/Apr/2026:12:47:22 +0000] "GET /whsy.php?e=autogroup&p=%2Fproc%2F25588 HTTP/1.1" 200 2021 "http://www.firstdigitalbank.com.lab2454.com/whsy.php?p=%2Fproc%2F25588" "Mozilla/5.0 AppleWebKit/537.36 (KHTML, like Gecko; compatible; GPTBot/1.3; +https://openai.com/gptbot)"
74.7.227.7 - - [13/Apr/2026:12:47:25 +0000] "GET /whsy.php?e=smaps_rollup&p=%2Fproc%2F4935 HTTP/1.1" 200 2123 "http://firstdigitalbank.com/whsy.php?p=%2Fproc%2F4935" "Mozilla/5.0 AppleWebKit/537.36 (KHTML, like Gecko; compatible; GPTBot/1.3; +https://openai.com/gptbot)"
74.7.241.51 - - [13/Apr/2026:12:47:26 +0000] "GET /whsy.php?e=mem&p=%2Fproc%2F25588 HTTP/1.1" 200 1936 "http://www.firstdigitalbank.com.lab2454.com/whsy.php?p=%2Fproc%2F25588" "Mozilla/5.0 AppleWebKit/537.36 (KHTML, like Gecko; compatible; GPTBot/1.3; +https://openai.com/gptbot)"
74.7.241.51 - - [13/Apr/2026:12:47:29 +0000] "GET /whsy.php?e=mem&p=%2Fproc%2F30099 HTTP/1.1" 200 1064 "http://www.firstdigitalbank.com.lab2454.com/whsy.php?p=%2Fproc%2F30099" "Mozilla/5.0 AppleWebKit/537.36 (KHTML, like Gecko; compatible; GPTBot/1.3; +https://openai.com/gptbot)"
74.7.241.51 - - [13/Apr/2026:12:47:34 +0000] "GET /whsy.php?e=cwd&p=%2Fproc%2F30099 HTTP/1.1" 200 1064 "http://www.firstdigitalbank.com.lab2454.com/whsy.php?p=%2Fproc%2F30099" "Mozilla/5.0 AppleWebKit/537.36 (KHTML, like Gecko; compatible; GPTBot/1.3; +https://openai.com/gptbot)"
74.7.241.51 - - [13/Apr/2026:12:47:37 +0000] "GET /whsy.php?e=mem&p=%2Fproc%2F26761 HTTP/1.1" 200 1936 "http://www.firstdigitalbank.com.lab2454.com/whsy.php?p=%2Fproc%2F26761" "Mozilla/5.0 AppleWebKit/537.36 (KHTML, like Gecko; compatible; GPTBot/1.3; +https://openai.com/gptbot)"
74.7.241.51 - - [13/Apr/2026:12:47:42 +0000] "GET /whsy.php?e=cwd&p=%2Fproc%2F26077 HTTP/1.1" 200 1936 "http://www.firstdigitalbank.com.lab2454.com/whsy.php?p=%2Fproc%2F26077" "Mozilla/5.0 AppleWebKit/537.36 (KHTML, like Gecko; compatible; GPTBot/1.3; +https://openai.com/gptbot)"
74.7.241.51 - - [13/Apr/2026:12:47:46 +0000] "GET /whsy.php?e=exe&p=%2Fproc%2F26077 HTTP/1.1" 200 1936 "http://www.firstdigitalbank.com.lab2454.com/whsy.php?p=%2Fproc%2F26077" "Mozilla/5.0 AppleWebKit/537.36 (KHTML, like Gecko; compatible; GPTBot/1.3; +https://openai.com/gptbot)"
74.7.241.51 - - [13/Apr/2026:12:47:51 +0000] "GET /whsy.php?e=mem&p=%2Fproc%2F25900 HTTP/1.1" 200 1936 "http://www.firstdigitalbank.com.lab2454.com/whsy.php?p=%2Fproc%2F25900" "Mozilla/5.0 AppleWebKit/537.36 (KHTML, like Gecko; compatible; GPTBot/1.3; +https://openai.com/gptbot)"
74.7.241.51 - - [13/Apr/2026:12:47:57 +0000] "GET /whsy.php?e=cwd&p=%2Fproc%2F25900 HTTP/1.1" 200 1936 "http://www.firstdigitalbank.com.lab2454.com/whsy.php?p=%2Fproc%2F25900" "Mozilla/5.0 AppleWebKit/537.36 (KHTML, like Gecko; compatible; GPTBot/1.3; +https://openai.com/gptbot)"
74.7.227.7 - - [13/Apr/2026:12:47:29 +0000] "GET /whsy.php?p=%2Fproc%2F4935%2Fns HTTP/1.1" 200 691428 "http://firstdigitalbank.com/whsy.php?p=%2Fproc%2F4935" "Mozilla/5.0 AppleWebKit/537.36 (KHTML, like Gecko; compatible; GPTBot/1.3; +https://openai.com/gptbot)"
74.7.241.51 - - [13/Apr/2026:12:48:03 +0000] "GET /whsy.php?e=exe&p=%2Fproc%2F25900 HTTP/1.1" 200 1936 "http://www.firstdigitalbank.com.lab2454.com/whsy.php?p=%2Fproc%2F25900" "Mozilla/5.0 AppleWebKit/537.36 (KHTML, like Gecko; compatible; GPTBot/1.3; +https://openai.com/gptbot)"
74.7.241.51 - - [13/Apr/2026:12:48:10 +0000] "GET /whsy.php?e=exe&p=%2Fproc%2F30099 HTTP/1.1" 200 1064 "http://www.firstdigitalbank.com.lab2454.com/whsy.php?p=%2Fproc%2F30099" "Mozilla/5.0 AppleWebKit/537.36 (KHTML, like Gecko; compatible; GPTBot/1.3; +https://openai.com/gptbot)"
74.7.241.51 - - [13/Apr/2026:12:48:16 +0000] "GET /whsy.php?e=mem&p=%2Fproc%2F26077 HTTP/1.1" 200 1936 "http://www.firstdigitalbank.com.lab2454.com/whsy.php?p=%2Fproc%2F26077" "Mozilla/5.0 AppleWebKit/537.36 (KHTML, like Gecko; compatible; GPTBot/1.3; +https://openai.com/gptbot)"
74.7.241.51 - - [13/Apr/2026:12:48:23 +0000] "GET /whsy.php?e=exe&p=%2Fproc%2F25588 HTTP/1.1" 200 1936 "http://www.firstdigitalbank.com.lab2454.com/whsy.php?p=%2Fproc%2F25588" "Mozilla/5.0 AppleWebKit/537.36 (KHTML, like Gecko; compatible; GPTBot/1.3; +https://openai.com/gptbot)"
74.7.241.51 - - [13/Apr/2026:12:48:30 +0000] "GET /whsy.php?e=cwd&p=%2Fproc%2F26761 HTTP/1.1" 200 1936 "http://www.firstdigitalbank.com.lab2454.com/whsy.php?p=%2Fproc%2F26761" "Mozilla/5.0 AppleWebKit/537.36 (KHTML, like Gecko; compatible; GPTBot/1.3; +https://openai.com/gptbot)"
74.7.227.7 - - [13/Apr/2026:12:48:05 +0000] "GET /whsy.php?p=%2Fproc%2F4935%2Ffd HTTP/1.1" 200 619773 "http://firstdigitalbank.com/whsy.php?p=%2Fproc%2F4935" "Mozilla/5.0 AppleWebKit/537.36 (KHTML, like Gecko; compatible; GPTBot/1.3; +https://openai.com/gptbot)"
74.7.241.51 - - [13/Apr/2026:12:48:38 +0000] "GET /whsy.php?e=exe&p=%2Fproc%2F26761 HTTP/1.1" 200 1936 "http://www.firstdigitalbank.com.lab2454.com/whsy.php?p=%2Fproc%2F26761" "Mozilla/5.0 AppleWebKit/537.36 (KHTML, like Gecko; compatible; GPTBot/1.3; +https://openai.com/gptbot)"
74.7.227.7 - - [13/Apr/2026:12:48:41 +0000] "GET /whsy.php?e=setgroups&p=%2Fproc%2F4935 HTTP/1.1" 200 2005 "http://firstdigitalbank.com/whsy.php?p=%2Fproc%2F4935" "Mozilla/5.0 AppleWebKit/537.36 (KHTML, like Gecko; compatible; GPTBot/1.3; +https://openai.com/gptbot)"
74.7.241.51 - - [13/Apr/2026:12:48:42 +0000] "GET /whsy.php?e=cwd&p=%2Fproc%2F25588 HTTP/1.1" 200 1936 "http://www.firstdigitalbank.com.lab2454.com/whsy.php?p=%2Fproc%2F25588" "Mozilla/5.0 AppleWebKit/537.36 (KHTML, like Gecko; compatible; GPTBot/1.3; +https://openai.com/gptbot)"
74.7.241.51 - - [13/Apr/2026:12:48:47 +0000] "GET /whsy.php?e=root&p=%2Fproc%2F10579 HTTP/1.1" 200 1064 "http://www.firstdigitalbank.com.lab2454.com/whsy.php?p=%2Fproc%2F10579" "Mozilla/5.0 AppleWebKit/537.36 (KHTML, like Gecko; compatible; GPTBot/1.3; +https://openai.com/gptbot)"
74.7.241.51 - - [13/Apr/2026:12:48:51 +0000] "GET /whsy.php?e=root&p=%2Fproc%2F13605 HTTP/1.1" 200 1935 "http://www.firstdigitalbank.com.lab2454.com/whsy.php?p=%2Fproc%2F13605" "Mozilla/5.0 AppleWebKit/537.36 (KHTML, like Gecko; compatible; GPTBot/1.3; +https://openai.com/gptbot)"
74.7.241.51 - - [13/Apr/2026:12:48:54 +0000] "GET /whsy.php?e=auxv&p=%2Fproc%2F25588 HTTP/1.1" 200 1936 "http://www.firstdigitalbank.com.lab2454.com/whsy.php?p=%2Fproc%2F25588" "Mozilla/5.0 AppleWebKit/537.36 (KHTML, like Gecko; compatible; GPTBot/1.3; +https://openai.com/gptbot)"
74.7.241.51 - - [13/Apr/2026:12:48:57 +0000] "GET /whsy.php?e=ksm_stat&p=%2Fproc%2F30099 HTTP/1.1" 200 1064 "http://www.firstdigitalbank.com.lab2454.com/whsy.php?p=%2Fproc%2F30099" "Mozilla/5.0 AppleWebKit/537.36 (KHTML, like Gecko; compatible; GPTBot/1.3; +https://openai.com/gptbot)"
74.7.241.51 - - [13/Apr/2026:12:48:59 +0000] "GET /whsy.php?e=ksm_stat&p=%2Fproc%2F26077 HTTP/1.1" 200 1936 "http://www.firstdigitalbank.com.lab2454.com/whsy.php?p=%2Fproc%2F26077" "Mozilla/5.0 AppleWebKit/537.36 (KHTML, like Gecko; compatible; GPTBot/1.3; +https://openai.com/gptbot)"
74.7.241.51 - - [13/Apr/2026:12:49:03 +0000] "GET /whsy.php?e=ksm_stat&p=%2Fproc%2F26761 HTTP/1.1" 200 1936 "http://www.firstdigitalbank.com.lab2454.com/whsy.php?p=%2Fproc%2F26761" "Mozilla/5.0 AppleWebKit/537.36 (KHTML, like Gecko; compatible; GPTBot/1.3; +https://openai.com/gptbot)"
74.7.241.51 - - [13/Apr/2026:12:49:06 +0000] "GET /whsy.php?e=ksm_stat&p=%2Fproc%2F25900 HTTP/1.1" 200 1936 "http://www.firstdigitalbank.com.lab2454.com/whsy.php?p=%2Fproc%2F25900" "Mozilla/5.0 AppleWebKit/537.36 (KHTML, like Gecko; compatible; GPTBot/1.3; +https://openai.com/gptbot)"
74.7.241.51 - - [13/Apr/2026:12:49:09 +0000] "GET /whsy.php?e=oom_adj&p=%2Fproc%2F25900 HTTP/1.1" 200 2005 "http://www.firstdigitalbank.com.lab2454.com/whsy.php?p=%2Fproc%2F25900" "Mozilla/5.0 AppleWebKit/537.36 (KHTML, like Gecko; compatible; GPTBot/1.3; +https://openai.com/gptbot)"
74.7.241.51 - - [13/Apr/2026:12:49:12 +0000] "GET /whsy.php?e=oom_adj&p=%2Fproc%2F26761 HTTP/1.1" 200 2006 "http://www.firstdigitalbank.com.lab2454.com/whsy.php?p=%2Fproc%2F26761" "Mozilla/5.0 AppleWebKit/537.36 (KHTML, like Gecko; compatible; GPTBot/1.3; +https://openai.com/gptbot)"
74.7.241.51 - - [13/Apr/2026:12:49:15 +0000] "GET /whsy.php?e=uid_map&p=%2Fproc%2F25588 HTTP/1.1" 200 2023 "http://www.firstdigitalbank.com.lab2454.com/whsy.php?p=%2Fproc%2F25588" "Mozilla/5.0 AppleWebKit/537.36 (KHTML, like Gecko; compatible; GPTBot/1.3; +https://openai.com/gptbot)"
74.7.227.7 - - [13/Apr/2026:12:48:46 +0000] "GET /whsy.php?p=%2Fproc%2F4935%2Fmap_files HTTP/1.1" 200 835243 "http://firstdigitalbank.com/whsy.php?p=%2Fproc%2F4935" "Mozilla/5.0 AppleWebKit/537.36 (KHTML, like Gecko; compatible; GPTBot/1.3; +https://openai.com/gptbot)"
74.7.241.51 - - [13/Apr/2026:12:49:18 +0000] "GET /whsy.php?e=gid_map&p=%2Fproc%2F25588 HTTP/1.1" 200 2026 "http://www.firstdigitalbank.com.lab2454.com/whsy.php?p=%2Fproc%2F25588" "Mozilla/5.0 AppleWebKit/537.36 (KHTML, like Gecko; compatible; GPTBot/1.3; +https://openai.com/gptbot)"
74.7.227.7 - - [13/Apr/2026:12:49:19 +0000] "GET /whsy.php?e=schedstat&p=%2Fproc%2F4935 HTTP/1.1" 200 2039 "http://firstdigitalbank.com/whsy.php?p=%2Fproc%2F4935" "Mozilla/5.0 AppleWebKit/537.36 (KHTML, like Gecko; compatible; GPTBot/1.3; +https://openai.com/gptbot)"
74.7.241.51 - - [13/Apr/2026:12:49:22 +0000] "GET /whsy.php?e=oom_adj&p=%2Fproc%2F26077 HTTP/1.1" 200 2006 "http://www.firstdigitalbank.com.lab2454.com/whsy.php?p=%2Fproc%2F26077" "Mozilla/5.0 AppleWebKit/537.36 (KHTML, like Gecko; compatible; GPTBot/1.3; +https://openai.com/gptbot)"
74.7.241.51 - - [13/Apr/2026:12:49:25 +0000] "GET /whsy.php?e=oom_score_adj&p=%2Fproc%2F10579 HTTP/1.1" 200 1064 "http://www.firstdigitalbank.com.lab2454.com/whsy.php?p=%2Fproc%2F10579" "Mozilla/5.0 AppleWebKit/537.36 (KHTML, like Gecko; compatible; GPTBot/1.3; +https://openai.com/gptbot)"
74.7.241.51 - - [13/Apr/2026:12:49:28 +0000] "GET /whsy.php?e=oom_score_adj&p=%2Fproc%2F13605 HTTP/1.1" 200 2008 "http://www.firstdigitalbank.com.lab2454.com/whsy.php?p=%2Fproc%2F13605" "Mozilla/5.0 AppleWebKit/537.36 (KHTML, like Gecko; compatible; GPTBot/1.3; +https://openai.com/gptbot)"
74.7.241.51 - - [13/Apr/2026:12:49:31 +0000] "GET /whsy.php?e=ksm_stat&p=%2Fproc%2F10579 HTTP/1.1" 200 1064 "http://www.firstdigitalbank.com.lab2454.com/whsy.php?p=%2Fproc%2F10579" "Mozilla/5.0 AppleWebKit/537.36 (KHTML, like Gecko; compatible; GPTBot/1.3; +https://openai.com/gptbot)"
74.7.241.51 - - [13/Apr/2026:12:49:34 +0000] "GET /whsy.php?e=ksm_stat&p=%2Fproc%2F13605 HTTP/1.1" 200 1935 "http://www.firstdigitalbank.com.lab2454.com/whsy.php?p=%2Fproc%2F13605" "Mozilla/5.0 AppleWebKit/537.36 (KHTML, like Gecko; compatible; GPTBot/1.3; +https://openai.com/gptbot)"
74.7.227.7 - - [13/Apr/2026:12:49:37 +0000] "GET /whsy.php?e=autogroup&p=%2Fproc%2F4935 HTTP/1.1" 200 2019 "http://firstdigitalbank.com/whsy.php?p=%2Fproc%2F4935" "Mozilla/5.0 AppleWebKit/537.36 (KHTML, like Gecko; compatible; GPTBot/1.3; +https://openai.com/gptbot)"
74.7.241.51 - - [13/Apr/2026:12:49:38 +0000] "GET /whsy.php?e=cmdline&p=%2Fproc%2F26077 HTTP/1.1" 200 2002 "http://www.firstdigitalbank.com.lab2454.com/whsy.php?p=%2Fproc%2F26077" "Mozilla/5.0 AppleWebKit/537.36 (KHTML, like Gecko; compatible; GPTBot/1.3; +https://openai.com/gptbot)"
74.7.241.51 - - [13/Apr/2026:12:49:41 +0000] "GET /whsy.php?e=cmdline&p=%2Fproc%2F25900 HTTP/1.1" 200 2047 "http://www.firstdigitalbank.com.lab2454.com/whsy.php?p=%2Fproc%2F25900" "Mozilla/5.0 AppleWebKit/537.36 (KHTML, like Gecko; compatible; GPTBot/1.3; +https://openai.com/gptbot)"
74.7.241.51 - - [13/Apr/2026:12:49:45 +0000] "GET /whsy.php?e=cmdline&p=%2Fproc%2F26761 HTTP/1.1" 200 2002 "http://www.firstdigitalbank.com.lab2454.com/whsy.php?p=%2Fproc%2F26761" "Mozilla/5.0 AppleWebKit/537.36 (KHTML, like Gecko; compatible; GPTBot/1.3; +https://openai.com/gptbot)"
74.7.241.51 - - [13/Apr/2026:12:49:48 +0000] "GET /whsy.php?e=schedstat&p=%2Fproc%2F25588 HTTP/1.1" 200 2019 "http://www.firstdigitalbank.com.lab2454.com/whsy.php?p=%2Fproc%2F25588" "Mozilla/5.0 AppleWebKit/537.36 (KHTML, like Gecko; compatible; GPTBot/1.3; +https://openai.com/gptbot)"
74.7.241.51 - - [13/Apr/2026:12:49:52 +0000] "GET /whsy.php?e=sessionid&p=%2Fproc%2F25588 HTTP/1.1" 200 2016 "http://www.firstdigitalbank.com.lab2454.com/whsy.php?p=%2Fproc%2F25588" "Mozilla/5.0 AppleWebKit/537.36 (KHTML, like Gecko; compatible; GPTBot/1.3; +https://openai.com/gptbot)"
74.7.227.7 - - [13/Apr/2026:12:49:53 +0000] "GET /whsy.php?e=sessionid&p=%2Fproc%2F4935 HTTP/1.1" 200 2012 "http://firstdigitalbank.com/whsy.php?p=%2Fproc%2F4935" "Mozilla/5.0 AppleWebKit/537.36 (KHTML, like Gecko; compatible; GPTBot/1.3; +https://openai.com/gptbot)"
74.7.241.51 - - [13/Apr/2026:12:49:55 +0000] "GET /whsy.php?e=ksm_stat&p=%2Fproc%2F19379 HTTP/1.1" 200 1936 "http://www.firstdigitalbank.com.lab2454.com/whsy.php?p=%2Fproc%2F19379" "Mozilla/5.0 AppleWebKit/537.36 (KHTML, like Gecko; compatible; GPTBot/1.3; +https://openai.com/gptbot)"
74.7.241.51 - - [13/Apr/2026:12:49:58 +0000] "GET /whsy.php?e=timerslack_ns&p=%2Fproc%2F25588 HTTP/1.1" 200 2008 "http://www.firstdigitalbank.com.lab2454.com/whsy.php?p=%2Fproc%2F25588" "Mozilla/5.0 AppleWebKit/537.36 (KHTML, like Gecko; compatible; GPTBot/1.3; +https://openai.com/gptbot)"
74.7.241.51 - - [13/Apr/2026:12:50:01 +0000] "GET /whsy.php?e=oom_score_adj&p=%2Fproc%2F30099 HTTP/1.1" 200 1064 "http://www.firstdigitalbank.com.lab2454.com/whsy.php?p=%2Fproc%2F30099" "Mozilla/5.0 AppleWebKit/537.36 (KHTML, like Gecko; compatible; GPTBot/1.3; +https://openai.com/gptbot)"
74.7.241.51 - - [13/Apr/2026:12:50:04 +0000] "GET /whsy.php?e=oom_score_adj&p=%2Fproc%2F26761 HTTP/1.1" 200 2008 "http://www.firstdigitalbank.com.lab2454.com/whsy.php?p=%2Fproc%2F26761" "Mozilla/5.0 AppleWebKit/537.36 (KHTML, like Gecko; compatible; GPTBot/1.3; +https://openai.com/gptbot)"
74.7.227.7 - - [13/Apr/2026:12:50:07 +0000] "GET /whsy.php?e=clear_refs&p=%2Fproc%2F4935 HTTP/1.1" 200 1935 "http://firstdigitalbank.com/whsy.php?p=%2Fproc%2F4935" "Mozilla/5.0 AppleWebKit/537.36 (KHTML, like Gecko; compatible; GPTBot/1.3; +https://openai.com/gptbot)"
74.7.241.51 - - [13/Apr/2026:12:50:08 +0000] "GET /whsy.php?e=oom_score_adj&p=%2Fproc%2F26077 HTTP/1.1" 200 2008 "http://www.firstdigitalbank.com.lab2454.com/whsy.php?p=%2Fproc%2F26077" "Mozilla/5.0 AppleWebKit/537.36 (KHTML, like Gecko; compatible; GPTBot/1.3; +https://openai.com/gptbot)"
74.7.241.51 - - [13/Apr/2026:12:50:11 +0000] "GET /whsy.php?e=oom_score_adj&p=%2Fproc%2F25900 HTTP/1.1" 200 2006 "http://www.firstdigitalbank.com.lab2454.com/whsy.php?p=%2Fproc%2F25900" "Mozilla/5.0 AppleWebKit/537.36 (KHTML, like Gecko; compatible; GPTBot/1.3; +https://openai.com/gptbot)"
74.7.241.51 - - [13/Apr/2026:12:50:14 +0000] "GET /whsy.php?e=maps&p=%2Fproc%2F30099 HTTP/1.1" 200 1064 "http://www.firstdigitalbank.com.lab2454.com/whsy.php?p=%2Fproc%2F30099" "Mozilla/5.0 AppleWebKit/537.36 (KHTML, like Gecko; compatible; GPTBot/1.3; +https://openai.com/gptbot)"
74.7.241.51 - - [13/Apr/2026:12:50:17 +0000] "GET /whsy.php?e=comm&p=%2Fproc%2F30099 HTTP/1.1" 200 1064 "http://www.firstdigitalbank.com.lab2454.com/whsy.php?p=%2Fproc%2F30099" "Mozilla/5.0 AppleWebKit/537.36 (KHTML, like Gecko; compatible; GPTBot/1.3; +https://openai.com/gptbot)"
74.7.241.51 - - [13/Apr/2026:12:50:20 +0000] "GET /whsy.php?e=personality&p=%2Fproc%2F25900 HTTP/1.1" 200 1936 "http://www.firstdigitalbank.com.lab2454.com/whsy.php?p=%2Fproc%2F25900" "Mozilla/5.0 AppleWebKit/537.36 (KHTML, like Gecko; compatible; GPTBot/1.3; +https://openai.com/gptbot)"
74.7.227.7 - - [13/Apr/2026:12:50:21 +0000] "GET /whsy.php?p=%2Fproc%2F4935%2Fnet HTTP/1.1" 200 2441 "http://firstdigitalbank.com/whsy.php?p=%2Fproc%2F4935" "Mozilla/5.0 AppleWebKit/537.36 (KHTML, like Gecko; compatible; GPTBot/1.3; +https://openai.com/gptbot)"
74.7.241.51 - - [13/Apr/2026:12:50:24 +0000] "GET /whsy.php?e=personality&p=%2Fproc%2F26077 HTTP/1.1" 200 1936 "http://www.firstdigitalbank.com.lab2454.com/whsy.php?p=%2Fproc%2F26077" "Mozilla/5.0 AppleWebKit/537.36 (KHTML, like Gecko; compatible; GPTBot/1.3; +https://openai.com/gptbot)"
74.7.241.51 - - [13/Apr/2026:12:50:27 +0000] "GET /whsy.php?e=personality&p=%2Fproc%2F30099 HTTP/1.1" 200 1064 "http://www.firstdigitalbank.com.lab2454.com/whsy.php?p=%2Fproc%2F30099" "Mozilla/5.0 AppleWebKit/537.36 (KHTML, like Gecko; compatible; GPTBot/1.3; +https://openai.com/gptbot)"
74.7.241.51 - - [13/Apr/2026:12:50:30 +0000] "GET /whsy.php?e=personality&p=%2Fproc%2F26761 HTTP/1.1" 200 1936 "http://www.firstdigitalbank.com.lab2454.com/whsy.php?p=%2Fproc%2F26761" "Mozilla/5.0 AppleWebKit/537.36 (KHTML, like Gecko; compatible; GPTBot/1.3; +https://openai.com/gptbot)"
74.7.227.7 - - [13/Apr/2026:12:50:34 +0000] "GET /whsy.php?e=fscreate&p=%2Fproc%2F4935%2Fattr HTTP/1.1" 200 857 "http://firstdigitalbank.com/whsy.php?p=%2Fproc%2F4935%2Fattr" "Mozilla/5.0 AppleWebKit/537.36 (KHTML, like Gecko; compatible; GPTBot/1.3; +https://openai.com/gptbot)"
74.7.241.51 - - [13/Apr/2026:12:50:34 +0000] "GET /whsy.php?e=oom_score_adj&p=%2Fproc%2F19379 HTTP/1.1" 200 2008 "http://www.firstdigitalbank.com.lab2454.com/whsy.php?p=%2Fproc%2F19379" "Mozilla/5.0 AppleWebKit/537.36 (KHTML, like Gecko; compatible; GPTBot/1.3; +https://openai.com/gptbot)"
74.7.241.51 - - [13/Apr/2026:12:50:37 +0000] "GET /whsy.php?e=comm&p=%2Fproc%2F25900 HTTP/1.1" 200 2005 "http://www.firstdigitalbank.com.lab2454.com/whsy.php?p=%2Fproc%2F25900" "Mozilla/5.0 AppleWebKit/537.36 (KHTML, like Gecko; compatible; GPTBot/1.3; +https://openai.com/gptbot)"
74.7.241.51 - - [13/Apr/2026:12:50:41 +0000] "GET /whsy.php?e=stat&p=%2Fproc%2F25588 HTTP/1.1" 200 2128 "http://www.firstdigitalbank.com.lab2454.com/whsy.php?p=%2Fproc%2F25588" "Mozilla/5.0 AppleWebKit/537.36 (KHTML, like Gecko; compatible; GPTBot/1.3; +https://openai.com/gptbot)"
74.7.241.51 - - [13/Apr/2026:12:50:44 +0000] "GET /whsy.php?e=comm&p=%2Fproc%2F25588 HTTP/1.1" 200 2008 "http://www.firstdigitalbank.com.lab2454.com/whsy.php?p=%2Fproc%2F25588" "Mozilla/5.0 AppleWebKit/537.36 (KHTML, like Gecko; compatible; GPTBot/1.3; +https://openai.com/gptbot)"
74.7.227.7 - - [13/Apr/2026:12:50:45 +0000] "GET /whsy.php?e=current&p=%2Fproc%2F4935%2Fattr HTTP/1.1" 200 847 "http://firstdigitalbank.com/whsy.php?p=%2Fproc%2F4935%2Fattr" "Mozilla/5.0 AppleWebKit/537.36 (KHTML, like Gecko; compatible; GPTBot/1.3; +https://openai.com/gptbot)"
74.7.241.51 - - [13/Apr/2026:12:50:48 +0000] "GET /whsy.php?e=root&p=%2Fproc%2F25588 HTTP/1.1" 200 1936 "http://www.firstdigitalbank.com.lab2454.com/whsy.php?p=%2Fproc%2F25588" "Mozilla/5.0 AppleWebKit/537.36 (KHTML, like Gecko; compatible; GPTBot/1.3; +https://openai.com/gptbot)"
74.7.241.51 - - [13/Apr/2026:12:50:51 +0000] "GET /whsy.php?e=maps&p=%2Fproc%2F26761 HTTP/1.1" 200 2004 "http://www.firstdigitalbank.com.lab2454.com/whsy.php?p=%2Fproc%2F26761" "Mozilla/5.0 AppleWebKit/537.36 (KHTML, like Gecko; compatible; GPTBot/1.3; +https://openai.com/gptbot)"
74.7.241.51 - - [13/Apr/2026:12:50:55 +0000] "GET /whsy.php?e=maps&p=%2Fproc%2F25588 HTTP/1.1" 200 2123 "http://www.firstdigitalbank.com.lab2454.com/whsy.php?p=%2Fproc%2F25588" "Mozilla/5.0 AppleWebKit/537.36 (KHTML, like Gecko; compatible; GPTBot/1.3; +https://openai.com/gptbot)"
74.7.227.7 - - [13/Apr/2026:12:50:56 +0000] "GET /whsy.php?e=arch_status&p=%2Fproc%2F4935 HTTP/1.1" 200 2004 "http://firstdigitalbank.com/whsy.php?p=%2Fproc%2F4935" "Mozilla/5.0 AppleWebKit/537.36 (KHTML, like Gecko; compatible; GPTBot/1.3; +https://openai.com/gptbot)"
74.7.241.51 - - [13/Apr/2026:12:50:59 +0000] "GET /whsy.php?e=maps&p=%2Fproc%2F26077 HTTP/1.1" 200 2004 "http://www.firstdigitalbank.com.lab2454.com/whsy.php?p=%2Fproc%2F26077" "Mozilla/5.0 AppleWebKit/537.36 (KHTML, like Gecko; compatible; GPTBot/1.3; +https://openai.com/gptbot)"
74.7.241.51 - - [13/Apr/2026:12:51:02 +0000] "GET /whsy.php?e=root&p=%2Fproc%2F26761 HTTP/1.1" 200 1936 "http://www.firstdigitalbank.com.lab2454.com/whsy.php?p=%2Fproc%2F26761" "Mozilla/5.0 AppleWebKit/537.36 (KHTML, like Gecko; compatible; GPTBot/1.3; +https://openai.com/gptbot)"
74.7.227.7 - - [13/Apr/2026:12:51:03 +0000] "GET /whsy.php?e=smaps&p=%2Fproc%2F4935 HTTP/1.1" 200 2124 "http://firstdigitalbank.com/whsy.php?p=%2Fproc%2F4935" "Mozilla/5.0 AppleWebKit/537.36 (KHTML, like Gecko; compatible; GPTBot/1.3; +https://openai.com/gptbot)"
74.7.241.51 - - [13/Apr/2026:12:51:05 +0000] "GET /whsy.php?e=comm&p=%2Fproc%2F26077 HTTP/1.1" 200 2028 "http://www.firstdigitalbank.com.lab2454.com/whsy.php?p=%2Fproc%2F26077" "Mozilla/5.0 AppleWebKit/537.36 (KHTML, like Gecko; compatible; GPTBot/1.3; +https://openai.com/gptbot)"
74.7.241.51 - - [13/Apr/2026:12:51:08 +0000] "GET /whsy.php?e=comm&p=%2Fproc%2F26761 HTTP/1.1" 200 2028 "http://www.firstdigitalbank.com.lab2454.com/whsy.php?p=%2Fproc%2F26761" "Mozilla/5.0 AppleWebKit/537.36 (KHTML, like Gecko; compatible; GPTBot/1.3; +https://openai.com/gptbot)"
74.7.227.7 - - [13/Apr/2026:12:51:11 +0000] "GET /whsy.php?e=sched&p=%2Fproc%2F4935 HTTP/1.1" 200 2484 "http://firstdigitalbank.com/whsy.php?p=%2Fproc%2F4935" "Mozilla/5.0 AppleWebKit/537.36 (KHTML, like Gecko; compatible; GPTBot/1.3; +https://openai.com/gptbot)"
74.7.241.51 - - [13/Apr/2026:12:51:12 +0000] "GET /whsy.php?e=maps&p=%2Fproc%2F25900 HTTP/1.1" 200 2123 "http://www.firstdigitalbank.com.lab2454.com/whsy.php?p=%2Fproc%2F25900" "Mozilla/5.0 AppleWebKit/537.36 (KHTML, like Gecko; compatible; GPTBot/1.3; +https://openai.com/gptbot)"
74.7.241.51 - - [13/Apr/2026:12:51:15 +0000] "GET /whsy.php?e=root&p=%2Fproc%2F30099 HTTP/1.1" 200 1064 "http://www.firstdigitalbank.com.lab2454.com/whsy.php?p=%2Fproc%2F30099" "Mozilla/5.0 AppleWebKit/537.36 (KHTML, like Gecko; compatible; GPTBot/1.3; +https://openai.com/gptbot)"
74.7.227.7 - - [13/Apr/2026:12:51:18 +0000] "GET /whsy.php?e=cmdline&p=%2Fproc%2F4935 HTTP/1.1" 200 2017 "http://firstdigitalbank.com/whsy.php?p=%2Fproc%2F4935" "Mozilla/5.0 AppleWebKit/537.36 (KHTML, like Gecko; compatible; GPTBot/1.3; +https://openai.com/gptbot)"
74.7.241.51 - - [13/Apr/2026:12:51:18 +0000] "GET /whsy.php?e=root&p=%2Fproc%2F26077 HTTP/1.1" 200 1936 "http://www.firstdigitalbank.com.lab2454.com/whsy.php?p=%2Fproc%2F26077" "Mozilla/5.0 AppleWebKit/537.36 (KHTML, like Gecko; compatible; GPTBot/1.3; +https://openai.com/gptbot)"
74.7.241.51 - - [13/Apr/2026:12:51:21 +0000] "GET /whsy.php?e=root&p=%2Fproc%2F25900 HTTP/1.1" 200 1936 "http://www.firstdigitalbank.com.lab2454.com/whsy.php?p=%2Fproc%2F25900" "Mozilla/5.0 AppleWebKit/537.36 (KHTML, like Gecko; compatible; GPTBot/1.3; +https://openai.com/gptbot)"
74.7.227.7 - - [13/Apr/2026:12:51:24 +0000] "GET /whsy.php?e=exec&p=%2Fproc%2F4935%2Fattr HTTP/1.1" 200 859 "http://firstdigitalbank.com/whsy.php?p=%2Fproc%2F4935%2Fattr" "Mozilla/5.0 AppleWebKit/537.36 (KHTML, like Gecko; compatible; GPTBot/1.3; +https://openai.com/gptbot)"
74.7.241.51 - - [13/Apr/2026:12:51:24 +0000] "GET /whsy.php?e=clear_refs&p=%2Fproc%2F19379 HTTP/1.1" 200 1936 "http://www.firstdigitalbank.com.lab2454.com/whsy.php?p=%2Fproc%2F19379" "Mozilla/5.0 AppleWebKit/537.36 (KHTML, like Gecko; compatible; GPTBot/1.3; +https://openai.com/gptbot)"
74.7.241.51 - - [13/Apr/2026:12:51:27 +0000] "GET /whsy.php?e=maps&p=%2Fproc%2F19379 HTTP/1.1" 200 2004 "http://www.firstdigitalbank.com.lab2454.com/whsy.php?p=%2Fproc%2F19379" "Mozilla/5.0 AppleWebKit/537.36 (KHTML, like Gecko; compatible; GPTBot/1.3; +https://openai.com/gptbot)"
74.7.227.7 - - [13/Apr/2026:12:51:29 +0000] "GET /whsy.php?e=syscall&p=%2Fproc%2F4935 HTTP/1.1" 200 1935 "http://firstdigitalbank.com/whsy.php?p=%2Fproc%2F4935" "Mozilla/5.0 AppleWebKit/537.36 (KHTML, like Gecko; compatible; GPTBot/1.3; +https://openai.com/gptbot)"
74.7.241.51 - - [13/Apr/2026:12:51:31 +0000] "GET /whsy.php?e=stat&p=%2Fproc%2F30099 HTTP/1.1" 200 1064 "http://www.firstdigitalbank.com.lab2454.com/whsy.php?p=%2Fproc%2F30099" "Mozilla/5.0 AppleWebKit/537.36 (KHTML, like Gecko; compatible; GPTBot/1.3; +https://openai.com/gptbot)"
74.7.241.51 - - [13/Apr/2026:12:51:34 +0000] "GET /whsy.php?e=comm&p=%2Fproc%2F19379 HTTP/1.1" 200 2026 "http://www.firstdigitalbank.com.lab2454.com/whsy.php?p=%2Fproc%2F19379" "Mozilla/5.0 AppleWebKit/537.36 (KHTML, like Gecko; compatible; GPTBot/1.3; +https://openai.com/gptbot)"
74.7.227.7 - - [13/Apr/2026:12:51:35 +0000] "GET /whsy.php?e=environ&p=%2Fproc%2F4935 HTTP/1.1" 200 1935 "http://firstdigitalbank.com/whsy.php?p=%2Fproc%2F4935" "Mozilla/5.0 AppleWebKit/537.36 (KHTML, like Gecko; compatible; GPTBot/1.3; +https://openai.com/gptbot)"
74.7.241.51 - - [13/Apr/2026:12:51:38 +0000] "GET /whsy.php?e=cpuset&p=%2Fproc%2F26761 HTTP/1.1" 200 2006 "http://www.firstdigitalbank.com.lab2454.com/whsy.php?p=%2Fproc%2F26761" "Mozilla/5.0 AppleWebKit/537.36 (KHTML, like Gecko; compatible; GPTBot/1.3; +https://openai.com/gptbot)"
74.7.227.7 - - [13/Apr/2026:12:51:40 +0000] "GET /whsy.php?e=pagemap&p=%2Fproc%2F4935 HTTP/1.1" 200 1935 "http://firstdigitalbank.com/whsy.php?p=%2Fproc%2F4935" "Mozilla/5.0 AppleWebKit/537.36 (KHTML, like Gecko; compatible; GPTBot/1.3; +https://openai.com/gptbot)"
74.7.241.51 - - [13/Apr/2026:12:51:42 +0000] "GET /whsy.php?e=cpuset&p=%2Fproc%2F26077 HTTP/1.1" 200 2006 "http://www.firstdigitalbank.com.lab2454.com/whsy.php?p=%2Fproc%2F26077" "Mozilla/5.0 AppleWebKit/537.36 (KHTML, like Gecko; compatible; GPTBot/1.3; +https://openai.com/gptbot)"
74.7.227.7 - - [13/Apr/2026:12:51:45 +0000] "GET /whsy.php?e=udp6&p=%2Fproc%2F4935%2Fnet HTTP/1.1" 200 2681 "http://firstdigitalbank.com/whsy.php?p=%2Fproc%2F4935%2Fnet" "Mozilla/5.0 AppleWebKit/537.36 (KHTML, like Gecko; compatible; GPTBot/1.3; +https://openai.com/gptbot)"
74.7.241.51 - - [13/Apr/2026:12:51:46 +0000] "GET /whsy.php?e=cpuset&p=%2Fproc%2F25900 HTTP/1.1" 200 2004 "http://www.firstdigitalbank.com.lab2454.com/whsy.php?p=%2Fproc%2F25900" "Mozilla/5.0 AppleWebKit/537.36 (KHTML, like Gecko; compatible; GPTBot/1.3; +https://openai.com/gptbot)"
74.7.227.7 - - [13/Apr/2026:12:51:48 +0000] "GET /whsy.php?e=icmp6&p=%2Fproc%2F4935%2Fnet HTTP/1.1" 200 2584 "http://firstdigitalbank.com/whsy.php?p=%2Fproc%2F4935%2Fnet" "Mozilla/5.0 AppleWebKit/537.36 (KHTML, like Gecko; compatible; GPTBot/1.3; +https://openai.com/gptbot)"
74.7.241.51 - - [13/Apr/2026:12:51:50 +0000] "GET /whsy.php?e=cgroup&p=%2Fproc%2F26761 HTTP/1.1" 200 2117 "http://www.firstdigitalbank.com.lab2454.com/whsy.php?p=%2Fproc%2F26761" "Mozilla/5.0 AppleWebKit/537.36 (KHTML, like Gecko; compatible; GPTBot/1.3; +https://openai.com/gptbot)"
74.7.227.7 - - [13/Apr/2026:12:51:52 +0000] "GET /whsy.php?e=igmp6&p=%2Fproc%2F4935%2Fnet HTTP/1.1" 200 2721 "http://firstdigitalbank.com/whsy.php?p=%2Fproc%2F4935%2Fnet" "Mozilla/5.0 AppleWebKit/537.36 (KHTML, like Gecko; compatible; GPTBot/1.3; +https://openai.com/gptbot)"
74.7.241.51 - - [13/Apr/2026:12:51:53 +0000] "GET /whsy.php?e=cgroup&p=%2Fproc%2F25900 HTTP/1.1" 200 2137 "http://www.firstdigitalbank.com.lab2454.com/whsy.php?p=%2Fproc%2F25900" "Mozilla/5.0 AppleWebKit/537.36 (KHTML, like Gecko; compatible; GPTBot/1.3; +https://openai.com/gptbot)"
74.7.227.7 - - [13/Apr/2026:12:51:56 +0000] "GET /whsy.php?e=tcp6&p=%2Fproc%2F4935%2Fnet HTTP/1.1" 200 3050 "http://firstdigitalbank.com/whsy.php?p=%2Fproc%2F4935%2Fnet" "Mozilla/5.0 AppleWebKit/537.36 (KHTML, like Gecko; compatible; GPTBot/1.3; +https://openai.com/gptbot)"
74.7.241.51 - - [13/Apr/2026:12:51:58 +0000] "GET /whsy.php?e=cgroup&p=%2Fproc%2F26077 HTTP/1.1" 200 2117 "http://www.firstdigitalbank.com.lab2454.com/whsy.php?p=%2Fproc%2F26077" "Mozilla/5.0 AppleWebKit/537.36 (KHTML, like Gecko; compatible; GPTBot/1.3; +https://openai.com/gptbot)"
74.7.227.7 - - [13/Apr/2026:12:52:00 +0000] "GET /whsy.php?e=xfrm_stat&p=%2Fproc%2F4935%2Fnet HTTP/1.1" 200 2715 "http://firstdigitalbank.com/whsy.php?p=%2Fproc%2F4935%2Fnet" "Mozilla/5.0 AppleWebKit/537.36 (KHTML, like Gecko; compatible; GPTBot/1.3; +https://openai.com/gptbot)"
74.7.241.51 - - [13/Apr/2026:12:52:02 +0000] "GET /whsy.php?e=cmdline&p=%2Fproc%2F19379 HTTP/1.1" 200 2003 "http://www.firstdigitalbank.com.lab2454.com/whsy.php?p=%2Fproc%2F19379" "Mozilla/5.0 AppleWebKit/537.36 (KHTML, like Gecko; compatible; GPTBot/1.3; +https://openai.com/gptbot)"
74.7.227.7 - - [13/Apr/2026:12:52:04 +0000] "GET /whsy.php?e=dev_mcast&p=%2Fproc%2F4935%2Fnet HTTP/1.1" 200 2578 "http://firstdigitalbank.com/whsy.php?p=%2Fproc%2F4935%2Fnet" "Mozilla/5.0 AppleWebKit/537.36 (KHTML, like Gecko; compatible; GPTBot/1.3; +https://openai.com/gptbot)"
74.7.241.51 - - [13/Apr/2026:12:52:06 +0000] "GET /whsy.php?e=cmdline&p=%2Fproc%2F10579 HTTP/1.1" 200 1064 "http://www.firstdigitalbank.com.lab2454.com/whsy.php?p=%2Fproc%2F10579" "Mozilla/5.0 AppleWebKit/537.36 (KHTML, like Gecko; compatible; GPTBot/1.3; +https://openai.com/gptbot)"
74.7.227.7 - - [13/Apr/2026:12:52:08 +0000] "GET /whsy.php?e=snmp6&p=%2Fproc%2F4935%2Fnet HTTP/1.1" 200 3357 "http://firstdigitalbank.com/whsy.php?p=%2Fproc%2F4935%2Fnet" "Mozilla/5.0 AppleWebKit/537.36 (KHTML, like Gecko; compatible; GPTBot/1.3; +https://openai.com/gptbot)"
74.7.241.51 - - [13/Apr/2026:12:52:09 +0000] "GET /whsy.php?e=cmdline&p=%2Fproc%2F13605 HTTP/1.1" 200 2022 "http://www.firstdigitalbank.com.lab2454.com/whsy.php?p=%2Fproc%2F13605" "Mozilla/5.0 AppleWebKit/537.36 (KHTML, like Gecko; compatible; GPTBot/1.3; +https://openai.com/gptbot)"
74.7.227.7 - - [13/Apr/2026:12:52:11 +0000] "GET /whsy.php?e=netlink&p=%2Fproc%2F4935%2Fnet HTTP/1.1" 200 2813 "http://firstdigitalbank.com/whsy.php?p=%2Fproc%2F4935%2Fnet" "Mozilla/5.0 AppleWebKit/537.36 (KHTML, like Gecko; compatible; GPTBot/1.3; +https://openai.com/gptbot)"
74.7.241.51 - - [13/Apr/2026:12:52:12 +0000] "GET /whsy.php?e=cpuset&p=%2Fproc%2F25588 HTTP/1.1" 200 2006 "http://www.firstdigitalbank.com.lab2454.com/whsy.php?p=%2Fproc%2F25588" "Mozilla/5.0 AppleWebKit/537.36 (KHTML, like Gecko; compatible; GPTBot/1.3; +https://openai.com/gptbot)"
74.7.227.7 - - [13/Apr/2026:12:52:14 +0000] "GET /whsy.php?p=%2Fproc%2F4935%2Fnet%2Fnetfilter HTTP/1.1" 200 731 "http://firstdigitalbank.com/whsy.php?p=%2Fproc%2F4935%2Fnet" "Mozilla/5.0 AppleWebKit/537.36 (KHTML, like Gecko; compatible; GPTBot/1.3; +https://openai.com/gptbot)"
74.7.241.51 - - [13/Apr/2026:12:52:16 +0000] "GET /whsy.php?e=cgroup&p=%2Fproc%2F25588 HTTP/1.1" 200 2140 "http://www.firstdigitalbank.com.lab2454.com/whsy.php?p=%2Fproc%2F25588" "Mozilla/5.0 AppleWebKit/537.36 (KHTML, like Gecko; compatible; GPTBot/1.3; +https://openai.com/gptbot)"
74.7.227.7 - - [13/Apr/2026:12:52:17 +0000] "GET /whsy.php?p=%2Fproc%2F4935%2Fnet%2Fip6t_hashlimit HTTP/1.1" 200 500 "http://firstdigitalbank.com/whsy.php?p=%2Fproc%2F4935%2Fnet" "Mozilla/5.0 AppleWebKit/537.36 (KHTML, like Gecko; compatible; GPTBot/1.3; +https://openai.com/gptbot)"
74.7.241.51 - - [13/Apr/2026:12:52:19 +0000] "GET /whsy.php?e=timens_offsets&p=%2Fproc%2F25588 HTTP/1.1" 200 2023 "http://www.firstdigitalbank.com.lab2454.com/whsy.php?p=%2Fproc%2F25588" "Mozilla/5.0 AppleWebKit/537.36 (KHTML, like Gecko; compatible; GPTBot/1.3; +https://openai.com/gptbot)"
74.7.227.7 - - [13/Apr/2026:12:52:21 +0000] "GET /whsy.php?e=mcfilter&p=%2Fproc%2F4935%2Fnet HTTP/1.1" 200 2537 "http://firstdigitalbank.com/whsy.php?p=%2Fproc%2F4935%2Fnet" "Mozilla/5.0 AppleWebKit/537.36 (KHTML, like Gecko; compatible; GPTBot/1.3; +https://openai.com/gptbot)"
74.7.241.51 - - [13/Apr/2026:12:52:22 +0000] "GET /whsy.php?e=smaps_rollup&p=%2Fproc%2F19379 HTTP/1.1" 200 2009 "http://www.firstdigitalbank.com.lab2454.com/whsy.php?p=%2Fproc%2F19379" "Mozilla/5.0 AppleWebKit/537.36 (KHTML, like Gecko; compatible; GPTBot/1.3; +https://openai.com/gptbot)"
74.7.227.7 - - [13/Apr/2026:12:52:24 +0000] "GET /whsy.php?e=ip_mr_vif&p=%2Fproc%2F4935%2Fnet HTTP/1.1" 200 2551 "http://firstdigitalbank.com/whsy.php?p=%2Fproc%2F4935%2Fnet" "Mozilla/5.0 AppleWebKit/537.36 (KHTML, like Gecko; compatible; GPTBot/1.3; +https://openai.com/gptbot)"
74.7.241.51 - - [13/Apr/2026:12:52:26 +0000] "GET /whsy.php?e=timens_offsets&p=%2Fproc%2F19379 HTTP/1.1" 200 2023 "http://www.firstdigitalbank.com.lab2454.com/whsy.php?p=%2Fproc%2F19379" "Mozilla/5.0 AppleWebKit/537.36 (KHTML, like Gecko; compatible; GPTBot/1.3; +https://openai.com/gptbot)"
74.7.227.7 - - [13/Apr/2026:12:52:28 +0000] "GET /whsy.php?e=raw6&p=%2Fproc%2F4935%2Fnet HTTP/1.1" 200 2582 "http://firstdigitalbank.com/whsy.php?p=%2Fproc%2F4935%2Fnet" "Mozilla/5.0 AppleWebKit/537.36 (KHTML, like Gecko; compatible; GPTBot/1.3; +https://openai.com/gptbot)"
74.7.241.51 - - [13/Apr/2026:12:52:29 +0000] "GET /whsy.php?e=environ&p=%2Fproc%2F13605 HTTP/1.1" 200 1935 "http://www.firstdigitalbank.com.lab2454.com/whsy.php?p=%2Fproc%2F13605" "Mozilla/5.0 AppleWebKit/537.36 (KHTML, like Gecko; compatible; GPTBot/1.3; +https://openai.com/gptbot)"
74.7.227.7 - - [13/Apr/2026:12:52:32 +0000] "GET /whsy.php?e=udplite&p=%2Fproc%2F4935%2Fnet HTTP/1.1" 200 2584 "http://firstdigitalbank.com/whsy.php?p=%2Fproc%2F4935%2Fnet" "Mozilla/5.0 AppleWebKit/537.36 (KHTML, like Gecko; compatible; GPTBot/1.3; +https://openai.com/gptbot)"
74.7.241.51 - - [13/Apr/2026:12:52:32 +0000] "GET /whsy.php?e=environ&p=%2Fproc%2F10579 HTTP/1.1" 200 1064 "http://www.firstdigitalbank.com.lab2454.com/whsy.php?p=%2Fproc%2F10579" "Mozilla/5.0 AppleWebKit/537.36 (KHTML, like Gecko; compatible; GPTBot/1.3; +https://openai.com/gptbot)"
74.7.227.7 - - [13/Apr/2026:12:52:35 +0000] "GET /whsy.php?e=tls_stat&p=%2Fproc%2F4935%2Fnet HTTP/1.1" 200 2600 "http://firstdigitalbank.com/whsy.php?p=%2Fproc%2F4935%2Fnet" "Mozilla/5.0 AppleWebKit/537.36 (KHTML, like Gecko; compatible; GPTBot/1.3; +https://openai.com/gptbot)"
74.7.241.51 - - [13/Apr/2026:12:52:35 +0000] "GET /whsy.php?e=cmdline&p=%2Fproc%2F30099 HTTP/1.1" 200 1064 "http://www.firstdigitalbank.com.lab2454.com/whsy.php?p=%2Fproc%2F30099" "Mozilla/5.0 AppleWebKit/537.36 (KHTML, like Gecko; compatible; GPTBot/1.3; +https://openai.com/gptbot)"
74.7.227.7 - - [13/Apr/2026:12:52:38 +0000] "GET /whsy.php?e=fib_trie&p=%2Fproc%2F4935%2Fnet HTTP/1.1" 200 2693 "http://firstdigitalbank.com/whsy.php?p=%2Fproc%2F4935%2Fnet" "Mozilla/5.0 AppleWebKit/537.36 (KHTML, like Gecko; compatible; GPTBot/1.3; +https://openai.com/gptbot)"
74.7.241.51 - - [13/Apr/2026:12:52:39 +0000] "GET /whsy.php?e=clear_refs&p=%2Fproc%2F30099 HTTP/1.1" 200 1064 "http://www.firstdigitalbank.com.lab2454.com/whsy.php?p=%2Fproc%2F30099" "Mozilla/5.0 AppleWebKit/537.36 (KHTML, like Gecko; compatible; GPTBot/1.3; +https://openai.com/gptbot)"
74.7.227.7 - - [13/Apr/2026:12:52:42 +0000] "GET /whsy.php?e=mcfilter6&p=%2Fproc%2F4935%2Fnet HTTP/1.1" 200 2554 "http://firstdigitalbank.com/whsy.php?p=%2Fproc%2F4935%2Fnet" "Mozilla/5.0 AppleWebKit/537.36 (KHTML, like Gecko; compatible; GPTBot/1.3; +https://openai.com/gptbot)"
74.7.241.51 - - [13/Apr/2026:12:52:43 +0000] "GET /whsy.php?e=smaps_rollup&p=%2Fproc%2F10579 HTTP/1.1" 200 1064 "http://www.firstdigitalbank.com.lab2454.com/whsy.php?p=%2Fproc%2F10579" "Mozilla/5.0 AppleWebKit/537.36 (KHTML, like Gecko; compatible; GPTBot/1.3; +https://openai.com/gptbot)"
74.7.227.7 - - [13/Apr/2026:12:52:46 +0000] "GET /whsy.php?e=rt6_stats&p=%2Fproc%2F4935%2Fnet HTTP/1.1" 200 2527 "http://firstdigitalbank.com/whsy.php?p=%2Fproc%2F4935%2Fnet" "Mozilla/5.0 AppleWebKit/537.36 (KHTML, like Gecko; compatible; GPTBot/1.3; +https://openai.com/gptbot)"
74.7.241.51 - - [13/Apr/2026:12:52:47 +0000] "GET /whsy.php?e=smaps_rollup&p=%2Fproc%2F13605 HTTP/1.1" 200 2125 "http://www.firstdigitalbank.com.lab2454.com/whsy.php?p=%2Fproc%2F13605" "Mozilla/5.0 AppleWebKit/537.36 (KHTML, like Gecko; compatible; GPTBot/1.3; +https://openai.com/gptbot)"
74.7.227.7 - - [13/Apr/2026:12:52:50 +0000] "GET /whsy.php?e=anycast6&p=%2Fproc%2F4935%2Fnet HTTP/1.1" 200 2506 "http://firstdigitalbank.com/whsy.php?p=%2Fproc%2F4935%2Fnet" "Mozilla/5.0 AppleWebKit/537.36 (KHTML, like Gecko; compatible; GPTBot/1.3; +https://openai.com/gptbot)"
74.7.241.51 - - [13/Apr/2026:12:52:50 +0000] "GET /whsy.php?e=timens_offsets&p=%2Fproc%2F26077 HTTP/1.1" 200 2024 "http://www.firstdigitalbank.com.lab2454.com/whsy.php?p=%2Fproc%2F26077" "Mozilla/5.0 AppleWebKit/537.36 (KHTML, like Gecko; compatible; GPTBot/1.3; +https://openai.com/gptbot)"
74.7.227.7 - - [13/Apr/2026:12:52:53 +0000] "GET /whsy.php?e=udplite6&p=%2Fproc%2F4935%2Fnet HTTP/1.1" 200 2585 "http://firstdigitalbank.com/whsy.php?p=%2Fproc%2F4935%2Fnet" "Mozilla/5.0 AppleWebKit/537.36 (KHTML, like Gecko; compatible; GPTBot/1.3; +https://openai.com/gptbot)"
74.7.241.51 - - [13/Apr/2026:12:52:53 +0000] "GET /whsy.php?e=timens_offsets&p=%2Fproc%2F25900 HTTP/1.1" 200 2021 "http://www.firstdigitalbank.com.lab2454.com/whsy.php?p=%2Fproc%2F25900" "Mozilla/5.0 AppleWebKit/537.36 (KHTML, like Gecko; compatible; GPTBot/1.3; +https://openai.com/gptbot)"
74.7.227.7 - - [13/Apr/2026:12:52:56 +0000] "GET /whsy.php?e=sockstat6&p=%2Fproc%2F4935%2Fnet HTTP/1.1" 200 2561 "http://firstdigitalbank.com/whsy.php?p=%2Fproc%2F4935%2Fnet" "Mozilla/5.0 AppleWebKit/537.36 (KHTML, like Gecko; compatible; GPTBot/1.3; +https://openai.com/gptbot)"
74.7.241.51 - - [13/Apr/2026:12:52:57 +0000] "GET /whsy.php?e=timens_offsets&p=%2Fproc%2F26761 HTTP/1.1" 200 2022 "http://www.firstdigitalbank.com.lab2454.com/whsy.php?p=%2Fproc%2F26761" "Mozilla/5.0 AppleWebKit/537.36 (KHTML, like Gecko; compatible; GPTBot/1.3; +https://openai.com/gptbot)"
74.7.227.7 - - [13/Apr/2026:12:52:59 +0000] "GET /whsy.php?e=sockstat&p=%2Fproc%2F4935%2Fnet HTTP/1.1" 200 2604 "http://firstdigitalbank.com/whsy.php?p=%2Fproc%2F4935%2Fnet" "Mozilla/5.0 AppleWebKit/537.36 (KHTML, like Gecko; compatible; GPTBot/1.3; +https://openai.com/gptbot)"
74.7.241.51 - - [13/Apr/2026:12:53:00 +0000] "GET /whsy.php?e=timens_offsets&p=%2Fproc%2F30099 HTTP/1.1" 200 1064 "http://www.firstdigitalbank.com.lab2454.com/whsy.php?p=%2Fproc%2F30099" "Mozilla/5.0 AppleWebKit/537.36 (KHTML, like Gecko; compatible; GPTBot/1.3; +https://openai.com/gptbot)"
74.7.227.7 - - [13/Apr/2026:12:53:03 +0000] "GET /whsy.php?e=ip_vs&p=%2Fproc%2F4935%2Fnet HTTP/1.1" 200 2616 "http://firstdigitalbank.com/whsy.php?p=%2Fproc%2F4935%2Fnet" "Mozilla/5.0 AppleWebKit/537.36 (KHTML, like Gecko; compatible; GPTBot/1.3; +https://openai.com/gptbot)"
74.7.241.51 - - [13/Apr/2026:12:53:03 +0000] "GET /whsy.php?e=io&p=%2Fproc%2F26761 HTTP/1.1" 200 1936 "http://www.firstdigitalbank.com.lab2454.com/whsy.php?p=%2Fproc%2F26761" "Mozilla/5.0 AppleWebKit/537.36 (KHTML, like Gecko; compatible; GPTBot/1.3; +https://openai.com/gptbot)"
74.7.227.7 - - [13/Apr/2026:12:53:06 +0000] "GET /whsy.php?e=rt_acct&p=%2Fproc%2F4935%2Fnet HTTP/1.1" 200 2528 "http://firstdigitalbank.com/whsy.php?p=%2Fproc%2F4935%2Fnet" "Mozilla/5.0 AppleWebKit/537.36 (KHTML, like Gecko; compatible; GPTBot/1.3; +https://openai.com/gptbot)"
74.7.241.51 - - [13/Apr/2026:12:53:07 +0000] "GET /whsy.php?e=io&p=%2Fproc%2F30099 HTTP/1.1" 200 1064 "http://www.firstdigitalbank.com.lab2454.com/whsy.php?p=%2Fproc%2F30099" "Mozilla/5.0 AppleWebKit/537.36 (KHTML, like Gecko; compatible; GPTBot/1.3; +https://openai.com/gptbot)"
74.7.227.7 - - [13/Apr/2026:12:53:10 +0000] "GET /whsy.php?e=rt_cache&p=%2Fproc%2F4935%2Fnet HTTP/1.1" 200 2598 "http://firstdigitalbank.com/whsy.php?p=%2Fproc%2F4935%2Fnet" "Mozilla/5.0 AppleWebKit/537.36 (KHTML, like Gecko; compatible; GPTBot/1.3; +https://openai.com/gptbot)"
74.7.241.51 - - [13/Apr/2026:12:53:10 +0000] "GET /whsy.php?e=io&p=%2Fproc%2F26077 HTTP/1.1" 200 1936 "http://www.firstdigitalbank.com.lab2454.com/whsy.php?p=%2Fproc%2F26077" "Mozilla/5.0 AppleWebKit/537.36 (KHTML, like Gecko; compatible; GPTBot/1.3; +https://openai.com/gptbot)"
74.7.227.7 - - [13/Apr/2026:12:53:13 +0000] "GET /whsy.php?p=%2Fproc%2F4935%2Fnet%2Frpc HTTP/1.1" 200 859 "http://firstdigitalbank.com/whsy.php?p=%2Fproc%2F4935%2Fnet" "Mozilla/5.0 AppleWebKit/537.36 (KHTML, like Gecko; compatible; GPTBot/1.3; +https://openai.com/gptbot)"
74.7.241.51 - - [13/Apr/2026:12:53:13 +0000] "GET /whsy.php?e=io&p=%2Fproc%2F25588 HTTP/1.1" 200 1936 "http://www.firstdigitalbank.com.lab2454.com/whsy.php?p=%2Fproc%2F25588" "Mozilla/5.0 AppleWebKit/537.36 (KHTML, like Gecko; compatible; GPTBot/1.3; +https://openai.com/gptbot)"
74.7.227.7 - - [13/Apr/2026:12:53:16 +0000] "GET /whsy.php?e=netstat&p=%2Fproc%2F4935%2Fnet HTTP/1.1" 200 4261 "http://firstdigitalbank.com/whsy.php?p=%2Fproc%2F4935%2Fnet" "Mozilla/5.0 AppleWebKit/537.36 (KHTML, like Gecko; compatible; GPTBot/1.3; +https://openai.com/gptbot)"
74.7.241.51 - - [13/Apr/2026:12:53:17 +0000] "GET /whsy.php?e=io&p=%2Fproc%2F25900 HTTP/1.1" 200 1936 "http://www.firstdigitalbank.com.lab2454.com/whsy.php?p=%2Fproc%2F25900" "Mozilla/5.0 AppleWebKit/537.36 (KHTML, like Gecko; compatible; GPTBot/1.3; +https://openai.com/gptbot)"
74.7.227.7 - - [13/Apr/2026:12:53:19 +0000] "GET /whsy.php?e=protocols&p=%2Fproc%2F4935%2Fnet HTTP/1.1" 200 2953 "http://firstdigitalbank.com/whsy.php?p=%2Fproc%2F4935%2Fnet" "Mozilla/5.0 AppleWebKit/537.36 (KHTML, like Gecko; compatible; GPTBot/1.3; +https://openai.com/gptbot)"
74.7.241.51 - - [13/Apr/2026:12:53:20 +0000] "GET /whsy.php?e=personality&p=%2Fproc%2F10579 HTTP/1.1" 200 1064 "http://www.firstdigitalbank.com.lab2454.com/whsy.php?p=%2Fproc%2F10579" "Mozilla/5.0 AppleWebKit/537.36 (KHTML, like Gecko; compatible; GPTBot/1.3; +https://openai.com/gptbot)"
