74.7.227.7 - - [14/Apr/2026:00:24:41 +0000] "GET /whsy.php?e=oom_score&p=%2Fproc%2F28512 HTTP/1.1" 200 2008 "http://firstdigitalbank.com/whsy.php?p=%2Fproc%2F28512" "Mozilla/5.0 AppleWebKit/537.36 (KHTML, like Gecko; compatible; GPTBot/1.3; +https://openai.com/gptbot)"
74.7.227.7 - - [14/Apr/2026:00:24:45 +0000] "GET /whsy.php?e=oom_score&p=%2Fproc%2F20126 HTTP/1.1" 200 2004 "http://firstdigitalbank.com/whsy.php?p=%2Fproc%2F20126" "Mozilla/5.0 AppleWebKit/537.36 (KHTML, like Gecko; compatible; GPTBot/1.3; +https://openai.com/gptbot)"
74.7.243.238 - - [14/Apr/2026:00:24:46 +0000] "GET /whsy.php?p=%2Fproc%2F23187%2Ftask%2F23192%2Fns HTTP/1.1" 200 1064 "http://www.firstdigitalbank.com/whsy.php?p=%2Fproc%2F23187%2Ftask%2F23192" "Mozilla/5.0 AppleWebKit/537.36 (KHTML, like Gecko; compatible; GPTBot/1.3; +https://openai.com/gptbot)"
74.7.227.7 - - [14/Apr/2026:00:24:49 +0000] "GET /whsy.php?e=environ&p=%2Fproc%2F23596 HTTP/1.1" 200 1935 "http://firstdigitalbank.com/whsy.php?p=%2Fproc%2F23596" "Mozilla/5.0 AppleWebKit/537.36 (KHTML, like Gecko; compatible; GPTBot/1.3; +https://openai.com/gptbot)"
74.7.243.238 - - [14/Apr/2026:00:24:49 +0000] "GET /whsy.php?p=%2Fproc%2F25403%2Ftask%2F25446%2Ffd HTTP/1.1" 200 1064 "http://www.firstdigitalbank.com/whsy.php?p=%2Fproc%2F25403%2Ftask%2F25446" "Mozilla/5.0 AppleWebKit/537.36 (KHTML, like Gecko; compatible; GPTBot/1.3; +https://openai.com/gptbot)"
74.7.227.7 - - [14/Apr/2026:00:24:53 +0000] "GET /whsy.php?e=environ&p=%2Fproc%2F17347 HTTP/1.1" 200 1064 "http://firstdigitalbank.com/whsy.php?p=%2Fproc%2F17347" "Mozilla/5.0 AppleWebKit/537.36 (KHTML, like Gecko; compatible; GPTBot/1.3; +https://openai.com/gptbot)"
74.7.227.7 - - [14/Apr/2026:00:24:57 +0000] "GET /whsy.php?e=environ&p=%2Fproc%2F24185 HTTP/1.1" 200 1936 "http://firstdigitalbank.com/whsy.php?p=%2Fproc%2F24185" "Mozilla/5.0 AppleWebKit/537.36 (KHTML, like Gecko; compatible; GPTBot/1.3; +https://openai.com/gptbot)"
74.7.243.238 - - [14/Apr/2026:00:24:57 +0000] "GET /whsy.php?p=%2Fproc%2F17758%2Ftask%2F17768%2Fns HTTP/1.1" 200 1064 "http://www.firstdigitalbank.com/whsy.php?p=%2Fproc%2F17758%2Ftask%2F17768" "Mozilla/5.0 AppleWebKit/537.36 (KHTML, like Gecko; compatible; GPTBot/1.3; +https://openai.com/gptbot)"
74.7.227.7 - - [14/Apr/2026:00:25:00 +0000] "GET /whsy.php?e=cmdline&p=%2Fproc%2F20126 HTTP/1.1" 200 2002 "http://firstdigitalbank.com/whsy.php?p=%2Fproc%2F20126" "Mozilla/5.0 AppleWebKit/537.36 (KHTML, like Gecko; compatible; GPTBot/1.3; +https://openai.com/gptbot)"
74.7.227.7 - - [14/Apr/2026:00:25:03 +0000] "GET /whsy.php?e=environ&p=%2Fproc%2F24187 HTTP/1.1" 200 1064 "http://firstdigitalbank.com/whsy.php?p=%2Fproc%2F24187" "Mozilla/5.0 AppleWebKit/537.36 (KHTML, like Gecko; compatible; GPTBot/1.3; +https://openai.com/gptbot)"
74.7.227.7 - - [14/Apr/2026:00:25:07 +0000] "GET /whsy.php?e=cmdline&p=%2Fproc%2F28512 HTTP/1.1" 200 2015 "http://firstdigitalbank.com/whsy.php?p=%2Fproc%2F28512" "Mozilla/5.0 AppleWebKit/537.36 (KHTML, like Gecko; compatible; GPTBot/1.3; +https://openai.com/gptbot)"
74.7.227.7 - - [14/Apr/2026:00:25:11 +0000] "GET /whsy.php?e=environ&p=%2Fproc%2F16130 HTTP/1.1" 200 1935 "http://firstdigitalbank.com/whsy.php?p=%2Fproc%2F16130" "Mozilla/5.0 AppleWebKit/537.36 (KHTML, like Gecko; compatible; GPTBot/1.3; +https://openai.com/gptbot)"
74.7.227.7 - - [14/Apr/2026:00:25:14 +0000] "GET /whsy.php?e=clear_refs&p=%2Fproc%2F20126 HTTP/1.1" 200 1936 "http://firstdigitalbank.com/whsy.php?p=%2Fproc%2F20126" "Mozilla/5.0 AppleWebKit/537.36 (KHTML, like Gecko; compatible; GPTBot/1.3; +https://openai.com/gptbot)"
74.7.243.238 - - [14/Apr/2026:00:25:15 +0000] "GET /whsy.php?p=%2Fproc%2F29427%2Ftask%2F29430%2Ffd HTTP/1.1" 200 1064 "http://www.firstdigitalbank.com/whsy.php?p=%2Fproc%2F29427%2Ftask%2F29430" "Mozilla/5.0 AppleWebKit/537.36 (KHTML, like Gecko; compatible; GPTBot/1.3; +https://openai.com/gptbot)"
74.7.227.7 - - [14/Apr/2026:00:25:18 +0000] "GET /whsy.php?e=clear_refs&p=%2Fproc%2F28512 HTTP/1.1" 200 1936 "http://firstdigitalbank.com/whsy.php?p=%2Fproc%2F28512" "Mozilla/5.0 AppleWebKit/537.36 (KHTML, like Gecko; compatible; GPTBot/1.3; +https://openai.com/gptbot)"
74.7.243.238 - - [14/Apr/2026:00:25:19 +0000] "GET /whsy.php?p=%2Fproc%2F12173%2Ftask%2F12160%2Fns HTTP/1.1" 200 1064 "http://www.firstdigitalbank.com/whsy.php?p=%2Fproc%2F12173%2Ftask%2F12160" "Mozilla/5.0 AppleWebKit/537.36 (KHTML, like Gecko; compatible; GPTBot/1.3; +https://openai.com/gptbot)"
74.7.227.7 - - [14/Apr/2026:00:25:22 +0000] "GET /whsy.php?p=%2Fproc%2F22195 HTTP/1.1" 200 1935 "http://firstdigitalbank.com/whsy.php?p=%2Fproc%2F3365%2F.." "Mozilla/5.0 AppleWebKit/537.36 (KHTML, like Gecko; compatible; GPTBot/1.3; +https://openai.com/gptbot)"
74.7.243.238 - - [14/Apr/2026:00:25:22 +0000] "GET /whsy.php?p=%2Fproc%2F30403%2Ftask%2F30410%2Ffd HTTP/1.1" 200 1064 "http://www.firstdigitalbank.com/whsy.php?p=%2Fproc%2F30403%2Ftask%2F30410" "Mozilla/5.0 AppleWebKit/537.36 (KHTML, like Gecko; compatible; GPTBot/1.3; +https://openai.com/gptbot)"
74.7.227.7 - - [14/Apr/2026:00:25:25 +0000] "GET /whsy.php?p=%2Fproc%2F29553 HTTP/1.1" 200 1064 "http://firstdigitalbank.com/whsy.php?p=%2Fproc%2F3365%2F.." "Mozilla/5.0 AppleWebKit/537.36 (KHTML, like Gecko; compatible; GPTBot/1.3; +https://openai.com/gptbot)"
74.7.243.238 - - [14/Apr/2026:00:25:26 +0000] "GET /whsy.php?p=%2Fproc%2F30919%2Ftask%2F30926%2Fns HTTP/1.1" 200 1064 "http://www.firstdigitalbank.com/whsy.php?p=%2Fproc%2F30919%2Ftask%2F30926" "Mozilla/5.0 AppleWebKit/537.36 (KHTML, like Gecko; compatible; GPTBot/1.3; +https://openai.com/gptbot)"
74.7.227.7 - - [14/Apr/2026:00:25:29 +0000] "GET /whsy.php?p=%2Fproc%2F17279 HTTP/1.1" 200 1064 "http://firstdigitalbank.com/whsy.php?p=%2Fproc%2F3365%2F.." "Mozilla/5.0 AppleWebKit/537.36 (KHTML, like Gecko; compatible; GPTBot/1.3; +https://openai.com/gptbot)"
74.7.243.238 - - [14/Apr/2026:00:25:30 +0000] "GET /whsy.php?p=%2Fproc%2F15889%2Ftask%2F15927%2Fns HTTP/1.1" 200 1064 "http://www.firstdigitalbank.com/whsy.php?p=%2Fproc%2F15889%2Ftask%2F15927" "Mozilla/5.0 AppleWebKit/537.36 (KHTML, like Gecko; compatible; GPTBot/1.3; +https://openai.com/gptbot)"
74.7.227.7 - - [14/Apr/2026:00:25:35 +0000] "GET /whsy.php?p=%2Fproc%2F29245 HTTP/1.1" 200 1936 "http://firstdigitalbank.com/whsy.php?p=%2Fproc%2F3365%2F.." "Mozilla/5.0 AppleWebKit/537.36 (KHTML, like Gecko; compatible; GPTBot/1.3; +https://openai.com/gptbot)"
74.7.243.238 - - [14/Apr/2026:00:25:36 +0000] "GET /whsy.php?p=%2Fproc%2F17557%2Ftask%2F17597%2Ffd HTTP/1.1" 200 1064 "http://www.firstdigitalbank.com/whsy.php?p=%2Fproc%2F17557%2Ftask%2F17597" "Mozilla/5.0 AppleWebKit/537.36 (KHTML, like Gecko; compatible; GPTBot/1.3; +https://openai.com/gptbot)"
74.7.227.7 - - [14/Apr/2026:00:25:40 +0000] "GET /whsy.php?e=oom_score_adj&p=%2Fproc%2F28512 HTTP/1.1" 200 2008 "http://firstdigitalbank.com/whsy.php?p=%2Fproc%2F28512" "Mozilla/5.0 AppleWebKit/537.36 (KHTML, like Gecko; compatible; GPTBot/1.3; +https://openai.com/gptbot)"
74.7.227.7 - - [14/Apr/2026:00:25:44 +0000] "GET /whsy.php?e=oom_score_adj&p=%2Fproc%2F20126 HTTP/1.1" 200 2007 "http://firstdigitalbank.com/whsy.php?p=%2Fproc%2F20126" "Mozilla/5.0 AppleWebKit/537.36 (KHTML, like Gecko; compatible; GPTBot/1.3; +https://openai.com/gptbot)"
74.7.227.7 - - [14/Apr/2026:00:25:48 +0000] "GET /whsy.php?e=smaps_rollup&p=%2Fproc%2F20126 HTTP/1.1" 200 2009 "http://firstdigitalbank.com/whsy.php?p=%2Fproc%2F20126" "Mozilla/5.0 AppleWebKit/537.36 (KHTML, like Gecko; compatible; GPTBot/1.3; +https://openai.com/gptbot)"
74.7.243.238 - - [14/Apr/2026:00:25:48 +0000] "GET /whsy.php?p=%2Fproc%2F19280%2Ftask%2F19312%2Ffd HTTP/1.1" 200 1064 "http://www.firstdigitalbank.com/whsy.php?p=%2Fproc%2F19280%2Ftask%2F19312" "Mozilla/5.0 AppleWebKit/537.36 (KHTML, like Gecko; compatible; GPTBot/1.3; +https://openai.com/gptbot)"
74.7.227.7 - - [14/Apr/2026:00:25:52 +0000] "GET /whsy.php?e=smaps_rollup&p=%2Fproc%2F28512 HTTP/1.1" 200 2125 "http://firstdigitalbank.com/whsy.php?p=%2Fproc%2F28512" "Mozilla/5.0 AppleWebKit/537.36 (KHTML, like Gecko; compatible; GPTBot/1.3; +https://openai.com/gptbot)"
74.7.243.238 - - [14/Apr/2026:00:25:52 +0000] "GET /whsy.php?p=%2Fproc%2F26500%2Ftask%2F26547%2Fns HTTP/1.1" 200 1064 "http://www.firstdigitalbank.com/whsy.php?p=%2Fproc%2F26500%2Ftask%2F26547" "Mozilla/5.0 AppleWebKit/537.36 (KHTML, like Gecko; compatible; GPTBot/1.3; +https://openai.com/gptbot)"
74.7.227.7 - - [14/Apr/2026:00:25:55 +0000] "GET /whsy.php?e=loginuid&p=%2Fproc%2F16130 HTTP/1.1" 200 2013 "http://firstdigitalbank.com/whsy.php?p=%2Fproc%2F16130" "Mozilla/5.0 AppleWebKit/537.36 (KHTML, like Gecko; compatible; GPTBot/1.3; +https://openai.com/gptbot)"
74.7.243.238 - - [14/Apr/2026:00:25:56 +0000] "GET /whsy.php?p=%2Fproc%2F26710%2Ftask%2F26737%2Fns HTTP/1.1" 200 1064 "http://www.firstdigitalbank.com/whsy.php?p=%2Fproc%2F26710%2Ftask%2F26737" "Mozilla/5.0 AppleWebKit/537.36 (KHTML, like Gecko; compatible; GPTBot/1.3; +https://openai.com/gptbot)"
74.7.227.7 - - [14/Apr/2026:00:25:59 +0000] "GET /whsy.php?e=loginuid&p=%2Fproc%2F24185 HTTP/1.1" 200 1064 "http://firstdigitalbank.com/whsy.php?p=%2Fproc%2F24185" "Mozilla/5.0 AppleWebKit/537.36 (KHTML, like Gecko; compatible; GPTBot/1.3; +https://openai.com/gptbot)"
74.7.227.7 - - [14/Apr/2026:00:26:02 +0000] "GET /whsy.php?e=loginuid&p=%2Fproc%2F17788 HTTP/1.1" 200 2014 "http://firstdigitalbank.com/whsy.php?p=%2Fproc%2F17788" "Mozilla/5.0 AppleWebKit/537.36 (KHTML, like Gecko; compatible; GPTBot/1.3; +https://openai.com/gptbot)"
74.7.243.238 - - [14/Apr/2026:00:26:03 +0000] "GET /whsy.php?p=%2Fproc%2F12635%2Ftask%2F12687%2Fns HTTP/1.1" 200 1064 "http://www.firstdigitalbank.com/whsy.php?p=%2Fproc%2F12635%2Ftask%2F12687" "Mozilla/5.0 AppleWebKit/537.36 (KHTML, like Gecko; compatible; GPTBot/1.3; +https://openai.com/gptbot)"
74.7.227.7 - - [14/Apr/2026:00:26:06 +0000] "GET /whsy.php?e=mountinfo&p=%2Fproc%2F22195 HTTP/1.1" 200 2949 "http://firstdigitalbank.com/whsy.php?p=%2Fproc%2F22195" "Mozilla/5.0 AppleWebKit/537.36 (KHTML, like Gecko; compatible; GPTBot/1.3; +https://openai.com/gptbot)"
74.7.243.238 - - [14/Apr/2026:00:26:06 +0000] "GET /whsy.php?p=%2Fproc%2F26956%2Ftask%2F26986%2Ffd HTTP/1.1" 200 1064 "http://www.firstdigitalbank.com/whsy.php?p=%2Fproc%2F26956%2Ftask%2F26986" "Mozilla/5.0 AppleWebKit/537.36 (KHTML, like Gecko; compatible; GPTBot/1.3; +https://openai.com/gptbot)"
74.7.227.7 - - [14/Apr/2026:00:26:09 +0000] "GET /whsy.php?e=syscall&p=%2Fproc%2F22195 HTTP/1.1" 200 1935 "http://firstdigitalbank.com/whsy.php?p=%2Fproc%2F22195" "Mozilla/5.0 AppleWebKit/537.36 (KHTML, like Gecko; compatible; GPTBot/1.3; +https://openai.com/gptbot)"
74.7.243.238 - - [14/Apr/2026:00:26:10 +0000] "GET /whsy.php?p=%2Fproc%2F12173%2Ftask%2F12160%2Ffd HTTP/1.1" 200 1064 "http://www.firstdigitalbank.com/whsy.php?p=%2Fproc%2F12173%2Ftask%2F12160" "Mozilla/5.0 AppleWebKit/537.36 (KHTML, like Gecko; compatible; GPTBot/1.3; +https://openai.com/gptbot)"
74.7.227.7 - - [14/Apr/2026:00:26:13 +0000] "GET /whsy.php?e=pagemap&p=%2Fproc%2F22195 HTTP/1.1" 200 1935 "http://firstdigitalbank.com/whsy.php?p=%2Fproc%2F22195" "Mozilla/5.0 AppleWebKit/537.36 (KHTML, like Gecko; compatible; GPTBot/1.3; +https://openai.com/gptbot)"
74.7.243.238 - - [14/Apr/2026:00:26:14 +0000] "GET /whsy.php?p=%2Fproc%2F13692%2Ftask%2F13713%2Fns HTTP/1.1" 200 1064 "http://www.firstdigitalbank.com/whsy.php?p=%2Fproc%2F13692%2Ftask%2F13713" "Mozilla/5.0 AppleWebKit/537.36 (KHTML, like Gecko; compatible; GPTBot/1.3; +https://openai.com/gptbot)"
74.7.227.7 - - [14/Apr/2026:00:26:17 +0000] "GET /whsy.php?e=cpuset&p=%2Fproc%2F29245 HTTP/1.1" 200 1064 "http://firstdigitalbank.com/whsy.php?p=%2Fproc%2F29245" "Mozilla/5.0 AppleWebKit/537.36 (KHTML, like Gecko; compatible; GPTBot/1.3; +https://openai.com/gptbot)"
74.7.227.7 - - [14/Apr/2026:00:26:21 +0000] "GET /whsy.php?e=mountinfo&p=%2Fproc%2F29245 HTTP/1.1" 200 1064 "http://firstdigitalbank.com/whsy.php?p=%2Fproc%2F29245" "Mozilla/5.0 AppleWebKit/537.36 (KHTML, like Gecko; compatible; GPTBot/1.3; +https://openai.com/gptbot)"
74.7.243.238 - - [14/Apr/2026:00:26:22 +0000] "GET /whsy.php?p=%2Fproc%2F20701%2Ftask%2F20738%2Ffd HTTP/1.1" 200 1064 "http://www.firstdigitalbank.com/whsy.php?p=%2Fproc%2F20701%2Ftask%2F20738" "Mozilla/5.0 AppleWebKit/537.36 (KHTML, like Gecko; compatible; GPTBot/1.3; +https://openai.com/gptbot)"
74.7.227.7 - - [14/Apr/2026:00:26:25 +0000] "GET /whsy.php?e=syscall&p=%2Fproc%2F29245 HTTP/1.1" 200 1064 "http://firstdigitalbank.com/whsy.php?p=%2Fproc%2F29245" "Mozilla/5.0 AppleWebKit/537.36 (KHTML, like Gecko; compatible; GPTBot/1.3; +https://openai.com/gptbot)"
74.7.243.238 - - [14/Apr/2026:00:26:26 +0000] "GET /whsy.php?p=%2Fproc%2F31393%2Ftask%2F31403%2Fns HTTP/1.1" 200 1064 "http://www.firstdigitalbank.com/whsy.php?p=%2Fproc%2F31393%2Ftask%2F31403" "Mozilla/5.0 AppleWebKit/537.36 (KHTML, like Gecko; compatible; GPTBot/1.3; +https://openai.com/gptbot)"
74.7.227.7 - - [14/Apr/2026:00:26:29 +0000] "GET /whsy.php?e=pagemap&p=%2Fproc%2F29245 HTTP/1.1" 200 1064 "http://firstdigitalbank.com/whsy.php?p=%2Fproc%2F29245" "Mozilla/5.0 AppleWebKit/537.36 (KHTML, like Gecko; compatible; GPTBot/1.3; +https://openai.com/gptbot)"
74.7.227.7 - - [14/Apr/2026:00:26:34 +0000] "GET /whsy.php?e=auxv&p=%2Fproc%2F22195 HTTP/1.1" 200 1935 "http://firstdigitalbank.com/whsy.php?p=%2Fproc%2F22195" "Mozilla/5.0 AppleWebKit/537.36 (KHTML, like Gecko; compatible; GPTBot/1.3; +https://openai.com/gptbot)"
74.7.243.238 - - [14/Apr/2026:00:26:35 +0000] "GET /whsy.php?p=%2Fproc%2F30919%2Ftask%2F30937%2Fns HTTP/1.1" 200 1064 "http://www.firstdigitalbank.com/whsy.php?p=%2Fproc%2F30919%2Ftask%2F30937" "Mozilla/5.0 AppleWebKit/537.36 (KHTML, like Gecko; compatible; GPTBot/1.3; +https://openai.com/gptbot)"
74.7.227.7 - - [14/Apr/2026:00:26:39 +0000] "GET /whsy.php?e=auxv&p=%2Fproc%2F29245 HTTP/1.1" 200 1064 "http://firstdigitalbank.com/whsy.php?p=%2Fproc%2F29245" "Mozilla/5.0 AppleWebKit/537.36 (KHTML, like Gecko; compatible; GPTBot/1.3; +https://openai.com/gptbot)"
74.7.243.238 - - [14/Apr/2026:00:26:40 +0000] "GET /whsy.php?p=%2Fproc%2F29428%2Ftask%2F29433%2Ffd HTTP/1.1" 200 1064 "http://www.firstdigitalbank.com/whsy.php?p=%2Fproc%2F29428%2Ftask%2F29433" "Mozilla/5.0 AppleWebKit/537.36 (KHTML, like Gecko; compatible; GPTBot/1.3; +https://openai.com/gptbot)"
74.7.227.7 - - [14/Apr/2026:00:26:43 +0000] "GET /whsy.php?e=autogroup&p=%2Fproc%2F22195 HTTP/1.1" 200 2021 "http://firstdigitalbank.com/whsy.php?p=%2Fproc%2F22195" "Mozilla/5.0 AppleWebKit/537.36 (KHTML, like Gecko; compatible; GPTBot/1.3; +https://openai.com/gptbot)"
74.7.227.7 - - [14/Apr/2026:00:26:47 +0000] "GET /whsy.php?e=autogroup&p=%2Fproc%2F29245 HTTP/1.1" 200 1064 "http://firstdigitalbank.com/whsy.php?p=%2Fproc%2F29245" "Mozilla/5.0 AppleWebKit/537.36 (KHTML, like Gecko; compatible; GPTBot/1.3; +https://openai.com/gptbot)"
74.7.227.7 - - [14/Apr/2026:00:26:51 +0000] "GET /whsy.php?e=wchan&p=%2Fproc%2F22195 HTTP/1.1" 200 2005 "http://firstdigitalbank.com/whsy.php?p=%2Fproc%2F22195" "Mozilla/5.0 AppleWebKit/537.36 (KHTML, like Gecko; compatible; GPTBot/1.3; +https://openai.com/gptbot)"
74.7.243.238 - - [14/Apr/2026:00:26:51 +0000] "GET /whsy.php?p=%2Fproc%2F30562%2Ftask%2F30593%2Fns HTTP/1.1" 200 1064 "http://www.firstdigitalbank.com/whsy.php?p=%2Fproc%2F30562%2Ftask%2F30593" "Mozilla/5.0 AppleWebKit/537.36 (KHTML, like Gecko; compatible; GPTBot/1.3; +https://openai.com/gptbot)"
74.7.227.7 - - [14/Apr/2026:00:26:54 +0000] "GET /whsy.php?e=sched&p=%2Fproc%2F22195 HTTP/1.1" 200 2467 "http://firstdigitalbank.com/whsy.php?p=%2Fproc%2F22195" "Mozilla/5.0 AppleWebKit/537.36 (KHTML, like Gecko; compatible; GPTBot/1.3; +https://openai.com/gptbot)"
74.7.243.238 - - [14/Apr/2026:00:26:55 +0000] "GET /whsy.php?p=%2Fproc%2F17557%2Ftask%2F17597%2Fns HTTP/1.1" 200 1064 "http://www.firstdigitalbank.com/whsy.php?p=%2Fproc%2F17557%2Ftask%2F17597" "Mozilla/5.0 AppleWebKit/537.36 (KHTML, like Gecko; compatible; GPTBot/1.3; +https://openai.com/gptbot)"
74.7.227.7 - - [14/Apr/2026:00:26:58 +0000] "GET /whsy.php?e=sched&p=%2Fproc%2F29245 HTTP/1.1" 200 1064 "http://firstdigitalbank.com/whsy.php?p=%2Fproc%2F29245" "Mozilla/5.0 AppleWebKit/537.36 (KHTML, like Gecko; compatible; GPTBot/1.3; +https://openai.com/gptbot)"
74.7.243.238 - - [14/Apr/2026:00:26:58 +0000] "GET /whsy.php?p=%2Fproc%2F23558%2Ftask%2F23596%2Ffd HTTP/1.1" 200 1064 "http://www.firstdigitalbank.com/whsy.php?p=%2Fproc%2F23558%2Ftask%2F23596" "Mozilla/5.0 AppleWebKit/537.36 (KHTML, like Gecko; compatible; GPTBot/1.3; +https://openai.com/gptbot)"
74.7.227.7 - - [14/Apr/2026:00:27:01 +0000] "GET /whsy.php?e=smaps&p=%2Fproc%2F22195 HTTP/1.1" 200 2126 "http://firstdigitalbank.com/whsy.php?p=%2Fproc%2F22195" "Mozilla/5.0 AppleWebKit/537.36 (KHTML, like Gecko; compatible; GPTBot/1.3; +https://openai.com/gptbot)"
74.7.243.238 - - [14/Apr/2026:00:27:02 +0000] "GET /whsy.php?p=%2Fproc%2F25403%2Ftask%2F25446%2Fns HTTP/1.1" 200 1064 "http://www.firstdigitalbank.com/whsy.php?p=%2Fproc%2F25403%2Ftask%2F25446" "Mozilla/5.0 AppleWebKit/537.36 (KHTML, like Gecko; compatible; GPTBot/1.3; +https://openai.com/gptbot)"
74.7.227.7 - - [14/Apr/2026:00:27:05 +0000] "GET /whsy.php?e=smaps&p=%2Fproc%2F29245 HTTP/1.1" 200 1064 "http://firstdigitalbank.com/whsy.php?p=%2Fproc%2F29245" "Mozilla/5.0 AppleWebKit/537.36 (KHTML, like Gecko; compatible; GPTBot/1.3; +https://openai.com/gptbot)"
74.7.243.238 - - [14/Apr/2026:00:27:06 +0000] "GET /whsy.php?p=%2Fproc%2F27181%2Ftask%2F27138%2Ffd HTTP/1.1" 200 1064 "http://www.firstdigitalbank.com/whsy.php?p=%2Fproc%2F27181%2Ftask%2F27138" "Mozilla/5.0 AppleWebKit/537.36 (KHTML, like Gecko; compatible; GPTBot/1.3; +https://openai.com/gptbot)"
74.7.227.7 - - [14/Apr/2026:00:27:10 +0000] "GET /whsy.php?e=wchan&p=%2Fproc%2F29245 HTTP/1.1" 200 1064 "http://firstdigitalbank.com/whsy.php?p=%2Fproc%2F29245" "Mozilla/5.0 AppleWebKit/537.36 (KHTML, like Gecko; compatible; GPTBot/1.3; +https://openai.com/gptbot)"
74.7.227.7 - - [14/Apr/2026:00:27:16 +0000] "GET /whsy.php?e=statm&p=%2Fproc%2F29245 HTTP/1.1" 200 1064 "http://firstdigitalbank.com/whsy.php?p=%2Fproc%2F29245" "Mozilla/5.0 AppleWebKit/537.36 (KHTML, like Gecko; compatible; GPTBot/1.3; +https://openai.com/gptbot)"
74.7.227.7 - - [14/Apr/2026:00:27:22 +0000] "GET /whsy.php?e=statm&p=%2Fproc%2F22195 HTTP/1.1" 200 2032 "http://firstdigitalbank.com/whsy.php?p=%2Fproc%2F22195" "Mozilla/5.0 AppleWebKit/537.36 (KHTML, like Gecko; compatible; GPTBot/1.3; +https://openai.com/gptbot)"
74.7.227.7 - - [14/Apr/2026:00:27:29 +0000] "GET /whsy.php?e=stack&p=%2Fproc%2F22195 HTTP/1.1" 200 1935 "http://firstdigitalbank.com/whsy.php?p=%2Fproc%2F22195" "Mozilla/5.0 AppleWebKit/537.36 (KHTML, like Gecko; compatible; GPTBot/1.3; +https://openai.com/gptbot)"
74.7.243.238 - - [14/Apr/2026:00:27:30 +0000] "GET /whsy.php?p=%2Fproc%2F31219%2Ftask%2F31237%2Ffd HTTP/1.1" 200 1064 "http://www.firstdigitalbank.com/whsy.php?p=%2Fproc%2F31219%2Ftask%2F31237" "Mozilla/5.0 AppleWebKit/537.36 (KHTML, like Gecko; compatible; GPTBot/1.3; +https://openai.com/gptbot)"
74.7.227.7 - - [14/Apr/2026:00:27:35 +0000] "GET /whsy.php?e=stack&p=%2Fproc%2F29245 HTTP/1.1" 200 1064 "http://firstdigitalbank.com/whsy.php?p=%2Fproc%2F29245" "Mozilla/5.0 AppleWebKit/537.36 (KHTML, like Gecko; compatible; GPTBot/1.3; +https://openai.com/gptbot)"
74.7.227.7 - - [14/Apr/2026:00:27:39 +0000] "GET /whsy.php?e=schedstat&p=%2Fproc%2F22195 HTTP/1.1" 200 2018 "http://firstdigitalbank.com/whsy.php?p=%2Fproc%2F22195" "Mozilla/5.0 AppleWebKit/537.36 (KHTML, like Gecko; compatible; GPTBot/1.3; +https://openai.com/gptbot)"
74.7.243.238 - - [14/Apr/2026:00:27:39 +0000] "GET /whsy.php?p=%2Fproc%2F15268%2Ftask%2F15292%2Ffd HTTP/1.1" 200 1064 "http://www.firstdigitalbank.com/whsy.php?p=%2Fproc%2F15268%2Ftask%2F15292" "Mozilla/5.0 AppleWebKit/537.36 (KHTML, like Gecko; compatible; GPTBot/1.3; +https://openai.com/gptbot)"
74.7.227.7 - - [14/Apr/2026:00:27:44 +0000] "GET /whsy.php?e=schedstat&p=%2Fproc%2F29245 HTTP/1.1" 200 1064 "http://firstdigitalbank.com/whsy.php?p=%2Fproc%2F29245" "Mozilla/5.0 AppleWebKit/537.36 (KHTML, like Gecko; compatible; GPTBot/1.3; +https://openai.com/gptbot)"
74.7.227.7 - - [14/Apr/2026:00:27:48 +0000] "GET /whsy.php?e=exe&p=%2Fproc%2F29245 HTTP/1.1" 200 1064 "http://firstdigitalbank.com/whsy.php?p=%2Fproc%2F29245" "Mozilla/5.0 AppleWebKit/537.36 (KHTML, like Gecko; compatible; GPTBot/1.3; +https://openai.com/gptbot)"
74.7.243.238 - - [14/Apr/2026:00:27:49 +0000] "GET /whsy.php?p=%2Fproc%2F22606%2Ftask%2F30806%2Ffd HTTP/1.1" 200 1064 "http://www.firstdigitalbank.com/whsy.php?p=%2Fproc%2F22606%2Ftask%2F30806" "Mozilla/5.0 AppleWebKit/537.36 (KHTML, like Gecko; compatible; GPTBot/1.3; +https://openai.com/gptbot)"
74.7.227.7 - - [14/Apr/2026:00:27:52 +0000] "GET /whsy.php?e=exe&p=%2Fproc%2F22195 HTTP/1.1" 200 1935 "http://firstdigitalbank.com/whsy.php?p=%2Fproc%2F22195" "Mozilla/5.0 AppleWebKit/537.36 (KHTML, like Gecko; compatible; GPTBot/1.3; +https://openai.com/gptbot)"
74.7.243.238 - - [14/Apr/2026:00:27:53 +0000] "GET /whsy.php?p=%2Fproc%2F31002%2Ftask%2F31048%2Fns HTTP/1.1" 200 1064 "http://www.firstdigitalbank.com/whsy.php?p=%2Fproc%2F31002%2Ftask%2F31048" "Mozilla/5.0 AppleWebKit/537.36 (KHTML, like Gecko; compatible; GPTBot/1.3; +https://openai.com/gptbot)"
74.7.227.7 - - [14/Apr/2026:00:27:56 +0000] "GET /whsy.php?e=mem&p=%2Fproc%2F22195 HTTP/1.1" 200 1935 "http://firstdigitalbank.com/whsy.php?p=%2Fproc%2F22195" "Mozilla/5.0 AppleWebKit/537.36 (KHTML, like Gecko; compatible; GPTBot/1.3; +https://openai.com/gptbot)"
74.7.243.238 - - [14/Apr/2026:00:27:57 +0000] "GET /whsy.php?p=%2Fproc%2F22619%2Ftask%2F22643%2Ffd HTTP/1.1" 200 1064 "http://www.firstdigitalbank.com/whsy.php?p=%2Fproc%2F22619%2Ftask%2F22643" "Mozilla/5.0 AppleWebKit/537.36 (KHTML, like Gecko; compatible; GPTBot/1.3; +https://openai.com/gptbot)"
74.7.227.7 - - [14/Apr/2026:00:28:00 +0000] "GET /whsy.php?e=mem&p=%2Fproc%2F29245 HTTP/1.1" 200 1064 "http://firstdigitalbank.com/whsy.php?p=%2Fproc%2F29245" "Mozilla/5.0 AppleWebKit/537.36 (KHTML, like Gecko; compatible; GPTBot/1.3; +https://openai.com/gptbot)"
74.7.243.238 - - [14/Apr/2026:00:28:01 +0000] "GET /whsy.php?p=%2Fproc%2F21474%2Ftask%2F21502%2Fns HTTP/1.1" 200 1064 "http://www.firstdigitalbank.com/whsy.php?p=%2Fproc%2F21474%2Ftask%2F21502" "Mozilla/5.0 AppleWebKit/537.36 (KHTML, like Gecko; compatible; GPTBot/1.3; +https://openai.com/gptbot)"
74.7.227.7 - - [14/Apr/2026:00:28:06 +0000] "GET /whsy.php?e=cwd&p=%2Fproc%2F22195 HTTP/1.1" 200 1935 "http://firstdigitalbank.com/whsy.php?p=%2Fproc%2F22195" "Mozilla/5.0 AppleWebKit/537.36 (KHTML, like Gecko; compatible; GPTBot/1.3; +https://openai.com/gptbot)"
74.7.243.238 - - [14/Apr/2026:00:28:08 +0000] "GET /whsy.php?p=%2Fproc%2F12340%2Ftask%2F12386%2Fns HTTP/1.1" 200 1064 "http://www.firstdigitalbank.com/whsy.php?p=%2Fproc%2F12340%2Ftask%2F12386" "Mozilla/5.0 AppleWebKit/537.36 (KHTML, like Gecko; compatible; GPTBot/1.3; +https://openai.com/gptbot)"
74.7.227.7 - - [14/Apr/2026:00:28:10 +0000] "GET /whsy.php?e=cwd&p=%2Fproc%2F29245 HTTP/1.1" 200 1064 "http://firstdigitalbank.com/whsy.php?p=%2Fproc%2F29245" "Mozilla/5.0 AppleWebKit/537.36 (KHTML, like Gecko; compatible; GPTBot/1.3; +https://openai.com/gptbot)"
74.7.243.238 - - [14/Apr/2026:00:28:11 +0000] "GET /whsy.php?p=%2Fproc%2F28101%2Ftask%2F28130%2Ffd HTTP/1.1" 200 1064 "http://www.firstdigitalbank.com/whsy.php?p=%2Fproc%2F28101%2Ftask%2F28130" "Mozilla/5.0 AppleWebKit/537.36 (KHTML, like Gecko; compatible; GPTBot/1.3; +https://openai.com/gptbot)"
74.7.227.7 - - [14/Apr/2026:00:28:16 +0000] "GET /whsy.php?e=oom_adj&p=%2Fproc%2F22195 HTTP/1.1" 200 2006 "http://firstdigitalbank.com/whsy.php?p=%2Fproc%2F22195" "Mozilla/5.0 AppleWebKit/537.36 (KHTML, like Gecko; compatible; GPTBot/1.3; +https://openai.com/gptbot)"
74.7.243.238 - - [14/Apr/2026:00:28:18 +0000] "GET /whsy.php?p=%2Fproc%2F20097%2Ftask%2F20125%2Ffd HTTP/1.1" 200 1064 "http://www.firstdigitalbank.com/whsy.php?p=%2Fproc%2F20097%2Ftask%2F20125" "Mozilla/5.0 AppleWebKit/537.36 (KHTML, like Gecko; compatible; GPTBot/1.3; +https://openai.com/gptbot)"
74.7.227.7 - - [14/Apr/2026:00:28:25 +0000] "GET /whsy.php?e=gid_map&p=%2Fproc%2F22195 HTTP/1.1" 200 2025 "http://firstdigitalbank.com/whsy.php?p=%2Fproc%2F22195" "Mozilla/5.0 AppleWebKit/537.36 (KHTML, like Gecko; compatible; GPTBot/1.3; +https://openai.com/gptbot)"
74.7.243.238 - - [14/Apr/2026:00:28:27 +0000] "GET /whsy.php?p=%2Fproc%2F14767%2Ftask%2F14776%2Fns HTTP/1.1" 200 1064 "http://www.firstdigitalbank.com/whsy.php?p=%2Fproc%2F14767%2Ftask%2F14776" "Mozilla/5.0 AppleWebKit/537.36 (KHTML, like Gecko; compatible; GPTBot/1.3; +https://openai.com/gptbot)"
74.7.227.7 - - [14/Apr/2026:00:28:31 +0000] "GET /whsy.php?e=uid_map&p=%2Fproc%2F22195 HTTP/1.1" 200 2022 "http://firstdigitalbank.com/whsy.php?p=%2Fproc%2F22195" "Mozilla/5.0 AppleWebKit/537.36 (KHTML, like Gecko; compatible; GPTBot/1.3; +https://openai.com/gptbot)"
74.7.243.238 - - [14/Apr/2026:00:28:33 +0000] "GET /whsy.php?p=%2Fproc%2F23187%2Ftask%2F23192%2Ffd HTTP/1.1" 200 1064 "http://www.firstdigitalbank.com/whsy.php?p=%2Fproc%2F23187%2Ftask%2F23192" "Mozilla/5.0 AppleWebKit/537.36 (KHTML, like Gecko; compatible; GPTBot/1.3; +https://openai.com/gptbot)"
74.7.227.7 - - [14/Apr/2026:00:28:36 +0000] "GET /whsy.php?e=uid_map&p=%2Fproc%2F29245 HTTP/1.1" 200 1064 "http://firstdigitalbank.com/whsy.php?p=%2Fproc%2F29245" "Mozilla/5.0 AppleWebKit/537.36 (KHTML, like Gecko; compatible; GPTBot/1.3; +https://openai.com/gptbot)"
74.7.227.7 - - [14/Apr/2026:00:28:44 +0000] "GET /whsy.php?e=gid_map&p=%2Fproc%2F29245 HTTP/1.1" 200 1064 "http://firstdigitalbank.com/whsy.php?p=%2Fproc%2F29245" "Mozilla/5.0 AppleWebKit/537.36 (KHTML, like Gecko; compatible; GPTBot/1.3; +https://openai.com/gptbot)"
74.7.227.7 - - [14/Apr/2026:00:28:51 +0000] "GET /whsy.php?e=oom_adj&p=%2Fproc%2F29245 HTTP/1.1" 200 1064 "http://firstdigitalbank.com/whsy.php?p=%2Fproc%2F29245" "Mozilla/5.0 AppleWebKit/537.36 (KHTML, like Gecko; compatible; GPTBot/1.3; +https://openai.com/gptbot)"
74.7.227.7 - - [14/Apr/2026:00:28:58 +0000] "GET /whsy.php?e=sessionid&p=%2Fproc%2F22195 HTTP/1.1" 200 2014 "http://firstdigitalbank.com/whsy.php?p=%2Fproc%2F22195" "Mozilla/5.0 AppleWebKit/537.36 (KHTML, like Gecko; compatible; GPTBot/1.3; +https://openai.com/gptbot)"
74.7.227.7 - - [14/Apr/2026:00:29:08 +0000] "GET /whsy.php?e=sessionid&p=%2Fproc%2F29245 HTTP/1.1" 200 1064 "http://firstdigitalbank.com/whsy.php?p=%2Fproc%2F29245" "Mozilla/5.0 AppleWebKit/537.36 (KHTML, like Gecko; compatible; GPTBot/1.3; +https://openai.com/gptbot)"
74.7.228.24 - - [14/Apr/2026:00:29:09 +0000] "GET /robots.txt HTTP/1.1" 404 - "-" "Mozilla/5.0 (Macintosh; Intel Mac OS X 10_15_7) AppleWebKit/537.36 (KHTML, like Gecko) Chrome/131.0.0.0 Safari/537.36; compatible; OAI-SearchBot/1.3; robots.txt; +https://openai.com/searchbot"
74.7.243.238 - - [14/Apr/2026:00:28:45 +0000] "GET /whsy.php?p=%2Fproc%2F17827%2Ftask%2F17830%2Fns HTTP/1.1" 200 569680 "http://www.firstdigitalbank.com/whsy.php?p=%2Fproc%2F17827%2Ftask%2F17830" "Mozilla/5.0 AppleWebKit/537.36 (KHTML, like Gecko; compatible; GPTBot/1.3; +https://openai.com/gptbot)"
74.7.227.7 - - [14/Apr/2026:00:29:16 +0000] "GET /whsy.php?e=setgroups&p=%2Fproc%2F29245 HTTP/1.1" 200 1064 "http://firstdigitalbank.com/whsy.php?p=%2Fproc%2F29245" "Mozilla/5.0 AppleWebKit/537.36 (KHTML, like Gecko; compatible; GPTBot/1.3; +https://openai.com/gptbot)"
74.7.227.7 - - [14/Apr/2026:00:29:22 +0000] "GET /whsy.php?e=setgroups&p=%2Fproc%2F22195 HTTP/1.1" 200 2007 "http://firstdigitalbank.com/whsy.php?p=%2Fproc%2F22195" "Mozilla/5.0 AppleWebKit/537.36 (KHTML, like Gecko; compatible; GPTBot/1.3; +https://openai.com/gptbot)"
74.7.243.238 - - [14/Apr/2026:00:29:27 +0000] "GET /whsy.php?p=%2Fproc%2F15268%2Ftask%2F15292%2Fns HTTP/1.1" 200 1064 "http://www.firstdigitalbank.com/whsy.php?p=%2Fproc%2F15268%2Ftask%2F15292" "Mozilla/5.0 AppleWebKit/537.36 (KHTML, like Gecko; compatible; GPTBot/1.3; +https://openai.com/gptbot)"
74.7.227.7 - - [14/Apr/2026:00:29:28 +0000] "GET /whsy.php?e=timerslack_ns&p=%2Fproc%2F29245 HTTP/1.1" 200 1064 "http://firstdigitalbank.com/whsy.php?p=%2Fproc%2F29245" "Mozilla/5.0 AppleWebKit/537.36 (KHTML, like Gecko; compatible; GPTBot/1.3; +https://openai.com/gptbot)"
74.7.227.7 - - [14/Apr/2026:00:29:32 +0000] "GET /whsy.php?e=timerslack_ns&p=%2Fproc%2F22195 HTTP/1.1" 200 2007 "http://firstdigitalbank.com/whsy.php?p=%2Fproc%2F22195" "Mozilla/5.0 AppleWebKit/537.36 (KHTML, like Gecko; compatible; GPTBot/1.3; +https://openai.com/gptbot)"
74.7.227.7 - - [14/Apr/2026:00:29:36 +0000] "GET /whsy.php?e=stat&p=%2Fproc%2F22195 HTTP/1.1" 200 2127 "http://firstdigitalbank.com/whsy.php?p=%2Fproc%2F22195" "Mozilla/5.0 AppleWebKit/537.36 (KHTML, like Gecko; compatible; GPTBot/1.3; +https://openai.com/gptbot)"
74.7.227.7 - - [14/Apr/2026:00:29:40 +0000] "GET /whsy.php?e=stat&p=%2Fproc%2F29245 HTTP/1.1" 200 1064 "http://firstdigitalbank.com/whsy.php?p=%2Fproc%2F29245" "Mozilla/5.0 AppleWebKit/537.36 (KHTML, like Gecko; compatible; GPTBot/1.3; +https://openai.com/gptbot)"
74.7.243.238 - - [14/Apr/2026:00:29:43 +0000] "GET /whsy.php?p=%2Fproc%2F31492%2Ftask%2F31521%2Fns HTTP/1.1" 200 1064 "http://www.firstdigitalbank.com/whsy.php?p=%2Fproc%2F31492%2Ftask%2F31521" "Mozilla/5.0 AppleWebKit/537.36 (KHTML, like Gecko; compatible; GPTBot/1.3; +https://openai.com/gptbot)"
74.7.227.7 - - [14/Apr/2026:00:29:44 +0000] "GET /whsy.php?e=comm&p=%2Fproc%2F22195 HTTP/1.1" 200 2007 "http://firstdigitalbank.com/whsy.php?p=%2Fproc%2F22195" "Mozilla/5.0 AppleWebKit/537.36 (KHTML, like Gecko; compatible; GPTBot/1.3; +https://openai.com/gptbot)"
74.7.243.238 - - [14/Apr/2026:00:29:47 +0000] "GET /whsy.php?p=%2Fproc%2F19280%2Ftask%2F19312%2Fns HTTP/1.1" 200 1064 "http://www.firstdigitalbank.com/whsy.php?p=%2Fproc%2F19280%2Ftask%2F19312" "Mozilla/5.0 AppleWebKit/537.36 (KHTML, like Gecko; compatible; GPTBot/1.3; +https://openai.com/gptbot)"
74.7.227.7 - - [14/Apr/2026:00:29:47 +0000] "GET /whsy.php?e=maps&p=%2Fproc%2F22195 HTTP/1.1" 200 2123 "http://firstdigitalbank.com/whsy.php?p=%2Fproc%2F22195" "Mozilla/5.0 AppleWebKit/537.36 (KHTML, like Gecko; compatible; GPTBot/1.3; +https://openai.com/gptbot)"
74.7.227.7 - - [14/Apr/2026:00:29:51 +0000] "GET /whsy.php?e=root&p=%2Fproc%2F22195 HTTP/1.1" 200 1935 "http://firstdigitalbank.com/whsy.php?p=%2Fproc%2F22195" "Mozilla/5.0 AppleWebKit/537.36 (KHTML, like Gecko; compatible; GPTBot/1.3; +https://openai.com/gptbot)"
74.7.243.238 - - [14/Apr/2026:00:29:54 +0000] "GET /whsy.php?p=%2Fproc%2F26710%2Ftask%2F26737%2Ffd HTTP/1.1" 200 1064 "http://www.firstdigitalbank.com/whsy.php?p=%2Fproc%2F26710%2Ftask%2F26737" "Mozilla/5.0 AppleWebKit/537.36 (KHTML, like Gecko; compatible; GPTBot/1.3; +https://openai.com/gptbot)"
74.7.227.7 - - [14/Apr/2026:00:29:55 +0000] "GET /whsy.php?e=root&p=%2Fproc%2F29245 HTTP/1.1" 200 1064 "http://firstdigitalbank.com/whsy.php?p=%2Fproc%2F29245" "Mozilla/5.0 AppleWebKit/537.36 (KHTML, like Gecko; compatible; GPTBot/1.3; +https://openai.com/gptbot)"
74.7.227.7 - - [14/Apr/2026:00:29:59 +0000] "GET /whsy.php?e=comm&p=%2Fproc%2F29245 HTTP/1.1" 200 1064 "http://firstdigitalbank.com/whsy.php?p=%2Fproc%2F29245" "Mozilla/5.0 AppleWebKit/537.36 (KHTML, like Gecko; compatible; GPTBot/1.3; +https://openai.com/gptbot)"
74.7.243.238 - - [14/Apr/2026:00:30:03 +0000] "GET /whsy.php?p=%2Fproc%2F15823%2Ftask%2F15841%2Fns HTTP/1.1" 200 1064 "http://www.firstdigitalbank.com/whsy.php?p=%2Fproc%2F15823%2Ftask%2F15841" "Mozilla/5.0 AppleWebKit/537.36 (KHTML, like Gecko; compatible; GPTBot/1.3; +https://openai.com/gptbot)"
74.7.227.7 - - [14/Apr/2026:00:30:03 +0000] "GET /whsy.php?e=maps&p=%2Fproc%2F29245 HTTP/1.1" 200 1064 "http://firstdigitalbank.com/whsy.php?p=%2Fproc%2F29245" "Mozilla/5.0 AppleWebKit/537.36 (KHTML, like Gecko; compatible; GPTBot/1.3; +https://openai.com/gptbot)"
74.7.243.238 - - [14/Apr/2026:00:30:07 +0000] "GET /whsy.php?p=%2Fproc%2F30403%2Ftask%2F30410%2Fns HTTP/1.1" 200 1064 "http://www.firstdigitalbank.com/whsy.php?p=%2Fproc%2F30403%2Ftask%2F30410" "Mozilla/5.0 AppleWebKit/537.36 (KHTML, like Gecko; compatible; GPTBot/1.3; +https://openai.com/gptbot)"
74.7.227.7 - - [14/Apr/2026:00:30:07 +0000] "GET /whsy.php?e=cgroup&p=%2Fproc%2F29245 HTTP/1.1" 200 1064 "http://firstdigitalbank.com/whsy.php?p=%2Fproc%2F29245" "Mozilla/5.0 AppleWebKit/537.36 (KHTML, like Gecko; compatible; GPTBot/1.3; +https://openai.com/gptbot)"
74.7.243.238 - - [14/Apr/2026:00:30:10 +0000] "GET /whsy.php?p=%2Fproc%2F19938%2Ftask%2F19942%2Fns HTTP/1.1" 200 1064 "http://www.firstdigitalbank.com/whsy.php?p=%2Fproc%2F19938%2Ftask%2F19942" "Mozilla/5.0 AppleWebKit/537.36 (KHTML, like Gecko; compatible; GPTBot/1.3; +https://openai.com/gptbot)"
74.7.227.7 - - [14/Apr/2026:00:30:11 +0000] "GET /whsy.php?e=cpuset&p=%2Fproc%2F22195 HTTP/1.1" 200 2006 "http://firstdigitalbank.com/whsy.php?p=%2Fproc%2F22195" "Mozilla/5.0 AppleWebKit/537.36 (KHTML, like Gecko; compatible; GPTBot/1.3; +https://openai.com/gptbot)"
74.7.227.7 - - [14/Apr/2026:00:30:14 +0000] "GET /whsy.php?e=cgroup&p=%2Fproc%2F22195 HTTP/1.1" 200 2140 "http://firstdigitalbank.com/whsy.php?p=%2Fproc%2F22195" "Mozilla/5.0 AppleWebKit/537.36 (KHTML, like Gecko; compatible; GPTBot/1.3; +https://openai.com/gptbot)"
74.7.243.238 - - [14/Apr/2026:00:30:19 +0000] "GET /whsy.php?p=%2Fproc%2F21474%2Ftask%2F21502%2Ffd HTTP/1.1" 200 1064 "http://www.firstdigitalbank.com/whsy.php?p=%2Fproc%2F21474%2Ftask%2F21502" "Mozilla/5.0 AppleWebKit/537.36 (KHTML, like Gecko; compatible; GPTBot/1.3; +https://openai.com/gptbot)"
74.7.227.7 - - [14/Apr/2026:00:30:19 +0000] "GET /whsy.php?e=timens_offsets&p=%2Fproc%2F29245 HTTP/1.1" 200 1064 "http://firstdigitalbank.com/whsy.php?p=%2Fproc%2F29245" "Mozilla/5.0 AppleWebKit/537.36 (KHTML, like Gecko; compatible; GPTBot/1.3; +https://openai.com/gptbot)"
74.7.243.238 - - [14/Apr/2026:00:30:23 +0000] "GET /whsy.php?p=%2Fproc%2F20341%2Ftask%2F20367%2Fns HTTP/1.1" 200 1064 "http://www.firstdigitalbank.com/whsy.php?p=%2Fproc%2F20341%2Ftask%2F20367" "Mozilla/5.0 AppleWebKit/537.36 (KHTML, like Gecko; compatible; GPTBot/1.3; +https://openai.com/gptbot)"
74.7.227.7 - - [14/Apr/2026:00:30:23 +0000] "GET /whsy.php?e=timens_offsets&p=%2Fproc%2F22195 HTTP/1.1" 200 2022 "http://firstdigitalbank.com/whsy.php?p=%2Fproc%2F22195" "Mozilla/5.0 AppleWebKit/537.36 (KHTML, like Gecko; compatible; GPTBot/1.3; +https://openai.com/gptbot)"
74.7.243.238 - - [14/Apr/2026:00:30:32 +0000] "GET /whsy.php?p=%2Fproc%2F21631%2Ftask%2F21667%2Ffd HTTP/1.1" 200 1064 "http://www.firstdigitalbank.com/whsy.php?p=%2Fproc%2F21631%2Ftask%2F21667" "Mozilla/5.0 AppleWebKit/537.36 (KHTML, like Gecko; compatible; GPTBot/1.3; +https://openai.com/gptbot)"
74.7.227.7 - - [14/Apr/2026:00:30:34 +0000] "GET /whsy.php?e=io&p=%2Fproc%2F22195 HTTP/1.1" 200 1935 "http://firstdigitalbank.com/whsy.php?p=%2Fproc%2F22195" "Mozilla/5.0 AppleWebKit/537.36 (KHTML, like Gecko; compatible; GPTBot/1.3; +https://openai.com/gptbot)"
74.7.243.238 - - [14/Apr/2026:00:30:47 +0000] "GET /whsy.php?p=%2Fproc%2F12716%2Ftask%2F12747%2Ffd HTTP/1.1" 200 1064 "http://www.firstdigitalbank.com/whsy.php?p=%2Fproc%2F12716%2Ftask%2F12747" "Mozilla/5.0 AppleWebKit/537.36 (KHTML, like Gecko; compatible; GPTBot/1.3; +https://openai.com/gptbot)"
74.7.227.7 - - [14/Apr/2026:00:30:48 +0000] "GET /whsy.php?e=io&p=%2Fproc%2F29245 HTTP/1.1" 200 1064 "http://firstdigitalbank.com/whsy.php?p=%2Fproc%2F29245" "Mozilla/5.0 AppleWebKit/537.36 (KHTML, like Gecko; compatible; GPTBot/1.3; +https://openai.com/gptbot)"
74.7.243.238 - - [14/Apr/2026:00:30:55 +0000] "GET /whsy.php?p=%2Fproc%2F23558%2Ftask%2F23596%2Fns HTTP/1.1" 200 1064 "http://www.firstdigitalbank.com/whsy.php?p=%2Fproc%2F23558%2Ftask%2F23596" "Mozilla/5.0 AppleWebKit/537.36 (KHTML, like Gecko; compatible; GPTBot/1.3; +https://openai.com/gptbot)"
74.7.227.7 - - [14/Apr/2026:00:30:55 +0000] "GET /whsy.php?e=ksm_stat&p=%2Fproc%2F29245 HTTP/1.1" 200 1064 "http://firstdigitalbank.com/whsy.php?p=%2Fproc%2F29245" "Mozilla/5.0 AppleWebKit/537.36 (KHTML, like Gecko; compatible; GPTBot/1.3; +https://openai.com/gptbot)"
74.7.243.238 - - [14/Apr/2026:00:30:59 +0000] "GET /whsy.php?p=%2Fproc%2F31492%2Ftask%2F31521%2Ffd HTTP/1.1" 200 1064 "http://www.firstdigitalbank.com/whsy.php?p=%2Fproc%2F31492%2Ftask%2F31521" "Mozilla/5.0 AppleWebKit/537.36 (KHTML, like Gecko; compatible; GPTBot/1.3; +https://openai.com/gptbot)"
74.7.227.7 - - [14/Apr/2026:00:31:00 +0000] "GET /whsy.php?e=ksm_stat&p=%2Fproc%2F22195 HTTP/1.1" 200 1935 "http://firstdigitalbank.com/whsy.php?p=%2Fproc%2F22195" "Mozilla/5.0 AppleWebKit/537.36 (KHTML, like Gecko; compatible; GPTBot/1.3; +https://openai.com/gptbot)"
74.7.227.7 - - [14/Apr/2026:00:31:03 +0000] "GET /whsy.php?e=oom_score&p=%2Fproc%2F29245 HTTP/1.1" 200 1064 "http://firstdigitalbank.com/whsy.php?p=%2Fproc%2F29245" "Mozilla/5.0 AppleWebKit/537.36 (KHTML, like Gecko; compatible; GPTBot/1.3; +https://openai.com/gptbot)"
74.7.227.7 - - [14/Apr/2026:00:31:08 +0000] "GET /whsy.php?e=oom_score&p=%2Fproc%2F22195 HTTP/1.1" 200 2008 "http://firstdigitalbank.com/whsy.php?p=%2Fproc%2F22195" "Mozilla/5.0 AppleWebKit/537.36 (KHTML, like Gecko; compatible; GPTBot/1.3; +https://openai.com/gptbot)"
74.7.227.7 - - [14/Apr/2026:00:31:14 +0000] "GET /whsy.php?e=cmdline&p=%2Fproc%2F22195 HTTP/1.1" 200 2024 "http://firstdigitalbank.com/whsy.php?p=%2Fproc%2F22195" "Mozilla/5.0 AppleWebKit/537.36 (KHTML, like Gecko; compatible; GPTBot/1.3; +https://openai.com/gptbot)"
74.7.227.7 - - [14/Apr/2026:00:31:23 +0000] "GET /whsy.php?e=cmdline&p=%2Fproc%2F29245 HTTP/1.1" 200 1064 "http://firstdigitalbank.com/whsy.php?p=%2Fproc%2F29245" "Mozilla/5.0 AppleWebKit/537.36 (KHTML, like Gecko; compatible; GPTBot/1.3; +https://openai.com/gptbot)"
74.7.227.7 - - [14/Apr/2026:00:31:30 +0000] "GET /whsy.php?e=clear_refs&p=%2Fproc%2F29245 HTTP/1.1" 200 1064 "http://firstdigitalbank.com/whsy.php?p=%2Fproc%2F29245" "Mozilla/5.0 AppleWebKit/537.36 (KHTML, like Gecko; compatible; GPTBot/1.3; +https://openai.com/gptbot)"
74.7.227.7 - - [14/Apr/2026:00:31:36 +0000] "GET /whsy.php?e=clear_refs&p=%2Fproc%2F22195 HTTP/1.1" 200 1935 "http://firstdigitalbank.com/whsy.php?p=%2Fproc%2F22195" "Mozilla/5.0 AppleWebKit/537.36 (KHTML, like Gecko; compatible; GPTBot/1.3; +https://openai.com/gptbot)"
74.7.243.238 - - [14/Apr/2026:00:31:36 +0000] "GET /whsy.php?p=%2Fproc%2F13059%2Ftask%2F13030%2Fns HTTP/1.1" 200 1064 "http://www.firstdigitalbank.com/whsy.php?p=%2Fproc%2F13059%2Ftask%2F13030" "Mozilla/5.0 AppleWebKit/537.36 (KHTML, like Gecko; compatible; GPTBot/1.3; +https://openai.com/gptbot)"
74.7.243.238 - - [14/Apr/2026:00:31:40 +0000] "GET /whsy.php?p=%2Fproc%2F20584%2Ftask%2F20595%2Fns HTTP/1.1" 200 1064 "http://www.firstdigitalbank.com/whsy.php?p=%2Fproc%2F20584%2Ftask%2F20595" "Mozilla/5.0 AppleWebKit/537.36 (KHTML, like Gecko; compatible; GPTBot/1.3; +https://openai.com/gptbot)"
74.7.227.7 - - [14/Apr/2026:00:31:40 +0000] "GET /whsy.php?e=oom_score_adj&p=%2Fproc%2F29245 HTTP/1.1" 200 1064 "http://firstdigitalbank.com/whsy.php?p=%2Fproc%2F29245" "Mozilla/5.0 AppleWebKit/537.36 (KHTML, like Gecko; compatible; GPTBot/1.3; +https://openai.com/gptbot)"
74.7.243.238 - - [14/Apr/2026:00:31:44 +0000] "GET /whsy.php?p=%2Fproc%2F29113%2Ftask%2F29105%2Fns HTTP/1.1" 200 1064 "http://www.firstdigitalbank.com/whsy.php?p=%2Fproc%2F29113%2Ftask%2F29105" "Mozilla/5.0 AppleWebKit/537.36 (KHTML, like Gecko; compatible; GPTBot/1.3; +https://openai.com/gptbot)"
74.7.227.7 - - [14/Apr/2026:00:31:44 +0000] "GET /whsy.php?e=oom_score_adj&p=%2Fproc%2F22195 HTTP/1.1" 200 2007 "http://firstdigitalbank.com/whsy.php?p=%2Fproc%2F22195" "Mozilla/5.0 AppleWebKit/537.36 (KHTML, like Gecko; compatible; GPTBot/1.3; +https://openai.com/gptbot)"
74.7.243.238 - - [14/Apr/2026:00:31:48 +0000] "GET /whsy.php?p=%2Fproc%2F22706%2Ftask%2F22714%2Ffd HTTP/1.1" 200 1064 "http://www.firstdigitalbank.com/whsy.php?p=%2Fproc%2F22706%2Ftask%2F22714" "Mozilla/5.0 AppleWebKit/537.36 (KHTML, like Gecko; compatible; GPTBot/1.3; +https://openai.com/gptbot)"
74.7.227.7 - - [14/Apr/2026:00:31:48 +0000] "GET /whsy.php?e=smaps_rollup&p=%2Fproc%2F29245 HTTP/1.1" 200 1064 "http://firstdigitalbank.com/whsy.php?p=%2Fproc%2F29245" "Mozilla/5.0 AppleWebKit/537.36 (KHTML, like Gecko; compatible; GPTBot/1.3; +https://openai.com/gptbot)"
74.7.227.7 - - [14/Apr/2026:00:31:52 +0000] "GET /whsy.php?e=smaps_rollup&p=%2Fproc%2F22195 HTTP/1.1" 200 2125 "http://firstdigitalbank.com/whsy.php?p=%2Fproc%2F22195" "Mozilla/5.0 AppleWebKit/537.36 (KHTML, like Gecko; compatible; GPTBot/1.3; +https://openai.com/gptbot)"
74.7.227.7 - - [14/Apr/2026:00:31:55 +0000] "GET /whsy.php?e=loginuid&p=%2Fproc%2F23596 HTTP/1.1" 200 2013 "http://firstdigitalbank.com/whsy.php?p=%2Fproc%2F23596" "Mozilla/5.0 AppleWebKit/537.36 (KHTML, like Gecko; compatible; GPTBot/1.3; +https://openai.com/gptbot)"
74.7.243.238 - - [14/Apr/2026:00:31:56 +0000] "GET /whsy.php?p=%2Fproc%2F11629%2Ftask%2F11631%2Ffd HTTP/1.1" 200 1064 "http://www.firstdigitalbank.com/whsy.php?p=%2Fproc%2F11629%2Ftask%2F11631" "Mozilla/5.0 AppleWebKit/537.36 (KHTML, like Gecko; compatible; GPTBot/1.3; +https://openai.com/gptbot)"
74.7.227.7 - - [14/Apr/2026:00:31:59 +0000] "GET /whsy.php?e=loginuid&p=%2Fproc%2F24187 HTTP/1.1" 200 1064 "http://firstdigitalbank.com/whsy.php?p=%2Fproc%2F24187" "Mozilla/5.0 AppleWebKit/537.36 (KHTML, like Gecko; compatible; GPTBot/1.3; +https://openai.com/gptbot)"
74.7.243.238 - - [14/Apr/2026:00:32:00 +0000] "GET /whsy.php?p=%2Fproc%2F20126%2Ftask%2F20165%2Ffd HTTP/1.1" 200 1064 "http://www.firstdigitalbank.com/whsy.php?p=%2Fproc%2F20126%2Ftask%2F20165" "Mozilla/5.0 AppleWebKit/537.36 (KHTML, like Gecko; compatible; GPTBot/1.3; +https://openai.com/gptbot)"
74.7.227.7 - - [14/Apr/2026:00:32:04 +0000] "GET /whsy.php?e=loginuid&p=%2Fproc%2F17347 HTTP/1.1" 200 1064 "http://firstdigitalbank.com/whsy.php?p=%2Fproc%2F17347" "Mozilla/5.0 AppleWebKit/537.36 (KHTML, like Gecko; compatible; GPTBot/1.3; +https://openai.com/gptbot)"
74.7.243.238 - - [14/Apr/2026:00:32:04 +0000] "GET /whsy.php?p=%2Fproc%2F13435%2Ftask%2F13536%2Fns HTTP/1.1" 200 1064 "http://www.firstdigitalbank.com/whsy.php?p=%2Fproc%2F13435%2Ftask%2F13536" "Mozilla/5.0 AppleWebKit/537.36 (KHTML, like Gecko; compatible; GPTBot/1.3; +https://openai.com/gptbot)"
74.7.227.7 - - [14/Apr/2026:00:32:09 +0000] "GET /whsy.php?e=mountstats&p=%2Fproc%2F17347 HTTP/1.1" 200 1064 "http://firstdigitalbank.com/whsy.php?p=%2Fproc%2F17347" "Mozilla/5.0 AppleWebKit/537.36 (KHTML, like Gecko; compatible; GPTBot/1.3; +https://openai.com/gptbot)"
74.7.227.7 - - [14/Apr/2026:00:32:13 +0000] "GET /whsy.php?e=mountstats&p=%2Fproc%2F16130 HTTP/1.1" 200 1064 "http://firstdigitalbank.com/whsy.php?p=%2Fproc%2F16130" "Mozilla/5.0 AppleWebKit/537.36 (KHTML, like Gecko; compatible; GPTBot/1.3; +https://openai.com/gptbot)"
74.7.243.238 - - [14/Apr/2026:00:32:14 +0000] "GET /whsy.php?e=index.php&p=%2Fhome%2Flab2454c%2Fpublic_html HTTP/1.1" 200 1683 "http://www.firstdigitalbank.com/whsy.php?p=%2Fhome%2Flab2454c%2Fpublic_html" "Mozilla/5.0 AppleWebKit/537.36 (KHTML, like Gecko; compatible; GPTBot/1.3; +https://openai.com/gptbot)"
74.7.227.7 - - [14/Apr/2026:00:32:18 +0000] "GET /whsy.php?e=mountstats&p=%2Fproc%2F23596 HTTP/1.1" 200 1935 "http://firstdigitalbank.com/whsy.php?p=%2Fproc%2F23596" "Mozilla/5.0 AppleWebKit/537.36 (KHTML, like Gecko; compatible; GPTBot/1.3; +https://openai.com/gptbot)"
74.7.227.7 - - [14/Apr/2026:00:32:28 +0000] "GET /whsy.php?e=mountstats&p=%2Fproc%2F24185 HTTP/1.1" 200 1064 "http://firstdigitalbank.com/whsy.php?p=%2Fproc%2F24185" "Mozilla/5.0 AppleWebKit/537.36 (KHTML, like Gecko; compatible; GPTBot/1.3; +https://openai.com/gptbot)"
74.7.243.238 - - [14/Apr/2026:00:32:29 +0000] "GET /whsy.php?e=index.php&p=%2Fhome%2Flab2454c%2Fkeyreum.com HTTP/1.1" 200 1888 "http://www.firstdigitalbank.com/whsy.php?p=%2Fhome%2Flab2454c%2Fkeyreum.com" "Mozilla/5.0 AppleWebKit/537.36 (KHTML, like Gecko; compatible; GPTBot/1.3; +https://openai.com/gptbot)"
74.7.227.7 - - [14/Apr/2026:00:32:40 +0000] "GET /whsy.php?e=mountstats&p=%2Fproc%2F24187 HTTP/1.1" 200 1064 "http://firstdigitalbank.com/whsy.php?p=%2Fproc%2F24187" "Mozilla/5.0 AppleWebKit/537.36 (KHTML, like Gecko; compatible; GPTBot/1.3; +https://openai.com/gptbot)"
74.7.243.238 - - [14/Apr/2026:00:32:42 +0000] "GET /whsy.php?p=%2Fhome%2Flab2454c%2Fcostbloc.com%2FModules%2FShop%2FHttp HTTP/1.1" 200 564 "http://www.firstdigitalbank.com/whsy.php?p=%2Fhome%2Flab2454c%2Fcostbloc.com%2FModules%2FShop" "Mozilla/5.0 AppleWebKit/537.36 (KHTML, like Gecko; compatible; GPTBot/1.3; +https://openai.com/gptbot)"
74.7.227.7 - - [14/Apr/2026:00:32:50 +0000] "GET /whsy.php?e=personality&p=%2Fproc%2F29245 HTTP/1.1" 200 1064 "http://firstdigitalbank.com/whsy.php?p=%2Fproc%2F29245" "Mozilla/5.0 AppleWebKit/537.36 (KHTML, like Gecko; compatible; GPTBot/1.3; +https://openai.com/gptbot)"
74.7.227.7 - - [14/Apr/2026:00:32:56 +0000] "GET /whsy.php?e=personality&p=%2Fproc%2F28512 HTTP/1.1" 200 1936 "http://firstdigitalbank.com/whsy.php?p=%2Fproc%2F28512" "Mozilla/5.0 AppleWebKit/537.36 (KHTML, like Gecko; compatible; GPTBot/1.3; +https://openai.com/gptbot)"
74.7.243.238 - - [14/Apr/2026:00:32:57 +0000] "GET /whsy.php?p=%2Fhome%2Flab2454c%2Fspaxtac.com%2Fwp-content%2Fplugins%2Felementor-pro HTTP/1.1" 200 910 "http://www.firstdigitalbank.com/whsy.php?p=%2Fhome%2Flab2454c%2Fspaxtac.com%2Fwp-content%2Fplugins%2Fwp-user-frontend-pro%2F.." "Mozilla/5.0 AppleWebKit/537.36 (KHTML, like Gecko; compatible; GPTBot/1.3; +https://openai.com/gptbot)"
74.7.227.7 - - [14/Apr/2026:00:33:00 +0000] "GET /whsy.php?e=personality&p=%2Fproc%2F22195 HTTP/1.1" 200 1935 "http://firstdigitalbank.com/whsy.php?p=%2Fproc%2F22195" "Mozilla/5.0 AppleWebKit/537.36 (KHTML, like Gecko; compatible; GPTBot/1.3; +https://openai.com/gptbot)"
74.7.227.7 - - [14/Apr/2026:00:33:04 +0000] "GET /whsy.php?e=personality&p=%2Fproc%2F20126 HTTP/1.1" 200 1936 "http://firstdigitalbank.com/whsy.php?p=%2Fproc%2F20126" "Mozilla/5.0 AppleWebKit/537.36 (KHTML, like Gecko; compatible; GPTBot/1.3; +https://openai.com/gptbot)"
74.7.243.238 - - [14/Apr/2026:00:33:04 +0000] "GET /whsy.php?e=ip_tables_targets&p=%2Fproc%2F12173%2Ftask%2F12160%2Fnet HTTP/1.1" 200 1064 "http://www.firstdigitalbank.com/whsy.php?p=%2Fproc%2F12173%2Ftask%2F12160%2Fnet" "Mozilla/5.0 AppleWebKit/537.36 (KHTML, like Gecko; compatible; GPTBot/1.3; +https://openai.com/gptbot)"
74.7.227.7 - - [14/Apr/2026:00:33:07 +0000] "GET /whsy.php?p=%2Fproc%2F28812 HTTP/1.1" 200 1064 "http://firstdigitalbank.com/whsy.php?p=%2Fproc%2F3365%2F.." "Mozilla/5.0 AppleWebKit/537.36 (KHTML, like Gecko; compatible; GPTBot/1.3; +https://openai.com/gptbot)"
74.7.227.7 - - [14/Apr/2026:00:33:10 +0000] "GET /whsy.php?e=clear_refs&p=%2Fproc%2F28399 HTTP/1.1" 200 1064 "http://firstdigitalbank.com/whsy.php?p=%2Fproc%2F28399" "Mozilla/5.0 AppleWebKit/537.36 (KHTML, like Gecko; compatible; GPTBot/1.3; +https://openai.com/gptbot)"
74.7.227.7 - - [14/Apr/2026:00:33:14 +0000] "GET /whsy.php?e=clear_refs&p=%2Fproc%2F23596 HTTP/1.1" 200 1935 "http://firstdigitalbank.com/whsy.php?p=%2Fproc%2F23596" "Mozilla/5.0 AppleWebKit/537.36 (KHTML, like Gecko; compatible; GPTBot/1.3; +https://openai.com/gptbot)"
74.7.227.7 - - [14/Apr/2026:00:33:18 +0000] "GET /whsy.php?e=clear_refs&p=%2Fproc%2F17788 HTTP/1.1" 200 1935 "http://firstdigitalbank.com/whsy.php?p=%2Fproc%2F17788" "Mozilla/5.0 AppleWebKit/537.36 (KHTML, like Gecko; compatible; GPTBot/1.3; +https://openai.com/gptbot)"
74.7.243.238 - - [14/Apr/2026:00:33:19 +0000] "GET /whsy.php?e=arp_tables_targets&p=%2Fproc%2F15823%2Ftask%2F15841%2Fnet HTTP/1.1" 200 1064 "http://www.firstdigitalbank.com/whsy.php?p=%2Fproc%2F15823%2Ftask%2F15841%2Fnet" "Mozilla/5.0 AppleWebKit/537.36 (KHTML, like Gecko; compatible; GPTBot/1.3; +https://openai.com/gptbot)"
74.7.227.7 - - [14/Apr/2026:00:33:22 +0000] "GET /whsy.php?e=clear_refs&p=%2Fproc%2F24185 HTTP/1.1" 200 1064 "http://firstdigitalbank.com/whsy.php?p=%2Fproc%2F24185" "Mozilla/5.0 AppleWebKit/537.36 (KHTML, like Gecko; compatible; GPTBot/1.3; +https://openai.com/gptbot)"
74.7.227.7 - - [14/Apr/2026:00:33:26 +0000] "GET /whsy.php?e=clear_refs&p=%2Fproc%2F24187 HTTP/1.1" 200 1064 "http://firstdigitalbank.com/whsy.php?p=%2Fproc%2F24187" "Mozilla/5.0 AppleWebKit/537.36 (KHTML, like Gecko; compatible; GPTBot/1.3; +https://openai.com/gptbot)"
74.7.227.7 - - [14/Apr/2026:00:33:30 +0000] "GET /whsy.php?e=clear_refs&p=%2Fproc%2F29937 HTTP/1.1" 200 1936 "http://firstdigitalbank.com/whsy.php?p=%2Fproc%2F29937" "Mozilla/5.0 AppleWebKit/537.36 (KHTML, like Gecko; compatible; GPTBot/1.3; +https://openai.com/gptbot)"
74.7.243.238 - - [14/Apr/2026:00:33:31 +0000] "GET /whsy.php?p=%2Fhome%2Flab2454c%2Fcostbloc.com%2FModules%2FShop%2FHttp%2F.. HTTP/1.1" 200 889 "http://www.firstdigitalbank.com/whsy.php?p=%2Fhome%2Flab2454c%2Fcostbloc.com%2FModules%2FShop%2FHttp" "Mozilla/5.0 AppleWebKit/537.36 (KHTML, like Gecko; compatible; GPTBot/1.3; +https://openai.com/gptbot)"
74.7.227.7 - - [14/Apr/2026:00:33:34 +0000] "GET /whsy.php?e=loginuid&p=%2Fproc%2F29937 HTTP/1.1" 200 2013 "http://firstdigitalbank.com/whsy.php?p=%2Fproc%2F29937" "Mozilla/5.0 AppleWebKit/537.36 (KHTML, like Gecko; compatible; GPTBot/1.3; +https://openai.com/gptbot)"
74.7.227.7 - - [14/Apr/2026:00:33:38 +0000] "GET /whsy.php?e=loginuid&p=%2Fproc%2F22195 HTTP/1.1" 200 2011 "http://firstdigitalbank.com/whsy.php?p=%2Fproc%2F22195" "Mozilla/5.0 AppleWebKit/537.36 (KHTML, like Gecko; compatible; GPTBot/1.3; +https://openai.com/gptbot)"
74.7.243.238 - - [14/Apr/2026:00:33:38 +0000] "GET /whsy.php?p=%2Fhome%2Flab2454c%2Fspaxtac.com%2Fwp-content%2Fplugins%2Felementor-pro%2Fmodules HTTP/1.1" 200 1057 "http://www.firstdigitalbank.com/whsy.php?p=%2Fhome%2Flab2454c%2Fspaxtac.com%2Fwp-content%2Fplugins%2Felementor-pro" "Mozilla/5.0 AppleWebKit/537.36 (KHTML, like Gecko; compatible; GPTBot/1.3; +https://openai.com/gptbot)"
