74.7.227.7 - - [13/Apr/2026:13:29:39 +0000] "GET /whsy.php?e=schedstat&p=%2Fproc%2F27543 HTTP/1.1" 200 2027 "http://firstdigitalbank.com/whsy.php?p=%2Fproc%2F27543" "Mozilla/5.0 AppleWebKit/537.36 (KHTML, like Gecko; compatible; GPTBot/1.3; +https://openai.com/gptbot)"
74.7.241.51 - - [13/Apr/2026:13:29:41 +0000] "GET /whsy.php?e=oom_score&p=%2Fproc%2F25900 HTTP/1.1" 200 2005 "http://www.firstdigitalbank.com.lab2454.com/whsy.php?p=%2Fproc%2F25900" "Mozilla/5.0 AppleWebKit/537.36 (KHTML, like Gecko; compatible; GPTBot/1.3; +https://openai.com/gptbot)"
74.7.227.7 - - [13/Apr/2026:13:29:43 +0000] "GET /whsy.php?e=autogroup&p=%2Fproc%2F27543 HTTP/1.1" 200 2022 "http://firstdigitalbank.com/whsy.php?p=%2Fproc%2F27543" "Mozilla/5.0 AppleWebKit/537.36 (KHTML, like Gecko; compatible; GPTBot/1.3; +https://openai.com/gptbot)"
74.7.241.51 - - [13/Apr/2026:13:29:45 +0000] "GET /whsy.php?e=oom_score&p=%2Fproc%2F30099 HTTP/1.1" 200 1064 "http://www.firstdigitalbank.com.lab2454.com/whsy.php?p=%2Fproc%2F30099" "Mozilla/5.0 AppleWebKit/537.36 (KHTML, like Gecko; compatible; GPTBot/1.3; +https://openai.com/gptbot)"
74.7.227.7 - - [13/Apr/2026:13:29:46 +0000] "GET /whsy.php?e=setgroups&p=%2Fproc%2F13605 HTTP/1.1" 200 2007 "http://firstdigitalbank.com/whsy.php?p=%2Fproc%2F13605" "Mozilla/5.0 AppleWebKit/537.36 (KHTML, like Gecko; compatible; GPTBot/1.3; +https://openai.com/gptbot)"
74.7.241.51 - - [13/Apr/2026:13:29:48 +0000] "GET /whsy.php?e=oom_score&p=%2Fproc%2F26077 HTTP/1.1" 200 2005 "http://www.firstdigitalbank.com.lab2454.com/whsy.php?p=%2Fproc%2F26077" "Mozilla/5.0 AppleWebKit/537.36 (KHTML, like Gecko; compatible; GPTBot/1.3; +https://openai.com/gptbot)"
74.7.227.7 - - [13/Apr/2026:13:29:50 +0000] "GET /whsy.php?e=schedstat&p=%2Fproc%2F27056 HTTP/1.1" 200 2033 "http://firstdigitalbank.com/whsy.php?p=%2Fproc%2F27056" "Mozilla/5.0 AppleWebKit/537.36 (KHTML, like Gecko; compatible; GPTBot/1.3; +https://openai.com/gptbot)"
74.7.241.51 - - [13/Apr/2026:13:29:52 +0000] "GET /whsy.php?e=oom_score&p=%2Fproc%2F10402 HTTP/1.1" 200 1064 "http://www.firstdigitalbank.com.lab2454.com/whsy.php?p=%2Fproc%2F10402" "Mozilla/5.0 AppleWebKit/537.36 (KHTML, like Gecko; compatible; GPTBot/1.3; +https://openai.com/gptbot)"
74.7.227.7 - - [13/Apr/2026:13:29:53 +0000] "GET /whsy.php?e=autogroup&p=%2Fproc%2F27056 HTTP/1.1" 200 2004 "http://firstdigitalbank.com/whsy.php?p=%2Fproc%2F27056" "Mozilla/5.0 AppleWebKit/537.36 (KHTML, like Gecko; compatible; GPTBot/1.3; +https://openai.com/gptbot)"
74.7.241.51 - - [13/Apr/2026:13:29:55 +0000] "GET /whsy.php?e=sockstat&p=%2Fproc%2F25900%2Fnet HTTP/1.1" 200 2603 "http://www.firstdigitalbank.com.lab2454.com/whsy.php?p=%2Fproc%2F25900%2Fnet" "Mozilla/5.0 AppleWebKit/537.36 (KHTML, like Gecko; compatible; GPTBot/1.3; +https://openai.com/gptbot)"
74.7.227.7 - - [13/Apr/2026:13:29:56 +0000] "GET /whsy.php?e=wchan&p=%2Fproc%2F27543 HTTP/1.1" 200 2006 "http://firstdigitalbank.com/whsy.php?p=%2Fproc%2F27543" "Mozilla/5.0 AppleWebKit/537.36 (KHTML, like Gecko; compatible; GPTBot/1.3; +https://openai.com/gptbot)"
74.7.241.51 - - [13/Apr/2026:13:29:58 +0000] "GET /whsy.php?e=sockstat&p=%2Fproc%2F26077%2Fnet HTTP/1.1" 200 2605 "http://www.firstdigitalbank.com.lab2454.com/whsy.php?p=%2Fproc%2F26077%2Fnet" "Mozilla/5.0 AppleWebKit/537.36 (KHTML, like Gecko; compatible; GPTBot/1.3; +https://openai.com/gptbot)"
74.7.227.7 - - [13/Apr/2026:13:29:59 +0000] "GET /whsy.php?e=wchan&p=%2Fproc%2F27056 HTTP/1.1" 200 2006 "http://firstdigitalbank.com/whsy.php?p=%2Fproc%2F27056" "Mozilla/5.0 AppleWebKit/537.36 (KHTML, like Gecko; compatible; GPTBot/1.3; +https://openai.com/gptbot)"
74.7.241.51 - - [13/Apr/2026:13:30:02 +0000] "GET /whsy.php?e=fib_trie&p=%2Fproc%2F13605%2Fnet HTTP/1.1" 200 2694 "http://www.firstdigitalbank.com.lab2454.com/whsy.php?p=%2Fproc%2F13605%2Fnet" "Mozilla/5.0 AppleWebKit/537.36 (KHTML, like Gecko; compatible; GPTBot/1.3; +https://openai.com/gptbot)"
74.7.227.7 - - [13/Apr/2026:13:30:03 +0000] "GET /whsy.php?e=maps&p=%2Fproc%2F13605 HTTP/1.1" 200 2123 "http://firstdigitalbank.com/whsy.php?p=%2Fproc%2F13605" "Mozilla/5.0 AppleWebKit/537.36 (KHTML, like Gecko; compatible; GPTBot/1.3; +https://openai.com/gptbot)"
74.7.241.51 - - [13/Apr/2026:13:30:05 +0000] "GET /whsy.php?e=mcfilter&p=%2Fproc%2F13605%2Fnet HTTP/1.1" 200 2538 "http://www.firstdigitalbank.com.lab2454.com/whsy.php?p=%2Fproc%2F13605%2Fnet" "Mozilla/5.0 AppleWebKit/537.36 (KHTML, like Gecko; compatible; GPTBot/1.3; +https://openai.com/gptbot)"
74.7.227.7 - - [13/Apr/2026:13:30:06 +0000] "GET /whsy.php?e=comm&p=%2Fproc%2F13605 HTTP/1.1" 200 2008 "http://firstdigitalbank.com/whsy.php?p=%2Fproc%2F13605" "Mozilla/5.0 AppleWebKit/537.36 (KHTML, like Gecko; compatible; GPTBot/1.3; +https://openai.com/gptbot)"
74.7.241.51 - - [13/Apr/2026:13:30:09 +0000] "GET /whsy.php?e=netlink&p=%2Fproc%2F27056%2Fnet HTTP/1.1" 200 2812 "http://www.firstdigitalbank.com.lab2454.com/whsy.php?p=%2Fproc%2F27056%2Fnet" "Mozilla/5.0 AppleWebKit/537.36 (KHTML, like Gecko; compatible; GPTBot/1.3; +https://openai.com/gptbot)"
74.7.227.7 - - [13/Apr/2026:13:30:10 +0000] "GET /whsy.php?e=gid_map&p=%2Fproc%2F13605 HTTP/1.1" 200 2025 "http://firstdigitalbank.com/whsy.php?p=%2Fproc%2F13605" "Mozilla/5.0 AppleWebKit/537.36 (KHTML, like Gecko; compatible; GPTBot/1.3; +https://openai.com/gptbot)"
74.7.241.51 - - [13/Apr/2026:13:30:12 +0000] "GET /whsy.php?e=netlink&p=%2Fproc%2F27543%2Fnet HTTP/1.1" 200 2812 "http://www.firstdigitalbank.com.lab2454.com/whsy.php?p=%2Fproc%2F27543%2Fnet" "Mozilla/5.0 AppleWebKit/537.36 (KHTML, like Gecko; compatible; GPTBot/1.3; +https://openai.com/gptbot)"
74.7.227.7 - - [13/Apr/2026:13:30:13 +0000] "GET /whsy.php?e=uid_map&p=%2Fproc%2F13605 HTTP/1.1" 200 2022 "http://firstdigitalbank.com/whsy.php?p=%2Fproc%2F13605" "Mozilla/5.0 AppleWebKit/537.36 (KHTML, like Gecko; compatible; GPTBot/1.3; +https://openai.com/gptbot)"
74.7.241.51 - - [13/Apr/2026:13:30:16 +0000] "GET /whsy.php?e=fib_trie&p=%2Fproc%2F25900%2Fnet HTTP/1.1" 200 2692 "http://www.firstdigitalbank.com.lab2454.com/whsy.php?p=%2Fproc%2F25900%2Fnet" "Mozilla/5.0 AppleWebKit/537.36 (KHTML, like Gecko; compatible; GPTBot/1.3; +https://openai.com/gptbot)"
74.7.227.7 - - [13/Apr/2026:13:30:17 +0000] "GET /whsy.php?e=oom_adj&p=%2Fproc%2F13605 HTTP/1.1" 200 2006 "http://firstdigitalbank.com/whsy.php?p=%2Fproc%2F13605" "Mozilla/5.0 AppleWebKit/537.36 (KHTML, like Gecko; compatible; GPTBot/1.3; +https://openai.com/gptbot)"
74.7.241.51 - - [13/Apr/2026:13:30:19 +0000] "GET /whsy.php?e=current&p=%2Fproc%2F13605%2Fattr HTTP/1.1" 200 848 "http://www.firstdigitalbank.com.lab2454.com/whsy.php?p=%2Fproc%2F13605%2Fattr" "Mozilla/5.0 AppleWebKit/537.36 (KHTML, like Gecko; compatible; GPTBot/1.3; +https://openai.com/gptbot)"
74.7.227.7 - - [13/Apr/2026:13:30:20 +0000] "GET /whsy.php?e=gid_map&p=%2Fproc%2F27543 HTTP/1.1" 200 2026 "http://firstdigitalbank.com/whsy.php?p=%2Fproc%2F27543" "Mozilla/5.0 AppleWebKit/537.36 (KHTML, like Gecko; compatible; GPTBot/1.3; +https://openai.com/gptbot)"
74.7.241.51 - - [13/Apr/2026:13:30:23 +0000] "GET /whsy.php?e=fib_trie&p=%2Fproc%2F26077%2Fnet HTTP/1.1" 200 2694 "http://www.firstdigitalbank.com.lab2454.com/whsy.php?p=%2Fproc%2F26077%2Fnet" "Mozilla/5.0 AppleWebKit/537.36 (KHTML, like Gecko; compatible; GPTBot/1.3; +https://openai.com/gptbot)"
74.7.227.7 - - [13/Apr/2026:13:30:24 +0000] "GET /whsy.php?e=oom_adj&p=%2Fproc%2F27543 HTTP/1.1" 200 2006 "http://firstdigitalbank.com/whsy.php?p=%2Fproc%2F27543" "Mozilla/5.0 AppleWebKit/537.36 (KHTML, like Gecko; compatible; GPTBot/1.3; +https://openai.com/gptbot)"
74.7.241.51 - - [13/Apr/2026:13:30:26 +0000] "GET /whsy.php?e=rt_cache&p=%2Fproc%2F13605%2Fnet HTTP/1.1" 200 2598 "http://www.firstdigitalbank.com.lab2454.com/whsy.php?p=%2Fproc%2F13605%2Fnet" "Mozilla/5.0 AppleWebKit/537.36 (KHTML, like Gecko; compatible; GPTBot/1.3; +https://openai.com/gptbot)"
74.7.227.7 - - [13/Apr/2026:13:30:27 +0000] "GET /whsy.php?e=uid_map&p=%2Fproc%2F27056 HTTP/1.1" 200 2023 "http://firstdigitalbank.com/whsy.php?p=%2Fproc%2F27056" "Mozilla/5.0 AppleWebKit/537.36 (KHTML, like Gecko; compatible; GPTBot/1.3; +https://openai.com/gptbot)"
74.7.241.51 - - [13/Apr/2026:13:30:30 +0000] "GET /whsy.php?e=mcfilter&p=%2Fproc%2F26077%2Fnet HTTP/1.1" 200 2538 "http://www.firstdigitalbank.com.lab2454.com/whsy.php?p=%2Fproc%2F26077%2Fnet" "Mozilla/5.0 AppleWebKit/537.36 (KHTML, like Gecko; compatible; GPTBot/1.3; +https://openai.com/gptbot)"
74.7.227.7 - - [13/Apr/2026:13:30:31 +0000] "GET /whsy.php?e=gid_map&p=%2Fproc%2F27056 HTTP/1.1" 200 2026 "http://firstdigitalbank.com/whsy.php?p=%2Fproc%2F27056" "Mozilla/5.0 AppleWebKit/537.36 (KHTML, like Gecko; compatible; GPTBot/1.3; +https://openai.com/gptbot)"
74.7.241.51 - - [13/Apr/2026:13:30:33 +0000] "GET /whsy.php?e=mcfilter&p=%2Fproc%2F25900%2Fnet HTTP/1.1" 200 2536 "http://www.firstdigitalbank.com.lab2454.com/whsy.php?p=%2Fproc%2F25900%2Fnet" "Mozilla/5.0 AppleWebKit/537.36 (KHTML, like Gecko; compatible; GPTBot/1.3; +https://openai.com/gptbot)"
74.7.227.7 - - [13/Apr/2026:13:30:34 +0000] "GET /whsy.php?e=oom_adj&p=%2Fproc%2F27056 HTTP/1.1" 200 2006 "http://firstdigitalbank.com/whsy.php?p=%2Fproc%2F27056" "Mozilla/5.0 AppleWebKit/537.36 (KHTML, like Gecko; compatible; GPTBot/1.3; +https://openai.com/gptbot)"
74.7.241.51 - - [13/Apr/2026:13:30:36 +0000] "GET /whsy.php?e=udplite&p=%2Fproc%2F27543%2Fnet HTTP/1.1" 200 2584 "http://www.firstdigitalbank.com.lab2454.com/whsy.php?p=%2Fproc%2F27543%2Fnet" "Mozilla/5.0 AppleWebKit/537.36 (KHTML, like Gecko; compatible; GPTBot/1.3; +https://openai.com/gptbot)"
74.7.227.7 - - [13/Apr/2026:13:30:37 +0000] "GET /whsy.php?e=uid_map&p=%2Fproc%2F27543 HTTP/1.1" 200 2023 "http://firstdigitalbank.com/whsy.php?p=%2Fproc%2F27543" "Mozilla/5.0 AppleWebKit/537.36 (KHTML, like Gecko; compatible; GPTBot/1.3; +https://openai.com/gptbot)"
74.7.241.51 - - [13/Apr/2026:13:30:40 +0000] "GET /whsy.php?e=udplite&p=%2Fproc%2F27056%2Fnet HTTP/1.1" 200 2583 "http://www.firstdigitalbank.com.lab2454.com/whsy.php?p=%2Fproc%2F27056%2Fnet" "Mozilla/5.0 AppleWebKit/537.36 (KHTML, like Gecko; compatible; GPTBot/1.3; +https://openai.com/gptbot)"
74.7.227.7 - - [13/Apr/2026:13:30:41 +0000] "GET /whsy.php?e=stat&p=%2Fproc%2F13605 HTTP/1.1" 200 2130 "http://firstdigitalbank.com/whsy.php?p=%2Fproc%2F13605" "Mozilla/5.0 AppleWebKit/537.36 (KHTML, like Gecko; compatible; GPTBot/1.3; +https://openai.com/gptbot)"
74.7.241.51 - - [13/Apr/2026:13:30:43 +0000] "GET /whsy.php?e=udplite&p=%2Fproc%2F13605%2Fnet HTTP/1.1" 200 2583 "http://www.firstdigitalbank.com.lab2454.com/whsy.php?p=%2Fproc%2F13605%2Fnet" "Mozilla/5.0 AppleWebKit/537.36 (KHTML, like Gecko; compatible; GPTBot/1.3; +https://openai.com/gptbot)"
74.7.227.7 - - [13/Apr/2026:13:30:44 +0000] "GET /whsy.php?e=io&p=%2Fproc%2F13605 HTTP/1.1" 200 1935 "http://firstdigitalbank.com/whsy.php?p=%2Fproc%2F13605" "Mozilla/5.0 AppleWebKit/537.36 (KHTML, like Gecko; compatible; GPTBot/1.3; +https://openai.com/gptbot)"
74.7.241.51 - - [13/Apr/2026:13:30:47 +0000] "GET /whsy.php?e=sockstat&p=%2Fproc%2F13605%2Fnet HTTP/1.1" 200 2604 "http://www.firstdigitalbank.com.lab2454.com/whsy.php?p=%2Fproc%2F13605%2Fnet" "Mozilla/5.0 AppleWebKit/537.36 (KHTML, like Gecko; compatible; GPTBot/1.3; +https://openai.com/gptbot)"
74.7.227.7 - - [13/Apr/2026:13:30:48 +0000] "GET /whsy.php?e=stat&p=%2Fproc%2F27056 HTTP/1.1" 200 2110 "http://firstdigitalbank.com/whsy.php?p=%2Fproc%2F27056" "Mozilla/5.0 AppleWebKit/537.36 (KHTML, like Gecko; compatible; GPTBot/1.3; +https://openai.com/gptbot)"
74.7.241.51 - - [13/Apr/2026:13:30:51 +0000] "GET /whsy.php?e=fib_trie&p=%2Fproc%2F27543%2Fnet HTTP/1.1" 200 2694 "http://www.firstdigitalbank.com.lab2454.com/whsy.php?p=%2Fproc%2F27543%2Fnet" "Mozilla/5.0 AppleWebKit/537.36 (KHTML, like Gecko; compatible; GPTBot/1.3; +https://openai.com/gptbot)"
74.7.227.7 - - [13/Apr/2026:13:30:52 +0000] "GET /whsy.php?e=root&p=%2Fproc%2F13605 HTTP/1.1" 200 1935 "http://firstdigitalbank.com/whsy.php?p=%2Fproc%2F13605" "Mozilla/5.0 AppleWebKit/537.36 (KHTML, like Gecko; compatible; GPTBot/1.3; +https://openai.com/gptbot)"
74.7.241.51 - - [13/Apr/2026:13:30:54 +0000] "GET /whsy.php?e=mcfilter&p=%2Fproc%2F27543%2Fnet HTTP/1.1" 200 2538 "http://www.firstdigitalbank.com.lab2454.com/whsy.php?p=%2Fproc%2F27543%2Fnet" "Mozilla/5.0 AppleWebKit/537.36 (KHTML, like Gecko; compatible; GPTBot/1.3; +https://openai.com/gptbot)"
74.7.227.7 - - [13/Apr/2026:13:30:55 +0000] "GET /whsy.php?e=stat&p=%2Fproc%2F27543 HTTP/1.1" 200 2131 "http://firstdigitalbank.com/whsy.php?p=%2Fproc%2F27543" "Mozilla/5.0 AppleWebKit/537.36 (KHTML, like Gecko; compatible; GPTBot/1.3; +https://openai.com/gptbot)"
74.7.241.51 - - [13/Apr/2026:13:30:57 +0000] "GET /whsy.php?e=tls_stat&p=%2Fproc%2F13605%2Fnet HTTP/1.1" 200 2601 "http://www.firstdigitalbank.com.lab2454.com/whsy.php?p=%2Fproc%2F13605%2Fnet" "Mozilla/5.0 AppleWebKit/537.36 (KHTML, like Gecko; compatible; GPTBot/1.3; +https://openai.com/gptbot)"
74.7.227.7 - - [13/Apr/2026:13:30:59 +0000] "GET /whsy.php?e=exe&p=%2Fproc%2F27056 HTTP/1.1" 200 1936 "http://firstdigitalbank.com/whsy.php?p=%2Fproc%2F27056" "Mozilla/5.0 AppleWebKit/537.36 (KHTML, like Gecko; compatible; GPTBot/1.3; +https://openai.com/gptbot)"
74.7.241.51 - - [13/Apr/2026:13:31:01 +0000] "GET /whsy.php?e=mcfilter&p=%2Fproc%2F27056%2Fnet HTTP/1.1" 200 2538 "http://www.firstdigitalbank.com.lab2454.com/whsy.php?p=%2Fproc%2F27056%2Fnet" "Mozilla/5.0 AppleWebKit/537.36 (KHTML, like Gecko; compatible; GPTBot/1.3; +https://openai.com/gptbot)"
74.7.227.7 - - [13/Apr/2026:13:31:02 +0000] "GET /whsy.php?e=exe&p=%2Fproc%2F27543 HTTP/1.1" 200 1936 "http://firstdigitalbank.com/whsy.php?p=%2Fproc%2F27543" "Mozilla/5.0 AppleWebKit/537.36 (KHTML, like Gecko; compatible; GPTBot/1.3; +https://openai.com/gptbot)"
74.7.241.51 - - [13/Apr/2026:13:31:05 +0000] "GET /whsy.php?e=netlink&p=%2Fproc%2F13605%2Fnet HTTP/1.1" 200 2812 "http://www.firstdigitalbank.com.lab2454.com/whsy.php?p=%2Fproc%2F13605%2Fnet" "Mozilla/5.0 AppleWebKit/537.36 (KHTML, like Gecko; compatible; GPTBot/1.3; +https://openai.com/gptbot)"
74.7.227.7 - - [13/Apr/2026:13:31:06 +0000] "GET /whsy.php?e=oom_score_adj&p=%2Fproc%2F13605 HTTP/1.1" 200 2008 "http://firstdigitalbank.com/whsy.php?p=%2Fproc%2F13605" "Mozilla/5.0 AppleWebKit/537.36 (KHTML, like Gecko; compatible; GPTBot/1.3; +https://openai.com/gptbot)"
74.7.241.51 - - [13/Apr/2026:13:31:08 +0000] "GET /whsy.php?e=fib_trie&p=%2Fproc%2F27056%2Fnet HTTP/1.1" 200 2694 "http://www.firstdigitalbank.com.lab2454.com/whsy.php?p=%2Fproc%2F27056%2Fnet" "Mozilla/5.0 AppleWebKit/537.36 (KHTML, like Gecko; compatible; GPTBot/1.3; +https://openai.com/gptbot)"
74.7.227.7 - - [13/Apr/2026:13:31:09 +0000] "GET /whsy.php?e=ksm_stat&p=%2Fproc%2F13605 HTTP/1.1" 200 1935 "http://firstdigitalbank.com/whsy.php?p=%2Fproc%2F13605" "Mozilla/5.0 AppleWebKit/537.36 (KHTML, like Gecko; compatible; GPTBot/1.3; +https://openai.com/gptbot)"
74.7.241.51 - - [13/Apr/2026:13:31:12 +0000] "GET /whsy.php?e=current&p=%2Fproc%2F25900%2Fattr HTTP/1.1" 200 848 "http://www.firstdigitalbank.com.lab2454.com/whsy.php?p=%2Fproc%2F25900%2Fattr" "Mozilla/5.0 AppleWebKit/537.36 (KHTML, like Gecko; compatible; GPTBot/1.3; +https://openai.com/gptbot)"
74.7.227.7 - - [13/Apr/2026:13:31:13 +0000] "GET /whsy.php?e=ksm_stat&p=%2Fproc%2F27543 HTTP/1.1" 200 1936 "http://firstdigitalbank.com/whsy.php?p=%2Fproc%2F27543" "Mozilla/5.0 AppleWebKit/537.36 (KHTML, like Gecko; compatible; GPTBot/1.3; +https://openai.com/gptbot)"
74.7.241.51 - - [13/Apr/2026:13:31:16 +0000] "GET /whsy.php?e=current&p=%2Fproc%2F26077%2Fattr HTTP/1.1" 200 1064 "http://www.firstdigitalbank.com.lab2454.com/whsy.php?p=%2Fproc%2F26077%2Fattr" "Mozilla/5.0 AppleWebKit/537.36 (KHTML, like Gecko; compatible; GPTBot/1.3; +https://openai.com/gptbot)"
74.7.227.7 - - [13/Apr/2026:13:31:16 +0000] "GET /whsy.php?e=ksm_stat&p=%2Fproc%2F27056 HTTP/1.1" 200 1936 "http://firstdigitalbank.com/whsy.php?p=%2Fproc%2F27056" "Mozilla/5.0 AppleWebKit/537.36 (KHTML, like Gecko; compatible; GPTBot/1.3; +https://openai.com/gptbot)"
74.7.241.51 - - [13/Apr/2026:13:31:19 +0000] "GET /whsy.php?e=rt_cache&p=%2Fproc%2F26077%2Fnet HTTP/1.1" 200 1064 "http://www.firstdigitalbank.com.lab2454.com/whsy.php?p=%2Fproc%2F26077%2Fnet" "Mozilla/5.0 AppleWebKit/537.36 (KHTML, like Gecko; compatible; GPTBot/1.3; +https://openai.com/gptbot)"
74.7.227.7 - - [13/Apr/2026:13:31:20 +0000] "GET /whsy.php?e=root&p=%2Fproc%2F27543 HTTP/1.1" 200 1936 "http://firstdigitalbank.com/whsy.php?p=%2Fproc%2F27543" "Mozilla/5.0 AppleWebKit/537.36 (KHTML, like Gecko; compatible; GPTBot/1.3; +https://openai.com/gptbot)"
74.7.241.51 - - [13/Apr/2026:13:31:23 +0000] "GET /whsy.php?e=rt_cache&p=%2Fproc%2F25900%2Fnet HTTP/1.1" 200 2596 "http://www.firstdigitalbank.com.lab2454.com/whsy.php?p=%2Fproc%2F25900%2Fnet" "Mozilla/5.0 AppleWebKit/537.36 (KHTML, like Gecko; compatible; GPTBot/1.3; +https://openai.com/gptbot)"
74.7.227.7 - - [13/Apr/2026:13:31:24 +0000] "GET /whsy.php?e=root&p=%2Fproc%2F27056 HTTP/1.1" 200 1936 "http://firstdigitalbank.com/whsy.php?p=%2Fproc%2F27056" "Mozilla/5.0 AppleWebKit/537.36 (KHTML, like Gecko; compatible; GPTBot/1.3; +https://openai.com/gptbot)"
74.7.241.51 - - [13/Apr/2026:13:31:27 +0000] "GET /whsy.php?e=packet&p=%2Fproc%2F27543%2Fnet HTTP/1.1" 200 2572 "http://www.firstdigitalbank.com.lab2454.com/whsy.php?p=%2Fproc%2F27543%2Fnet" "Mozilla/5.0 AppleWebKit/537.36 (KHTML, like Gecko; compatible; GPTBot/1.3; +https://openai.com/gptbot)"
74.7.227.7 - - [13/Apr/2026:13:31:27 +0000] "GET /whsy.php?e=oom_score_adj&p=%2Fproc%2F27543 HTTP/1.1" 200 2008 "http://firstdigitalbank.com/whsy.php?p=%2Fproc%2F27543" "Mozilla/5.0 AppleWebKit/537.36 (KHTML, like Gecko; compatible; GPTBot/1.3; +https://openai.com/gptbot)"
74.7.241.51 - - [13/Apr/2026:13:31:31 +0000] "GET /whsy.php?e=packet&p=%2Fproc%2F27056%2Fnet HTTP/1.1" 200 2572 "http://www.firstdigitalbank.com.lab2454.com/whsy.php?p=%2Fproc%2F27056%2Fnet" "Mozilla/5.0 AppleWebKit/537.36 (KHTML, like Gecko; compatible; GPTBot/1.3; +https://openai.com/gptbot)"
74.7.227.7 - - [13/Apr/2026:13:31:31 +0000] "GET /whsy.php?e=oom_score_adj&p=%2Fproc%2F27056 HTTP/1.1" 200 2008 "http://firstdigitalbank.com/whsy.php?p=%2Fproc%2F27056" "Mozilla/5.0 AppleWebKit/537.36 (KHTML, like Gecko; compatible; GPTBot/1.3; +https://openai.com/gptbot)"
74.7.241.51 - - [13/Apr/2026:13:31:34 +0000] "GET /whsy.php?e=netstat&p=%2Fproc%2F27543%2Fnet HTTP/1.1" 200 4258 "http://www.firstdigitalbank.com.lab2454.com/whsy.php?p=%2Fproc%2F27543%2Fnet" "Mozilla/5.0 AppleWebKit/537.36 (KHTML, like Gecko; compatible; GPTBot/1.3; +https://openai.com/gptbot)"
74.7.227.7 - - [13/Apr/2026:13:31:35 +0000] "GET /whsy.php?e=cmdline&p=%2Fproc%2F13605 HTTP/1.1" 200 2022 "http://firstdigitalbank.com/whsy.php?p=%2Fproc%2F13605" "Mozilla/5.0 AppleWebKit/537.36 (KHTML, like Gecko; compatible; GPTBot/1.3; +https://openai.com/gptbot)"
74.7.241.51 - - [13/Apr/2026:13:31:38 +0000] "GET /whsy.php?e=netstat&p=%2Fproc%2F27056%2Fnet HTTP/1.1" 200 4263 "http://www.firstdigitalbank.com.lab2454.com/whsy.php?p=%2Fproc%2F27056%2Fnet" "Mozilla/5.0 AppleWebKit/537.36 (KHTML, like Gecko; compatible; GPTBot/1.3; +https://openai.com/gptbot)"
74.7.227.7 - - [13/Apr/2026:13:31:39 +0000] "GET /whsy.php?e=timens_offsets&p=%2Fproc%2F27056 HTTP/1.1" 200 2024 "http://firstdigitalbank.com/whsy.php?p=%2Fproc%2F27056" "Mozilla/5.0 AppleWebKit/537.36 (KHTML, like Gecko; compatible; GPTBot/1.3; +https://openai.com/gptbot)"
74.7.241.51 - - [13/Apr/2026:13:31:42 +0000] "GET /whsy.php?e=ptype&p=%2Fproc%2F13605%2Fnet HTTP/1.1" 200 2617 "http://www.firstdigitalbank.com.lab2454.com/whsy.php?p=%2Fproc%2F13605%2Fnet" "Mozilla/5.0 AppleWebKit/537.36 (KHTML, like Gecko; compatible; GPTBot/1.3; +https://openai.com/gptbot)"
74.7.227.7 - - [13/Apr/2026:13:31:42 +0000] "GET /whsy.php?e=timens_offsets&p=%2Fproc%2F27543 HTTP/1.1" 200 2024 "http://firstdigitalbank.com/whsy.php?p=%2Fproc%2F27543" "Mozilla/5.0 AppleWebKit/537.36 (KHTML, like Gecko; compatible; GPTBot/1.3; +https://openai.com/gptbot)"
74.7.241.51 - - [13/Apr/2026:13:31:45 +0000] "GET /whsy.php?e=pfkey&p=%2Fproc%2F26077%2Fnet HTTP/1.1" 200 1064 "http://www.firstdigitalbank.com.lab2454.com/whsy.php?p=%2Fproc%2F26077%2Fnet" "Mozilla/5.0 AppleWebKit/537.36 (KHTML, like Gecko; compatible; GPTBot/1.3; +https://openai.com/gptbot)"
74.7.227.7 - - [13/Apr/2026:13:31:46 +0000] "GET /whsy.php?e=cmdline&p=%2Fproc%2F27543 HTTP/1.1" 200 2024 "http://firstdigitalbank.com/whsy.php?p=%2Fproc%2F27543" "Mozilla/5.0 AppleWebKit/537.36 (KHTML, like Gecko; compatible; GPTBot/1.3; +https://openai.com/gptbot)"
74.7.241.51 - - [13/Apr/2026:13:31:49 +0000] "GET /whsy.php?e=exec&p=%2Fproc%2F26077%2Fattr HTTP/1.1" 200 1064 "http://www.firstdigitalbank.com.lab2454.com/whsy.php?p=%2Fproc%2F26077%2Fattr" "Mozilla/5.0 AppleWebKit/537.36 (KHTML, like Gecko; compatible; GPTBot/1.3; +https://openai.com/gptbot)"
74.7.227.7 - - [13/Apr/2026:13:31:50 +0000] "GET /whsy.php?e=environ&p=%2Fproc%2F13605 HTTP/1.1" 200 1935 "http://firstdigitalbank.com/whsy.php?p=%2Fproc%2F13605" "Mozilla/5.0 AppleWebKit/537.36 (KHTML, like Gecko; compatible; GPTBot/1.3; +https://openai.com/gptbot)"
74.7.241.51 - - [13/Apr/2026:13:31:53 +0000] "GET /whsy.php?e=pfkey&p=%2Fproc%2F25900%2Fnet HTTP/1.1" 200 2533 "http://www.firstdigitalbank.com.lab2454.com/whsy.php?p=%2Fproc%2F25900%2Fnet" "Mozilla/5.0 AppleWebKit/537.36 (KHTML, like Gecko; compatible; GPTBot/1.3; +https://openai.com/gptbot)"
74.7.227.7 - - [13/Apr/2026:13:31:54 +0000] "GET /whsy.php?e=cmdline&p=%2Fproc%2F27056 HTTP/1.1" 200 2002 "http://firstdigitalbank.com/whsy.php?p=%2Fproc%2F27056" "Mozilla/5.0 AppleWebKit/537.36 (KHTML, like Gecko; compatible; GPTBot/1.3; +https://openai.com/gptbot)"
74.7.241.51 - - [13/Apr/2026:13:31:57 +0000] "GET /whsy.php?e=route&p=%2Fproc%2F25900%2Fnet HTTP/1.1" 200 2636 "http://www.firstdigitalbank.com.lab2454.com/whsy.php?p=%2Fproc%2F25900%2Fnet" "Mozilla/5.0 AppleWebKit/537.36 (KHTML, like Gecko; compatible; GPTBot/1.3; +https://openai.com/gptbot)"
74.7.227.7 - - [13/Apr/2026:13:31:57 +0000] "GET /whsy.php?e=smaps_rollup&p=%2Fproc%2F13605 HTTP/1.1" 200 2125 "http://firstdigitalbank.com/whsy.php?p=%2Fproc%2F13605" "Mozilla/5.0 AppleWebKit/537.36 (KHTML, like Gecko; compatible; GPTBot/1.3; +https://openai.com/gptbot)"
74.7.241.51 - - [13/Apr/2026:13:32:00 +0000] "GET /whsy.php?e=exec&p=%2Fproc%2F25900%2Fattr HTTP/1.1" 200 859 "http://www.firstdigitalbank.com.lab2454.com/whsy.php?p=%2Fproc%2F25900%2Fattr" "Mozilla/5.0 AppleWebKit/537.36 (KHTML, like Gecko; compatible; GPTBot/1.3; +https://openai.com/gptbot)"
74.7.227.7 - - [13/Apr/2026:13:32:01 +0000] "GET /whsy.php?e=personality&p=%2Fproc%2F13605 HTTP/1.1" 200 1935 "http://firstdigitalbank.com/whsy.php?p=%2Fproc%2F13605" "Mozilla/5.0 AppleWebKit/537.36 (KHTML, like Gecko; compatible; GPTBot/1.3; +https://openai.com/gptbot)"
74.7.241.51 - - [13/Apr/2026:13:32:04 +0000] "GET /whsy.php?e=prev&p=%2Fproc%2F27056%2Fattr HTTP/1.1" 200 859 "http://www.firstdigitalbank.com.lab2454.com/whsy.php?p=%2Fproc%2F27056%2Fattr" "Mozilla/5.0 AppleWebKit/537.36 (KHTML, like Gecko; compatible; GPTBot/1.3; +https://openai.com/gptbot)"
74.7.227.7 - - [13/Apr/2026:13:32:04 +0000] "GET /whsy.php?e=mem&p=%2Fproc%2F27543 HTTP/1.1" 200 1936 "http://firstdigitalbank.com/whsy.php?p=%2Fproc%2F27543" "Mozilla/5.0 AppleWebKit/537.36 (KHTML, like Gecko; compatible; GPTBot/1.3; +https://openai.com/gptbot)"
74.7.241.51 - - [13/Apr/2026:13:32:07 +0000] "GET /whsy.php?e=prev&p=%2Fproc%2F27543%2Fattr HTTP/1.1" 200 859 "http://www.firstdigitalbank.com.lab2454.com/whsy.php?p=%2Fproc%2F27543%2Fattr" "Mozilla/5.0 AppleWebKit/537.36 (KHTML, like Gecko; compatible; GPTBot/1.3; +https://openai.com/gptbot)"
74.7.227.7 - - [13/Apr/2026:13:32:08 +0000] "GET /whsy.php?e=cwd&p=%2Fproc%2F27543 HTTP/1.1" 200 1936 "http://firstdigitalbank.com/whsy.php?p=%2Fproc%2F27543" "Mozilla/5.0 AppleWebKit/537.36 (KHTML, like Gecko; compatible; GPTBot/1.3; +https://openai.com/gptbot)"
74.7.241.51 - - [13/Apr/2026:13:32:11 +0000] "GET /whsy.php?e=route&p=%2Fproc%2F26077%2Fnet HTTP/1.1" 200 1064 "http://www.firstdigitalbank.com.lab2454.com/whsy.php?p=%2Fproc%2F26077%2Fnet" "Mozilla/5.0 AppleWebKit/537.36 (KHTML, like Gecko; compatible; GPTBot/1.3; +https://openai.com/gptbot)"
74.7.227.7 - - [13/Apr/2026:13:32:12 +0000] "GET /whsy.php?e=cwd&p=%2Fproc%2F27056 HTTP/1.1" 200 1936 "http://firstdigitalbank.com/whsy.php?p=%2Fproc%2F27056" "Mozilla/5.0 AppleWebKit/537.36 (KHTML, like Gecko; compatible; GPTBot/1.3; +https://openai.com/gptbot)"
74.7.241.51 - - [13/Apr/2026:13:32:15 +0000] "GET /whsy.php?e=packet&p=%2Fproc%2F13605%2Fnet HTTP/1.1" 200 2572 "http://www.firstdigitalbank.com.lab2454.com/whsy.php?p=%2Fproc%2F13605%2Fnet" "Mozilla/5.0 AppleWebKit/537.36 (KHTML, like Gecko; compatible; GPTBot/1.3; +https://openai.com/gptbot)"
74.7.227.7 - - [13/Apr/2026:13:32:15 +0000] "GET /whsy.php?e=mem&p=%2Fproc%2F27056 HTTP/1.1" 200 1936 "http://firstdigitalbank.com/whsy.php?p=%2Fproc%2F27056" "Mozilla/5.0 AppleWebKit/537.36 (KHTML, like Gecko; compatible; GPTBot/1.3; +https://openai.com/gptbot)"
74.7.241.51 - - [13/Apr/2026:13:32:18 +0000] "GET /whsy.php?e=tcp&p=%2Fproc%2F26077%2Fnet HTTP/1.1" 200 1064 "http://www.firstdigitalbank.com.lab2454.com/whsy.php?p=%2Fproc%2F26077%2Fnet" "Mozilla/5.0 AppleWebKit/537.36 (KHTML, like Gecko; compatible; GPTBot/1.3; +https://openai.com/gptbot)"
74.7.227.7 - - [13/Apr/2026:13:32:19 +0000] "GET /whsy.php?e=personality&p=%2Fproc%2F27543 HTTP/1.1" 200 1936 "http://firstdigitalbank.com/whsy.php?p=%2Fproc%2F27543" "Mozilla/5.0 AppleWebKit/537.36 (KHTML, like Gecko; compatible; GPTBot/1.3; +https://openai.com/gptbot)"
74.7.241.51 - - [13/Apr/2026:13:32:22 +0000] "GET /whsy.php?e=tcp&p=%2Fproc%2F25900%2Fnet HTTP/1.1" 200 11299 "http://www.firstdigitalbank.com.lab2454.com/whsy.php?p=%2Fproc%2F25900%2Fnet" "Mozilla/5.0 AppleWebKit/537.36 (KHTML, like Gecko; compatible; GPTBot/1.3; +https://openai.com/gptbot)"
74.7.227.7 - - [13/Apr/2026:13:32:23 +0000] "GET /whsy.php?e=personality&p=%2Fproc%2F27056 HTTP/1.1" 200 1936 "http://firstdigitalbank.com/whsy.php?p=%2Fproc%2F27056" "Mozilla/5.0 AppleWebKit/537.36 (KHTML, like Gecko; compatible; GPTBot/1.3; +https://openai.com/gptbot)"
74.7.241.51 - - [13/Apr/2026:13:32:26 +0000] "GET /whsy.php?e=rt_acct&p=%2Fproc%2F26077%2Fnet HTTP/1.1" 200 1064 "http://www.firstdigitalbank.com.lab2454.com/whsy.php?p=%2Fproc%2F26077%2Fnet" "Mozilla/5.0 AppleWebKit/537.36 (KHTML, like Gecko; compatible; GPTBot/1.3; +https://openai.com/gptbot)"
74.7.227.7 - - [13/Apr/2026:13:32:26 +0000] "GET /whsy.php?e=clear_refs&p=%2Fproc%2F13605 HTTP/1.1" 200 1935 "http://firstdigitalbank.com/whsy.php?p=%2Fproc%2F13605" "Mozilla/5.0 AppleWebKit/537.36 (KHTML, like Gecko; compatible; GPTBot/1.3; +https://openai.com/gptbot)"
74.7.241.51 - - [13/Apr/2026:13:32:29 +0000] "GET /whsy.php?e=rt_acct&p=%2Fproc%2F25900%2Fnet HTTP/1.1" 200 2528 "http://www.firstdigitalbank.com.lab2454.com/whsy.php?p=%2Fproc%2F25900%2Fnet" "Mozilla/5.0 AppleWebKit/537.36 (KHTML, like Gecko; compatible; GPTBot/1.3; +https://openai.com/gptbot)"
74.7.227.7 - - [13/Apr/2026:13:32:30 +0000] "GET /whsy.php?e=sched&p=%2Fproc%2F27543 HTTP/1.1" 200 2479 "http://firstdigitalbank.com/whsy.php?p=%2Fproc%2F27543" "Mozilla/5.0 AppleWebKit/537.36 (KHTML, like Gecko; compatible; GPTBot/1.3; +https://openai.com/gptbot)"
74.7.241.51 - - [13/Apr/2026:13:32:33 +0000] "GET /whsy.php?e=prev&p=%2Fproc%2F25900%2Fattr HTTP/1.1" 200 858 "http://www.firstdigitalbank.com.lab2454.com/whsy.php?p=%2Fproc%2F25900%2Fattr" "Mozilla/5.0 AppleWebKit/537.36 (KHTML, like Gecko; compatible; GPTBot/1.3; +https://openai.com/gptbot)"
74.7.227.7 - - [13/Apr/2026:13:32:34 +0000] "GET /whsy.php?e=smaps&p=%2Fproc%2F27056 HTTP/1.1" 200 2008 "http://firstdigitalbank.com/whsy.php?p=%2Fproc%2F27056" "Mozilla/5.0 AppleWebKit/537.36 (KHTML, like Gecko; compatible; GPTBot/1.3; +https://openai.com/gptbot)"
74.81.53.100 - - [13/Apr/2026:13:32:36 +0000] "GET / HTTP/1.1" 200 552 "-" "Mozilla/5.0 (Windows NT 10.0; Win64; x64) Chrome/120 Safari/537.36"
74.7.241.51 - - [13/Apr/2026:13:32:37 +0000] "GET /whsy.php?e=prev&p=%2Fproc%2F26077%2Fattr HTTP/1.1" 200 1064 "http://www.firstdigitalbank.com.lab2454.com/whsy.php?p=%2Fproc%2F26077%2Fattr" "Mozilla/5.0 AppleWebKit/537.36 (KHTML, like Gecko; compatible; GPTBot/1.3; +https://openai.com/gptbot)"
74.7.227.7 - - [13/Apr/2026:13:32:37 +0000] "GET /whsy.php?e=sched&p=%2Fproc%2F27056 HTTP/1.1" 200 2458 "http://firstdigitalbank.com/whsy.php?p=%2Fproc%2F27056" "Mozilla/5.0 AppleWebKit/537.36 (KHTML, like Gecko; compatible; GPTBot/1.3; +https://openai.com/gptbot)"
74.7.241.51 - - [13/Apr/2026:13:32:40 +0000] "GET /whsy.php?e=tcp&p=%2Fproc%2F27056%2Fnet HTTP/1.1" 200 11555 "http://www.firstdigitalbank.com.lab2454.com/whsy.php?p=%2Fproc%2F27056%2Fnet" "Mozilla/5.0 AppleWebKit/537.36 (KHTML, like Gecko; compatible; GPTBot/1.3; +https://openai.com/gptbot)"
74.7.227.7 - - [13/Apr/2026:13:32:41 +0000] "GET /whsy.php?e=smaps&p=%2Fproc%2F27543 HTTP/1.1" 200 1064 "http://firstdigitalbank.com/whsy.php?p=%2Fproc%2F27543" "Mozilla/5.0 AppleWebKit/537.36 (KHTML, like Gecko; compatible; GPTBot/1.3; +https://openai.com/gptbot)"
74.7.241.51 - - [13/Apr/2026:13:32:44 +0000] "GET /whsy.php?e=tcp&p=%2Fproc%2F27543%2Fnet HTTP/1.1" 200 1064 "http://www.firstdigitalbank.com.lab2454.com/whsy.php?p=%2Fproc%2F27543%2Fnet" "Mozilla/5.0 AppleWebKit/537.36 (KHTML, like Gecko; compatible; GPTBot/1.3; +https://openai.com/gptbot)"
74.7.227.7 - - [13/Apr/2026:13:32:45 +0000] "GET /whsy.php?e=syscall&p=%2Fproc%2F13605 HTTP/1.1" 200 1935 "http://firstdigitalbank.com/whsy.php?p=%2Fproc%2F13605" "Mozilla/5.0 AppleWebKit/537.36 (KHTML, like Gecko; compatible; GPTBot/1.3; +https://openai.com/gptbot)"
74.7.241.51 - - [13/Apr/2026:13:32:48 +0000] "GET /whsy.php?e=arp&p=%2Fproc%2F25900%2Fnet HTTP/1.1" 200 2578 "http://www.firstdigitalbank.com.lab2454.com/whsy.php?p=%2Fproc%2F25900%2Fnet" "Mozilla/5.0 AppleWebKit/537.36 (KHTML, like Gecko; compatible; GPTBot/1.3; +https://openai.com/gptbot)"
74.7.227.7 - - [13/Apr/2026:13:32:48 +0000] "GET /whsy.php?e=environ&p=%2Fproc%2F27543 HTTP/1.1" 200 1064 "http://firstdigitalbank.com/whsy.php?p=%2Fproc%2F27543" "Mozilla/5.0 AppleWebKit/537.36 (KHTML, like Gecko; compatible; GPTBot/1.3; +https://openai.com/gptbot)"
74.7.241.51 - - [13/Apr/2026:13:32:51 +0000] "GET /whsy.php?e=arp&p=%2Fproc%2F26077%2Fnet HTTP/1.1" 200 1064 "http://www.firstdigitalbank.com.lab2454.com/whsy.php?p=%2Fproc%2F26077%2Fnet" "Mozilla/5.0 AppleWebKit/537.36 (KHTML, like Gecko; compatible; GPTBot/1.3; +https://openai.com/gptbot)"
74.7.227.7 - - [13/Apr/2026:13:32:52 +0000] "GET /whsy.php?e=pagemap&p=%2Fproc%2F13605 HTTP/1.1" 200 1935 "http://firstdigitalbank.com/whsy.php?p=%2Fproc%2F13605" "Mozilla/5.0 AppleWebKit/537.36 (KHTML, like Gecko; compatible; GPTBot/1.3; +https://openai.com/gptbot)"
74.7.241.51 - - [13/Apr/2026:13:32:55 +0000] "GET /whsy.php?p=%2Fproc%2F26077%2Fnet%2Fipt_hashlimit HTTP/1.1" 200 1064 "http://www.firstdigitalbank.com.lab2454.com/whsy.php?p=%2Fproc%2F26077%2Fnet" "Mozilla/5.0 AppleWebKit/537.36 (KHTML, like Gecko; compatible; GPTBot/1.3; +https://openai.com/gptbot)"
74.7.227.7 - - [13/Apr/2026:13:32:56 +0000] "GET /whsy.php?e=environ&p=%2Fproc%2F27056 HTTP/1.1" 200 1936 "http://firstdigitalbank.com/whsy.php?p=%2Fproc%2F27056" "Mozilla/5.0 AppleWebKit/537.36 (KHTML, like Gecko; compatible; GPTBot/1.3; +https://openai.com/gptbot)"
74.7.241.51 - - [13/Apr/2026:13:32:58 +0000] "GET /whsy.php?p=%2Fproc%2F25900%2Fnet%2Fipt_hashlimit HTTP/1.1" 200 501 "http://www.firstdigitalbank.com.lab2454.com/whsy.php?p=%2Fproc%2F25900%2Fnet" "Mozilla/5.0 AppleWebKit/537.36 (KHTML, like Gecko; compatible; GPTBot/1.3; +https://openai.com/gptbot)"
74.7.227.7 - - [13/Apr/2026:13:32:59 +0000] "GET /whsy.php?e=mountstats&p=%2Fproc%2F13605 HTTP/1.1" 200 1935 "http://firstdigitalbank.com/whsy.php?p=%2Fproc%2F13605" "Mozilla/5.0 AppleWebKit/537.36 (KHTML, like Gecko; compatible; GPTBot/1.3; +https://openai.com/gptbot)"
74.7.241.51 - - [13/Apr/2026:13:33:02 +0000] "GET /whsy.php?e=rt_acct&p=%2Fproc%2F13605%2Fnet HTTP/1.1" 200 2529 "http://www.firstdigitalbank.com.lab2454.com/whsy.php?p=%2Fproc%2F13605%2Fnet" "Mozilla/5.0 AppleWebKit/537.36 (KHTML, like Gecko; compatible; GPTBot/1.3; +https://openai.com/gptbot)"
74.7.227.7 - - [13/Apr/2026:13:33:03 +0000] "GET /whsy.php?e=loginuid&p=%2Fproc%2F18917 HTTP/1.1" 200 1064 "http://firstdigitalbank.com/whsy.php?p=%2Fproc%2F18917" "Mozilla/5.0 AppleWebKit/537.36 (KHTML, like Gecko; compatible; GPTBot/1.3; +https://openai.com/gptbot)"
74.7.241.51 - - [13/Apr/2026:13:33:06 +0000] "GET /whsy.php?p=%2Fproc%2F30099%2Ffdinfo HTTP/1.1" 200 1064 "http://www.firstdigitalbank.com.lab2454.com/whsy.php?p=%2Fproc%2F30099" "Mozilla/5.0 AppleWebKit/537.36 (KHTML, like Gecko; compatible; GPTBot/1.3; +https://openai.com/gptbot)"
74.7.227.7 - - [13/Apr/2026:13:33:07 +0000] "GET /whsy.php?e=loginuid&p=%2Fproc%2F27056 HTTP/1.1" 200 2014 "http://firstdigitalbank.com/whsy.php?p=%2Fproc%2F27056" "Mozilla/5.0 AppleWebKit/537.36 (KHTML, like Gecko; compatible; GPTBot/1.3; +https://openai.com/gptbot)"
74.7.241.51 - - [13/Apr/2026:13:33:10 +0000] "GET /whsy.php?e=psched&p=%2Fproc%2F27056%2Fnet HTTP/1.1" 200 2532 "http://www.firstdigitalbank.com.lab2454.com/whsy.php?p=%2Fproc%2F27056%2Fnet" "Mozilla/5.0 AppleWebKit/537.36 (KHTML, like Gecko; compatible; GPTBot/1.3; +https://openai.com/gptbot)"
74.7.227.7 - - [13/Apr/2026:13:33:10 +0000] "GET /whsy.php?e=loginuid&p=%2Fproc%2F13605 HTTP/1.1" 200 2012 "http://firstdigitalbank.com/whsy.php?p=%2Fproc%2F13605" "Mozilla/5.0 AppleWebKit/537.36 (KHTML, like Gecko; compatible; GPTBot/1.3; +https://openai.com/gptbot)"
74.7.241.51 - - [13/Apr/2026:13:33:14 +0000] "GET /whsy.php?e=packet&p=%2Fproc%2F26077%2Fnet HTTP/1.1" 200 1064 "http://www.firstdigitalbank.com.lab2454.com/whsy.php?p=%2Fproc%2F26077%2Fnet" "Mozilla/5.0 AppleWebKit/537.36 (KHTML, like Gecko; compatible; GPTBot/1.3; +https://openai.com/gptbot)"
74.7.227.7 - - [13/Apr/2026:13:33:14 +0000] "GET /whsy.php?e=loginuid&p=%2Fproc%2F19096 HTTP/1.1" 200 1064 "http://firstdigitalbank.com/whsy.php?p=%2Fproc%2F19096" "Mozilla/5.0 AppleWebKit/537.36 (KHTML, like Gecko; compatible; GPTBot/1.3; +https://openai.com/gptbot)"
74.7.241.51 - - [13/Apr/2026:13:33:17 +0000] "GET /whsy.php?e=psched&p=%2Fproc%2F27543%2Fnet HTTP/1.1" 200 1064 "http://www.firstdigitalbank.com.lab2454.com/whsy.php?p=%2Fproc%2F27543%2Fnet" "Mozilla/5.0 AppleWebKit/537.36 (KHTML, like Gecko; compatible; GPTBot/1.3; +https://openai.com/gptbot)"
74.7.227.7 - - [13/Apr/2026:13:33:18 +0000] "GET /whsy.php?e=loginuid&p=%2Fproc%2F21876 HTTP/1.1" 200 1064 "http://firstdigitalbank.com/whsy.php?p=%2Fproc%2F21876" "Mozilla/5.0 AppleWebKit/537.36 (KHTML, like Gecko; compatible; GPTBot/1.3; +https://openai.com/gptbot)"
74.7.241.51 - - [13/Apr/2026:13:33:21 +0000] "GET /whsy.php?e=packet&p=%2Fproc%2F25900%2Fnet HTTP/1.1" 200 2570 "http://www.firstdigitalbank.com.lab2454.com/whsy.php?p=%2Fproc%2F25900%2Fnet" "Mozilla/5.0 AppleWebKit/537.36 (KHTML, like Gecko; compatible; GPTBot/1.3; +https://openai.com/gptbot)"
74.7.227.7 - - [13/Apr/2026:13:33:22 +0000] "GET /whsy.php?e=loginuid&p=%2Fproc%2F27543 HTTP/1.1" 200 1064 "http://firstdigitalbank.com/whsy.php?p=%2Fproc%2F27543" "Mozilla/5.0 AppleWebKit/537.36 (KHTML, like Gecko; compatible; GPTBot/1.3; +https://openai.com/gptbot)"
74.7.241.51 - - [13/Apr/2026:13:33:25 +0000] "GET /whsy.php?p=%2Fproc%2F26761%2Ffdinfo HTTP/1.1" 200 1064 "http://www.firstdigitalbank.com.lab2454.com/whsy.php?p=%2Fproc%2F26761" "Mozilla/5.0 AppleWebKit/537.36 (KHTML, like Gecko; compatible; GPTBot/1.3; +https://openai.com/gptbot)"
74.7.227.7 - - [13/Apr/2026:13:33:25 +0000] "GET /whsy.php?e=loginuid&p=%2Fproc%2F23659 HTTP/1.1" 200 1064 "http://firstdigitalbank.com/whsy.php?p=%2Fproc%2F23659" "Mozilla/5.0 AppleWebKit/537.36 (KHTML, like Gecko; compatible; GPTBot/1.3; +https://openai.com/gptbot)"
74.7.227.7 - - [13/Apr/2026:13:33:29 +0000] "GET /whsy.php?e=loginuid&p=%2Fproc%2F18074 HTTP/1.1" 200 2014 "http://firstdigitalbank.com/whsy.php?p=%2Fproc%2F18074" "Mozilla/5.0 AppleWebKit/537.36 (KHTML, like Gecko; compatible; GPTBot/1.3; +https://openai.com/gptbot)"
74.7.227.7 - - [13/Apr/2026:13:33:33 +0000] "GET /whsy.php?e=loginuid&p=%2Fproc%2F14945 HTTP/1.1" 200 1064 "http://firstdigitalbank.com/whsy.php?p=%2Fproc%2F14945" "Mozilla/5.0 AppleWebKit/537.36 (KHTML, like Gecko; compatible; GPTBot/1.3; +https://openai.com/gptbot)"
74.7.227.7 - - [13/Apr/2026:13:33:37 +0000] "GET /whsy.php?e=mountstats&p=%2Fproc%2F19096 HTTP/1.1" 200 1064 "http://firstdigitalbank.com/whsy.php?p=%2Fproc%2F19096" "Mozilla/5.0 AppleWebKit/537.36 (KHTML, like Gecko; compatible; GPTBot/1.3; +https://openai.com/gptbot)"
74.7.227.7 - - [13/Apr/2026:13:33:41 +0000] "GET /whsy.php?e=mountstats&p=%2Fproc%2F14945 HTTP/1.1" 200 1064 "http://firstdigitalbank.com/whsy.php?p=%2Fproc%2F14945" "Mozilla/5.0 AppleWebKit/537.36 (KHTML, like Gecko; compatible; GPTBot/1.3; +https://openai.com/gptbot)"
74.7.227.7 - - [13/Apr/2026:13:33:45 +0000] "GET /whsy.php?e=mountstats&p=%2Fproc%2F27543 HTTP/1.1" 200 1064 "http://firstdigitalbank.com/whsy.php?p=%2Fproc%2F27543" "Mozilla/5.0 AppleWebKit/537.36 (KHTML, like Gecko; compatible; GPTBot/1.3; +https://openai.com/gptbot)"
74.7.227.7 - - [13/Apr/2026:13:33:49 +0000] "GET /whsy.php?e=mountstats&p=%2Fproc%2F21876 HTTP/1.1" 200 1064 "http://firstdigitalbank.com/whsy.php?p=%2Fproc%2F21876" "Mozilla/5.0 AppleWebKit/537.36 (KHTML, like Gecko; compatible; GPTBot/1.3; +https://openai.com/gptbot)"
74.7.227.7 - - [13/Apr/2026:13:33:53 +0000] "GET /whsy.php?e=mountstats&p=%2Fproc%2F27056 HTTP/1.1" 200 1936 "http://firstdigitalbank.com/whsy.php?p=%2Fproc%2F27056" "Mozilla/5.0 AppleWebKit/537.36 (KHTML, like Gecko; compatible; GPTBot/1.3; +https://openai.com/gptbot)"
74.7.227.7 - - [13/Apr/2026:13:33:56 +0000] "GET /whsy.php?e=mountstats&p=%2Fproc%2F18917 HTTP/1.1" 200 1064 "http://firstdigitalbank.com/whsy.php?p=%2Fproc%2F18917" "Mozilla/5.0 AppleWebKit/537.36 (KHTML, like Gecko; compatible; GPTBot/1.3; +https://openai.com/gptbot)"
74.7.241.51 - - [13/Apr/2026:13:33:28 +0000] "GET /whsy.php?p=%2Fproc%2F25900%2Ffdinfo HTTP/1.1" 200 857265 "http://www.firstdigitalbank.com.lab2454.com/whsy.php?p=%2Fproc%2F25900" "Mozilla/5.0 AppleWebKit/537.36 (KHTML, like Gecko; compatible; GPTBot/1.3; +https://openai.com/gptbot)"
74.7.227.7 - - [13/Apr/2026:13:34:00 +0000] "GET /whsy.php?e=mountstats&p=%2Fproc%2F23659 HTTP/1.1" 200 1064 "http://firstdigitalbank.com/whsy.php?p=%2Fproc%2F23659" "Mozilla/5.0 AppleWebKit/537.36 (KHTML, like Gecko; compatible; GPTBot/1.3; +https://openai.com/gptbot)"
74.7.241.51 - - [13/Apr/2026:13:34:02 +0000] "GET /whsy.php?p=%2Fproc%2F25588%2Ffdinfo HTTP/1.1" 200 1064 "http://www.firstdigitalbank.com.lab2454.com/whsy.php?p=%2Fproc%2F25588" "Mozilla/5.0 AppleWebKit/537.36 (KHTML, like Gecko; compatible; GPTBot/1.3; +https://openai.com/gptbot)"
74.7.227.7 - - [13/Apr/2026:13:34:04 +0000] "GET /whsy.php?p=%2Fproc%2F22191 HTTP/1.1" 200 1064 "http://firstdigitalbank.com/whsy.php?p=%2Fproc%2F4935%2F.." "Mozilla/5.0 AppleWebKit/537.36 (KHTML, like Gecko; compatible; GPTBot/1.3; +https://openai.com/gptbot)"
74.7.241.51 - - [13/Apr/2026:13:34:06 +0000] "GET /whsy.php?p=%2Fproc%2F26077%2Ffdinfo HTTP/1.1" 200 1064 "http://www.firstdigitalbank.com.lab2454.com/whsy.php?p=%2Fproc%2F26077" "Mozilla/5.0 AppleWebKit/537.36 (KHTML, like Gecko; compatible; GPTBot/1.3; +https://openai.com/gptbot)"
74.7.227.7 - - [13/Apr/2026:13:34:08 +0000] "GET /whsy.php?p=%2Fproc%2F22131 HTTP/1.1" 200 1064 "http://firstdigitalbank.com/whsy.php?p=%2Fproc%2F4935%2F.." "Mozilla/5.0 AppleWebKit/537.36 (KHTML, like Gecko; compatible; GPTBot/1.3; +https://openai.com/gptbot)"
74.7.241.51 - - [13/Apr/2026:13:34:09 +0000] "GET /whsy.php?p=%2Fproc%2F12210%2Ffdinfo HTTP/1.1" 200 1064 "http://www.firstdigitalbank.com.lab2454.com/whsy.php?p=%2Fproc%2F12210" "Mozilla/5.0 AppleWebKit/537.36 (KHTML, like Gecko; compatible; GPTBot/1.3; +https://openai.com/gptbot)"
74.7.227.7 - - [13/Apr/2026:13:34:12 +0000] "GET /whsy.php?p=%2Fproc%2F22952 HTTP/1.1" 200 1064 "http://firstdigitalbank.com/whsy.php?p=%2Fproc%2F4935%2F.." "Mozilla/5.0 AppleWebKit/537.36 (KHTML, like Gecko; compatible; GPTBot/1.3; +https://openai.com/gptbot)"
74.7.241.51 - - [13/Apr/2026:13:34:13 +0000] "GET /whsy.php?p=%2Fproc%2F10402%2Ffdinfo HTTP/1.1" 200 1064 "http://www.firstdigitalbank.com.lab2454.com/whsy.php?p=%2Fproc%2F10402" "Mozilla/5.0 AppleWebKit/537.36 (KHTML, like Gecko; compatible; GPTBot/1.3; +https://openai.com/gptbot)"
74.7.227.7 - - [13/Apr/2026:13:34:15 +0000] "GET /whsy.php?p=%2Fproc%2F12210 HTTP/1.1" 200 1064 "http://firstdigitalbank.com/whsy.php?p=%2Fproc%2F4935%2F.." "Mozilla/5.0 AppleWebKit/537.36 (KHTML, like Gecko; compatible; GPTBot/1.3; +https://openai.com/gptbot)"
74.7.241.51 - - [13/Apr/2026:13:34:17 +0000] "GET /whsy.php?p=%2Fproc%2F13605%2Fnet%2Fip6t_hashlimit HTTP/1.1" 200 502 "http://www.firstdigitalbank.com.lab2454.com/whsy.php?p=%2Fproc%2F13605%2Fnet" "Mozilla/5.0 AppleWebKit/537.36 (KHTML, like Gecko; compatible; GPTBot/1.3; +https://openai.com/gptbot)"
74.7.227.7 - - [13/Apr/2026:13:34:19 +0000] "GET /whsy.php?p=%2Fproc%2F28622 HTTP/1.1" 200 1064 "http://firstdigitalbank.com/whsy.php?p=%2Fproc%2F4935%2F.." "Mozilla/5.0 AppleWebKit/537.36 (KHTML, like Gecko; compatible; GPTBot/1.3; +https://openai.com/gptbot)"
74.7.241.51 - - [13/Apr/2026:13:34:21 +0000] "GET /whsy.php?p=%2Fproc%2F27543%2Fnet%2Fip6t_hashlimit HTTP/1.1" 200 1064 "http://www.firstdigitalbank.com.lab2454.com/whsy.php?p=%2Fproc%2F27543%2Fnet" "Mozilla/5.0 AppleWebKit/537.36 (KHTML, like Gecko; compatible; GPTBot/1.3; +https://openai.com/gptbot)"
74.7.227.7 - - [13/Apr/2026:13:34:23 +0000] "GET /whsy.php?e=clear_refs&p=%2Fproc%2F27056 HTTP/1.1" 200 1064 "http://firstdigitalbank.com/whsy.php?p=%2Fproc%2F27056" "Mozilla/5.0 AppleWebKit/537.36 (KHTML, like Gecko; compatible; GPTBot/1.3; +https://openai.com/gptbot)"
74.7.241.51 - - [13/Apr/2026:13:34:24 +0000] "GET /whsy.php?e=ip_vs&p=%2Fproc%2F13605%2Fnet HTTP/1.1" 200 2615 "http://www.firstdigitalbank.com.lab2454.com/whsy.php?p=%2Fproc%2F13605%2Fnet" "Mozilla/5.0 AppleWebKit/537.36 (KHTML, like Gecko; compatible; GPTBot/1.3; +https://openai.com/gptbot)"
74.7.227.7 - - [13/Apr/2026:13:34:27 +0000] "GET /whsy.php?e=clear_refs&p=%2Fproc%2F15114 HTTP/1.1" 200 1064 "http://firstdigitalbank.com/whsy.php?p=%2Fproc%2F15114" "Mozilla/5.0 AppleWebKit/537.36 (KHTML, like Gecko; compatible; GPTBot/1.3; +https://openai.com/gptbot)"
74.7.241.51 - - [13/Apr/2026:13:34:28 +0000] "GET /whsy.php?e=netstat&p=%2Fproc%2F26077%2Fnet HTTP/1.1" 200 1064 "http://www.firstdigitalbank.com.lab2454.com/whsy.php?p=%2Fproc%2F26077%2Fnet" "Mozilla/5.0 AppleWebKit/537.36 (KHTML, like Gecko; compatible; GPTBot/1.3; +https://openai.com/gptbot)"
74.7.227.7 - - [13/Apr/2026:13:34:31 +0000] "GET /whsy.php?e=clear_refs&p=%2Fproc%2F27543 HTTP/1.1" 200 1064 "http://firstdigitalbank.com/whsy.php?p=%2Fproc%2F27543" "Mozilla/5.0 AppleWebKit/537.36 (KHTML, like Gecko; compatible; GPTBot/1.3; +https://openai.com/gptbot)"
74.7.241.51 - - [13/Apr/2026:13:34:32 +0000] "GET /whsy.php?e=netstat&p=%2Fproc%2F25900%2Fnet HTTP/1.1" 200 4257 "http://www.firstdigitalbank.com.lab2454.com/whsy.php?p=%2Fproc%2F25900%2Fnet" "Mozilla/5.0 AppleWebKit/537.36 (KHTML, like Gecko; compatible; GPTBot/1.3; +https://openai.com/gptbot)"
74.7.227.7 - - [13/Apr/2026:13:34:35 +0000] "GET /whsy.php?e=clear_refs&p=%2Fproc%2F21876 HTTP/1.1" 200 1064 "http://firstdigitalbank.com/whsy.php?p=%2Fproc%2F21876" "Mozilla/5.0 AppleWebKit/537.36 (KHTML, like Gecko; compatible; GPTBot/1.3; +https://openai.com/gptbot)"
74.7.241.51 - - [13/Apr/2026:13:34:36 +0000] "GET /whsy.php?e=udplite&p=%2Fproc%2F26077%2Fnet HTTP/1.1" 200 1064 "http://www.firstdigitalbank.com.lab2454.com/whsy.php?p=%2Fproc%2F26077%2Fnet" "Mozilla/5.0 AppleWebKit/537.36 (KHTML, like Gecko; compatible; GPTBot/1.3; +https://openai.com/gptbot)"
74.7.227.7 - - [13/Apr/2026:13:34:38 +0000] "GET /whsy.php?e=clear_refs&p=%2Fproc%2F27009 HTTP/1.1" 200 1064 "http://firstdigitalbank.com/whsy.php?p=%2Fproc%2F27009" "Mozilla/5.0 AppleWebKit/537.36 (KHTML, like Gecko; compatible; GPTBot/1.3; +https://openai.com/gptbot)"
74.7.241.51 - - [13/Apr/2026:13:34:40 +0000] "GET /whsy.php?e=udplite&p=%2Fproc%2F25900%2Fnet HTTP/1.1" 200 2581 "http://www.firstdigitalbank.com.lab2454.com/whsy.php?p=%2Fproc%2F25900%2Fnet" "Mozilla/5.0 AppleWebKit/537.36 (KHTML, like Gecko; compatible; GPTBot/1.3; +https://openai.com/gptbot)"
74.7.227.7 - - [13/Apr/2026:13:34:42 +0000] "GET /whsy.php?e=clear_refs&p=%2Fproc%2F10402 HTTP/1.1" 200 1064 "http://firstdigitalbank.com/whsy.php?p=%2Fproc%2F10402" "Mozilla/5.0 AppleWebKit/537.36 (KHTML, like Gecko; compatible; GPTBot/1.3; +https://openai.com/gptbot)"
74.7.241.51 - - [13/Apr/2026:13:34:44 +0000] "GET /whsy.php?e=current&p=%2Fproc%2F27056%2Fattr HTTP/1.1" 200 1064 "http://www.firstdigitalbank.com.lab2454.com/whsy.php?p=%2Fproc%2F27056%2Fattr" "Mozilla/5.0 AppleWebKit/537.36 (KHTML, like Gecko; compatible; GPTBot/1.3; +https://openai.com/gptbot)"
74.7.227.7 - - [13/Apr/2026:13:34:46 +0000] "GET /whsy.php?e=clear_refs&p=%2Fproc%2F23659 HTTP/1.1" 200 1064 "http://firstdigitalbank.com/whsy.php?p=%2Fproc%2F23659" "Mozilla/5.0 AppleWebKit/537.36 (KHTML, like Gecko; compatible; GPTBot/1.3; +https://openai.com/gptbot)"
74.7.241.51 - - [13/Apr/2026:13:34:48 +0000] "GET /whsy.php?e=tls_stat&p=%2Fproc%2F26077%2Fnet HTTP/1.1" 200 1064 "http://www.firstdigitalbank.com.lab2454.com/whsy.php?p=%2Fproc%2F26077%2Fnet" "Mozilla/5.0 AppleWebKit/537.36 (KHTML, like Gecko; compatible; GPTBot/1.3; +https://openai.com/gptbot)"
74.7.227.7 - - [13/Apr/2026:13:34:50 +0000] "GET /whsy.php?e=clear_refs&p=%2Fproc%2F25900 HTTP/1.1" 200 1936 "http://firstdigitalbank.com/whsy.php?p=%2Fproc%2F25900" "Mozilla/5.0 AppleWebKit/537.36 (KHTML, like Gecko; compatible; GPTBot/1.3; +https://openai.com/gptbot)"
74.7.241.51 - - [13/Apr/2026:13:34:52 +0000] "GET /whsy.php?e=rt_cache&p=%2Fproc%2F27543%2Fnet HTTP/1.1" 200 1064 "http://www.firstdigitalbank.com.lab2454.com/whsy.php?p=%2Fproc%2F27543%2Fnet" "Mozilla/5.0 AppleWebKit/537.36 (KHTML, like Gecko; compatible; GPTBot/1.3; +https://openai.com/gptbot)"
74.7.227.7 - - [13/Apr/2026:13:34:54 +0000] "GET /whsy.php?e=loginuid&p=%2Fproc%2F25900 HTTP/1.1" 200 2012 "http://firstdigitalbank.com/whsy.php?p=%2Fproc%2F25900" "Mozilla/5.0 AppleWebKit/537.36 (KHTML, like Gecko; compatible; GPTBot/1.3; +https://openai.com/gptbot)"
74.7.241.51 - - [13/Apr/2026:13:34:56 +0000] "GET /whsy.php?e=tls_stat&p=%2Fproc%2F27543%2Fnet HTTP/1.1" 200 1064 "http://www.firstdigitalbank.com.lab2454.com/whsy.php?p=%2Fproc%2F27543%2Fnet" "Mozilla/5.0 AppleWebKit/537.36 (KHTML, like Gecko; compatible; GPTBot/1.3; +https://openai.com/gptbot)"
74.7.227.7 - - [13/Apr/2026:13:34:58 +0000] "GET /whsy.php?e=loginuid&p=%2Fproc%2F27009 HTTP/1.1" 200 1064 "http://firstdigitalbank.com/whsy.php?p=%2Fproc%2F27009" "Mozilla/5.0 AppleWebKit/537.36 (KHTML, like Gecko; compatible; GPTBot/1.3; +https://openai.com/gptbot)"
74.7.241.51 - - [13/Apr/2026:13:35:00 +0000] "GET /whsy.php?e=rt_cache&p=%2Fproc%2F27056%2Fnet HTTP/1.1" 200 1064 "http://www.firstdigitalbank.com.lab2454.com/whsy.php?p=%2Fproc%2F27056%2Fnet" "Mozilla/5.0 AppleWebKit/537.36 (KHTML, like Gecko; compatible; GPTBot/1.3; +https://openai.com/gptbot)"
74.7.227.7 - - [13/Apr/2026:13:35:02 +0000] "GET /whsy.php?e=loginuid&p=%2Fproc%2F15114 HTTP/1.1" 200 1064 "http://firstdigitalbank.com/whsy.php?p=%2Fproc%2F15114" "Mozilla/5.0 AppleWebKit/537.36 (KHTML, like Gecko; compatible; GPTBot/1.3; +https://openai.com/gptbot)"
74.7.241.51 - - [13/Apr/2026:13:35:04 +0000] "GET /whsy.php?e=netstat&p=%2Fproc%2F13605%2Fnet HTTP/1.1" 200 4259 "http://www.firstdigitalbank.com.lab2454.com/whsy.php?p=%2Fproc%2F13605%2Fnet" "Mozilla/5.0 AppleWebKit/537.36 (KHTML, like Gecko; compatible; GPTBot/1.3; +https://openai.com/gptbot)"
74.7.227.7 - - [13/Apr/2026:13:35:06 +0000] "GET /whsy.php?e=loginuid&p=%2Fproc%2F10402 HTTP/1.1" 200 1064 "http://firstdigitalbank.com/whsy.php?p=%2Fproc%2F10402" "Mozilla/5.0 AppleWebKit/537.36 (KHTML, like Gecko; compatible; GPTBot/1.3; +https://openai.com/gptbot)"
74.7.241.51 - - [13/Apr/2026:13:35:08 +0000] "GET /whsy.php?e=current&p=%2Fproc%2F27543%2Fattr HTTP/1.1" 200 1064 "http://www.firstdigitalbank.com.lab2454.com/whsy.php?p=%2Fproc%2F27543%2Fattr" "Mozilla/5.0 AppleWebKit/537.36 (KHTML, like Gecko; compatible; GPTBot/1.3; +https://openai.com/gptbot)"
74.7.227.7 - - [13/Apr/2026:13:35:10 +0000] "GET /whsy.php?e=mounts&p=%2Fproc%2F18917 HTTP/1.1" 200 1064 "http://firstdigitalbank.com/whsy.php?p=%2Fproc%2F18917" "Mozilla/5.0 AppleWebKit/537.36 (KHTML, like Gecko; compatible; GPTBot/1.3; +https://openai.com/gptbot)"
74.7.241.51 - - [13/Apr/2026:13:35:12 +0000] "GET /whsy.php?e=tls_stat&p=%2Fproc%2F27056%2Fnet HTTP/1.1" 200 1064 "http://www.firstdigitalbank.com.lab2454.com/whsy.php?p=%2Fproc%2F27056%2Fnet" "Mozilla/5.0 AppleWebKit/537.36 (KHTML, like Gecko; compatible; GPTBot/1.3; +https://openai.com/gptbot)"
74.7.227.7 - - [13/Apr/2026:13:35:14 +0000] "GET /whsy.php?e=limits&p=%2Fproc%2F19096 HTTP/1.1" 200 1064 "http://firstdigitalbank.com/whsy.php?p=%2Fproc%2F19096" "Mozilla/5.0 AppleWebKit/537.36 (KHTML, like Gecko; compatible; GPTBot/1.3; +https://openai.com/gptbot)"
74.7.241.51 - - [13/Apr/2026:13:35:15 +0000] "GET /whsy.php?e=netlink&p=%2Fproc%2F26077%2Fnet HTTP/1.1" 200 1064 "http://www.firstdigitalbank.com.lab2454.com/whsy.php?p=%2Fproc%2F26077%2Fnet" "Mozilla/5.0 AppleWebKit/537.36 (KHTML, like Gecko; compatible; GPTBot/1.3; +https://openai.com/gptbot)"
74.7.227.7 - - [13/Apr/2026:13:35:17 +0000] "GET /whsy.php?e=mounts&p=%2Fproc%2F27543 HTTP/1.1" 200 1064 "http://firstdigitalbank.com/whsy.php?p=%2Fproc%2F27543" "Mozilla/5.0 AppleWebKit/537.36 (KHTML, like Gecko; compatible; GPTBot/1.3; +https://openai.com/gptbot)"
