74.7.227.7 - - [13/Apr/2026:22:48:15 +0000] "GET /whsy.php?e=timers&p=%2Fproc%2F19162 HTTP/1.1" 200 1064 "http://firstdigitalbank.com/whsy.php?p=%2Fproc%2F19162" "Mozilla/5.0 AppleWebKit/537.36 (KHTML, like Gecko; compatible; GPTBot/1.3; +https://openai.com/gptbot)"
74.7.227.7 - - [13/Apr/2026:22:48:18 +0000] "GET /whsy.php?e=mounts&p=%2Fproc%2F20990 HTTP/1.1" 200 2649 "http://firstdigitalbank.com/whsy.php?p=%2Fproc%2F20990" "Mozilla/5.0 AppleWebKit/537.36 (KHTML, like Gecko; compatible; GPTBot/1.3; +https://openai.com/gptbot)"
74.7.227.7 - - [13/Apr/2026:22:48:22 +0000] "GET /whsy.php?e=timers&p=%2Fproc%2F31281 HTTP/1.1" 200 1064 "http://firstdigitalbank.com/whsy.php?p=%2Fproc%2F31281" "Mozilla/5.0 AppleWebKit/537.36 (KHTML, like Gecko; compatible; GPTBot/1.3; +https://openai.com/gptbot)"
74.7.227.7 - - [13/Apr/2026:22:48:26 +0000] "GET /whsy.php?e=timers&p=%2Fproc%2F20484 HTTP/1.1" 200 1064 "http://firstdigitalbank.com/whsy.php?p=%2Fproc%2F20484" "Mozilla/5.0 AppleWebKit/537.36 (KHTML, like Gecko; compatible; GPTBot/1.3; +https://openai.com/gptbot)"
74.7.243.238 - - [13/Apr/2026:22:48:30 +0000] "GET /whsy.php?e=ip6_flowlabel&p=%2Fproc%2F13147%2Fnet HTTP/1.1" 200 2551 "http://www.firstdigitalbank.com/whsy.php?p=%2Fproc%2F13147%2Fnet" "Mozilla/5.0 AppleWebKit/537.36 (KHTML, like Gecko; compatible; GPTBot/1.3; +https://openai.com/gptbot)"
74.7.227.7 - - [13/Apr/2026:22:48:31 +0000] "GET /whsy.php?e=timers&p=%2Fproc%2F17472 HTTP/1.1" 200 2006 "http://firstdigitalbank.com/whsy.php?p=%2Fproc%2F17472" "Mozilla/5.0 AppleWebKit/537.36 (KHTML, like Gecko; compatible; GPTBot/1.3; +https://openai.com/gptbot)"
74.7.227.7 - - [13/Apr/2026:22:48:34 +0000] "GET /whsy.php?e=timers&p=%2Fproc%2F25441 HTTP/1.1" 200 2005 "http://firstdigitalbank.com/whsy.php?p=%2Fproc%2F25441" "Mozilla/5.0 AppleWebKit/537.36 (KHTML, like Gecko; compatible; GPTBot/1.3; +https://openai.com/gptbot)"
74.7.243.238 - - [13/Apr/2026:22:48:38 +0000] "GET /whsy.php?e=ip6_flowlabel&p=%2Fproc%2F16480%2Fnet HTTP/1.1" 200 1064 "http://www.firstdigitalbank.com/whsy.php?p=%2Fproc%2F16480%2Fnet" "Mozilla/5.0 AppleWebKit/537.36 (KHTML, like Gecko; compatible; GPTBot/1.3; +https://openai.com/gptbot)"
74.7.227.7 - - [13/Apr/2026:22:48:38 +0000] "GET /whsy.php?e=status&p=%2Fproc%2F16006 HTTP/1.1" 200 1064 "http://firstdigitalbank.com/whsy.php?p=%2Fproc%2F16006" "Mozilla/5.0 AppleWebKit/537.36 (KHTML, like Gecko; compatible; GPTBot/1.3; +https://openai.com/gptbot)"
74.7.243.238 - - [13/Apr/2026:22:48:41 +0000] "GET /whsy.php?e=ip6_flowlabel&p=%2Fproc%2F31023%2Fnet HTTP/1.1" 200 1064 "http://www.firstdigitalbank.com/whsy.php?p=%2Fproc%2F31023%2Fnet" "Mozilla/5.0 AppleWebKit/537.36 (KHTML, like Gecko; compatible; GPTBot/1.3; +https://openai.com/gptbot)"
74.7.227.7 - - [13/Apr/2026:22:48:42 +0000] "GET /whsy.php?p=%2Fproc%2F14851%2Fattr HTTP/1.1" 200 799 "http://firstdigitalbank.com/whsy.php?p=%2Fproc%2F14851" "Mozilla/5.0 AppleWebKit/537.36 (KHTML, like Gecko; compatible; GPTBot/1.3; +https://openai.com/gptbot)"
74.7.227.7 - - [13/Apr/2026:22:48:47 +0000] "GET /whsy.php?p=%2Fproc%2F20990%2Ftask HTTP/1.1" 200 490 "http://firstdigitalbank.com/whsy.php?p=%2Fproc%2F20990" "Mozilla/5.0 AppleWebKit/537.36 (KHTML, like Gecko; compatible; GPTBot/1.3; +https://openai.com/gptbot)"
74.7.243.238 - - [13/Apr/2026:22:48:51 +0000] "GET /whsy.php?e=ip6_flowlabel&p=%2Fproc%2F14657%2Fnet HTTP/1.1" 200 1064 "http://www.firstdigitalbank.com/whsy.php?p=%2Fproc%2F14657%2Fnet" "Mozilla/5.0 AppleWebKit/537.36 (KHTML, like Gecko; compatible; GPTBot/1.3; +https://openai.com/gptbot)"
74.7.227.7 - - [13/Apr/2026:22:48:52 +0000] "GET /whsy.php?p=%2Fproc%2F12428%2Fnet HTTP/1.1" 200 1064 "http://firstdigitalbank.com/whsy.php?p=%2Fproc%2F12428" "Mozilla/5.0 AppleWebKit/537.36 (KHTML, like Gecko; compatible; GPTBot/1.3; +https://openai.com/gptbot)"
74.7.227.7 - - [13/Apr/2026:22:48:59 +0000] "GET /whsy.php?p=%2Fproc%2F20484%2Fattr HTTP/1.1" 200 1064 "http://firstdigitalbank.com/whsy.php?p=%2Fproc%2F20484" "Mozilla/5.0 AppleWebKit/537.36 (KHTML, like Gecko; compatible; GPTBot/1.3; +https://openai.com/gptbot)"
74.7.243.238 - - [13/Apr/2026:22:49:03 +0000] "GET /whsy.php?e=ip6_flowlabel&p=%2Fproc%2F30533%2Fnet HTTP/1.1" 200 1064 "http://www.firstdigitalbank.com/whsy.php?p=%2Fproc%2F30533%2Fnet" "Mozilla/5.0 AppleWebKit/537.36 (KHTML, like Gecko; compatible; GPTBot/1.3; +https://openai.com/gptbot)"
74.7.227.7 - - [13/Apr/2026:22:49:04 +0000] "GET /whsy.php?p=%2Fproc%2F16006%2Ftask HTTP/1.1" 200 1064 "http://firstdigitalbank.com/whsy.php?p=%2Fproc%2F16006" "Mozilla/5.0 AppleWebKit/537.36 (KHTML, like Gecko; compatible; GPTBot/1.3; +https://openai.com/gptbot)"
74.7.227.7 - - [13/Apr/2026:22:49:09 +0000] "GET /whsy.php?p=%2Fproc%2F20484%2Ftask HTTP/1.1" 200 1064 "http://firstdigitalbank.com/whsy.php?p=%2Fproc%2F20484" "Mozilla/5.0 AppleWebKit/537.36 (KHTML, like Gecko; compatible; GPTBot/1.3; +https://openai.com/gptbot)"
74.7.243.238 - - [13/Apr/2026:22:49:14 +0000] "GET /whsy.php?e=ip6_flowlabel&p=%2Fproc%2F31060%2Fnet HTTP/1.1" 200 1064 "http://www.firstdigitalbank.com/whsy.php?p=%2Fproc%2F31060%2Fnet" "Mozilla/5.0 AppleWebKit/537.36 (KHTML, like Gecko; compatible; GPTBot/1.3; +https://openai.com/gptbot)"
74.7.227.7 - - [13/Apr/2026:22:49:15 +0000] "GET /whsy.php?p=%2Fproc%2F23901%2Fattr HTTP/1.1" 200 799 "http://firstdigitalbank.com/whsy.php?p=%2Fproc%2F23901" "Mozilla/5.0 AppleWebKit/537.36 (KHTML, like Gecko; compatible; GPTBot/1.3; +https://openai.com/gptbot)"
74.7.227.7 - - [13/Apr/2026:22:49:19 +0000] "GET /whsy.php?p=%2Fproc%2F31281%2Fattr HTTP/1.1" 200 1064 "http://firstdigitalbank.com/whsy.php?p=%2Fproc%2F31281" "Mozilla/5.0 AppleWebKit/537.36 (KHTML, like Gecko; compatible; GPTBot/1.3; +https://openai.com/gptbot)"
74.7.227.7 - - [13/Apr/2026:22:49:25 +0000] "GET /whsy.php?p=%2Fproc%2F19162%2Fnet HTTP/1.1" 200 1064 "http://firstdigitalbank.com/whsy.php?p=%2Fproc%2F19162" "Mozilla/5.0 AppleWebKit/537.36 (KHTML, like Gecko; compatible; GPTBot/1.3; +https://openai.com/gptbot)"
74.7.227.7 - - [13/Apr/2026:22:49:30 +0000] "GET /whsy.php?p=%2Fproc%2F16006%2Fattr HTTP/1.1" 200 1064 "http://firstdigitalbank.com/whsy.php?p=%2Fproc%2F16006" "Mozilla/5.0 AppleWebKit/537.36 (KHTML, like Gecko; compatible; GPTBot/1.3; +https://openai.com/gptbot)"
74.7.243.238 - - [13/Apr/2026:22:49:34 +0000] "GET /whsy.php?e=ip6_flowlabel&p=%2Fproc%2F21193%2Fnet HTTP/1.1" 200 1064 "http://www.firstdigitalbank.com/whsy.php?p=%2Fproc%2F21193%2Fnet" "Mozilla/5.0 AppleWebKit/537.36 (KHTML, like Gecko; compatible; GPTBot/1.3; +https://openai.com/gptbot)"
74.7.227.7 - - [13/Apr/2026:22:49:35 +0000] "GET /whsy.php?p=%2Fproc%2F30899%2Fattr HTTP/1.1" 200 1064 "http://firstdigitalbank.com/whsy.php?p=%2Fproc%2F30899" "Mozilla/5.0 AppleWebKit/537.36 (KHTML, like Gecko; compatible; GPTBot/1.3; +https://openai.com/gptbot)"
74.7.227.7 - - [13/Apr/2026:22:49:38 +0000] "GET /whsy.php?e=prev&p=%2Fproc%2F14851%2Fattr HTTP/1.1" 200 859 "http://firstdigitalbank.com/whsy.php?p=%2Fproc%2F14851%2Fattr" "Mozilla/5.0 AppleWebKit/537.36 (KHTML, like Gecko; compatible; GPTBot/1.3; +https://openai.com/gptbot)"
74.7.243.238 - - [13/Apr/2026:22:49:41 +0000] "GET /whsy.php?e=ip6_flowlabel&p=%2Fproc%2F12635%2Fnet HTTP/1.1" 200 1064 "http://www.firstdigitalbank.com/whsy.php?p=%2Fproc%2F12635%2Fnet" "Mozilla/5.0 AppleWebKit/537.36 (KHTML, like Gecko; compatible; GPTBot/1.3; +https://openai.com/gptbot)"
74.7.227.7 - - [13/Apr/2026:22:49:42 +0000] "GET /whsy.php?e=exec&p=%2Fproc%2F14851%2Fattr HTTP/1.1" 200 859 "http://firstdigitalbank.com/whsy.php?p=%2Fproc%2F14851%2Fattr" "Mozilla/5.0 AppleWebKit/537.36 (KHTML, like Gecko; compatible; GPTBot/1.3; +https://openai.com/gptbot)"
74.7.243.238 - - [13/Apr/2026:22:49:45 +0000] "GET /whsy.php?e=ip6_flowlabel&p=%2Fproc%2F31190%2Fnet HTTP/1.1" 200 1064 "http://www.firstdigitalbank.com/whsy.php?p=%2Fproc%2F31190%2Fnet" "Mozilla/5.0 AppleWebKit/537.36 (KHTML, like Gecko; compatible; GPTBot/1.3; +https://openai.com/gptbot)"
74.7.227.7 - - [13/Apr/2026:22:49:45 +0000] "GET /whsy.php?p=%2Fproc%2F20484%2Fnet HTTP/1.1" 200 1064 "http://firstdigitalbank.com/whsy.php?p=%2Fproc%2F20484" "Mozilla/5.0 AppleWebKit/537.36 (KHTML, like Gecko; compatible; GPTBot/1.3; +https://openai.com/gptbot)"
74.7.227.7 - - [13/Apr/2026:22:49:48 +0000] "GET /whsy.php?p=%2Fproc%2F14851%2Ftask HTTP/1.1" 200 490 "http://firstdigitalbank.com/whsy.php?p=%2Fproc%2F14851" "Mozilla/5.0 AppleWebKit/537.36 (KHTML, like Gecko; compatible; GPTBot/1.3; +https://openai.com/gptbot)"
74.7.243.238 - - [13/Apr/2026:22:49:52 +0000] "GET /whsy.php?e=ip6_flowlabel&p=%2Fproc%2F30125%2Fnet HTTP/1.1" 200 2550 "http://www.firstdigitalbank.com/whsy.php?p=%2Fproc%2F30125%2Fnet" "Mozilla/5.0 AppleWebKit/537.36 (KHTML, like Gecko; compatible; GPTBot/1.3; +https://openai.com/gptbot)"
74.7.227.7 - - [13/Apr/2026:22:49:52 +0000] "GET /whsy.php?p=%2Fproc%2F19162%2Ftask HTTP/1.1" 200 1064 "http://firstdigitalbank.com/whsy.php?p=%2Fproc%2F19162" "Mozilla/5.0 AppleWebKit/537.36 (KHTML, like Gecko; compatible; GPTBot/1.3; +https://openai.com/gptbot)"
74.7.227.7 - - [13/Apr/2026:22:49:55 +0000] "GET /whsy.php?p=%2Fproc%2F23901%2Ftask HTTP/1.1" 200 772 "http://firstdigitalbank.com/whsy.php?p=%2Fproc%2F23901" "Mozilla/5.0 AppleWebKit/537.36 (KHTML, like Gecko; compatible; GPTBot/1.3; +https://openai.com/gptbot)"
74.7.227.7 - - [13/Apr/2026:22:49:58 +0000] "GET /whsy.php?e=exec&p=%2Fproc%2F23901%2Fattr HTTP/1.1" 200 859 "http://firstdigitalbank.com/whsy.php?p=%2Fproc%2F23901%2Fattr" "Mozilla/5.0 AppleWebKit/537.36 (KHTML, like Gecko; compatible; GPTBot/1.3; +https://openai.com/gptbot)"
74.7.227.7 - - [13/Apr/2026:22:50:01 +0000] "GET /whsy.php?p=%2Fproc%2F30899%2Fnet HTTP/1.1" 200 1064 "http://firstdigitalbank.com/whsy.php?p=%2Fproc%2F30899" "Mozilla/5.0 AppleWebKit/537.36 (KHTML, like Gecko; compatible; GPTBot/1.3; +https://openai.com/gptbot)"
74.7.243.238 - - [13/Apr/2026:22:50:02 +0000] "GET /whsy.php?e=ip6_flowlabel&p=%2Fproc%2F13276%2Fnet HTTP/1.1" 200 1064 "http://www.firstdigitalbank.com/whsy.php?p=%2Fproc%2F13276%2Fnet" "Mozilla/5.0 AppleWebKit/537.36 (KHTML, like Gecko; compatible; GPTBot/1.3; +https://openai.com/gptbot)"
74.7.227.7 - - [13/Apr/2026:22:50:05 +0000] "GET /whsy.php?p=%2Fproc%2F20990%2Fnet HTTP/1.1" 200 2441 "http://firstdigitalbank.com/whsy.php?p=%2Fproc%2F20990" "Mozilla/5.0 AppleWebKit/537.36 (KHTML, like Gecko; compatible; GPTBot/1.3; +https://openai.com/gptbot)"
74.7.243.238 - - [13/Apr/2026:22:50:05 +0000] "GET /whsy.php?e=ip6_flowlabel&p=%2Fproc%2F13716%2Fnet HTTP/1.1" 200 1064 "http://www.firstdigitalbank.com/whsy.php?p=%2Fproc%2F13716%2Fnet" "Mozilla/5.0 AppleWebKit/537.36 (KHTML, like Gecko; compatible; GPTBot/1.3; +https://openai.com/gptbot)"
74.7.227.7 - - [13/Apr/2026:22:50:08 +0000] "GET /whsy.php?p=%2Fproc%2F25441%2Fattr HTTP/1.1" 200 799 "http://firstdigitalbank.com/whsy.php?p=%2Fproc%2F25441" "Mozilla/5.0 AppleWebKit/537.36 (KHTML, like Gecko; compatible; GPTBot/1.3; +https://openai.com/gptbot)"
74.7.227.7 - - [13/Apr/2026:22:50:12 +0000] "GET /whsy.php?p=%2Fproc%2F25441%2Fnet HTTP/1.1" 200 2441 "http://firstdigitalbank.com/whsy.php?p=%2Fproc%2F25441" "Mozilla/5.0 AppleWebKit/537.36 (KHTML, like Gecko; compatible; GPTBot/1.3; +https://openai.com/gptbot)"
74.7.227.7 - - [13/Apr/2026:22:50:15 +0000] "GET /whsy.php?p=%2Fproc%2F17472%2Fattr HTTP/1.1" 200 799 "http://firstdigitalbank.com/whsy.php?p=%2Fproc%2F17472" "Mozilla/5.0 AppleWebKit/537.36 (KHTML, like Gecko; compatible; GPTBot/1.3; +https://openai.com/gptbot)"
74.7.243.238 - - [13/Apr/2026:22:50:15 +0000] "GET /whsy.php?e=ip6_flowlabel&p=%2Fproc%2F20740%2Fnet HTTP/1.1" 200 1064 "http://www.firstdigitalbank.com/whsy.php?p=%2Fproc%2F20740%2Fnet" "Mozilla/5.0 AppleWebKit/537.36 (KHTML, like Gecko; compatible; GPTBot/1.3; +https://openai.com/gptbot)"
74.7.227.7 - - [13/Apr/2026:22:50:18 +0000] "GET /whsy.php?p=%2Fproc%2F14851%2Fnet HTTP/1.1" 200 2442 "http://firstdigitalbank.com/whsy.php?p=%2Fproc%2F14851" "Mozilla/5.0 AppleWebKit/537.36 (KHTML, like Gecko; compatible; GPTBot/1.3; +https://openai.com/gptbot)"
74.7.227.7 - - [13/Apr/2026:22:50:21 +0000] "GET /whsy.php?p=%2Fproc%2F17472%2Ftask HTTP/1.1" 200 490 "http://firstdigitalbank.com/whsy.php?p=%2Fproc%2F17472" "Mozilla/5.0 AppleWebKit/537.36 (KHTML, like Gecko; compatible; GPTBot/1.3; +https://openai.com/gptbot)"
74.7.243.238 - - [13/Apr/2026:22:50:22 +0000] "GET /whsy.php?e=ip6_flowlabel&p=%2Fproc%2F32384%2Fnet HTTP/1.1" 200 1064 "http://www.firstdigitalbank.com/whsy.php?p=%2Fproc%2F32384%2Fnet" "Mozilla/5.0 AppleWebKit/537.36 (KHTML, like Gecko; compatible; GPTBot/1.3; +https://openai.com/gptbot)"
74.7.227.7 - - [13/Apr/2026:22:50:25 +0000] "GET /whsy.php?p=%2Fproc%2F16006%2Fnet HTTP/1.1" 200 1064 "http://firstdigitalbank.com/whsy.php?p=%2Fproc%2F16006" "Mozilla/5.0 AppleWebKit/537.36 (KHTML, like Gecko; compatible; GPTBot/1.3; +https://openai.com/gptbot)"
74.7.243.238 - - [13/Apr/2026:22:50:25 +0000] "GET /whsy.php?e=ip6_flowlabel&p=%2Fproc%2F25118%2Fnet HTTP/1.1" 200 1064 "http://www.firstdigitalbank.com/whsy.php?p=%2Fproc%2F25118%2Fnet" "Mozilla/5.0 AppleWebKit/537.36 (KHTML, like Gecko; compatible; GPTBot/1.3; +https://openai.com/gptbot)"
74.7.227.7 - - [13/Apr/2026:22:50:28 +0000] "GET /whsy.php?p=%2Fproc%2F12428%2Fattr HTTP/1.1" 200 1064 "http://firstdigitalbank.com/whsy.php?p=%2Fproc%2F12428" "Mozilla/5.0 AppleWebKit/537.36 (KHTML, like Gecko; compatible; GPTBot/1.3; +https://openai.com/gptbot)"
74.7.227.7 - - [13/Apr/2026:22:50:32 +0000] "GET /whsy.php?p=%2Fproc%2F31281%2Ftask HTTP/1.1" 200 1064 "http://firstdigitalbank.com/whsy.php?p=%2Fproc%2F31281" "Mozilla/5.0 AppleWebKit/537.36 (KHTML, like Gecko; compatible; GPTBot/1.3; +https://openai.com/gptbot)"
74.7.243.238 - - [13/Apr/2026:22:50:32 +0000] "GET /whsy.php?e=ip6_flowlabel&p=%2Fproc%2F14368%2Fnet HTTP/1.1" 200 1064 "http://www.firstdigitalbank.com/whsy.php?p=%2Fproc%2F14368%2Fnet" "Mozilla/5.0 AppleWebKit/537.36 (KHTML, like Gecko; compatible; GPTBot/1.3; +https://openai.com/gptbot)"
74.7.227.7 - - [13/Apr/2026:22:50:35 +0000] "GET /whsy.php?p=%2Fproc%2F19162%2Fattr HTTP/1.1" 200 1064 "http://firstdigitalbank.com/whsy.php?p=%2Fproc%2F19162" "Mozilla/5.0 AppleWebKit/537.36 (KHTML, like Gecko; compatible; GPTBot/1.3; +https://openai.com/gptbot)"
74.7.243.238 - - [13/Apr/2026:22:50:35 +0000] "GET /whsy.php?e=ip6_flowlabel&p=%2Fproc%2F18646%2Fnet HTTP/1.1" 200 1064 "http://www.firstdigitalbank.com/whsy.php?p=%2Fproc%2F18646%2Fnet" "Mozilla/5.0 AppleWebKit/537.36 (KHTML, like Gecko; compatible; GPTBot/1.3; +https://openai.com/gptbot)"
74.7.227.7 - - [13/Apr/2026:22:50:38 +0000] "GET /whsy.php?p=%2Fproc%2F20990%2Fattr HTTP/1.1" 200 799 "http://firstdigitalbank.com/whsy.php?p=%2Fproc%2F20990" "Mozilla/5.0 AppleWebKit/537.36 (KHTML, like Gecko; compatible; GPTBot/1.3; +https://openai.com/gptbot)"
74.7.243.238 - - [13/Apr/2026:22:50:38 +0000] "GET /whsy.php?e=ip6_flowlabel&p=%2Fproc%2F31024%2Fnet HTTP/1.1" 200 1064 "http://www.firstdigitalbank.com/whsy.php?p=%2Fproc%2F31024%2Fnet" "Mozilla/5.0 AppleWebKit/537.36 (KHTML, like Gecko; compatible; GPTBot/1.3; +https://openai.com/gptbot)"
74.7.227.7 - - [13/Apr/2026:22:50:41 +0000] "GET /whsy.php?e=unix&p=%2Fproc%2F20990%2Fnet HTTP/1.1" 200 5035 "http://firstdigitalbank.com/whsy.php?p=%2Fproc%2F20990%2Fnet" "Mozilla/5.0 AppleWebKit/537.36 (KHTML, like Gecko; compatible; GPTBot/1.3; +https://openai.com/gptbot)"
74.7.243.238 - - [13/Apr/2026:22:50:41 +0000] "GET /whsy.php?e=ip6_flowlabel&p=%2Fproc%2F19427%2Fnet HTTP/1.1" 200 2551 "http://www.firstdigitalbank.com/whsy.php?p=%2Fproc%2F19427%2Fnet" "Mozilla/5.0 AppleWebKit/537.36 (KHTML, like Gecko; compatible; GPTBot/1.3; +https://openai.com/gptbot)"
74.7.227.7 - - [13/Apr/2026:22:50:45 +0000] "GET /whsy.php?p=%2Fproc%2F23901%2Fnet HTTP/1.1" 200 2441 "http://firstdigitalbank.com/whsy.php?p=%2Fproc%2F23901" "Mozilla/5.0 AppleWebKit/537.36 (KHTML, like Gecko; compatible; GPTBot/1.3; +https://openai.com/gptbot)"
74.7.243.238 - - [13/Apr/2026:22:50:45 +0000] "GET /whsy.php?e=ip6_flowlabel&p=%2Fproc%2F28349%2Fnet HTTP/1.1" 200 1064 "http://www.firstdigitalbank.com/whsy.php?p=%2Fproc%2F28349%2Fnet" "Mozilla/5.0 AppleWebKit/537.36 (KHTML, like Gecko; compatible; GPTBot/1.3; +https://openai.com/gptbot)"
74.7.227.7 - - [13/Apr/2026:22:50:48 +0000] "GET /whsy.php?e=ip_tables_targets&p=%2Fproc%2F25441%2Fnet HTTP/1.1" 200 2441 "http://firstdigitalbank.com/whsy.php?p=%2Fproc%2F25441%2Fnet" "Mozilla/5.0 AppleWebKit/537.36 (KHTML, like Gecko; compatible; GPTBot/1.3; +https://openai.com/gptbot)"
74.7.243.238 - - [13/Apr/2026:22:50:48 +0000] "GET /whsy.php?e=ip6_flowlabel&p=%2Fproc%2F14554%2Fnet HTTP/1.1" 200 1064 "http://www.firstdigitalbank.com/whsy.php?p=%2Fproc%2F14554%2Fnet" "Mozilla/5.0 AppleWebKit/537.36 (KHTML, like Gecko; compatible; GPTBot/1.3; +https://openai.com/gptbot)"
74.7.227.7 - - [13/Apr/2026:22:50:51 +0000] "GET /whsy.php?p=%2Fproc%2F25441%2Fnet%2Fipt_hashlimit HTTP/1.1" 200 500 "http://firstdigitalbank.com/whsy.php?p=%2Fproc%2F25441%2Fnet" "Mozilla/5.0 AppleWebKit/537.36 (KHTML, like Gecko; compatible; GPTBot/1.3; +https://openai.com/gptbot)"
74.7.227.7 - - [13/Apr/2026:22:50:55 +0000] "GET /whsy.php?e=pfkey&p=%2Fproc%2F14851%2Fnet HTTP/1.1" 200 2535 "http://firstdigitalbank.com/whsy.php?p=%2Fproc%2F14851%2Fnet" "Mozilla/5.0 AppleWebKit/537.36 (KHTML, like Gecko; compatible; GPTBot/1.3; +https://openai.com/gptbot)"
74.7.243.238 - - [13/Apr/2026:22:50:55 +0000] "GET /whsy.php?e=ip6_flowlabel&p=%2Fproc%2F31021%2Fnet HTTP/1.1" 200 1064 "http://www.firstdigitalbank.com/whsy.php?p=%2Fproc%2F31021%2Fnet" "Mozilla/5.0 AppleWebKit/537.36 (KHTML, like Gecko; compatible; GPTBot/1.3; +https://openai.com/gptbot)"
74.7.227.7 - - [13/Apr/2026:22:50:58 +0000] "GET /whsy.php?e=route&p=%2Fproc%2F14851%2Fnet HTTP/1.1" 200 2638 "http://firstdigitalbank.com/whsy.php?p=%2Fproc%2F14851%2Fnet" "Mozilla/5.0 AppleWebKit/537.36 (KHTML, like Gecko; compatible; GPTBot/1.3; +https://openai.com/gptbot)"
74.7.227.7 - - [13/Apr/2026:22:51:02 +0000] "GET /whsy.php?e=igmp&p=%2Fproc%2F25441%2Fnet HTTP/1.1" 200 2592 "http://firstdigitalbank.com/whsy.php?p=%2Fproc%2F25441%2Fnet" "Mozilla/5.0 AppleWebKit/537.36 (KHTML, like Gecko; compatible; GPTBot/1.3; +https://openai.com/gptbot)"
74.7.227.7 - - [13/Apr/2026:22:51:05 +0000] "GET /whsy.php?p=%2Fproc%2F13958%2Fattr HTTP/1.1" 200 1064 "http://firstdigitalbank.com/whsy.php?p=%2Fproc%2F13958" "Mozilla/5.0 AppleWebKit/537.36 (KHTML, like Gecko; compatible; GPTBot/1.3; +https://openai.com/gptbot)"
74.7.227.7 - - [13/Apr/2026:22:51:09 +0000] "GET /whsy.php?p=%2Fproc%2F12428%2Ftask HTTP/1.1" 200 1064 "http://firstdigitalbank.com/whsy.php?p=%2Fproc%2F12428" "Mozilla/5.0 AppleWebKit/537.36 (KHTML, like Gecko; compatible; GPTBot/1.3; +https://openai.com/gptbot)"
74.7.243.238 - - [13/Apr/2026:22:51:09 +0000] "GET /whsy.php?e=ip6_flowlabel&p=%2Fproc%2F23317%2Fnet HTTP/1.1" 200 1064 "http://www.firstdigitalbank.com/whsy.php?p=%2Fproc%2F23317%2Fnet" "Mozilla/5.0 AppleWebKit/537.36 (KHTML, like Gecko; compatible; GPTBot/1.3; +https://openai.com/gptbot)"
74.7.227.7 - - [13/Apr/2026:22:51:12 +0000] "GET /whsy.php?p=%2Fproc%2F25441%2Ftask HTTP/1.1" 200 490 "http://firstdigitalbank.com/whsy.php?p=%2Fproc%2F25441" "Mozilla/5.0 AppleWebKit/537.36 (KHTML, like Gecko; compatible; GPTBot/1.3; +https://openai.com/gptbot)"
74.7.227.7 - - [13/Apr/2026:22:51:16 +0000] "GET /whsy.php?p=%2Fproc%2F30899%2Ftask HTTP/1.1" 200 1064 "http://firstdigitalbank.com/whsy.php?p=%2Fproc%2F30899" "Mozilla/5.0 AppleWebKit/537.36 (KHTML, like Gecko; compatible; GPTBot/1.3; +https://openai.com/gptbot)"
74.7.243.238 - - [13/Apr/2026:22:51:16 +0000] "GET /whsy.php?e=ip6_flowlabel&p=%2Fproc%2F29113%2Fnet HTTP/1.1" 200 1064 "http://www.firstdigitalbank.com/whsy.php?p=%2Fproc%2F29113%2Fnet" "Mozilla/5.0 AppleWebKit/537.36 (KHTML, like Gecko; compatible; GPTBot/1.3; +https://openai.com/gptbot)"
74.7.227.7 - - [13/Apr/2026:22:51:19 +0000] "GET /whsy.php?e=arch_status&p=%2Fproc%2F14851 HTTP/1.1" 200 2006 "http://firstdigitalbank.com/whsy.php?p=%2Fproc%2F14851" "Mozilla/5.0 AppleWebKit/537.36 (KHTML, like Gecko; compatible; GPTBot/1.3; +https://openai.com/gptbot)"
74.7.227.7 - - [13/Apr/2026:22:51:22 +0000] "GET /whsy.php?e=pfkey&p=%2Fproc%2F23901%2Fnet HTTP/1.1" 200 2534 "http://firstdigitalbank.com/whsy.php?p=%2Fproc%2F23901%2Fnet" "Mozilla/5.0 AppleWebKit/537.36 (KHTML, like Gecko; compatible; GPTBot/1.3; +https://openai.com/gptbot)"
74.7.227.7 - - [13/Apr/2026:22:51:25 +0000] "GET /whsy.php?e=route&p=%2Fproc%2F23901%2Fnet HTTP/1.1" 200 2637 "http://firstdigitalbank.com/whsy.php?p=%2Fproc%2F23901%2Fnet" "Mozilla/5.0 AppleWebKit/537.36 (KHTML, like Gecko; compatible; GPTBot/1.3; +https://openai.com/gptbot)"
74.7.227.7 - - [13/Apr/2026:22:51:29 +0000] "GET /whsy.php?e=icmp&p=%2Fproc%2F23901%2Fnet HTTP/1.1" 200 2580 "http://firstdigitalbank.com/whsy.php?p=%2Fproc%2F23901%2Fnet" "Mozilla/5.0 AppleWebKit/537.36 (KHTML, like Gecko; compatible; GPTBot/1.3; +https://openai.com/gptbot)"
74.7.227.7 - - [13/Apr/2026:22:51:32 +0000] "GET /whsy.php?e=arch_status&p=%2Fproc%2F23901 HTTP/1.1" 200 2005 "http://firstdigitalbank.com/whsy.php?p=%2Fproc%2F23901" "Mozilla/5.0 AppleWebKit/537.36 (KHTML, like Gecko; compatible; GPTBot/1.3; +https://openai.com/gptbot)"
74.7.243.238 - - [13/Apr/2026:22:51:33 +0000] "GET /whsy.php?e=ip6_flowlabel&p=%2Fproc%2F31530%2Fnet HTTP/1.1" 200 1064 "http://www.firstdigitalbank.com/whsy.php?p=%2Fproc%2F31530%2Fnet" "Mozilla/5.0 AppleWebKit/537.36 (KHTML, like Gecko; compatible; GPTBot/1.3; +https://openai.com/gptbot)"
74.7.227.7 - - [13/Apr/2026:22:51:35 +0000] "GET /whsy.php?e=arch_status&p=%2Fproc%2F30899 HTTP/1.1" 200 1064 "http://firstdigitalbank.com/whsy.php?p=%2Fproc%2F30899" "Mozilla/5.0 AppleWebKit/537.36 (KHTML, like Gecko; compatible; GPTBot/1.3; +https://openai.com/gptbot)"
74.7.243.238 - - [13/Apr/2026:22:51:36 +0000] "GET /whsy.php?e=ip6_flowlabel&p=%2Fproc%2F31066%2Fnet HTTP/1.1" 200 1064 "http://www.firstdigitalbank.com/whsy.php?p=%2Fproc%2F31066%2Fnet" "Mozilla/5.0 AppleWebKit/537.36 (KHTML, like Gecko; compatible; GPTBot/1.3; +https://openai.com/gptbot)"
74.7.227.7 - - [13/Apr/2026:22:51:39 +0000] "GET /whsy.php?e=unix&p=%2Fproc%2F23901%2Fnet HTTP/1.1" 200 5039 "http://firstdigitalbank.com/whsy.php?p=%2Fproc%2F23901%2Fnet" "Mozilla/5.0 AppleWebKit/537.36 (KHTML, like Gecko; compatible; GPTBot/1.3; +https://openai.com/gptbot)"
74.7.227.7 - - [13/Apr/2026:22:51:42 +0000] "GET /whsy.php?e=igmp&p=%2Fproc%2F14851%2Fnet HTTP/1.1" 200 2592 "http://firstdigitalbank.com/whsy.php?p=%2Fproc%2F14851%2Fnet" "Mozilla/5.0 AppleWebKit/537.36 (KHTML, like Gecko; compatible; GPTBot/1.3; +https://openai.com/gptbot)"
74.7.227.7 - - [13/Apr/2026:22:51:45 +0000] "GET /whsy.php?e=status&p=%2Fproc%2F20484 HTTP/1.1" 200 1064 "http://firstdigitalbank.com/whsy.php?p=%2Fproc%2F20484" "Mozilla/5.0 AppleWebKit/537.36 (KHTML, like Gecko; compatible; GPTBot/1.3; +https://openai.com/gptbot)"
74.7.243.238 - - [13/Apr/2026:22:51:47 +0000] "GET /whsy.php?e=ip6_flowlabel&p=%2Fproc%2F20671%2Fnet HTTP/1.1" 200 1064 "http://www.firstdigitalbank.com/whsy.php?p=%2Fproc%2F20671%2Fnet" "Mozilla/5.0 AppleWebKit/537.36 (KHTML, like Gecko; compatible; GPTBot/1.3; +https://openai.com/gptbot)"
74.7.227.7 - - [13/Apr/2026:22:51:49 +0000] "GET /whsy.php?e=status&p=%2Fproc%2F25441 HTTP/1.1" 200 2362 "http://firstdigitalbank.com/whsy.php?p=%2Fproc%2F25441" "Mozilla/5.0 AppleWebKit/537.36 (KHTML, like Gecko; compatible; GPTBot/1.3; +https://openai.com/gptbot)"
74.7.243.238 - - [13/Apr/2026:22:51:50 +0000] "GET /whsy.php?e=ip6_flowlabel&p=%2Fproc%2F12194%2Fnet HTTP/1.1" 200 1064 "http://www.firstdigitalbank.com/whsy.php?p=%2Fproc%2F12194%2Fnet" "Mozilla/5.0 AppleWebKit/537.36 (KHTML, like Gecko; compatible; GPTBot/1.3; +https://openai.com/gptbot)"
74.7.227.7 - - [13/Apr/2026:22:51:52 +0000] "GET /whsy.php?e=status&p=%2Fproc%2F17472 HTTP/1.1" 200 2370 "http://firstdigitalbank.com/whsy.php?p=%2Fproc%2F17472" "Mozilla/5.0 AppleWebKit/537.36 (KHTML, like Gecko; compatible; GPTBot/1.3; +https://openai.com/gptbot)"
74.7.227.7 - - [13/Apr/2026:22:51:56 +0000] "GET /whsy.php?e=cpuset&p=%2Fproc%2F30899 HTTP/1.1" 200 1064 "http://firstdigitalbank.com/whsy.php?p=%2Fproc%2F30899" "Mozilla/5.0 AppleWebKit/537.36 (KHTML, like Gecko; compatible; GPTBot/1.3; +https://openai.com/gptbot)"
74.7.227.7 - - [13/Apr/2026:22:51:59 +0000] "GET /whsy.php?e=cpuset&p=%2Fproc%2F23901 HTTP/1.1" 200 2005 "http://firstdigitalbank.com/whsy.php?p=%2Fproc%2F23901" "Mozilla/5.0 AppleWebKit/537.36 (KHTML, like Gecko; compatible; GPTBot/1.3; +https://openai.com/gptbot)"
74.7.227.7 - - [13/Apr/2026:22:52:02 +0000] "GET /whsy.php?e=cgroup&p=%2Fproc%2F30899 HTTP/1.1" 200 1064 "http://firstdigitalbank.com/whsy.php?p=%2Fproc%2F30899" "Mozilla/5.0 AppleWebKit/537.36 (KHTML, like Gecko; compatible; GPTBot/1.3; +https://openai.com/gptbot)"
74.7.227.7 - - [13/Apr/2026:22:52:06 +0000] "GET /whsy.php?e=cpuset&p=%2Fproc%2F14851 HTTP/1.1" 200 2006 "http://firstdigitalbank.com/whsy.php?p=%2Fproc%2F14851" "Mozilla/5.0 AppleWebKit/537.36 (KHTML, like Gecko; compatible; GPTBot/1.3; +https://openai.com/gptbot)"
74.7.227.7 - - [13/Apr/2026:22:52:09 +0000] "GET /whsy.php?e=timers&p=%2Fproc%2F12428 HTTP/1.1" 200 1064 "http://firstdigitalbank.com/whsy.php?p=%2Fproc%2F12428" "Mozilla/5.0 AppleWebKit/537.36 (KHTML, like Gecko; compatible; GPTBot/1.3; +https://openai.com/gptbot)"
74.7.243.238 - - [13/Apr/2026:22:52:11 +0000] "GET /whsy.php?e=ip6_flowlabel&p=%2Fproc%2F31077%2Fnet HTTP/1.1" 200 1064 "http://www.firstdigitalbank.com/whsy.php?p=%2Fproc%2F31077%2Fnet" "Mozilla/5.0 AppleWebKit/537.36 (KHTML, like Gecko; compatible; GPTBot/1.3; +https://openai.com/gptbot)"
74.7.227.7 - - [13/Apr/2026:22:52:13 +0000] "GET /whsy.php?e=cgroup&p=%2Fproc%2F23901 HTTP/1.1" 200 2138 "http://firstdigitalbank.com/whsy.php?p=%2Fproc%2F23901" "Mozilla/5.0 AppleWebKit/537.36 (KHTML, like Gecko; compatible; GPTBot/1.3; +https://openai.com/gptbot)"
74.7.243.238 - - [13/Apr/2026:22:52:14 +0000] "GET /whsy.php?e=ip6_flowlabel&p=%2Fproc%2F25854%2Fnet HTTP/1.1" 200 1064 "http://www.firstdigitalbank.com/whsy.php?p=%2Fproc%2F25854%2Fnet" "Mozilla/5.0 AppleWebKit/537.36 (KHTML, like Gecko; compatible; GPTBot/1.3; +https://openai.com/gptbot)"
74.7.227.7 - - [13/Apr/2026:22:52:16 +0000] "GET /whsy.php?e=cgroup&p=%2Fproc%2F14851 HTTP/1.1" 200 2117 "http://firstdigitalbank.com/whsy.php?p=%2Fproc%2F14851" "Mozilla/5.0 AppleWebKit/537.36 (KHTML, like Gecko; compatible; GPTBot/1.3; +https://openai.com/gptbot)"
74.7.243.238 - - [13/Apr/2026:22:52:18 +0000] "GET /whsy.php?e=ip6_flowlabel&p=%2Fproc%2F25587%2Fnet HTTP/1.1" 200 1064 "http://www.firstdigitalbank.com/whsy.php?p=%2Fproc%2F25587%2Fnet" "Mozilla/5.0 AppleWebKit/537.36 (KHTML, like Gecko; compatible; GPTBot/1.3; +https://openai.com/gptbot)"
74.7.227.7 - - [13/Apr/2026:22:52:20 +0000] "GET /whsy.php?e=status&p=%2Fproc%2F19162 HTTP/1.1" 200 1064 "http://firstdigitalbank.com/whsy.php?p=%2Fproc%2F19162" "Mozilla/5.0 AppleWebKit/537.36 (KHTML, like Gecko; compatible; GPTBot/1.3; +https://openai.com/gptbot)"
74.7.243.238 - - [13/Apr/2026:22:52:21 +0000] "GET /whsy.php?e=ip6_flowlabel&p=%2Fproc%2F19952%2Fnet HTTP/1.1" 200 1064 "http://www.firstdigitalbank.com/whsy.php?p=%2Fproc%2F19952%2Fnet" "Mozilla/5.0 AppleWebKit/537.36 (KHTML, like Gecko; compatible; GPTBot/1.3; +https://openai.com/gptbot)"
74.7.227.7 - - [13/Apr/2026:22:52:23 +0000] "GET /whsy.php?e=status&p=%2Fproc%2F31281 HTTP/1.1" 200 1064 "http://firstdigitalbank.com/whsy.php?p=%2Fproc%2F31281" "Mozilla/5.0 AppleWebKit/537.36 (KHTML, like Gecko; compatible; GPTBot/1.3; +https://openai.com/gptbot)"
74.7.243.238 - - [13/Apr/2026:22:52:25 +0000] "GET /whsy.php?e=ip6_flowlabel&p=%2Fproc%2F18685%2Fnet HTTP/1.1" 200 1064 "http://www.firstdigitalbank.com/whsy.php?p=%2Fproc%2F18685%2Fnet" "Mozilla/5.0 AppleWebKit/537.36 (KHTML, like Gecko; compatible; GPTBot/1.3; +https://openai.com/gptbot)"
74.7.227.7 - - [13/Apr/2026:22:52:27 +0000] "GET /whsy.php?e=udp&p=%2Fproc%2F23901%2Fnet HTTP/1.1" 200 2773 "http://firstdigitalbank.com/whsy.php?p=%2Fproc%2F23901%2Fnet" "Mozilla/5.0 AppleWebKit/537.36 (KHTML, like Gecko; compatible; GPTBot/1.3; +https://openai.com/gptbot)"
74.7.243.238 - - [13/Apr/2026:22:52:28 +0000] "GET /whsy.php?e=ip6_flowlabel&p=%2Fproc%2F15779%2Fnet HTTP/1.1" 200 1064 "http://www.firstdigitalbank.com/whsy.php?p=%2Fproc%2F15779%2Fnet" "Mozilla/5.0 AppleWebKit/537.36 (KHTML, like Gecko; compatible; GPTBot/1.3; +https://openai.com/gptbot)"
74.7.227.7 - - [13/Apr/2026:22:52:31 +0000] "GET /whsy.php?e=arch_status&p=%2Fproc%2F13958 HTTP/1.1" 200 1064 "http://firstdigitalbank.com/whsy.php?p=%2Fproc%2F13958" "Mozilla/5.0 AppleWebKit/537.36 (KHTML, like Gecko; compatible; GPTBot/1.3; +https://openai.com/gptbot)"
74.7.227.7 - - [13/Apr/2026:22:52:34 +0000] "GET /whsy.php?e=numa_maps&p=%2Fproc%2F20484 HTTP/1.1" 200 1064 "http://firstdigitalbank.com/whsy.php?p=%2Fproc%2F20484" "Mozilla/5.0 AppleWebKit/537.36 (KHTML, like Gecko; compatible; GPTBot/1.3; +https://openai.com/gptbot)"
74.7.243.238 - - [13/Apr/2026:22:52:35 +0000] "GET /whsy.php?e=ip6_flowlabel&p=%2Fproc%2F12770%2Fnet HTTP/1.1" 200 1064 "http://www.firstdigitalbank.com/whsy.php?p=%2Fproc%2F12770%2Fnet" "Mozilla/5.0 AppleWebKit/537.36 (KHTML, like Gecko; compatible; GPTBot/1.3; +https://openai.com/gptbot)"
74.7.227.7 - - [13/Apr/2026:22:52:38 +0000] "GET /whsy.php?e=numa_maps&p=%2Fproc%2F19162 HTTP/1.1" 200 1064 "http://firstdigitalbank.com/whsy.php?p=%2Fproc%2F19162" "Mozilla/5.0 AppleWebKit/537.36 (KHTML, like Gecko; compatible; GPTBot/1.3; +https://openai.com/gptbot)"
74.7.227.7 - - [13/Apr/2026:22:52:41 +0000] "GET /whsy.php?e=oom_score&p=%2Fproc%2F13958 HTTP/1.1" 200 1064 "http://firstdigitalbank.com/whsy.php?p=%2Fproc%2F13958" "Mozilla/5.0 AppleWebKit/537.36 (KHTML, like Gecko; compatible; GPTBot/1.3; +https://openai.com/gptbot)"
74.7.227.7 - - [13/Apr/2026:22:52:45 +0000] "GET /whsy.php?e=numa_maps&p=%2Fproc%2F31281 HTTP/1.1" 200 1064 "http://firstdigitalbank.com/whsy.php?p=%2Fproc%2F31281" "Mozilla/5.0 AppleWebKit/537.36 (KHTML, like Gecko; compatible; GPTBot/1.3; +https://openai.com/gptbot)"
74.7.243.238 - - [13/Apr/2026:22:52:46 +0000] "GET /whsy.php?e=ip6_flowlabel&p=%2Fproc%2F13563%2Fnet HTTP/1.1" 200 1064 "http://www.firstdigitalbank.com/whsy.php?p=%2Fproc%2F13563%2Fnet" "Mozilla/5.0 AppleWebKit/537.36 (KHTML, like Gecko; compatible; GPTBot/1.3; +https://openai.com/gptbot)"
74.7.227.7 - - [13/Apr/2026:22:52:48 +0000] "GET /whsy.php?e=numa_maps&p=%2Fproc%2F25441 HTTP/1.1" 200 2009 "http://firstdigitalbank.com/whsy.php?p=%2Fproc%2F25441" "Mozilla/5.0 AppleWebKit/537.36 (KHTML, like Gecko; compatible; GPTBot/1.3; +https://openai.com/gptbot)"
74.7.243.238 - - [13/Apr/2026:22:52:50 +0000] "GET /whsy.php?e=ip6_flowlabel&p=%2Fproc%2F29460%2Fnet HTTP/1.1" 200 1064 "http://www.firstdigitalbank.com/whsy.php?p=%2Fproc%2F29460%2Fnet" "Mozilla/5.0 AppleWebKit/537.36 (KHTML, like Gecko; compatible; GPTBot/1.3; +https://openai.com/gptbot)"
74.7.227.7 - - [13/Apr/2026:22:52:52 +0000] "GET /whsy.php?e=numa_maps&p=%2Fproc%2F12428 HTTP/1.1" 200 1064 "http://firstdigitalbank.com/whsy.php?p=%2Fproc%2F12428" "Mozilla/5.0 AppleWebKit/537.36 (KHTML, like Gecko; compatible; GPTBot/1.3; +https://openai.com/gptbot)"
74.7.243.238 - - [13/Apr/2026:22:52:53 +0000] "GET /whsy.php?e=ip6_flowlabel&p=%2Fproc%2F26410%2Fnet HTTP/1.1" 200 1064 "http://www.firstdigitalbank.com/whsy.php?p=%2Fproc%2F26410%2Fnet" "Mozilla/5.0 AppleWebKit/537.36 (KHTML, like Gecko; compatible; GPTBot/1.3; +https://openai.com/gptbot)"
74.7.227.7 - - [13/Apr/2026:22:52:56 +0000] "GET /whsy.php?e=numa_maps&p=%2Fproc%2F20990 HTTP/1.1" 200 2009 "http://firstdigitalbank.com/whsy.php?p=%2Fproc%2F20990" "Mozilla/5.0 AppleWebKit/537.36 (KHTML, like Gecko; compatible; GPTBot/1.3; +https://openai.com/gptbot)"
74.7.243.238 - - [13/Apr/2026:22:52:57 +0000] "GET /whsy.php?e=ip6_flowlabel&p=%2Fproc%2F16479%2Fnet HTTP/1.1" 200 1064 "http://www.firstdigitalbank.com/whsy.php?p=%2Fproc%2F16479%2Fnet" "Mozilla/5.0 AppleWebKit/537.36 (KHTML, like Gecko; compatible; GPTBot/1.3; +https://openai.com/gptbot)"
74.7.227.7 - - [13/Apr/2026:22:52:59 +0000] "GET /whsy.php?e=numa_maps&p=%2Fproc%2F17472 HTTP/1.1" 200 2009 "http://firstdigitalbank.com/whsy.php?p=%2Fproc%2F17472" "Mozilla/5.0 AppleWebKit/537.36 (KHTML, like Gecko; compatible; GPTBot/1.3; +https://openai.com/gptbot)"
74.7.227.7 - - [13/Apr/2026:22:53:03 +0000] "GET /whsy.php?e=snmp&p=%2Fproc%2F14851%2Fnet HTTP/1.1" 200 3230 "http://firstdigitalbank.com/whsy.php?p=%2Fproc%2F14851%2Fnet" "Mozilla/5.0 AppleWebKit/537.36 (KHTML, like Gecko; compatible; GPTBot/1.3; +https://openai.com/gptbot)"
74.7.227.7 - - [13/Apr/2026:22:53:06 +0000] "GET /whsy.php?p=%2Fproc%2F13958%2Fnet HTTP/1.1" 200 1064 "http://firstdigitalbank.com/whsy.php?p=%2Fproc%2F13958" "Mozilla/5.0 AppleWebKit/537.36 (KHTML, like Gecko; compatible; GPTBot/1.3; +https://openai.com/gptbot)"
74.7.227.7 - - [13/Apr/2026:22:53:10 +0000] "GET /whsy.php?p=%2Fproc%2F13958%2Ftask HTTP/1.1" 200 1064 "http://firstdigitalbank.com/whsy.php?p=%2Fproc%2F13958" "Mozilla/5.0 AppleWebKit/537.36 (KHTML, like Gecko; compatible; GPTBot/1.3; +https://openai.com/gptbot)"
74.7.243.238 - - [13/Apr/2026:22:53:11 +0000] "GET /whsy.php?e=ip6_flowlabel&p=%2Fproc%2F23109%2Fnet HTTP/1.1" 200 1064 "http://www.firstdigitalbank.com/whsy.php?p=%2Fproc%2F23109%2Fnet" "Mozilla/5.0 AppleWebKit/537.36 (KHTML, like Gecko; compatible; GPTBot/1.3; +https://openai.com/gptbot)"
74.7.227.7 - - [13/Apr/2026:22:53:14 +0000] "GET /whsy.php?e=unix&p=%2Fproc%2F14851%2Fnet HTTP/1.1" 200 5014 "http://firstdigitalbank.com/whsy.php?p=%2Fproc%2F14851%2Fnet" "Mozilla/5.0 AppleWebKit/537.36 (KHTML, like Gecko; compatible; GPTBot/1.3; +https://openai.com/gptbot)"
74.7.243.238 - - [13/Apr/2026:22:53:15 +0000] "GET /whsy.php?e=ip6_flowlabel&p=%2Fproc%2F10277%2Fnet HTTP/1.1" 200 1064 "http://www.firstdigitalbank.com/whsy.php?p=%2Fproc%2F10277%2Fnet" "Mozilla/5.0 AppleWebKit/537.36 (KHTML, like Gecko; compatible; GPTBot/1.3; +https://openai.com/gptbot)"
74.7.227.7 - - [13/Apr/2026:22:53:17 +0000] "GET /whsy.php?e=oom_score&p=%2Fproc%2F30899 HTTP/1.1" 200 1064 "http://firstdigitalbank.com/whsy.php?p=%2Fproc%2F30899" "Mozilla/5.0 AppleWebKit/537.36 (KHTML, like Gecko; compatible; GPTBot/1.3; +https://openai.com/gptbot)"
74.7.243.238 - - [13/Apr/2026:22:53:19 +0000] "GET /whsy.php?e=ip6_flowlabel&p=%2Fproc%2F10243%2Fnet HTTP/1.1" 200 1064 "http://www.firstdigitalbank.com/whsy.php?p=%2Fproc%2F10243%2Fnet" "Mozilla/5.0 AppleWebKit/537.36 (KHTML, like Gecko; compatible; GPTBot/1.3; +https://openai.com/gptbot)"
74.7.227.7 - - [13/Apr/2026:22:53:21 +0000] "GET /whsy.php?e=oom_score&p=%2Fproc%2F14851 HTTP/1.1" 200 2005 "http://firstdigitalbank.com/whsy.php?p=%2Fproc%2F14851" "Mozilla/5.0 AppleWebKit/537.36 (KHTML, like Gecko; compatible; GPTBot/1.3; +https://openai.com/gptbot)"
74.7.243.238 - - [13/Apr/2026:22:53:22 +0000] "GET /whsy.php?e=ip6_flowlabel&p=%2Fproc%2F11877%2Fnet HTTP/1.1" 200 1064 "http://www.firstdigitalbank.com/whsy.php?p=%2Fproc%2F11877%2Fnet" "Mozilla/5.0 AppleWebKit/537.36 (KHTML, like Gecko; compatible; GPTBot/1.3; +https://openai.com/gptbot)"
74.7.227.7 - - [13/Apr/2026:22:53:25 +0000] "GET /whsy.php?e=raw&p=%2Fproc%2F23901%2Fnet HTTP/1.1" 200 2577 "http://firstdigitalbank.com/whsy.php?p=%2Fproc%2F23901%2Fnet" "Mozilla/5.0 AppleWebKit/537.36 (KHTML, like Gecko; compatible; GPTBot/1.3; +https://openai.com/gptbot)"
74.7.243.238 - - [13/Apr/2026:22:53:26 +0000] "GET /whsy.php?e=ip6_flowlabel&p=%2Fproc%2F13488%2Fnet HTTP/1.1" 200 1064 "http://www.firstdigitalbank.com/whsy.php?p=%2Fproc%2F13488%2Fnet" "Mozilla/5.0 AppleWebKit/537.36 (KHTML, like Gecko; compatible; GPTBot/1.3; +https://openai.com/gptbot)"
74.7.227.7 - - [13/Apr/2026:22:53:28 +0000] "GET /whsy.php?e=arp&p=%2Fproc%2F14851%2Fnet HTTP/1.1" 200 2580 "http://firstdigitalbank.com/whsy.php?p=%2Fproc%2F14851%2Fnet" "Mozilla/5.0 AppleWebKit/537.36 (KHTML, like Gecko; compatible; GPTBot/1.3; +https://openai.com/gptbot)"
74.7.243.238 - - [13/Apr/2026:22:53:30 +0000] "GET /whsy.php?e=ip6_flowlabel&p=%2Fproc%2F20097%2Fnet HTTP/1.1" 200 1064 "http://www.firstdigitalbank.com/whsy.php?p=%2Fproc%2F20097%2Fnet" "Mozilla/5.0 AppleWebKit/537.36 (KHTML, like Gecko; compatible; GPTBot/1.3; +https://openai.com/gptbot)"
74.7.227.7 - - [13/Apr/2026:22:53:32 +0000] "GET /whsy.php?e=arch_status&p=%2Fproc%2F20990 HTTP/1.1" 200 2005 "http://firstdigitalbank.com/whsy.php?p=%2Fproc%2F20990" "Mozilla/5.0 AppleWebKit/537.36 (KHTML, like Gecko; compatible; GPTBot/1.3; +https://openai.com/gptbot)"
74.7.243.238 - - [13/Apr/2026:22:53:33 +0000] "GET /whsy.php?e=ip6_flowlabel&p=%2Fproc%2F14567%2Fnet HTTP/1.1" 200 1064 "http://www.firstdigitalbank.com/whsy.php?p=%2Fproc%2F14567%2Fnet" "Mozilla/5.0 AppleWebKit/537.36 (KHTML, like Gecko; compatible; GPTBot/1.3; +https://openai.com/gptbot)"
74.7.227.7 - - [13/Apr/2026:22:53:35 +0000] "GET /whsy.php?e=prev&p=%2Fproc%2F20990%2Fattr HTTP/1.1" 200 859 "http://firstdigitalbank.com/whsy.php?p=%2Fproc%2F20990%2Fattr" "Mozilla/5.0 AppleWebKit/537.36 (KHTML, like Gecko; compatible; GPTBot/1.3; +https://openai.com/gptbot)"
74.7.227.7 - - [13/Apr/2026:22:53:39 +0000] "GET /whsy.php?e=ptype&p=%2Fproc%2F20990%2Fnet HTTP/1.1" 200 2617 "http://firstdigitalbank.com/whsy.php?p=%2Fproc%2F20990%2Fnet" "Mozilla/5.0 AppleWebKit/537.36 (KHTML, like Gecko; compatible; GPTBot/1.3; +https://openai.com/gptbot)"
74.7.227.7 - - [13/Apr/2026:22:53:43 +0000] "GET /whsy.php?e=ptype&p=%2Fproc%2F25441%2Fnet HTTP/1.1" 200 2617 "http://firstdigitalbank.com/whsy.php?p=%2Fproc%2F25441%2Fnet" "Mozilla/5.0 AppleWebKit/537.36 (KHTML, like Gecko; compatible; GPTBot/1.3; +https://openai.com/gptbot)"
74.7.227.7 - - [13/Apr/2026:22:53:46 +0000] "GET /whsy.php?e=ptype&p=%2Fproc%2F23901%2Fnet HTTP/1.1" 200 2617 "http://firstdigitalbank.com/whsy.php?p=%2Fproc%2F23901%2Fnet" "Mozilla/5.0 AppleWebKit/537.36 (KHTML, like Gecko; compatible; GPTBot/1.3; +https://openai.com/gptbot)"
74.7.243.238 - - [13/Apr/2026:22:53:48 +0000] "GET /whsy.php?e=ip6_flowlabel&p=%2Fproc%2F31026%2Fnet HTTP/1.1" 200 1064 "http://www.firstdigitalbank.com/whsy.php?p=%2Fproc%2F31026%2Fnet" "Mozilla/5.0 AppleWebKit/537.36 (KHTML, like Gecko; compatible; GPTBot/1.3; +https://openai.com/gptbot)"
74.7.227.7 - - [13/Apr/2026:22:53:50 +0000] "GET /whsy.php?e=ptype&p=%2Fproc%2F17472%2Fnet HTTP/1.1" 200 2618 "http://firstdigitalbank.com/whsy.php?p=%2Fproc%2F17472%2Fnet" "Mozilla/5.0 AppleWebKit/537.36 (KHTML, like Gecko; compatible; GPTBot/1.3; +https://openai.com/gptbot)"
74.7.227.7 - - [13/Apr/2026:22:53:53 +0000] "GET /whsy.php?e=oom_score&p=%2Fproc%2F23901 HTTP/1.1" 200 2006 "http://firstdigitalbank.com/whsy.php?p=%2Fproc%2F23901" "Mozilla/5.0 AppleWebKit/537.36 (KHTML, like Gecko; compatible; GPTBot/1.3; +https://openai.com/gptbot)"
74.7.227.7 - - [13/Apr/2026:22:53:57 +0000] "GET /whsy.php?e=exec&p=%2Fproc%2F20990%2Fattr HTTP/1.1" 200 859 "http://firstdigitalbank.com/whsy.php?p=%2Fproc%2F20990%2Fattr" "Mozilla/5.0 AppleWebKit/537.36 (KHTML, like Gecko; compatible; GPTBot/1.3; +https://openai.com/gptbot)"
74.7.243.238 - - [13/Apr/2026:22:53:59 +0000] "GET /whsy.php?e=ip6_flowlabel&p=%2Fproc%2F11499%2Fnet HTTP/1.1" 200 1064 "http://www.firstdigitalbank.com/whsy.php?p=%2Fproc%2F11499%2Fnet" "Mozilla/5.0 AppleWebKit/537.36 (KHTML, like Gecko; compatible; GPTBot/1.3; +https://openai.com/gptbot)"
74.7.227.7 - - [13/Apr/2026:22:54:01 +0000] "GET /whsy.php?e=route&p=%2Fproc%2F20990%2Fnet HTTP/1.1" 200 2636 "http://firstdigitalbank.com/whsy.php?p=%2Fproc%2F20990%2Fnet" "Mozilla/5.0 AppleWebKit/537.36 (KHTML, like Gecko; compatible; GPTBot/1.3; +https://openai.com/gptbot)"
74.7.227.7 - - [13/Apr/2026:22:54:04 +0000] "GET /whsy.php?e=ptype&p=%2Fproc%2F14851%2Fnet HTTP/1.1" 200 2617 "http://firstdigitalbank.com/whsy.php?p=%2Fproc%2F14851%2Fnet" "Mozilla/5.0 AppleWebKit/537.36 (KHTML, like Gecko; compatible; GPTBot/1.3; +https://openai.com/gptbot)"
74.7.243.238 - - [13/Apr/2026:22:54:06 +0000] "GET /whsy.php?e=ip6_flowlabel&p=%2Fproc%2F11328%2Fnet HTTP/1.1" 200 2550 "http://www.firstdigitalbank.com/whsy.php?p=%2Fproc%2F11328%2Fnet" "Mozilla/5.0 AppleWebKit/537.36 (KHTML, like Gecko; compatible; GPTBot/1.3; +https://openai.com/gptbot)"
74.7.227.7 - - [13/Apr/2026:22:54:08 +0000] "GET /whsy.php?e=pppoe&p=%2Fproc%2F20990%2Fnet HTTP/1.1" 200 2523 "http://firstdigitalbank.com/whsy.php?p=%2Fproc%2F20990%2Fnet" "Mozilla/5.0 AppleWebKit/537.36 (KHTML, like Gecko; compatible; GPTBot/1.3; +https://openai.com/gptbot)"
74.7.227.7 - - [13/Apr/2026:22:54:11 +0000] "GET /whsy.php?e=pppoe&p=%2Fproc%2F14851%2Fnet HTTP/1.1" 200 2524 "http://firstdigitalbank.com/whsy.php?p=%2Fproc%2F14851%2Fnet" "Mozilla/5.0 AppleWebKit/537.36 (KHTML, like Gecko; compatible; GPTBot/1.3; +https://openai.com/gptbot)"
74.7.243.238 - - [13/Apr/2026:22:54:13 +0000] "GET /whsy.php?e=ip6_flowlabel&p=%2Fproc%2F26017%2Fnet HTTP/1.1" 200 1064 "http://www.firstdigitalbank.com/whsy.php?p=%2Fproc%2F26017%2Fnet" "Mozilla/5.0 AppleWebKit/537.36 (KHTML, like Gecko; compatible; GPTBot/1.3; +https://openai.com/gptbot)"
74.7.227.7 - - [13/Apr/2026:22:54:15 +0000] "GET /whsy.php?e=pppoe&p=%2Fproc%2F17472%2Fnet HTTP/1.1" 200 2524 "http://firstdigitalbank.com/whsy.php?p=%2Fproc%2F17472%2Fnet" "Mozilla/5.0 AppleWebKit/537.36 (KHTML, like Gecko; compatible; GPTBot/1.3; +https://openai.com/gptbot)"
74.7.243.238 - - [13/Apr/2026:22:54:17 +0000] "GET /whsy.php?e=ip6_flowlabel&p=%2Fproc%2F21474%2Fnet HTTP/1.1" 200 1064 "http://www.firstdigitalbank.com/whsy.php?p=%2Fproc%2F21474%2Fnet" "Mozilla/5.0 AppleWebKit/537.36 (KHTML, like Gecko; compatible; GPTBot/1.3; +https://openai.com/gptbot)"
74.7.227.7 - - [13/Apr/2026:22:54:18 +0000] "GET /whsy.php?e=pppoe&p=%2Fproc%2F25441%2Fnet HTTP/1.1" 200 1064 "http://firstdigitalbank.com/whsy.php?p=%2Fproc%2F25441%2Fnet" "Mozilla/5.0 AppleWebKit/537.36 (KHTML, like Gecko; compatible; GPTBot/1.3; +https://openai.com/gptbot)"
74.7.227.7 - - [13/Apr/2026:22:54:22 +0000] "GET /whsy.php?e=pppoe&p=%2Fproc%2F23901%2Fnet HTTP/1.1" 200 2523 "http://firstdigitalbank.com/whsy.php?p=%2Fproc%2F23901%2Fnet" "Mozilla/5.0 AppleWebKit/537.36 (KHTML, like Gecko; compatible; GPTBot/1.3; +https://openai.com/gptbot)"
74.7.227.7 - - [13/Apr/2026:22:54:25 +0000] "GET /whsy.php?e=arch_status&p=%2Fproc%2F31281 HTTP/1.1" 200 1064 "http://firstdigitalbank.com/whsy.php?p=%2Fproc%2F31281" "Mozilla/5.0 AppleWebKit/537.36 (KHTML, like Gecko; compatible; GPTBot/1.3; +https://openai.com/gptbot)"
74.7.227.7 - - [13/Apr/2026:22:54:29 +0000] "GET /whsy.php?e=arch_status&p=%2Fproc%2F19162 HTTP/1.1" 200 1064 "http://firstdigitalbank.com/whsy.php?p=%2Fproc%2F19162" "Mozilla/5.0 AppleWebKit/537.36 (KHTML, like Gecko; compatible; GPTBot/1.3; +https://openai.com/gptbot)"
74.7.243.238 - - [13/Apr/2026:22:54:31 +0000] "GET /whsy.php?e=ip6_flowlabel&p=%2Fproc%2F11894%2Fnet HTTP/1.1" 200 1064 "http://www.firstdigitalbank.com/whsy.php?p=%2Fproc%2F11894%2Fnet" "Mozilla/5.0 AppleWebKit/537.36 (KHTML, like Gecko; compatible; GPTBot/1.3; +https://openai.com/gptbot)"
74.7.227.7 - - [13/Apr/2026:22:54:33 +0000] "GET /whsy.php?e=arch_status&p=%2Fproc%2F16006 HTTP/1.1" 200 1064 "http://firstdigitalbank.com/whsy.php?p=%2Fproc%2F16006" "Mozilla/5.0 AppleWebKit/537.36 (KHTML, like Gecko; compatible; GPTBot/1.3; +https://openai.com/gptbot)"
74.7.227.7 - - [13/Apr/2026:22:54:36 +0000] "GET /whsy.php?e=arch_status&p=%2Fproc%2F17472 HTTP/1.1" 200 2006 "http://firstdigitalbank.com/whsy.php?p=%2Fproc%2F17472" "Mozilla/5.0 AppleWebKit/537.36 (KHTML, like Gecko; compatible; GPTBot/1.3; +https://openai.com/gptbot)"
74.7.243.238 - - [13/Apr/2026:22:54:38 +0000] "GET /whsy.php?e=ip6_flowlabel&p=%2Fproc%2F30683%2Fnet HTTP/1.1" 200 1064 "http://www.firstdigitalbank.com/whsy.php?p=%2Fproc%2F30683%2Fnet" "Mozilla/5.0 AppleWebKit/537.36 (KHTML, like Gecko; compatible; GPTBot/1.3; +https://openai.com/gptbot)"
74.7.227.7 - - [13/Apr/2026:22:54:39 +0000] "GET /whsy.php?e=arch_status&p=%2Fproc%2F25441 HTTP/1.1" 200 1064 "http://firstdigitalbank.com/whsy.php?p=%2Fproc%2F25441" "Mozilla/5.0 AppleWebKit/537.36 (KHTML, like Gecko; compatible; GPTBot/1.3; +https://openai.com/gptbot)"
74.7.227.7 - - [13/Apr/2026:22:54:43 +0000] "GET /whsy.php?e=arch_status&p=%2Fproc%2F20484 HTTP/1.1" 200 1064 "http://firstdigitalbank.com/whsy.php?p=%2Fproc%2F20484" "Mozilla/5.0 AppleWebKit/537.36 (KHTML, like Gecko; compatible; GPTBot/1.3; +https://openai.com/gptbot)"
74.7.243.238 - - [13/Apr/2026:22:54:45 +0000] "GET /whsy.php?e=ip6_flowlabel&p=%2Fproc%2F31076%2Fnet HTTP/1.1" 200 1064 "http://www.firstdigitalbank.com/whsy.php?p=%2Fproc%2F31076%2Fnet" "Mozilla/5.0 AppleWebKit/537.36 (KHTML, like Gecko; compatible; GPTBot/1.3; +https://openai.com/gptbot)"
74.7.227.7 - - [13/Apr/2026:22:54:46 +0000] "GET /whsy.php?e=unix&p=%2Fproc%2F17472%2Fnet HTTP/1.1" 200 5090 "http://firstdigitalbank.com/whsy.php?p=%2Fproc%2F17472%2Fnet" "Mozilla/5.0 AppleWebKit/537.36 (KHTML, like Gecko; compatible; GPTBot/1.3; +https://openai.com/gptbot)"
74.7.243.238 - - [13/Apr/2026:22:54:49 +0000] "GET /whsy.php?e=ip6_flowlabel&p=%2Fproc%2F20931%2Fnet HTTP/1.1" 200 1064 "http://www.firstdigitalbank.com/whsy.php?p=%2Fproc%2F20931%2Fnet" "Mozilla/5.0 AppleWebKit/537.36 (KHTML, like Gecko; compatible; GPTBot/1.3; +https://openai.com/gptbot)"
74.7.227.7 - - [13/Apr/2026:22:54:50 +0000] "GET /whsy.php?e=unix&p=%2Fproc%2F25441%2Fnet HTTP/1.1" 200 1064 "http://firstdigitalbank.com/whsy.php?p=%2Fproc%2F25441%2Fnet" "Mozilla/5.0 AppleWebKit/537.36 (KHTML, like Gecko; compatible; GPTBot/1.3; +https://openai.com/gptbot)"
74.7.243.238 - - [13/Apr/2026:22:54:52 +0000] "GET /whsy.php?e=ip6_flowlabel&p=%2Fproc%2F26357%2Fnet HTTP/1.1" 200 1064 "http://www.firstdigitalbank.com/whsy.php?p=%2Fproc%2F26357%2Fnet" "Mozilla/5.0 AppleWebKit/537.36 (KHTML, like Gecko; compatible; GPTBot/1.3; +https://openai.com/gptbot)"
74.7.227.7 - - [13/Apr/2026:22:54:53 +0000] "GET /whsy.php?e=icmp&p=%2Fproc%2F14851%2Fnet HTTP/1.1" 200 2581 "http://firstdigitalbank.com/whsy.php?p=%2Fproc%2F14851%2Fnet" "Mozilla/5.0 AppleWebKit/537.36 (KHTML, like Gecko; compatible; GPTBot/1.3; +https://openai.com/gptbot)"
74.7.243.238 - - [13/Apr/2026:22:54:56 +0000] "GET /whsy.php?e=ip6_flowlabel&p=%2Fproc%2F13025%2Fnet HTTP/1.1" 200 1064 "http://www.firstdigitalbank.com/whsy.php?p=%2Fproc%2F13025%2Fnet" "Mozilla/5.0 AppleWebKit/537.36 (KHTML, like Gecko; compatible; GPTBot/1.3; +https://openai.com/gptbot)"
74.7.227.7 - - [13/Apr/2026:22:54:56 +0000] "GET /whsy.php?e=igmp&p=%2Fproc%2F23901%2Fnet HTTP/1.1" 200 2591 "http://firstdigitalbank.com/whsy.php?p=%2Fproc%2F23901%2Fnet" "Mozilla/5.0 AppleWebKit/537.36 (KHTML, like Gecko; compatible; GPTBot/1.3; +https://openai.com/gptbot)"
74.7.243.238 - - [13/Apr/2026:22:54:59 +0000] "GET /whsy.php?e=ip6_flowlabel&p=%2Fproc%2F16581%2Fnet HTTP/1.1" 200 1064 "http://www.firstdigitalbank.com/whsy.php?p=%2Fproc%2F16581%2Fnet" "Mozilla/5.0 AppleWebKit/537.36 (KHTML, like Gecko; compatible; GPTBot/1.3; +https://openai.com/gptbot)"
74.7.227.7 - - [13/Apr/2026:22:55:00 +0000] "GET /whsy.php?e=psched&p=%2Fproc%2F20990%2Fnet HTTP/1.1" 200 2531 "http://firstdigitalbank.com/whsy.php?p=%2Fproc%2F20990%2Fnet" "Mozilla/5.0 AppleWebKit/537.36 (KHTML, like Gecko; compatible; GPTBot/1.3; +https://openai.com/gptbot)"
74.7.227.7 - - [13/Apr/2026:22:55:03 +0000] "GET /whsy.php?e=psched&p=%2Fproc%2F17472%2Fnet HTTP/1.1" 200 2532 "http://firstdigitalbank.com/whsy.php?p=%2Fproc%2F17472%2Fnet" "Mozilla/5.0 AppleWebKit/537.36 (KHTML, like Gecko; compatible; GPTBot/1.3; +https://openai.com/gptbot)"
74.7.243.238 - - [13/Apr/2026:22:55:06 +0000] "GET /whsy.php?e=ip6_flowlabel&p=%2Fproc%2F30577%2Fnet HTTP/1.1" 200 1064 "http://www.firstdigitalbank.com/whsy.php?p=%2Fproc%2F30577%2Fnet" "Mozilla/5.0 AppleWebKit/537.36 (KHTML, like Gecko; compatible; GPTBot/1.3; +https://openai.com/gptbot)"
74.7.227.7 - - [13/Apr/2026:22:55:07 +0000] "GET /whsy.php?e=netstat&p=%2Fproc%2F20990%2Fnet HTTP/1.1" 200 4258 "http://firstdigitalbank.com/whsy.php?p=%2Fproc%2F20990%2Fnet" "Mozilla/5.0 AppleWebKit/537.36 (KHTML, like Gecko; compatible; GPTBot/1.3; +https://openai.com/gptbot)"
74.7.227.7 - - [13/Apr/2026:22:55:10 +0000] "GET /whsy.php?e=psched&p=%2Fproc%2F25441%2Fnet HTTP/1.1" 200 1064 "http://firstdigitalbank.com/whsy.php?p=%2Fproc%2F25441%2Fnet" "Mozilla/5.0 AppleWebKit/537.36 (KHTML, like Gecko; compatible; GPTBot/1.3; +https://openai.com/gptbot)"
74.7.243.238 - - [13/Apr/2026:22:55:13 +0000] "GET /whsy.php?e=ip6_flowlabel&p=%2Fproc%2F11858%2Fnet HTTP/1.1" 200 1064 "http://www.firstdigitalbank.com/whsy.php?p=%2Fproc%2F11858%2Fnet" "Mozilla/5.0 AppleWebKit/537.36 (KHTML, like Gecko; compatible; GPTBot/1.3; +https://openai.com/gptbot)"
74.7.227.7 - - [13/Apr/2026:22:55:14 +0000] "GET /whsy.php?e=udp&p=%2Fproc%2F14851%2Fnet HTTP/1.1" 200 2773 "http://firstdigitalbank.com/whsy.php?p=%2Fproc%2F14851%2Fnet" "Mozilla/5.0 AppleWebKit/537.36 (KHTML, like Gecko; compatible; GPTBot/1.3; +https://openai.com/gptbot)"
74.7.227.7 - - [13/Apr/2026:22:55:17 +0000] "GET /whsy.php?e=raw&p=%2Fproc%2F14851%2Fnet HTTP/1.1" 200 2579 "http://firstdigitalbank.com/whsy.php?p=%2Fproc%2F14851%2Fnet" "Mozilla/5.0 AppleWebKit/537.36 (KHTML, like Gecko; compatible; GPTBot/1.3; +https://openai.com/gptbot)"
74.7.243.238 - - [13/Apr/2026:22:55:20 +0000] "GET /whsy.php?e=ip6_flowlabel&p=%2Fproc%2F31029%2Fnet HTTP/1.1" 200 1064 "http://www.firstdigitalbank.com/whsy.php?p=%2Fproc%2F31029%2Fnet" "Mozilla/5.0 AppleWebKit/537.36 (KHTML, like Gecko; compatible; GPTBot/1.3; +https://openai.com/gptbot)"
74.7.227.7 - - [13/Apr/2026:22:55:21 +0000] "GET /whsy.php?e=oom_score&p=%2Fproc%2F19162 HTTP/1.1" 200 1064 "http://firstdigitalbank.com/whsy.php?p=%2Fproc%2F19162" "Mozilla/5.0 AppleWebKit/537.36 (KHTML, like Gecko; compatible; GPTBot/1.3; +https://openai.com/gptbot)"
