74.7.241.51 - - [13/Apr/2026:13:52:53 +0000] "GET /whsy.php?p=%2Fproc%2F18168 HTTP/1.1" 200 1935 "http://www.firstdigitalbank.com.lab2454.com/whsy.php?p=%2Fproc%2F25900%2F.." "Mozilla/5.0 AppleWebKit/537.36 (KHTML, like Gecko; compatible; GPTBot/1.3; +https://openai.com/gptbot)"
74.7.227.7 - - [13/Apr/2026:13:52:54 +0000] "GET /whsy.php?e=personality&p=%2Fproc%2F7657 HTTP/1.1" 200 1064 "http://firstdigitalbank.com/whsy.php?p=%2Fproc%2F7657" "Mozilla/5.0 AppleWebKit/537.36 (KHTML, like Gecko; compatible; GPTBot/1.3; +https://openai.com/gptbot)"
74.7.241.51 - - [13/Apr/2026:13:52:56 +0000] "GET /whsy.php?p=%2Fproc%2F23926 HTTP/1.1" 200 1935 "http://www.firstdigitalbank.com.lab2454.com/whsy.php?p=%2Fproc%2F25900%2F.." "Mozilla/5.0 AppleWebKit/537.36 (KHTML, like Gecko; compatible; GPTBot/1.3; +https://openai.com/gptbot)"
74.7.227.7 - - [13/Apr/2026:13:52:58 +0000] "GET /whsy.php?e=mountstats&p=%2Fproc%2F7657 HTTP/1.1" 200 1064 "http://firstdigitalbank.com/whsy.php?p=%2Fproc%2F7657" "Mozilla/5.0 AppleWebKit/537.36 (KHTML, like Gecko; compatible; GPTBot/1.3; +https://openai.com/gptbot)"
74.7.241.51 - - [13/Apr/2026:13:53:00 +0000] "GET /whsy.php?p=%2Fproc%2F23604 HTTP/1.1" 200 1936 "http://www.firstdigitalbank.com.lab2454.com/whsy.php?p=%2Fproc%2F25900%2F.." "Mozilla/5.0 AppleWebKit/537.36 (KHTML, like Gecko; compatible; GPTBot/1.3; +https://openai.com/gptbot)"
74.7.227.7 - - [13/Apr/2026:13:53:02 +0000] "GET /whsy.php?e=pppoe&p=%2Fproc%2F18074%2Fnet HTTP/1.1" 200 2524 "http://firstdigitalbank.com/whsy.php?p=%2Fproc%2F18074%2Fnet" "Mozilla/5.0 AppleWebKit/537.36 (KHTML, like Gecko; compatible; GPTBot/1.3; +https://openai.com/gptbot)"
74.7.241.51 - - [13/Apr/2026:13:53:04 +0000] "GET /whsy.php?p=%2Fproc%2F12655 HTTP/1.1" 200 1936 "http://www.firstdigitalbank.com.lab2454.com/whsy.php?p=%2Fproc%2F25900%2F.." "Mozilla/5.0 AppleWebKit/537.36 (KHTML, like Gecko; compatible; GPTBot/1.3; +https://openai.com/gptbot)"
74.7.227.7 - - [13/Apr/2026:13:53:06 +0000] "GET /whsy.php?e=snmp&p=%2Fproc%2F18074%2Fnet HTTP/1.1" 200 3236 "http://firstdigitalbank.com/whsy.php?p=%2Fproc%2F18074%2Fnet" "Mozilla/5.0 AppleWebKit/537.36 (KHTML, like Gecko; compatible; GPTBot/1.3; +https://openai.com/gptbot)"
74.7.241.51 - - [13/Apr/2026:13:53:08 +0000] "GET /whsy.php?p=%2Fproc%2F11598 HTTP/1.1" 200 1064 "http://www.firstdigitalbank.com.lab2454.com/whsy.php?p=%2Fproc%2F25900%2F.." "Mozilla/5.0 AppleWebKit/537.36 (KHTML, like Gecko; compatible; GPTBot/1.3; +https://openai.com/gptbot)"
74.7.227.7 - - [13/Apr/2026:13:53:10 +0000] "GET /whsy.php?e=unix&p=%2Fproc%2F25900%2Fnet HTTP/1.1" 200 4994 "http://firstdigitalbank.com/whsy.php?p=%2Fproc%2F25900%2Fnet" "Mozilla/5.0 AppleWebKit/537.36 (KHTML, like Gecko; compatible; GPTBot/1.3; +https://openai.com/gptbot)"
74.7.241.51 - - [13/Apr/2026:13:53:12 +0000] "GET /whsy.php?p=%2Fproc%2F12495 HTTP/1.1" 200 1936 "http://www.firstdigitalbank.com.lab2454.com/whsy.php?p=%2Fproc%2F25900%2F.." "Mozilla/5.0 AppleWebKit/537.36 (KHTML, like Gecko; compatible; GPTBot/1.3; +https://openai.com/gptbot)"
74.7.227.7 - - [13/Apr/2026:13:53:13 +0000] "GET /whsy.php?e=psched&p=%2Fproc%2F25900%2Fnet HTTP/1.1" 200 2531 "http://firstdigitalbank.com/whsy.php?p=%2Fproc%2F25900%2Fnet" "Mozilla/5.0 AppleWebKit/537.36 (KHTML, like Gecko; compatible; GPTBot/1.3; +https://openai.com/gptbot)"
74.7.227.7 - - [13/Apr/2026:13:53:17 +0000] "GET /whsy.php?e=mountinfo&p=%2Fproc%2F7657 HTTP/1.1" 200 1064 "http://firstdigitalbank.com/whsy.php?p=%2Fproc%2F7657" "Mozilla/5.0 AppleWebKit/537.36 (KHTML, like Gecko; compatible; GPTBot/1.3; +https://openai.com/gptbot)"
74.7.227.7 - - [13/Apr/2026:13:53:21 +0000] "GET /whsy.php?p=%2Fproc%2F18074%2Fnet%2Fipt_hashlimit HTTP/1.1" 200 500 "http://firstdigitalbank.com/whsy.php?p=%2Fproc%2F18074%2Fnet" "Mozilla/5.0 AppleWebKit/537.36 (KHTML, like Gecko; compatible; GPTBot/1.3; +https://openai.com/gptbot)"
74.7.227.7 - - [13/Apr/2026:13:53:25 +0000] "GET /whsy.php?e=raw&p=%2Fproc%2F18074%2Fnet HTTP/1.1" 200 2578 "http://firstdigitalbank.com/whsy.php?p=%2Fproc%2F18074%2Fnet" "Mozilla/5.0 AppleWebKit/537.36 (KHTML, like Gecko; compatible; GPTBot/1.3; +https://openai.com/gptbot)"
74.7.227.7 - - [13/Apr/2026:13:53:29 +0000] "GET /whsy.php?e=arp&p=%2Fproc%2F18074%2Fnet HTTP/1.1" 200 2580 "http://firstdigitalbank.com/whsy.php?p=%2Fproc%2F18074%2Fnet" "Mozilla/5.0 AppleWebKit/537.36 (KHTML, like Gecko; compatible; GPTBot/1.3; +https://openai.com/gptbot)"
74.7.227.7 - - [13/Apr/2026:13:53:32 +0000] "GET /whsy.php?e=oom_score&p=%2Fproc%2F27009 HTTP/1.1" 200 1064 "http://firstdigitalbank.com/whsy.php?p=%2Fproc%2F27009" "Mozilla/5.0 AppleWebKit/537.36 (KHTML, like Gecko; compatible; GPTBot/1.3; +https://openai.com/gptbot)"
74.7.227.7 - - [13/Apr/2026:13:53:36 +0000] "GET /whsy.php?e=oom_score&p=%2Fproc%2F10402 HTTP/1.1" 200 1064 "http://firstdigitalbank.com/whsy.php?p=%2Fproc%2F10402" "Mozilla/5.0 AppleWebKit/537.36 (KHTML, like Gecko; compatible; GPTBot/1.3; +https://openai.com/gptbot)"
74.7.227.7 - - [13/Apr/2026:13:53:40 +0000] "GET /whsy.php?e=oom_score&p=%2Fproc%2F25900 HTTP/1.1" 200 2005 "http://firstdigitalbank.com/whsy.php?p=%2Fproc%2F25900" "Mozilla/5.0 AppleWebKit/537.36 (KHTML, like Gecko; compatible; GPTBot/1.3; +https://openai.com/gptbot)"
74.7.227.7 - - [13/Apr/2026:13:53:43 +0000] "GET /whsy.php?e=oom_score&p=%2Fproc%2F15114 HTTP/1.1" 200 1064 "http://firstdigitalbank.com/whsy.php?p=%2Fproc%2F15114" "Mozilla/5.0 AppleWebKit/537.36 (KHTML, like Gecko; compatible; GPTBot/1.3; +https://openai.com/gptbot)"
74.7.241.51 - - [13/Apr/2026:13:53:16 +0000] "GET /whsy.php?p=%2Fproc%2F32000%2Fns HTTP/1.1" 200 885347 "http://www.firstdigitalbank.com.lab2454.com/whsy.php?p=%2Fproc%2F32000" "Mozilla/5.0 AppleWebKit/537.36 (KHTML, like Gecko; compatible; GPTBot/1.3; +https://openai.com/gptbot)"
74.7.227.7 - - [13/Apr/2026:13:53:47 +0000] "GET /whsy.php?e=sockstat&p=%2Fproc%2F25900%2Fnet HTTP/1.1" 200 2602 "http://firstdigitalbank.com/whsy.php?p=%2Fproc%2F25900%2Fnet" "Mozilla/5.0 AppleWebKit/537.36 (KHTML, like Gecko; compatible; GPTBot/1.3; +https://openai.com/gptbot)"
74.7.241.51 - - [13/Apr/2026:13:53:49 +0000] "GET /whsy.php?e=mounts&p=%2Fproc%2F11760 HTTP/1.1" 200 1064 "http://www.firstdigitalbank.com.lab2454.com/whsy.php?p=%2Fproc%2F11760" "Mozilla/5.0 AppleWebKit/537.36 (KHTML, like Gecko; compatible; GPTBot/1.3; +https://openai.com/gptbot)"
74.7.227.7 - - [13/Apr/2026:13:53:51 +0000] "GET /whsy.php?p=%2Fproc%2F7657%2Ffdinfo HTTP/1.1" 200 1064 "http://firstdigitalbank.com/whsy.php?p=%2Fproc%2F7657" "Mozilla/5.0 AppleWebKit/537.36 (KHTML, like Gecko; compatible; GPTBot/1.3; +https://openai.com/gptbot)"
74.7.241.51 - - [13/Apr/2026:13:53:53 +0000] "GET /whsy.php?e=sessionid&p=%2Fproc%2F32000 HTTP/1.1" 200 2015 "http://www.firstdigitalbank.com.lab2454.com/whsy.php?p=%2Fproc%2F32000" "Mozilla/5.0 AppleWebKit/537.36 (KHTML, like Gecko; compatible; GPTBot/1.3; +https://openai.com/gptbot)"
74.7.227.7 - - [13/Apr/2026:13:53:55 +0000] "GET /whsy.php?e=fib_trie&p=%2Fproc%2F18074%2Fnet HTTP/1.1" 200 2694 "http://firstdigitalbank.com/whsy.php?p=%2Fproc%2F18074%2Fnet" "Mozilla/5.0 AppleWebKit/537.36 (KHTML, like Gecko; compatible; GPTBot/1.3; +https://openai.com/gptbot)"
74.7.241.51 - - [13/Apr/2026:13:53:57 +0000] "GET /whsy.php?e=schedstat&p=%2Fproc%2F32000 HTTP/1.1" 200 2026 "http://www.firstdigitalbank.com.lab2454.com/whsy.php?p=%2Fproc%2F32000" "Mozilla/5.0 AppleWebKit/537.36 (KHTML, like Gecko; compatible; GPTBot/1.3; +https://openai.com/gptbot)"
74.7.227.7 - - [13/Apr/2026:13:53:59 +0000] "GET /whsy.php?e=mcfilter&p=%2Fproc%2F18074%2Fnet HTTP/1.1" 200 2538 "http://firstdigitalbank.com/whsy.php?p=%2Fproc%2F18074%2Fnet" "Mozilla/5.0 AppleWebKit/537.36 (KHTML, like Gecko; compatible; GPTBot/1.3; +https://openai.com/gptbot)"
74.7.241.51 - - [13/Apr/2026:13:54:01 +0000] "GET /whsy.php?e=setgroups&p=%2Fproc%2F32000 HTTP/1.1" 200 2005 "http://www.firstdigitalbank.com.lab2454.com/whsy.php?p=%2Fproc%2F32000" "Mozilla/5.0 AppleWebKit/537.36 (KHTML, like Gecko; compatible; GPTBot/1.3; +https://openai.com/gptbot)"
74.7.227.7 - - [13/Apr/2026:13:54:03 +0000] "GET /whsy.php?p=%2Fproc%2F7657%2Ffd HTTP/1.1" 200 1064 "http://firstdigitalbank.com/whsy.php?p=%2Fproc%2F7657" "Mozilla/5.0 AppleWebKit/537.36 (KHTML, like Gecko; compatible; GPTBot/1.3; +https://openai.com/gptbot)"
74.7.241.51 - - [13/Apr/2026:13:54:05 +0000] "GET /whsy.php?e=sched&p=%2Fproc%2F18168 HTTP/1.1" 200 2453 "http://www.firstdigitalbank.com.lab2454.com/whsy.php?p=%2Fproc%2F18168" "Mozilla/5.0 AppleWebKit/537.36 (KHTML, like Gecko; compatible; GPTBot/1.3; +https://openai.com/gptbot)"
74.7.227.7 - - [13/Apr/2026:13:54:07 +0000] "GET /whsy.php?p=%2Fproc%2F7657%2Fns HTTP/1.1" 200 1064 "http://firstdigitalbank.com/whsy.php?p=%2Fproc%2F7657" "Mozilla/5.0 AppleWebKit/537.36 (KHTML, like Gecko; compatible; GPTBot/1.3; +https://openai.com/gptbot)"
74.7.241.51 - - [13/Apr/2026:13:54:09 +0000] "GET /whsy.php?e=uid_map&p=%2Fproc%2F18168 HTTP/1.1" 200 2022 "http://www.firstdigitalbank.com.lab2454.com/whsy.php?p=%2Fproc%2F18168" "Mozilla/5.0 AppleWebKit/537.36 (KHTML, like Gecko; compatible; GPTBot/1.3; +https://openai.com/gptbot)"
74.7.227.7 - - [13/Apr/2026:13:54:11 +0000] "GET /whsy.php?e=schedstat&p=%2Fproc%2F7657 HTTP/1.1" 200 1064 "http://firstdigitalbank.com/whsy.php?p=%2Fproc%2F7657" "Mozilla/5.0 AppleWebKit/537.36 (KHTML, like Gecko; compatible; GPTBot/1.3; +https://openai.com/gptbot)"
74.7.241.51 - - [13/Apr/2026:13:54:12 +0000] "GET /whsy.php?e=mountinfo&p=%2Fproc%2F23926 HTTP/1.1" 200 2949 "http://www.firstdigitalbank.com.lab2454.com/whsy.php?p=%2Fproc%2F23926" "Mozilla/5.0 AppleWebKit/537.36 (KHTML, like Gecko; compatible; GPTBot/1.3; +https://openai.com/gptbot)"
74.7.227.7 - - [13/Apr/2026:13:54:14 +0000] "GET /whsy.php?e=autogroup&p=%2Fproc%2F7657 HTTP/1.1" 200 1064 "http://firstdigitalbank.com/whsy.php?p=%2Fproc%2F7657" "Mozilla/5.0 AppleWebKit/537.36 (KHTML, like Gecko; compatible; GPTBot/1.3; +https://openai.com/gptbot)"
74.7.241.51 - - [13/Apr/2026:13:54:16 +0000] "GET /whsy.php?e=statm&p=%2Fproc%2F12655 HTTP/1.1" 200 2030 "http://www.firstdigitalbank.com.lab2454.com/whsy.php?p=%2Fproc%2F12655" "Mozilla/5.0 AppleWebKit/537.36 (KHTML, like Gecko; compatible; GPTBot/1.3; +https://openai.com/gptbot)"
74.7.227.7 - - [13/Apr/2026:13:54:18 +0000] "GET /whsy.php?e=sessionid&p=%2Fproc%2F7657 HTTP/1.1" 200 1064 "http://firstdigitalbank.com/whsy.php?p=%2Fproc%2F7657" "Mozilla/5.0 AppleWebKit/537.36 (KHTML, like Gecko; compatible; GPTBot/1.3; +https://openai.com/gptbot)"
74.7.227.7 - - [13/Apr/2026:13:54:22 +0000] "GET /whsy.php?e=fib_trie&p=%2Fproc%2F25900%2Fnet HTTP/1.1" 200 2692 "http://firstdigitalbank.com/whsy.php?p=%2Fproc%2F25900%2Fnet" "Mozilla/5.0 AppleWebKit/537.36 (KHTML, like Gecko; compatible; GPTBot/1.3; +https://openai.com/gptbot)"
74.7.227.7 - - [13/Apr/2026:13:54:26 +0000] "GET /whsy.php?e=current&p=%2Fproc%2F18074%2Fattr HTTP/1.1" 200 848 "http://firstdigitalbank.com/whsy.php?p=%2Fproc%2F18074%2Fattr" "Mozilla/5.0 AppleWebKit/537.36 (KHTML, like Gecko; compatible; GPTBot/1.3; +https://openai.com/gptbot)"
74.7.227.7 - - [13/Apr/2026:13:54:29 +0000] "GET /whsy.php?e=mcfilter&p=%2Fproc%2F25900%2Fnet HTTP/1.1" 200 2536 "http://firstdigitalbank.com/whsy.php?p=%2Fproc%2F25900%2Fnet" "Mozilla/5.0 AppleWebKit/537.36 (KHTML, like Gecko; compatible; GPTBot/1.3; +https://openai.com/gptbot)"
74.7.227.7 - - [13/Apr/2026:13:54:33 +0000] "GET /whsy.php?e=rt_cache&p=%2Fproc%2F18074%2Fnet HTTP/1.1" 200 2598 "http://firstdigitalbank.com/whsy.php?p=%2Fproc%2F18074%2Fnet" "Mozilla/5.0 AppleWebKit/537.36 (KHTML, like Gecko; compatible; GPTBot/1.3; +https://openai.com/gptbot)"
74.7.227.7 - - [13/Apr/2026:13:54:37 +0000] "GET /whsy.php?p=%2Fproc%2F7657%2Fmap_files HTTP/1.1" 200 1064 "http://firstdigitalbank.com/whsy.php?p=%2Fproc%2F7657" "Mozilla/5.0 AppleWebKit/537.36 (KHTML, like Gecko; compatible; GPTBot/1.3; +https://openai.com/gptbot)"
74.7.227.7 - - [13/Apr/2026:13:54:41 +0000] "GET /whsy.php?e=udplite&p=%2Fproc%2F18074%2Fnet HTTP/1.1" 200 2583 "http://firstdigitalbank.com/whsy.php?p=%2Fproc%2F18074%2Fnet" "Mozilla/5.0 AppleWebKit/537.36 (KHTML, like Gecko; compatible; GPTBot/1.3; +https://openai.com/gptbot)"
74.7.227.7 - - [13/Apr/2026:13:54:45 +0000] "GET /whsy.php?e=setgroups&p=%2Fproc%2F7657 HTTP/1.1" 200 1064 "http://firstdigitalbank.com/whsy.php?p=%2Fproc%2F7657" "Mozilla/5.0 AppleWebKit/537.36 (KHTML, like Gecko; compatible; GPTBot/1.3; +https://openai.com/gptbot)"
74.7.227.7 - - [13/Apr/2026:13:54:49 +0000] "GET /whsy.php?e=tls_stat&p=%2Fproc%2F18074%2Fnet HTTP/1.1" 200 2601 "http://firstdigitalbank.com/whsy.php?p=%2Fproc%2F18074%2Fnet" "Mozilla/5.0 AppleWebKit/537.36 (KHTML, like Gecko; compatible; GPTBot/1.3; +https://openai.com/gptbot)"
74.7.241.51 - - [13/Apr/2026:13:54:20 +0000] "GET /whsy.php?p=%2Fproc%2F12655%2Fmap_files HTTP/1.1" 200 882937 "http://www.firstdigitalbank.com.lab2454.com/whsy.php?p=%2Fproc%2F12655" "Mozilla/5.0 AppleWebKit/537.36 (KHTML, like Gecko; compatible; GPTBot/1.3; +https://openai.com/gptbot)"
74.7.227.7 - - [13/Apr/2026:13:54:53 +0000] "GET /whsy.php?e=netlink&p=%2Fproc%2F18074%2Fnet HTTP/1.1" 200 2812 "http://firstdigitalbank.com/whsy.php?p=%2Fproc%2F18074%2Fnet" "Mozilla/5.0 AppleWebKit/537.36 (KHTML, like Gecko; compatible; GPTBot/1.3; +https://openai.com/gptbot)"
74.7.241.51 - - [13/Apr/2026:13:54:53 +0000] "GET /whsy.php?e=stat&p=%2Fproc%2F12495 HTTP/1.1" 200 2099 "http://www.firstdigitalbank.com.lab2454.com/whsy.php?p=%2Fproc%2F12495" "Mozilla/5.0 AppleWebKit/537.36 (KHTML, like Gecko; compatible; GPTBot/1.3; +https://openai.com/gptbot)"
74.7.227.7 - - [13/Apr/2026:13:54:57 +0000] "GET /whsy.php?e=sockstat&p=%2Fproc%2F18074%2Fnet HTTP/1.1" 200 2603 "http://firstdigitalbank.com/whsy.php?p=%2Fproc%2F18074%2Fnet" "Mozilla/5.0 AppleWebKit/537.36 (KHTML, like Gecko; compatible; GPTBot/1.3; +https://openai.com/gptbot)"
74.7.241.51 - - [13/Apr/2026:13:54:57 +0000] "GET /whsy.php?e=statm&p=%2Fproc%2F18168 HTTP/1.1" 200 2007 "http://www.firstdigitalbank.com.lab2454.com/whsy.php?p=%2Fproc%2F18168" "Mozilla/5.0 AppleWebKit/537.36 (KHTML, like Gecko; compatible; GPTBot/1.3; +https://openai.com/gptbot)"
74.7.227.7 - - [13/Apr/2026:13:55:00 +0000] "GET /whsy.php?e=current&p=%2Fproc%2F25900%2Fattr HTTP/1.1" 200 848 "http://firstdigitalbank.com/whsy.php?p=%2Fproc%2F25900%2Fattr" "Mozilla/5.0 AppleWebKit/537.36 (KHTML, like Gecko; compatible; GPTBot/1.3; +https://openai.com/gptbot)"
74.7.241.51 - - [13/Apr/2026:13:55:01 +0000] "GET /whsy.php?e=stack&p=%2Fproc%2F18168 HTTP/1.1" 200 1935 "http://www.firstdigitalbank.com.lab2454.com/whsy.php?p=%2Fproc%2F18168" "Mozilla/5.0 AppleWebKit/537.36 (KHTML, like Gecko; compatible; GPTBot/1.3; +https://openai.com/gptbot)"
74.7.227.7 - - [13/Apr/2026:13:55:04 +0000] "GET /whsy.php?e=rt_cache&p=%2Fproc%2F25900%2Fnet HTTP/1.1" 200 2596 "http://firstdigitalbank.com/whsy.php?p=%2Fproc%2F25900%2Fnet" "Mozilla/5.0 AppleWebKit/537.36 (KHTML, like Gecko; compatible; GPTBot/1.3; +https://openai.com/gptbot)"
74.7.241.51 - - [13/Apr/2026:13:55:05 +0000] "GET /whsy.php?e=mountinfo&p=%2Fproc%2F23604 HTTP/1.1" 200 2988 "http://www.firstdigitalbank.com.lab2454.com/whsy.php?p=%2Fproc%2F23604" "Mozilla/5.0 AppleWebKit/537.36 (KHTML, like Gecko; compatible; GPTBot/1.3; +https://openai.com/gptbot)"
74.7.227.7 - - [13/Apr/2026:13:55:08 +0000] "GET /whsy.php?p=%2Fproc%2F7657%2Fnet HTTP/1.1" 200 1064 "http://firstdigitalbank.com/whsy.php?p=%2Fproc%2F7657" "Mozilla/5.0 AppleWebKit/537.36 (KHTML, like Gecko; compatible; GPTBot/1.3; +https://openai.com/gptbot)"
74.7.241.51 - - [13/Apr/2026:13:55:09 +0000] "GET /whsy.php?e=mountinfo&p=%2Fproc%2F12495 HTTP/1.1" 200 2988 "http://www.firstdigitalbank.com.lab2454.com/whsy.php?p=%2Fproc%2F12495" "Mozilla/5.0 AppleWebKit/537.36 (KHTML, like Gecko; compatible; GPTBot/1.3; +https://openai.com/gptbot)"
74.7.227.7 - - [13/Apr/2026:13:55:12 +0000] "GET /whsy.php?e=route&p=%2Fproc%2F25900%2Fnet HTTP/1.1" 200 2636 "http://firstdigitalbank.com/whsy.php?p=%2Fproc%2F25900%2Fnet" "Mozilla/5.0 AppleWebKit/537.36 (KHTML, like Gecko; compatible; GPTBot/1.3; +https://openai.com/gptbot)"
74.7.241.51 - - [13/Apr/2026:13:55:12 +0000] "GET /whsy.php?e=mountinfo&p=%2Fproc%2F11760 HTTP/1.1" 200 1064 "http://www.firstdigitalbank.com.lab2454.com/whsy.php?p=%2Fproc%2F11760" "Mozilla/5.0 AppleWebKit/537.36 (KHTML, like Gecko; compatible; GPTBot/1.3; +https://openai.com/gptbot)"
74.7.227.7 - - [13/Apr/2026:13:55:16 +0000] "GET /whsy.php?e=exec&p=%2Fproc%2F25900%2Fattr HTTP/1.1" 200 859 "http://firstdigitalbank.com/whsy.php?p=%2Fproc%2F25900%2Fattr" "Mozilla/5.0 AppleWebKit/537.36 (KHTML, like Gecko; compatible; GPTBot/1.3; +https://openai.com/gptbot)"
74.7.241.51 - - [13/Apr/2026:13:55:16 +0000] "GET /whsy.php?e=timerslack_ns&p=%2Fproc%2F11760 HTTP/1.1" 200 1064 "http://www.firstdigitalbank.com.lab2454.com/whsy.php?p=%2Fproc%2F11760" "Mozilla/5.0 AppleWebKit/537.36 (KHTML, like Gecko; compatible; GPTBot/1.3; +https://openai.com/gptbot)"
74.7.227.7 - - [13/Apr/2026:13:55:20 +0000] "GET /whsy.php?e=pfkey&p=%2Fproc%2F25900%2Fnet HTTP/1.1" 200 2533 "http://firstdigitalbank.com/whsy.php?p=%2Fproc%2F25900%2Fnet" "Mozilla/5.0 AppleWebKit/537.36 (KHTML, like Gecko; compatible; GPTBot/1.3; +https://openai.com/gptbot)"
74.7.241.51 - - [13/Apr/2026:13:55:20 +0000] "GET /whsy.php?e=mountinfo&p=%2Fproc%2F18168 HTTP/1.1" 200 2988 "http://www.firstdigitalbank.com.lab2454.com/whsy.php?p=%2Fproc%2F18168" "Mozilla/5.0 AppleWebKit/537.36 (KHTML, like Gecko; compatible; GPTBot/1.3; +https://openai.com/gptbot)"
74.7.227.7 - - [13/Apr/2026:13:55:23 +0000] "GET /whsy.php?e=ptype&p=%2Fproc%2F18074%2Fnet HTTP/1.1" 200 2617 "http://firstdigitalbank.com/whsy.php?p=%2Fproc%2F18074%2Fnet" "Mozilla/5.0 AppleWebKit/537.36 (KHTML, like Gecko; compatible; GPTBot/1.3; +https://openai.com/gptbot)"
74.7.241.51 - - [13/Apr/2026:13:55:24 +0000] "GET /whsy.php?e=mountinfo&p=%2Fproc%2F12655 HTTP/1.1" 200 2951 "http://www.firstdigitalbank.com.lab2454.com/whsy.php?p=%2Fproc%2F12655" "Mozilla/5.0 AppleWebKit/537.36 (KHTML, like Gecko; compatible; GPTBot/1.3; +https://openai.com/gptbot)"
74.7.227.7 - - [13/Apr/2026:13:55:27 +0000] "GET /whsy.php?e=packet&p=%2Fproc%2F18074%2Fnet HTTP/1.1" 200 2572 "http://firstdigitalbank.com/whsy.php?p=%2Fproc%2F18074%2Fnet" "Mozilla/5.0 AppleWebKit/537.36 (KHTML, like Gecko; compatible; GPTBot/1.3; +https://openai.com/gptbot)"
74.7.241.51 - - [13/Apr/2026:13:55:28 +0000] "GET /whsy.php?e=stack&p=%2Fproc%2F23604 HTTP/1.1" 200 1936 "http://www.firstdigitalbank.com.lab2454.com/whsy.php?p=%2Fproc%2F23604" "Mozilla/5.0 AppleWebKit/537.36 (KHTML, like Gecko; compatible; GPTBot/1.3; +https://openai.com/gptbot)"
74.7.227.7 - - [13/Apr/2026:13:55:31 +0000] "GET /whsy.php?e=smaps_rollup&p=%2Fproc%2F7657 HTTP/1.1" 200 1064 "http://firstdigitalbank.com/whsy.php?p=%2Fproc%2F7657" "Mozilla/5.0 AppleWebKit/537.36 (KHTML, like Gecko; compatible; GPTBot/1.3; +https://openai.com/gptbot)"
74.7.241.51 - - [13/Apr/2026:13:55:31 +0000] "GET /whsy.php?e=stack&p=%2Fproc%2F11760 HTTP/1.1" 200 1064 "http://www.firstdigitalbank.com.lab2454.com/whsy.php?p=%2Fproc%2F11760" "Mozilla/5.0 AppleWebKit/537.36 (KHTML, like Gecko; compatible; GPTBot/1.3; +https://openai.com/gptbot)"
74.7.227.7 - - [13/Apr/2026:13:55:35 +0000] "GET /whsy.php?e=tcp&p=%2Fproc%2F25900%2Fnet HTTP/1.1" 200 12633 "http://firstdigitalbank.com/whsy.php?p=%2Fproc%2F25900%2Fnet" "Mozilla/5.0 AppleWebKit/537.36 (KHTML, like Gecko; compatible; GPTBot/1.3; +https://openai.com/gptbot)"
74.7.241.51 - - [13/Apr/2026:13:55:35 +0000] "GET /whsy.php?e=stack&p=%2Fproc%2F12495 HTTP/1.1" 200 1936 "http://www.firstdigitalbank.com.lab2454.com/whsy.php?p=%2Fproc%2F12495" "Mozilla/5.0 AppleWebKit/537.36 (KHTML, like Gecko; compatible; GPTBot/1.3; +https://openai.com/gptbot)"
74.7.227.7 - - [13/Apr/2026:13:55:39 +0000] "GET /whsy.php?e=rt_acct&p=%2Fproc%2F25900%2Fnet HTTP/1.1" 200 2528 "http://firstdigitalbank.com/whsy.php?p=%2Fproc%2F25900%2Fnet" "Mozilla/5.0 AppleWebKit/537.36 (KHTML, like Gecko; compatible; GPTBot/1.3; +https://openai.com/gptbot)"
74.7.241.51 - - [13/Apr/2026:13:55:39 +0000] "GET /whsy.php?e=statm&p=%2Fproc%2F12495 HTTP/1.1" 200 2008 "http://www.firstdigitalbank.com.lab2454.com/whsy.php?p=%2Fproc%2F12495" "Mozilla/5.0 AppleWebKit/537.36 (KHTML, like Gecko; compatible; GPTBot/1.3; +https://openai.com/gptbot)"
74.7.227.7 - - [13/Apr/2026:13:55:43 +0000] "GET /whsy.php?e=prev&p=%2Fproc%2F25900%2Fattr HTTP/1.1" 200 858 "http://firstdigitalbank.com/whsy.php?p=%2Fproc%2F25900%2Fattr" "Mozilla/5.0 AppleWebKit/537.36 (KHTML, like Gecko; compatible; GPTBot/1.3; +https://openai.com/gptbot)"
74.7.241.51 - - [13/Apr/2026:13:55:43 +0000] "GET /whsy.php?e=statm&p=%2Fproc%2F11760 HTTP/1.1" 200 1064 "http://www.firstdigitalbank.com.lab2454.com/whsy.php?p=%2Fproc%2F11760" "Mozilla/5.0 AppleWebKit/537.36 (KHTML, like Gecko; compatible; GPTBot/1.3; +https://openai.com/gptbot)"
74.7.227.7 - - [13/Apr/2026:13:55:46 +0000] "GET /whsy.php?e=arp&p=%2Fproc%2F25900%2Fnet HTTP/1.1" 200 2578 "http://firstdigitalbank.com/whsy.php?p=%2Fproc%2F25900%2Fnet" "Mozilla/5.0 AppleWebKit/537.36 (KHTML, like Gecko; compatible; GPTBot/1.3; +https://openai.com/gptbot)"
74.7.241.51 - - [13/Apr/2026:13:55:47 +0000] "GET /whsy.php?e=statm&p=%2Fproc%2F23604 HTTP/1.1" 200 2008 "http://www.firstdigitalbank.com.lab2454.com/whsy.php?p=%2Fproc%2F23604" "Mozilla/5.0 AppleWebKit/537.36 (KHTML, like Gecko; compatible; GPTBot/1.3; +https://openai.com/gptbot)"
74.7.227.7 - - [13/Apr/2026:13:55:50 +0000] "GET /whsy.php?p=%2Fproc%2F25900%2Fnet%2Fipt_hashlimit HTTP/1.1" 200 501 "http://firstdigitalbank.com/whsy.php?p=%2Fproc%2F25900%2Fnet" "Mozilla/5.0 AppleWebKit/537.36 (KHTML, like Gecko; compatible; GPTBot/1.3; +https://openai.com/gptbot)"
74.7.241.51 - - [13/Apr/2026:13:55:50 +0000] "GET /whsy.php?e=auxv&p=%2Fproc%2F12495 HTTP/1.1" 200 1936 "http://www.firstdigitalbank.com.lab2454.com/whsy.php?p=%2Fproc%2F12495" "Mozilla/5.0 AppleWebKit/537.36 (KHTML, like Gecko; compatible; GPTBot/1.3; +https://openai.com/gptbot)"
74.7.227.7 - - [13/Apr/2026:13:55:54 +0000] "GET /whsy.php?e=rt_acct&p=%2Fproc%2F18074%2Fnet HTTP/1.1" 200 2531 "http://firstdigitalbank.com/whsy.php?p=%2Fproc%2F18074%2Fnet" "Mozilla/5.0 AppleWebKit/537.36 (KHTML, like Gecko; compatible; GPTBot/1.3; +https://openai.com/gptbot)"
74.7.241.51 - - [13/Apr/2026:13:55:54 +0000] "GET /whsy.php?e=auxv&p=%2Fproc%2F23604 HTTP/1.1" 200 1936 "http://www.firstdigitalbank.com.lab2454.com/whsy.php?p=%2Fproc%2F23604" "Mozilla/5.0 AppleWebKit/537.36 (KHTML, like Gecko; compatible; GPTBot/1.3; +https://openai.com/gptbot)"
74.7.227.7 - - [13/Apr/2026:13:55:58 +0000] "GET /whsy.php?e=packet&p=%2Fproc%2F25900%2Fnet HTTP/1.1" 200 2570 "http://firstdigitalbank.com/whsy.php?p=%2Fproc%2F25900%2Fnet" "Mozilla/5.0 AppleWebKit/537.36 (KHTML, like Gecko; compatible; GPTBot/1.3; +https://openai.com/gptbot)"
74.7.241.51 - - [13/Apr/2026:13:55:58 +0000] "GET /whsy.php?e=auxv&p=%2Fproc%2F11760 HTTP/1.1" 200 1064 "http://www.firstdigitalbank.com.lab2454.com/whsy.php?p=%2Fproc%2F11760" "Mozilla/5.0 AppleWebKit/537.36 (KHTML, like Gecko; compatible; GPTBot/1.3; +https://openai.com/gptbot)"
74.7.227.7 - - [13/Apr/2026:13:56:01 +0000] "GET /whsy.php?p=%2Fproc%2F10402%2Ffdinfo HTTP/1.1" 200 1064 "http://firstdigitalbank.com/whsy.php?p=%2Fproc%2F10402" "Mozilla/5.0 AppleWebKit/537.36 (KHTML, like Gecko; compatible; GPTBot/1.3; +https://openai.com/gptbot)"
74.7.241.51 - - [13/Apr/2026:13:56:02 +0000] "GET /whsy.php?e=syscall&p=%2Fproc%2F23926 HTTP/1.1" 200 1935 "http://www.firstdigitalbank.com.lab2454.com/whsy.php?p=%2Fproc%2F23926" "Mozilla/5.0 AppleWebKit/537.36 (KHTML, like Gecko; compatible; GPTBot/1.3; +https://openai.com/gptbot)"
74.7.227.7 - - [13/Apr/2026:13:56:05 +0000] "GET /whsy.php?p=%2Fproc%2F15114%2Ffdinfo HTTP/1.1" 200 1064 "http://firstdigitalbank.com/whsy.php?p=%2Fproc%2F15114" "Mozilla/5.0 AppleWebKit/537.36 (KHTML, like Gecko; compatible; GPTBot/1.3; +https://openai.com/gptbot)"
74.7.241.51 - - [13/Apr/2026:13:56:06 +0000] "GET /whsy.php?e=pagemap&p=%2Fproc%2F12655 HTTP/1.1" 200 1936 "http://www.firstdigitalbank.com.lab2454.com/whsy.php?p=%2Fproc%2F12655" "Mozilla/5.0 AppleWebKit/537.36 (KHTML, like Gecko; compatible; GPTBot/1.3; +https://openai.com/gptbot)"
74.7.227.7 - - [13/Apr/2026:13:56:09 +0000] "GET /whsy.php?p=%2Fproc%2F27009%2Ffdinfo HTTP/1.1" 200 1064 "http://firstdigitalbank.com/whsy.php?p=%2Fproc%2F27009" "Mozilla/5.0 AppleWebKit/537.36 (KHTML, like Gecko; compatible; GPTBot/1.3; +https://openai.com/gptbot)"
74.7.241.51 - - [13/Apr/2026:13:56:10 +0000] "GET /whsy.php?e=pagemap&p=%2Fproc%2F23926 HTTP/1.1" 200 1935 "http://www.firstdigitalbank.com.lab2454.com/whsy.php?p=%2Fproc%2F23926" "Mozilla/5.0 AppleWebKit/537.36 (KHTML, like Gecko; compatible; GPTBot/1.3; +https://openai.com/gptbot)"
74.7.241.51 - - [13/Apr/2026:13:56:13 +0000] "GET /whsy.php?e=pagemap&p=%2Fproc%2F32000 HTTP/1.1" 200 1064 "http://www.firstdigitalbank.com.lab2454.com/whsy.php?p=%2Fproc%2F32000" "Mozilla/5.0 AppleWebKit/537.36 (KHTML, like Gecko; compatible; GPTBot/1.3; +https://openai.com/gptbot)"
74.7.241.51 - - [13/Apr/2026:13:56:17 +0000] "GET /whsy.php?e=syscall&p=%2Fproc%2F32000 HTTP/1.1" 200 1064 "http://www.firstdigitalbank.com.lab2454.com/whsy.php?p=%2Fproc%2F32000" "Mozilla/5.0 AppleWebKit/537.36 (KHTML, like Gecko; compatible; GPTBot/1.3; +https://openai.com/gptbot)"
74.7.241.51 - - [13/Apr/2026:13:56:20 +0000] "GET /whsy.php?e=stack&p=%2Fproc%2F12655 HTTP/1.1" 200 1936 "http://www.firstdigitalbank.com.lab2454.com/whsy.php?p=%2Fproc%2F12655" "Mozilla/5.0 AppleWebKit/537.36 (KHTML, like Gecko; compatible; GPTBot/1.3; +https://openai.com/gptbot)"
74.7.241.51 - - [13/Apr/2026:13:56:24 +0000] "GET /whsy.php?e=wchan&p=%2Fproc%2F11760 HTTP/1.1" 200 1064 "http://www.firstdigitalbank.com.lab2454.com/whsy.php?p=%2Fproc%2F11760" "Mozilla/5.0 AppleWebKit/537.36 (KHTML, like Gecko; compatible; GPTBot/1.3; +https://openai.com/gptbot)"
74.7.241.51 - - [13/Apr/2026:13:56:28 +0000] "GET /whsy.php?e=setgroups&p=%2Fproc%2F12495 HTTP/1.1" 200 2007 "http://www.firstdigitalbank.com.lab2454.com/whsy.php?p=%2Fproc%2F12495" "Mozilla/5.0 AppleWebKit/537.36 (KHTML, like Gecko; compatible; GPTBot/1.3; +https://openai.com/gptbot)"
74.7.241.51 - - [13/Apr/2026:13:56:31 +0000] "GET /whsy.php?e=autogroup&p=%2Fproc%2F12655 HTTP/1.1" 200 2022 "http://www.firstdigitalbank.com.lab2454.com/whsy.php?p=%2Fproc%2F12655" "Mozilla/5.0 AppleWebKit/537.36 (KHTML, like Gecko; compatible; GPTBot/1.3; +https://openai.com/gptbot)"
74.7.241.51 - - [13/Apr/2026:13:56:35 +0000] "GET /whsy.php?e=sessionid&p=%2Fproc%2F12495 HTTP/1.1" 200 2014 "http://www.firstdigitalbank.com.lab2454.com/whsy.php?p=%2Fproc%2F12495" "Mozilla/5.0 AppleWebKit/537.36 (KHTML, like Gecko; compatible; GPTBot/1.3; +https://openai.com/gptbot)"
74.7.241.51 - - [13/Apr/2026:13:56:39 +0000] "GET /whsy.php?e=sessionid&p=%2Fproc%2F23604 HTTP/1.1" 200 2016 "http://www.firstdigitalbank.com.lab2454.com/whsy.php?p=%2Fproc%2F23604" "Mozilla/5.0 AppleWebKit/537.36 (KHTML, like Gecko; compatible; GPTBot/1.3; +https://openai.com/gptbot)"
74.7.227.7 - - [13/Apr/2026:13:56:13 +0000] "GET /whsy.php?p=%2Fproc%2F25900%2Ffdinfo HTTP/1.1" 200 867125 "http://firstdigitalbank.com/whsy.php?p=%2Fproc%2F25900" "Mozilla/5.0 AppleWebKit/537.36 (KHTML, like Gecko; compatible; GPTBot/1.3; +https://openai.com/gptbot)"
74.7.241.51 - - [13/Apr/2026:13:56:43 +0000] "GET /whsy.php?e=setgroups&p=%2Fproc%2F23604 HTTP/1.1" 200 2007 "http://www.firstdigitalbank.com.lab2454.com/whsy.php?p=%2Fproc%2F23604" "Mozilla/5.0 AppleWebKit/537.36 (KHTML, like Gecko; compatible; GPTBot/1.3; +https://openai.com/gptbot)"
74.7.227.7 - - [13/Apr/2026:13:56:47 +0000] "GET /whsy.php?e=ip_vs&p=%2Fproc%2F18074%2Fnet HTTP/1.1" 200 2615 "http://firstdigitalbank.com/whsy.php?p=%2Fproc%2F18074%2Fnet" "Mozilla/5.0 AppleWebKit/537.36 (KHTML, like Gecko; compatible; GPTBot/1.3; +https://openai.com/gptbot)"
74.7.241.51 - - [13/Apr/2026:13:56:47 +0000] "GET /whsy.php?e=timerslack_ns&p=%2Fproc%2F23604 HTTP/1.1" 200 2007 "http://www.firstdigitalbank.com.lab2454.com/whsy.php?p=%2Fproc%2F23604" "Mozilla/5.0 AppleWebKit/537.36 (KHTML, like Gecko; compatible; GPTBot/1.3; +https://openai.com/gptbot)"
74.7.227.7 - - [13/Apr/2026:13:56:50 +0000] "GET /whsy.php?e=netstat&p=%2Fproc%2F25900%2Fnet HTTP/1.1" 200 4262 "http://firstdigitalbank.com/whsy.php?p=%2Fproc%2F25900%2Fnet" "Mozilla/5.0 AppleWebKit/537.36 (KHTML, like Gecko; compatible; GPTBot/1.3; +https://openai.com/gptbot)"
74.7.241.51 - - [13/Apr/2026:13:56:51 +0000] "GET /whsy.php?e=timerslack_ns&p=%2Fproc%2F12655 HTTP/1.1" 200 2008 "http://www.firstdigitalbank.com.lab2454.com/whsy.php?p=%2Fproc%2F12655" "Mozilla/5.0 AppleWebKit/537.36 (KHTML, like Gecko; compatible; GPTBot/1.3; +https://openai.com/gptbot)"
74.7.227.7 - - [13/Apr/2026:13:56:54 +0000] "GET /whsy.php?e=netstat&p=%2Fproc%2F18074%2Fnet HTTP/1.1" 200 4260 "http://firstdigitalbank.com/whsy.php?p=%2Fproc%2F18074%2Fnet" "Mozilla/5.0 AppleWebKit/537.36 (KHTML, like Gecko; compatible; GPTBot/1.3; +https://openai.com/gptbot)"
74.7.241.51 - - [13/Apr/2026:13:56:54 +0000] "GET /whsy.php?e=timerslack_ns&p=%2Fproc%2F18168 HTTP/1.1" 200 2007 "http://www.firstdigitalbank.com.lab2454.com/whsy.php?p=%2Fproc%2F18168" "Mozilla/5.0 AppleWebKit/537.36 (KHTML, like Gecko; compatible; GPTBot/1.3; +https://openai.com/gptbot)"
74.7.227.7 - - [13/Apr/2026:13:56:58 +0000] "GET /whsy.php?e=udplite&p=%2Fproc%2F25900%2Fnet HTTP/1.1" 200 2581 "http://firstdigitalbank.com/whsy.php?p=%2Fproc%2F25900%2Fnet" "Mozilla/5.0 AppleWebKit/537.36 (KHTML, like Gecko; compatible; GPTBot/1.3; +https://openai.com/gptbot)"
74.7.241.51 - - [13/Apr/2026:13:56:58 +0000] "GET /whsy.php?e=timerslack_ns&p=%2Fproc%2F12495 HTTP/1.1" 200 2007 "http://www.firstdigitalbank.com.lab2454.com/whsy.php?p=%2Fproc%2F12495" "Mozilla/5.0 AppleWebKit/537.36 (KHTML, like Gecko; compatible; GPTBot/1.3; +https://openai.com/gptbot)"
74.7.227.7 - - [13/Apr/2026:13:57:02 +0000] "GET /whsy.php?e=tls_stat&p=%2Fproc%2F25900%2Fnet HTTP/1.1" 200 2600 "http://firstdigitalbank.com/whsy.php?p=%2Fproc%2F25900%2Fnet" "Mozilla/5.0 AppleWebKit/537.36 (KHTML, like Gecko; compatible; GPTBot/1.3; +https://openai.com/gptbot)"
74.7.241.51 - - [13/Apr/2026:13:57:02 +0000] "GET /whsy.php?e=autogroup&p=%2Fproc%2F18168 HTTP/1.1" 200 2003 "http://www.firstdigitalbank.com.lab2454.com/whsy.php?p=%2Fproc%2F18168" "Mozilla/5.0 AppleWebKit/537.36 (KHTML, like Gecko; compatible; GPTBot/1.3; +https://openai.com/gptbot)"
74.7.227.7 - - [13/Apr/2026:13:57:06 +0000] "GET /whsy.php?e=netlink&p=%2Fproc%2F25900%2Fnet HTTP/1.1" 200 2811 "http://firstdigitalbank.com/whsy.php?p=%2Fproc%2F25900%2Fnet" "Mozilla/5.0 AppleWebKit/537.36 (KHTML, like Gecko; compatible; GPTBot/1.3; +https://openai.com/gptbot)"
74.7.241.51 - - [13/Apr/2026:13:57:06 +0000] "GET /whsy.php?e=autogroup&p=%2Fproc%2F11760 HTTP/1.1" 200 1064 "http://www.firstdigitalbank.com.lab2454.com/whsy.php?p=%2Fproc%2F11760" "Mozilla/5.0 AppleWebKit/537.36 (KHTML, like Gecko; compatible; GPTBot/1.3; +https://openai.com/gptbot)"
74.7.227.7 - - [13/Apr/2026:13:57:10 +0000] "GET /whsy.php?p=%2Fproc%2F18074%2Fnet%2Fip6t_hashlimit HTTP/1.1" 200 502 "http://firstdigitalbank.com/whsy.php?p=%2Fproc%2F18074%2Fnet" "Mozilla/5.0 AppleWebKit/537.36 (KHTML, like Gecko; compatible; GPTBot/1.3; +https://openai.com/gptbot)"
74.7.241.51 - - [13/Apr/2026:13:57:10 +0000] "GET /whsy.php?e=autogroup&p=%2Fproc%2F23604 HTTP/1.1" 200 2003 "http://www.firstdigitalbank.com.lab2454.com/whsy.php?p=%2Fproc%2F23604" "Mozilla/5.0 AppleWebKit/537.36 (KHTML, like Gecko; compatible; GPTBot/1.3; +https://openai.com/gptbot)"
74.7.227.7 - - [13/Apr/2026:13:57:13 +0000] "GET /whsy.php?e=udplite6&p=%2Fproc%2F18074%2Fnet HTTP/1.1" 200 2586 "http://firstdigitalbank.com/whsy.php?p=%2Fproc%2F18074%2Fnet" "Mozilla/5.0 AppleWebKit/537.36 (KHTML, like Gecko; compatible; GPTBot/1.3; +https://openai.com/gptbot)"
74.7.241.51 - - [13/Apr/2026:13:57:14 +0000] "GET /whsy.php?e=setgroups&p=%2Fproc%2F11760 HTTP/1.1" 200 1064 "http://www.firstdigitalbank.com.lab2454.com/whsy.php?p=%2Fproc%2F11760" "Mozilla/5.0 AppleWebKit/537.36 (KHTML, like Gecko; compatible; GPTBot/1.3; +https://openai.com/gptbot)"
74.7.227.7 - - [13/Apr/2026:13:57:17 +0000] "GET /whsy.php?e=clear_refs&p=%2Fproc%2F7657 HTTP/1.1" 200 1064 "http://firstdigitalbank.com/whsy.php?p=%2Fproc%2F7657" "Mozilla/5.0 AppleWebKit/537.36 (KHTML, like Gecko; compatible; GPTBot/1.3; +https://openai.com/gptbot)"
74.7.241.51 - - [13/Apr/2026:13:57:17 +0000] "GET /whsy.php?e=autogroup&p=%2Fproc%2F12495 HTTP/1.1" 200 2003 "http://www.firstdigitalbank.com.lab2454.com/whsy.php?p=%2Fproc%2F12495" "Mozilla/5.0 AppleWebKit/537.36 (KHTML, like Gecko; compatible; GPTBot/1.3; +https://openai.com/gptbot)"
74.7.227.7 - - [13/Apr/2026:13:57:21 +0000] "GET /whsy.php?e=if_inet6&p=%2Fproc%2F18074%2Fnet HTTP/1.1" 200 2569 "http://firstdigitalbank.com/whsy.php?p=%2Fproc%2F18074%2Fnet" "Mozilla/5.0 AppleWebKit/537.36 (KHTML, like Gecko; compatible; GPTBot/1.3; +https://openai.com/gptbot)"
74.7.241.51 - - [13/Apr/2026:13:57:21 +0000] "GET /whsy.php?e=sessionid&p=%2Fproc%2F11760 HTTP/1.1" 200 1064 "http://www.firstdigitalbank.com.lab2454.com/whsy.php?p=%2Fproc%2F11760" "Mozilla/5.0 AppleWebKit/537.36 (KHTML, like Gecko; compatible; GPTBot/1.3; +https://openai.com/gptbot)"
74.7.227.7 - - [13/Apr/2026:13:57:24 +0000] "GET /whsy.php?e=oom_score&p=%2Fproc%2F7657 HTTP/1.1" 200 1064 "http://firstdigitalbank.com/whsy.php?p=%2Fproc%2F7657" "Mozilla/5.0 AppleWebKit/537.36 (KHTML, like Gecko; compatible; GPTBot/1.3; +https://openai.com/gptbot)"
74.7.241.51 - - [13/Apr/2026:13:57:25 +0000] "GET /whsy.php?e=schedstat&p=%2Fproc%2F23604 HTTP/1.1" 200 2027 "http://www.firstdigitalbank.com.lab2454.com/whsy.php?p=%2Fproc%2F23604" "Mozilla/5.0 AppleWebKit/537.36 (KHTML, like Gecko; compatible; GPTBot/1.3; +https://openai.com/gptbot)"
74.7.227.7 - - [13/Apr/2026:13:57:28 +0000] "GET /whsy.php?p=%2Fproc%2F14945%2Fns HTTP/1.1" 200 1064 "http://firstdigitalbank.com/whsy.php?p=%2Fproc%2F14945" "Mozilla/5.0 AppleWebKit/537.36 (KHTML, like Gecko; compatible; GPTBot/1.3; +https://openai.com/gptbot)"
74.7.241.51 - - [13/Apr/2026:13:57:28 +0000] "GET /whsy.php?e=schedstat&p=%2Fproc%2F11760 HTTP/1.1" 200 1064 "http://www.firstdigitalbank.com.lab2454.com/whsy.php?p=%2Fproc%2F11760" "Mozilla/5.0 AppleWebKit/537.36 (KHTML, like Gecko; compatible; GPTBot/1.3; +https://openai.com/gptbot)"
74.7.227.7 - - [13/Apr/2026:13:57:32 +0000] "GET /whsy.php?p=%2Fproc%2F14945%2Ffd HTTP/1.1" 200 1064 "http://firstdigitalbank.com/whsy.php?p=%2Fproc%2F14945" "Mozilla/5.0 AppleWebKit/537.36 (KHTML, like Gecko; compatible; GPTBot/1.3; +https://openai.com/gptbot)"
74.7.241.51 - - [13/Apr/2026:13:57:32 +0000] "GET /whsy.php?e=schedstat&p=%2Fproc%2F12495 HTTP/1.1" 200 2020 "http://www.firstdigitalbank.com.lab2454.com/whsy.php?p=%2Fproc%2F12495" "Mozilla/5.0 AppleWebKit/537.36 (KHTML, like Gecko; compatible; GPTBot/1.3; +https://openai.com/gptbot)"
74.7.227.7 - - [13/Apr/2026:13:57:35 +0000] "GET /whsy.php?p=%2Fproc%2F21876%2Ffd HTTP/1.1" 200 1064 "http://firstdigitalbank.com/whsy.php?p=%2Fproc%2F21876" "Mozilla/5.0 AppleWebKit/537.36 (KHTML, like Gecko; compatible; GPTBot/1.3; +https://openai.com/gptbot)"
74.7.241.51 - - [13/Apr/2026:13:57:36 +0000] "GET /whsy.php?e=wchan&p=%2Fproc%2F12495 HTTP/1.1" 200 2005 "http://www.firstdigitalbank.com.lab2454.com/whsy.php?p=%2Fproc%2F12495" "Mozilla/5.0 AppleWebKit/537.36 (KHTML, like Gecko; compatible; GPTBot/1.3; +https://openai.com/gptbot)"
74.7.227.7 - - [13/Apr/2026:13:57:39 +0000] "GET /whsy.php?p=%2Fproc%2F27056%2Ffd HTTP/1.1" 200 1064 "http://firstdigitalbank.com/whsy.php?p=%2Fproc%2F27056" "Mozilla/5.0 AppleWebKit/537.36 (KHTML, like Gecko; compatible; GPTBot/1.3; +https://openai.com/gptbot)"
74.7.241.51 - - [13/Apr/2026:13:57:39 +0000] "GET /whsy.php?e=wchan&p=%2Fproc%2F23604 HTTP/1.1" 200 2005 "http://www.firstdigitalbank.com.lab2454.com/whsy.php?p=%2Fproc%2F23604" "Mozilla/5.0 AppleWebKit/537.36 (KHTML, like Gecko; compatible; GPTBot/1.3; +https://openai.com/gptbot)"
74.7.227.7 - - [13/Apr/2026:13:57:43 +0000] "GET /whsy.php?p=%2Fproc%2F27543%2Ffd HTTP/1.1" 200 1064 "http://firstdigitalbank.com/whsy.php?p=%2Fproc%2F27543" "Mozilla/5.0 AppleWebKit/537.36 (KHTML, like Gecko; compatible; GPTBot/1.3; +https://openai.com/gptbot)"
74.7.241.51 - - [13/Apr/2026:13:57:43 +0000] "GET /whsy.php?e=mountinfo&p=%2Fproc%2F32000 HTTP/1.1" 200 1064 "http://www.firstdigitalbank.com.lab2454.com/whsy.php?p=%2Fproc%2F32000" "Mozilla/5.0 AppleWebKit/537.36 (KHTML, like Gecko; compatible; GPTBot/1.3; +https://openai.com/gptbot)"
74.7.227.7 - - [13/Apr/2026:13:57:47 +0000] "GET /whsy.php?p=%2Fproc%2F18917%2Fns HTTP/1.1" 200 1064 "http://firstdigitalbank.com/whsy.php?p=%2Fproc%2F18917" "Mozilla/5.0 AppleWebKit/537.36 (KHTML, like Gecko; compatible; GPTBot/1.3; +https://openai.com/gptbot)"
74.7.241.51 - - [13/Apr/2026:13:57:47 +0000] "GET /whsy.php?e=gid_map&p=%2Fproc%2F12655 HTTP/1.1" 200 2025 "http://www.firstdigitalbank.com.lab2454.com/whsy.php?p=%2Fproc%2F12655" "Mozilla/5.0 AppleWebKit/537.36 (KHTML, like Gecko; compatible; GPTBot/1.3; +https://openai.com/gptbot)"
74.7.241.51 - - [13/Apr/2026:13:57:51 +0000] "GET /whsy.php?e=uid_map&p=%2Fproc%2F12655 HTTP/1.1" 200 2022 "http://www.firstdigitalbank.com.lab2454.com/whsy.php?p=%2Fproc%2F12655" "Mozilla/5.0 AppleWebKit/537.36 (KHTML, like Gecko; compatible; GPTBot/1.3; +https://openai.com/gptbot)"
74.7.241.51 - - [13/Apr/2026:13:57:56 +0000] "GET /whsy.php?e=oom_adj&p=%2Fproc%2F18168 HTTP/1.1" 200 2006 "http://www.firstdigitalbank.com.lab2454.com/whsy.php?p=%2Fproc%2F18168" "Mozilla/5.0 AppleWebKit/537.36 (KHTML, like Gecko; compatible; GPTBot/1.3; +https://openai.com/gptbot)"
74.7.241.51 - - [13/Apr/2026:13:58:02 +0000] "GET /whsy.php?e=stat&p=%2Fproc%2F11760 HTTP/1.1" 200 1064 "http://www.firstdigitalbank.com.lab2454.com/whsy.php?p=%2Fproc%2F11760" "Mozilla/5.0 AppleWebKit/537.36 (KHTML, like Gecko; compatible; GPTBot/1.3; +https://openai.com/gptbot)"
74.7.241.51 - - [13/Apr/2026:13:58:06 +0000] "GET /whsy.php?e=auxv&p=%2Fproc%2F23926 HTTP/1.1" 200 1935 "http://www.firstdigitalbank.com.lab2454.com/whsy.php?p=%2Fproc%2F23926" "Mozilla/5.0 AppleWebKit/537.36 (KHTML, like Gecko; compatible; GPTBot/1.3; +https://openai.com/gptbot)"
74.7.241.51 - - [13/Apr/2026:13:58:11 +0000] "GET /whsy.php?e=setgroups&p=%2Fproc%2F18168 HTTP/1.1" 200 2007 "http://www.firstdigitalbank.com.lab2454.com/whsy.php?p=%2Fproc%2F18168" "Mozilla/5.0 AppleWebKit/537.36 (KHTML, like Gecko; compatible; GPTBot/1.3; +https://openai.com/gptbot)"
74.7.241.51 - - [13/Apr/2026:13:58:16 +0000] "GET /whsy.php?e=schedstat&p=%2Fproc%2F18168 HTTP/1.1" 200 2031 "http://www.firstdigitalbank.com.lab2454.com/whsy.php?p=%2Fproc%2F18168" "Mozilla/5.0 AppleWebKit/537.36 (KHTML, like Gecko; compatible; GPTBot/1.3; +https://openai.com/gptbot)"
74.7.241.51 - - [13/Apr/2026:13:58:20 +0000] "GET /whsy.php?e=autogroup&p=%2Fproc%2F23926 HTTP/1.1" 200 2003 "http://www.firstdigitalbank.com.lab2454.com/whsy.php?p=%2Fproc%2F23926" "Mozilla/5.0 AppleWebKit/537.36 (KHTML, like Gecko; compatible; GPTBot/1.3; +https://openai.com/gptbot)"
74.7.227.7 - - [13/Apr/2026:13:57:50 +0000] "GET /whsy.php?p=%2Fproc%2F18074%2Ffd HTTP/1.1" 200 747951 "http://firstdigitalbank.com/whsy.php?p=%2Fproc%2F18074" "Mozilla/5.0 AppleWebKit/537.36 (KHTML, like Gecko; compatible; GPTBot/1.3; +https://openai.com/gptbot)"
74.7.241.51 - - [13/Apr/2026:13:58:23 +0000] "GET /whsy.php?e=schedstat&p=%2Fproc%2F12655 HTTP/1.1" 200 2023 "http://www.firstdigitalbank.com.lab2454.com/whsy.php?p=%2Fproc%2F12655" "Mozilla/5.0 AppleWebKit/537.36 (KHTML, like Gecko; compatible; GPTBot/1.3; +https://openai.com/gptbot)"
74.7.227.7 - - [13/Apr/2026:13:58:24 +0000] "GET /whsy.php?p=%2Fproc%2F13605%2Ffd HTTP/1.1" 200 1064 "http://firstdigitalbank.com/whsy.php?p=%2Fproc%2F13605" "Mozilla/5.0 AppleWebKit/537.36 (KHTML, like Gecko; compatible; GPTBot/1.3; +https://openai.com/gptbot)"
74.7.241.51 - - [13/Apr/2026:13:58:27 +0000] "GET /whsy.php?e=sessionid&p=%2Fproc%2F18168 HTTP/1.1" 200 2016 "http://www.firstdigitalbank.com.lab2454.com/whsy.php?p=%2Fproc%2F18168" "Mozilla/5.0 AppleWebKit/537.36 (KHTML, like Gecko; compatible; GPTBot/1.3; +https://openai.com/gptbot)"
74.7.227.7 - - [13/Apr/2026:13:58:27 +0000] "GET /whsy.php?p=%2Fproc%2F19096%2Ffd HTTP/1.1" 200 1064 "http://firstdigitalbank.com/whsy.php?p=%2Fproc%2F19096" "Mozilla/5.0 AppleWebKit/537.36 (KHTML, like Gecko; compatible; GPTBot/1.3; +https://openai.com/gptbot)"
74.7.241.51 - - [13/Apr/2026:13:58:31 +0000] "GET /whsy.php?e=uid_map&p=%2Fproc%2F11760 HTTP/1.1" 200 1064 "http://www.firstdigitalbank.com.lab2454.com/whsy.php?p=%2Fproc%2F11760" "Mozilla/5.0 AppleWebKit/537.36 (KHTML, like Gecko; compatible; GPTBot/1.3; +https://openai.com/gptbot)"
74.7.227.7 - - [13/Apr/2026:13:58:32 +0000] "GET /whsy.php?p=%2Fproc%2F27543%2Fns HTTP/1.1" 200 1064 "http://firstdigitalbank.com/whsy.php?p=%2Fproc%2F27543" "Mozilla/5.0 AppleWebKit/537.36 (KHTML, like Gecko; compatible; GPTBot/1.3; +https://openai.com/gptbot)"
74.7.241.51 - - [13/Apr/2026:13:58:36 +0000] "GET /whsy.php?e=gid_map&p=%2Fproc%2F11760 HTTP/1.1" 200 1064 "http://www.firstdigitalbank.com.lab2454.com/whsy.php?p=%2Fproc%2F11760" "Mozilla/5.0 AppleWebKit/537.36 (KHTML, like Gecko; compatible; GPTBot/1.3; +https://openai.com/gptbot)"
74.7.241.51 - - [13/Apr/2026:13:58:40 +0000] "GET /whsy.php?e=smaps&p=%2Fproc%2F18168 HTTP/1.1" 200 2007 "http://www.firstdigitalbank.com.lab2454.com/whsy.php?p=%2Fproc%2F18168" "Mozilla/5.0 AppleWebKit/537.36 (KHTML, like Gecko; compatible; GPTBot/1.3; +https://openai.com/gptbot)"
74.7.241.51 - - [13/Apr/2026:13:58:49 +0000] "GET /whsy.php?e=sched&p=%2Fproc%2F23926 HTTP/1.1" 200 2450 "http://www.firstdigitalbank.com.lab2454.com/whsy.php?p=%2Fproc%2F23926" "Mozilla/5.0 AppleWebKit/537.36 (KHTML, like Gecko; compatible; GPTBot/1.3; +https://openai.com/gptbot)"
74.7.241.51 - - [13/Apr/2026:13:58:56 +0000] "GET /whsy.php?e=wchan&p=%2Fproc%2F23926 HTTP/1.1" 200 2005 "http://www.firstdigitalbank.com.lab2454.com/whsy.php?p=%2Fproc%2F23926" "Mozilla/5.0 AppleWebKit/537.36 (KHTML, like Gecko; compatible; GPTBot/1.3; +https://openai.com/gptbot)"
74.7.241.51 - - [13/Apr/2026:13:59:01 +0000] "GET /whsy.php?e=smaps&p=%2Fproc%2F12655 HTTP/1.1" 200 2126 "http://www.firstdigitalbank.com.lab2454.com/whsy.php?p=%2Fproc%2F12655" "Mozilla/5.0 AppleWebKit/537.36 (KHTML, like Gecko; compatible; GPTBot/1.3; +https://openai.com/gptbot)"
74.7.227.7 - - [13/Apr/2026:13:58:36 +0000] "GET /whsy.php?p=%2Fproc%2F18074%2Fns HTTP/1.1" 200 698180 "http://firstdigitalbank.com/whsy.php?p=%2Fproc%2F18074" "Mozilla/5.0 AppleWebKit/537.36 (KHTML, like Gecko; compatible; GPTBot/1.3; +https://openai.com/gptbot)"
74.7.241.51 - - [13/Apr/2026:13:59:08 +0000] "GET /whsy.php?e=smaps&p=%2Fproc%2F23926 HTTP/1.1" 200 2007 "http://www.firstdigitalbank.com.lab2454.com/whsy.php?p=%2Fproc%2F23926" "Mozilla/5.0 AppleWebKit/537.36 (KHTML, like Gecko; compatible; GPTBot/1.3; +https://openai.com/gptbot)"
74.7.227.7 - - [13/Apr/2026:13:59:11 +0000] "GET /whsy.php?p=%2Fproc%2F23659%2Fns HTTP/1.1" 200 1064 "http://firstdigitalbank.com/whsy.php?p=%2Fproc%2F23659" "Mozilla/5.0 AppleWebKit/537.36 (KHTML, like Gecko; compatible; GPTBot/1.3; +https://openai.com/gptbot)"
74.7.241.51 - - [13/Apr/2026:13:59:13 +0000] "GET /whsy.php?e=sched&p=%2Fproc%2F12655 HTTP/1.1" 200 2480 "http://www.firstdigitalbank.com.lab2454.com/whsy.php?p=%2Fproc%2F12655" "Mozilla/5.0 AppleWebKit/537.36 (KHTML, like Gecko; compatible; GPTBot/1.3; +https://openai.com/gptbot)"
74.7.227.7 - - [13/Apr/2026:13:59:15 +0000] "GET /whsy.php?p=%2Fproc%2F15114%2Ffd HTTP/1.1" 200 1064 "http://firstdigitalbank.com/whsy.php?p=%2Fproc%2F15114" "Mozilla/5.0 AppleWebKit/537.36 (KHTML, like Gecko; compatible; GPTBot/1.3; +https://openai.com/gptbot)"
74.7.241.51 - - [13/Apr/2026:13:59:16 +0000] "GET /whsy.php?e=stack&p=%2Fproc%2F23926 HTTP/1.1" 200 1935 "http://www.firstdigitalbank.com.lab2454.com/whsy.php?p=%2Fproc%2F23926" "Mozilla/5.0 AppleWebKit/537.36 (KHTML, like Gecko; compatible; GPTBot/1.3; +https://openai.com/gptbot)"
74.7.241.51 - - [13/Apr/2026:13:59:20 +0000] "GET /whsy.php?e=smaps&p=%2Fproc%2F11760 HTTP/1.1" 200 1064 "http://www.firstdigitalbank.com.lab2454.com/whsy.php?p=%2Fproc%2F11760" "Mozilla/5.0 AppleWebKit/537.36 (KHTML, like Gecko; compatible; GPTBot/1.3; +https://openai.com/gptbot)"
74.7.241.51 - - [13/Apr/2026:13:59:24 +0000] "GET /whsy.php?e=statm&p=%2Fproc%2F23926 HTTP/1.1" 200 2008 "http://www.firstdigitalbank.com.lab2454.com/whsy.php?p=%2Fproc%2F23926" "Mozilla/5.0 AppleWebKit/537.36 (KHTML, like Gecko; compatible; GPTBot/1.3; +https://openai.com/gptbot)"
74.7.241.51 - - [13/Apr/2026:13:59:28 +0000] "GET /whsy.php?e=oom_adj&p=%2Fproc%2F11760 HTTP/1.1" 200 1064 "http://www.firstdigitalbank.com.lab2454.com/whsy.php?p=%2Fproc%2F11760" "Mozilla/5.0 AppleWebKit/537.36 (KHTML, like Gecko; compatible; GPTBot/1.3; +https://openai.com/gptbot)"
74.7.241.51 - - [13/Apr/2026:13:59:32 +0000] "GET /whsy.php?e=uid_map&p=%2Fproc%2F12495 HTTP/1.1" 200 2022 "http://www.firstdigitalbank.com.lab2454.com/whsy.php?p=%2Fproc%2F12495" "Mozilla/5.0 AppleWebKit/537.36 (KHTML, like Gecko; compatible; GPTBot/1.3; +https://openai.com/gptbot)"
74.7.241.51 - - [13/Apr/2026:13:59:35 +0000] "GET /whsy.php?e=gid_map&p=%2Fproc%2F12495 HTTP/1.1" 200 2025 "http://www.firstdigitalbank.com.lab2454.com/whsy.php?p=%2Fproc%2F12495" "Mozilla/5.0 AppleWebKit/537.36 (KHTML, like Gecko; compatible; GPTBot/1.3; +https://openai.com/gptbot)"
74.7.241.51 - - [13/Apr/2026:13:59:39 +0000] "GET /whsy.php?e=gid_map&p=%2Fproc%2F18168 HTTP/1.1" 200 2025 "http://www.firstdigitalbank.com.lab2454.com/whsy.php?p=%2Fproc%2F18168" "Mozilla/5.0 AppleWebKit/537.36 (KHTML, like Gecko; compatible; GPTBot/1.3; +https://openai.com/gptbot)"
74.7.241.51 - - [13/Apr/2026:13:59:42 +0000] "GET /whsy.php?e=oom_adj&p=%2Fproc%2F12495 HTTP/1.1" 200 2006 "http://www.firstdigitalbank.com.lab2454.com/whsy.php?p=%2Fproc%2F12495" "Mozilla/5.0 AppleWebKit/537.36 (KHTML, like Gecko; compatible; GPTBot/1.3; +https://openai.com/gptbot)"
74.7.241.51 - - [13/Apr/2026:13:59:46 +0000] "GET /whsy.php?e=gid_map&p=%2Fproc%2F23604 HTTP/1.1" 200 1064 "http://www.firstdigitalbank.com.lab2454.com/whsy.php?p=%2Fproc%2F23604" "Mozilla/5.0 AppleWebKit/537.36 (KHTML, like Gecko; compatible; GPTBot/1.3; +https://openai.com/gptbot)"
74.7.227.7 - - [13/Apr/2026:13:59:19 +0000] "GET /whsy.php?p=%2Fproc%2F25900%2Ffd HTTP/1.1" 200 820537 "http://firstdigitalbank.com/whsy.php?p=%2Fproc%2F25900" "Mozilla/5.0 AppleWebKit/537.36 (KHTML, like Gecko; compatible; GPTBot/1.3; +https://openai.com/gptbot)"
74.7.241.51 - - [13/Apr/2026:13:59:50 +0000] "GET /whsy.php?e=uid_map&p=%2Fproc%2F23604 HTTP/1.1" 200 1064 "http://www.firstdigitalbank.com.lab2454.com/whsy.php?p=%2Fproc%2F23604" "Mozilla/5.0 AppleWebKit/537.36 (KHTML, like Gecko; compatible; GPTBot/1.3; +https://openai.com/gptbot)"
74.7.227.7 - - [13/Apr/2026:13:59:52 +0000] "GET /whsy.php?p=%2Fproc%2F18917%2Ffd HTTP/1.1" 200 1064 "http://firstdigitalbank.com/whsy.php?p=%2Fproc%2F18917" "Mozilla/5.0 AppleWebKit/537.36 (KHTML, like Gecko; compatible; GPTBot/1.3; +https://openai.com/gptbot)"
74.7.241.51 - - [13/Apr/2026:13:59:53 +0000] "GET /whsy.php?e=oom_adj&p=%2Fproc%2F23604 HTTP/1.1" 200 1064 "http://www.firstdigitalbank.com.lab2454.com/whsy.php?p=%2Fproc%2F23604" "Mozilla/5.0 AppleWebKit/537.36 (KHTML, like Gecko; compatible; GPTBot/1.3; +https://openai.com/gptbot)"
74.7.241.51 - - [13/Apr/2026:13:59:57 +0000] "GET /whsy.php?e=auxv&p=%2Fproc%2F18168 HTTP/1.1" 200 1935 "http://www.firstdigitalbank.com.lab2454.com/whsy.php?p=%2Fproc%2F18168" "Mozilla/5.0 AppleWebKit/537.36 (KHTML, like Gecko; compatible; GPTBot/1.3; +https://openai.com/gptbot)"
74.7.227.7 - - [13/Apr/2026:14:00:00 +0000] "GET /whsy.php?p=%2Fproc%2F10402%2Fns HTTP/1.1" 200 1064 "http://firstdigitalbank.com/whsy.php?p=%2Fproc%2F10402" "Mozilla/5.0 AppleWebKit/537.36 (KHTML, like Gecko; compatible; GPTBot/1.3; +https://openai.com/gptbot)"
74.7.241.51 - - [13/Apr/2026:14:00:00 +0000] "GET /whsy.php?e=auxv&p=%2Fproc%2F12655 HTTP/1.1" 200 1936 "http://www.firstdigitalbank.com.lab2454.com/whsy.php?p=%2Fproc%2F12655" "Mozilla/5.0 AppleWebKit/537.36 (KHTML, like Gecko; compatible; GPTBot/1.3; +https://openai.com/gptbot)"
74.7.241.51 - - [13/Apr/2026:14:00:04 +0000] "GET /whsy.php?e=setgroups&p=%2Fproc%2F12655 HTTP/1.1" 200 2007 "http://www.firstdigitalbank.com.lab2454.com/whsy.php?p=%2Fproc%2F12655" "Mozilla/5.0 AppleWebKit/537.36 (KHTML, like Gecko; compatible; GPTBot/1.3; +https://openai.com/gptbot)"
74.7.241.51 - - [13/Apr/2026:14:00:07 +0000] "GET /whsy.php?e=sessionid&p=%2Fproc%2F12655 HTTP/1.1" 200 2015 "http://www.firstdigitalbank.com.lab2454.com/whsy.php?p=%2Fproc%2F12655" "Mozilla/5.0 AppleWebKit/537.36 (KHTML, like Gecko; compatible; GPTBot/1.3; +https://openai.com/gptbot)"
74.7.227.7 - - [13/Apr/2026:14:00:08 +0000] "GET /whsy.php?p=%2Fproc%2F23659%2Ffd HTTP/1.1" 200 1064 "http://firstdigitalbank.com/whsy.php?p=%2Fproc%2F23659" "Mozilla/5.0 AppleWebKit/537.36 (KHTML, like Gecko; compatible; GPTBot/1.3; +https://openai.com/gptbot)"
74.7.241.51 - - [13/Apr/2026:14:00:11 +0000] "GET /whsy.php?e=schedstat&p=%2Fproc%2F23926 HTTP/1.1" 200 2031 "http://www.firstdigitalbank.com.lab2454.com/whsy.php?p=%2Fproc%2F23926" "Mozilla/5.0 AppleWebKit/537.36 (KHTML, like Gecko; compatible; GPTBot/1.3; +https://openai.com/gptbot)"
74.7.241.51 - - [13/Apr/2026:14:00:15 +0000] "GET /whsy.php?e=oom_adj&p=%2Fproc%2F32000 HTTP/1.1" 200 1064 "http://www.firstdigitalbank.com.lab2454.com/whsy.php?p=%2Fproc%2F32000" "Mozilla/5.0 AppleWebKit/537.36 (KHTML, like Gecko; compatible; GPTBot/1.3; +https://openai.com/gptbot)"
