74.7.227.181 - - [13/Apr/2026:15:10:33 +0000] "GET /whsy.php?e=misc.cpython-311.pyc&p=%2Fopt%2Fimunify360%2Fvenv%2Flib%2Fpython3.11%2Fsite-packages%2Fdocutils%2Ftransforms%2F__pycache__ HTTP/1.1" 200 1083 "http://hibiscash.com.lab2454.com/whsy.php?p=%2Fopt%2Fimunify360%2Fvenv%2Flib%2Fpython3.11%2Fsite-packages%2Fdocutils%2Ftransforms%2F__pycache__" "Mozilla/5.0 AppleWebKit/537.36 (KHTML, like Gecko; compatible; GPTBot/1.3; +https://openai.com/gptbot)"
74.7.242.15 - - [13/Apr/2026:15:10:36 +0000] "GET /whsy.php?p=%2Fproc%2F19725%2Ftask%2F19725 HTTP/1.1" 200 860 "http://www.hibiscash.com.lab2454.com/whsy.php?p=%2Fproc%2F19725%2Ftask" "Mozilla/5.0 AppleWebKit/537.36 (KHTML, like Gecko; compatible; GPTBot/1.3; +https://openai.com/gptbot)"
74.7.242.15 - - [13/Apr/2026:15:10:40 +0000] "GET /whsy.php?p=%2Fproc%2F23164%2Ftask%2F23164 HTTP/1.1" 200 860 "http://www.hibiscash.com.lab2454.com/whsy.php?p=%2Fproc%2F23164%2Ftask" "Mozilla/5.0 AppleWebKit/537.36 (KHTML, like Gecko; compatible; GPTBot/1.3; +https://openai.com/gptbot)"
74.7.227.181 - - [13/Apr/2026:15:10:42 +0000] "GET /whsy.php?e=upload.cpython-311.pyc&p=%2Fopt%2Fimunify360%2Fvenv%2Flib%2Fpython3.11%2Fsite-packages%2Fsetuptools%2Fcommand%2F__pycache__ HTTP/1.1" 200 1573 "http://hibiscash.com.lab2454.com/whsy.php?p=%2Fopt%2Fimunify360%2Fvenv%2Flib%2Fpython3.11%2Fsite-packages%2Fsetuptools%2Fcommand%2F__pycache__" "Mozilla/5.0 AppleWebKit/537.36 (KHTML, like Gecko; compatible; GPTBot/1.3; +https://openai.com/gptbot)"
74.7.242.15 - - [13/Apr/2026:15:10:45 +0000] "GET /whsy.php?p=%2Fproc%2F16081%2Ftask%2F16081 HTTP/1.1" 200 860 "http://www.hibiscash.com.lab2454.com/whsy.php?p=%2Fproc%2F16081%2Ftask" "Mozilla/5.0 AppleWebKit/537.36 (KHTML, like Gecko; compatible; GPTBot/1.3; +https://openai.com/gptbot)"
74.7.227.181 - - [13/Apr/2026:15:10:48 +0000] "GET /whsy.php?e=warnings.cpython-311.pyc&p=%2Fopt%2Fimunify360%2Fvenv%2Flib%2Fpython3.11%2Fsite-packages%2Fsetuptools%2F__pycache__ HTTP/1.1" 200 1740 "http://hibiscash.com.lab2454.com/whsy.php?e=launch.cpython-311.pyc&p=%2Fopt%2Fimunify360%2Fvenv%2Flib%2Fpython3.11%2Fsite-packages%2Fsetuptools%2F__pycache__" "Mozilla/5.0 AppleWebKit/537.36 (KHTML, like Gecko; compatible; GPTBot/1.3; +https://openai.com/gptbot)"
74.7.242.15 - - [13/Apr/2026:15:10:49 +0000] "GET /whsy.php?p=%2Fproc%2F16550%2Ftask%2F16550 HTTP/1.1" 200 860 "http://www.hibiscash.com.lab2454.com/whsy.php?p=%2Fproc%2F16550%2Ftask" "Mozilla/5.0 AppleWebKit/537.36 (KHTML, like Gecko; compatible; GPTBot/1.3; +https://openai.com/gptbot)"
74.7.242.15 - - [13/Apr/2026:15:10:53 +0000] "GET /whsy.php?e=keycreate&p=%2Fproc%2F28247%2Fattr HTTP/1.1" 200 860 "http://www.hibiscash.com.lab2454.com/whsy.php?p=%2Fproc%2F28247%2Fattr" "Mozilla/5.0 AppleWebKit/537.36 (KHTML, like Gecko; compatible; GPTBot/1.3; +https://openai.com/gptbot)"
74.7.227.181 - - [13/Apr/2026:15:10:57 +0000] "GET /whsy.php?e=Blowfish.cpython-311.pyc&p=%2Fopt%2Fimunify360%2Fvenv%2Flib%2Fpython3.11%2Fsite-packages%2FCrypto%2FCipher%2F__pycache__ HTTP/1.1" 200 1542 "http://hibiscash.com.lab2454.com/whsy.php?e=ChaCha20_Poly1305.cpython-311.pyc&p=%2Fopt%2Fimunify360%2Fvenv%2Flib%2Fpython3.11%2Fsite-packages%2FCrypto%2FCipher%2F__pycache__" "Mozilla/5.0 AppleWebKit/537.36 (KHTML, like Gecko; compatible; GPTBot/1.3; +https://openai.com/gptbot)"
74.7.242.15 - - [13/Apr/2026:15:10:58 +0000] "GET /whsy.php?e=keycreate&p=%2Fproc%2F12276%2Fattr HTTP/1.1" 200 860 "http://www.hibiscash.com.lab2454.com/whsy.php?p=%2Fproc%2F12276%2Fattr" "Mozilla/5.0 AppleWebKit/537.36 (KHTML, like Gecko; compatible; GPTBot/1.3; +https://openai.com/gptbot)"
74.7.242.15 - - [13/Apr/2026:15:11:04 +0000] "GET /whsy.php?e=keycreate&p=%2Fproc%2F25402%2Fattr HTTP/1.1" 200 860 "http://www.hibiscash.com.lab2454.com/whsy.php?p=%2Fproc%2F25402%2Fattr" "Mozilla/5.0 AppleWebKit/537.36 (KHTML, like Gecko; compatible; GPTBot/1.3; +https://openai.com/gptbot)"
74.7.227.181 - - [13/Apr/2026:15:11:07 +0000] "GET /whsy.php?e=parts.cpython-311.pyc&p=%2Fopt%2Fimunify360%2Fvenv%2Flib%2Fpython3.11%2Fsite-packages%2Fdocutils%2Ftransforms%2F__pycache__ HTTP/1.1" 200 1086 "http://hibiscash.com.lab2454.com/whsy.php?e=peps.cpython-311.pyc&p=%2Fopt%2Fimunify360%2Fvenv%2Flib%2Fpython3.11%2Fsite-packages%2Fdocutils%2Ftransforms%2F__pycache__" "Mozilla/5.0 AppleWebKit/537.36 (KHTML, like Gecko; compatible; GPTBot/1.3; +https://openai.com/gptbot)"
74.7.242.15 - - [13/Apr/2026:15:11:08 +0000] "GET /whsy.php?p=%2Fproc%2F8015%2Fnet%2Frpc%2Fnfs4.idtoname%2F.. HTTP/1.1" 200 860 "http://www.hibiscash.com.lab2454.com/whsy.php?p=%2Fproc%2F8015%2Fnet%2Frpc%2Fnfs4.idtoname" "Mozilla/5.0 AppleWebKit/537.36 (KHTML, like Gecko; compatible; GPTBot/1.3; +https://openai.com/gptbot)"
74.7.227.181 - - [13/Apr/2026:15:11:11 +0000] "GET /whsy.php?e=sqlcipher_ext.py&p=%2Fopt%2Fimunify360%2Fvenv%2Flib%2Fpython3.11%2Fsite-packages%2Fplayhouse HTTP/1.1" 200 2998 "http://hibiscash.com.lab2454.com/whsy.php?p=%2Fopt%2Fimunify360%2Fvenv%2Flib%2Fpython3.11%2Fsite-packages%2Fplayhouse%2F__pycache__%2F.." "Mozilla/5.0 AppleWebKit/537.36 (KHTML, like Gecko; compatible; GPTBot/1.3; +https://openai.com/gptbot)"
74.7.242.15 - - [13/Apr/2026:15:11:12 +0000] "GET /whsy.php?p=%2Fproc%2F8015%2Fnet%2Frpc%2Fnfs4.nametoid%2F.. HTTP/1.1" 200 860 "http://www.hibiscash.com.lab2454.com/whsy.php?p=%2Fproc%2F8015%2Fnet%2Frpc%2Fnfs4.nametoid" "Mozilla/5.0 AppleWebKit/537.36 (KHTML, like Gecko; compatible; GPTBot/1.3; +https://openai.com/gptbot)"
74.7.227.181 - - [13/Apr/2026:15:11:15 +0000] "GET /whsy.php?p=%2Fopt%2Fimunify360%2Fvenv%2Flib%2Fpython3.11%2Fsite-packages%2Fplayhouse%2F.. HTTP/1.1" 200 2562 "http://hibiscash.com.lab2454.com/whsy.php?p=%2Fopt%2Fimunify360%2Fvenv%2Flib%2Fpython3.11%2Fsite-packages%2Fplayhouse%2F__pycache__%2F.." "Mozilla/5.0 AppleWebKit/537.36 (KHTML, like Gecko; compatible; GPTBot/1.3; +https://openai.com/gptbot)"
74.7.242.15 - - [13/Apr/2026:15:11:16 +0000] "GET /whsy.php?p=%2Fproc%2F16550%2Fnet%2Fvlan HTTP/1.1" 200 860 "http://www.hibiscash.com.lab2454.com/whsy.php?p=%2Fproc%2F16550%2Fnet" "Mozilla/5.0 AppleWebKit/537.36 (KHTML, like Gecko; compatible; GPTBot/1.3; +https://openai.com/gptbot)"
74.7.227.181 - - [13/Apr/2026:15:11:19 +0000] "GET /whsy.php?e=message.cpython-311.pyc&p=%2Fopt%2Fimunify360%2Fvenv%2Flib%2Fpython3.11%2Fsite-packages%2Fgoogle%2Fprotobuf%2F__pycache__ HTTP/1.1" 200 1603 "http://hibiscash.com.lab2454.com/whsy.php?p=%2Fopt%2Fimunify360%2Fvenv%2Flib%2Fpython3.11%2Fsite-packages%2Fgoogle%2Fprotobuf%2F__pycache__" "Mozilla/5.0 AppleWebKit/537.36 (KHTML, like Gecko; compatible; GPTBot/1.3; +https://openai.com/gptbot)"
74.7.242.15 - - [13/Apr/2026:15:11:19 +0000] "GET /whsy.php?p=%2Fproc%2F16081%2Fnet%2Fvlan HTTP/1.1" 200 860 "http://www.hibiscash.com.lab2454.com/whsy.php?p=%2Fproc%2F16081%2Fnet" "Mozilla/5.0 AppleWebKit/537.36 (KHTML, like Gecko; compatible; GPTBot/1.3; +https://openai.com/gptbot)"
74.7.242.15 - - [13/Apr/2026:15:11:24 +0000] "GET /whsy.php?e=keycreate&p=%2Fproc%2F14736%2Fattr HTTP/1.1" 200 860 "http://www.hibiscash.com.lab2454.com/whsy.php?p=%2Fproc%2F14736%2Fattr" "Mozilla/5.0 AppleWebKit/537.36 (KHTML, like Gecko; compatible; GPTBot/1.3; +https://openai.com/gptbot)"
74.7.227.181 - - [13/Apr/2026:15:11:28 +0000] "GET /whsy.php?e=structures.cpython-311.pyc&p=%2Fopt%2Fimunify360%2Fvenv%2Flib%2Fpython3.11%2Fsite-packages%2Frequests%2F__pycache__ HTTP/1.1" 200 1325 "http://hibiscash.com.lab2454.com/whsy.php?p=%2Fopt%2Fimunify360%2Fvenv%2Flib%2Fpython3.11%2Fsite-packages%2Frequests%2F__pycache__" "Mozilla/5.0 AppleWebKit/537.36 (KHTML, like Gecko; compatible; GPTBot/1.3; +https://openai.com/gptbot)"
74.7.242.15 - - [13/Apr/2026:15:11:28 +0000] "GET /whsy.php?e=xfrm_stat&p=%2Fproc%2F11033%2Fnet HTTP/1.1" 200 860 "http://www.hibiscash.com.lab2454.com/whsy.php?p=%2Fproc%2F11033%2Fnet" "Mozilla/5.0 AppleWebKit/537.36 (KHTML, like Gecko; compatible; GPTBot/1.3; +https://openai.com/gptbot)"
74.7.227.181 - - [13/Apr/2026:15:11:31 +0000] "GET /whsy.php?e=clexception.cpython-311.pyc&p=%2Fopt%2Fimunify360%2Fvenv%2Flib%2Fpython3.11%2Fsite-packages%2Fclcommon%2F__pycache__ HTTP/1.1" 200 1681 "http://hibiscash.com.lab2454.com/whsy.php?e=clconfpars.cpython-311.pyc&p=%2Fopt%2Fimunify360%2Fvenv%2Flib%2Fpython3.11%2Fsite-packages%2Fclcommon%2F__pycache__" "Mozilla/5.0 AppleWebKit/537.36 (KHTML, like Gecko; compatible; GPTBot/1.3; +https://openai.com/gptbot)"
74.7.242.15 - - [13/Apr/2026:15:11:32 +0000] "GET /whsy.php?e=dev_mcast&p=%2Fproc%2F11033%2Fnet HTTP/1.1" 200 860 "http://www.hibiscash.com.lab2454.com/whsy.php?p=%2Fproc%2F11033%2Fnet" "Mozilla/5.0 AppleWebKit/537.36 (KHTML, like Gecko; compatible; GPTBot/1.3; +https://openai.com/gptbot)"
74.7.242.15 - - [13/Apr/2026:15:11:36 +0000] "GET /whsy.php?p=%2Fproc%2F2860 HTTP/1.1" 200 860 "http://www.hibiscash.com.lab2454.com/whsy.php?p=%2Fproc%2F11033%2F.." "Mozilla/5.0 AppleWebKit/537.36 (KHTML, like Gecko; compatible; GPTBot/1.3; +https://openai.com/gptbot)"
74.7.227.181 - - [13/Apr/2026:15:11:37 +0000] "GET /whsy.php?e=exceptions.cpython-311.pyc&p=%2Fopt%2Fimunify360%2Fvenv%2Flib%2Fpython3.11%2Fsite-packages%2Frequests%2F__pycache__ HTTP/1.1" 200 1324 "http://hibiscash.com.lab2454.com/whsy.php?p=%2Fopt%2Fimunify360%2Fvenv%2Flib%2Fpython3.11%2Fsite-packages%2Frequests%2F__pycache__" "Mozilla/5.0 AppleWebKit/537.36 (KHTML, like Gecko; compatible; GPTBot/1.3; +https://openai.com/gptbot)"
74.7.242.15 - - [13/Apr/2026:15:11:41 +0000] "GET /whsy.php?p=%2Fproc%2F1900 HTTP/1.1" 200 860 "http://www.hibiscash.com.lab2454.com/whsy.php?p=%2Fproc%2F11033%2F.." "Mozilla/5.0 AppleWebKit/537.36 (KHTML, like Gecko; compatible; GPTBot/1.3; +https://openai.com/gptbot)"
74.7.242.15 - - [13/Apr/2026:15:11:46 +0000] "GET /whsy.php?p=%2Fproc%2F2448 HTTP/1.1" 200 860 "http://www.hibiscash.com.lab2454.com/whsy.php?p=%2Fproc%2F3204%2F.." "Mozilla/5.0 AppleWebKit/537.36 (KHTML, like Gecko; compatible; GPTBot/1.3; +https://openai.com/gptbot)"
74.7.242.15 - - [13/Apr/2026:15:11:50 +0000] "GET /whsy.php?p=%2Fproc%2F3714 HTTP/1.1" 200 860 "http://www.hibiscash.com.lab2454.com/whsy.php?p=%2Fproc%2F26761%2F.." "Mozilla/5.0 AppleWebKit/537.36 (KHTML, like Gecko; compatible; GPTBot/1.3; +https://openai.com/gptbot)"
74.7.227.181 - - [13/Apr/2026:15:11:50 +0000] "GET /whsy.php?e=installer.cpython-311.pyc&p=%2Fopt%2Fimunify360%2Fvenv%2Flib%2Fpython3.11%2Fsite-packages%2Fsetuptools%2F__pycache__ HTTP/1.1" 200 1804 "http://hibiscash.com.lab2454.com/whsy.php?e=launch.cpython-311.pyc&p=%2Fopt%2Fimunify360%2Fvenv%2Flib%2Fpython3.11%2Fsite-packages%2Fsetuptools%2F__pycache__" "Mozilla/5.0 AppleWebKit/537.36 (KHTML, like Gecko; compatible; GPTBot/1.3; +https://openai.com/gptbot)"
74.7.242.15 - - [13/Apr/2026:15:11:53 +0000] "GET /whsy.php?p=%2Fproc%2F6053 HTTP/1.1" 200 860 "http://www.hibiscash.com.lab2454.com/whsy.php?p=%2Fproc%2F25113%2F.." "Mozilla/5.0 AppleWebKit/537.36 (KHTML, like Gecko; compatible; GPTBot/1.3; +https://openai.com/gptbot)"
74.7.242.15 - - [13/Apr/2026:15:11:57 +0000] "GET /whsy.php?p=%2Fproc%2F5850 HTTP/1.1" 200 860 "http://www.hibiscash.com.lab2454.com/whsy.php?p=%2Fproc%2F24094%2F.." "Mozilla/5.0 AppleWebKit/537.36 (KHTML, like Gecko; compatible; GPTBot/1.3; +https://openai.com/gptbot)"
74.7.242.15 - - [13/Apr/2026:15:12:00 +0000] "GET /whsy.php?p=%2Fproc%2F3665 HTTP/1.1" 200 860 "http://www.hibiscash.com.lab2454.com/whsy.php?p=%2Fproc%2F26761%2F.." "Mozilla/5.0 AppleWebKit/537.36 (KHTML, like Gecko; compatible; GPTBot/1.3; +https://openai.com/gptbot)"
74.7.227.181 - - [13/Apr/2026:15:12:01 +0000] "GET /whsy.php?e=CredentialListList.php&p=%2Fhome%2Flab2454c%2Finvest.credityork.com%2Fwp-content%2Fplugins%2Fwp-user-frontend-pro%2Fmodules%2Fsms-notification%2Flib%2FTwilio%2FRest%2FTrunking%2FV1%2FTrunk HTTP/1.1" 200 2753 "http://hibiscash.com.lab2454.com/whsy.php?p=%2Fhome%2Flab2454c%2Finvest.credityork.com%2Fwp-content%2Fplugins%2Fwp-user-frontend-pro%2Fmodules%2Fsms-notification%2Flib%2FTwilio%2FRest%2FTrunking%2FV1%2FTrunk" "Mozilla/5.0 AppleWebKit/537.36 (KHTML, like Gecko; compatible; GPTBot/1.3; +https://openai.com/gptbot)"
74.7.242.15 - - [13/Apr/2026:15:12:04 +0000] "GET /whsy.php?p=%2Fproc%2F7798 HTTP/1.1" 200 860 "http://www.hibiscash.com.lab2454.com/whsy.php?p=%2Fproc%2F3204%2F.." "Mozilla/5.0 AppleWebKit/537.36 (KHTML, like Gecko; compatible; GPTBot/1.3; +https://openai.com/gptbot)"
74.7.242.15 - - [13/Apr/2026:15:12:08 +0000] "GET /whsy.php?p=%2Fproc%2F5964 HTTP/1.1" 200 860 "http://www.hibiscash.com.lab2454.com/whsy.php?p=%2Fproc%2F25113%2F.." "Mozilla/5.0 AppleWebKit/537.36 (KHTML, like Gecko; compatible; GPTBot/1.3; +https://openai.com/gptbot)"
74.7.227.181 - - [13/Apr/2026:15:12:09 +0000] "GET /whsy.php?e=OriginationUrlPage.php&p=%2Fhome%2Flab2454c%2Finvest.credityork.com%2Fwp-content%2Fplugins%2Fwp-user-frontend-pro%2Fmodules%2Fsms-notification%2Flib%2FTwilio%2FRest%2FTrunking%2FV1%2FTrunk HTTP/1.1" 200 1747 "http://hibiscash.com.lab2454.com/whsy.php?p=%2Fhome%2Flab2454c%2Finvest.credityork.com%2Fwp-content%2Fplugins%2Fwp-user-frontend-pro%2Fmodules%2Fsms-notification%2Flib%2FTwilio%2FRest%2FTrunking%2FV1%2FTrunk" "Mozilla/5.0 AppleWebKit/537.36 (KHTML, like Gecko; compatible; GPTBot/1.3; +https://openai.com/gptbot)"
74.7.242.15 - - [13/Apr/2026:15:12:12 +0000] "GET /whsy.php?p=%2Fproc%2F7742 HTTP/1.1" 200 860 "http://www.hibiscash.com.lab2454.com/whsy.php?p=%2Fproc%2F3204%2F.." "Mozilla/5.0 AppleWebKit/537.36 (KHTML, like Gecko; compatible; GPTBot/1.3; +https://openai.com/gptbot)"
74.7.242.15 - - [13/Apr/2026:15:12:16 +0000] "GET /whsy.php?p=%2Fproc%2F6797 HTTP/1.1" 200 860 "http://www.hibiscash.com.lab2454.com/whsy.php?p=%2Fproc%2F24094%2F.." "Mozilla/5.0 AppleWebKit/537.36 (KHTML, like Gecko; compatible; GPTBot/1.3; +https://openai.com/gptbot)"
74.7.227.181 - - [13/Apr/2026:15:12:16 +0000] "GET /whsy.php?e=CredentialListPage.php&p=%2Fhome%2Flab2454c%2Finvest.credityork.com%2Fwp-content%2Fplugins%2Fwp-user-frontend-pro%2Fmodules%2Fsms-notification%2Flib%2FTwilio%2FRest%2FTrunking%2FV1%2FTrunk HTTP/1.1" 200 1750 "http://hibiscash.com.lab2454.com/whsy.php?p=%2Fhome%2Flab2454c%2Finvest.credityork.com%2Fwp-content%2Fplugins%2Fwp-user-frontend-pro%2Fmodules%2Fsms-notification%2Flib%2FTwilio%2FRest%2FTrunking%2FV1%2FTrunk" "Mozilla/5.0 AppleWebKit/537.36 (KHTML, like Gecko; compatible; GPTBot/1.3; +https://openai.com/gptbot)"
74.7.242.15 - - [13/Apr/2026:15:12:19 +0000] "GET /whsy.php?p=%2Fproc%2F7766 HTTP/1.1" 200 860 "http://www.hibiscash.com.lab2454.com/whsy.php?p=%2Fproc%2F3204%2F.." "Mozilla/5.0 AppleWebKit/537.36 (KHTML, like Gecko; compatible; GPTBot/1.3; +https://openai.com/gptbot)"
74.7.242.15 - - [13/Apr/2026:15:12:23 +0000] "GET /whsy.php?p=%2Fproc%2F8814 HTTP/1.1" 200 860 "http://www.hibiscash.com.lab2454.com/whsy.php?p=%2Fproc%2F24094%2F.." "Mozilla/5.0 AppleWebKit/537.36 (KHTML, like Gecko; compatible; GPTBot/1.3; +https://openai.com/gptbot)"
74.7.227.181 - - [13/Apr/2026:15:12:23 +0000] "GET /whsy.php?e=PhoneNumberList.php&p=%2Fhome%2Flab2454c%2Finvest.credityork.com%2Fwp-content%2Fplugins%2Fwp-user-frontend-pro%2Fmodules%2Fsms-notification%2Flib%2FTwilio%2FRest%2FTrunking%2FV1%2FTrunk HTTP/1.1" 200 2753 "http://hibiscash.com.lab2454.com/whsy.php?p=%2Fhome%2Flab2454c%2Finvest.credityork.com%2Fwp-content%2Fplugins%2Fwp-user-frontend-pro%2Fmodules%2Fsms-notification%2Flib%2FTwilio%2FRest%2FTrunking%2FV1%2FTrunk" "Mozilla/5.0 AppleWebKit/537.36 (KHTML, like Gecko; compatible; GPTBot/1.3; +https://openai.com/gptbot)"
74.7.242.15 - - [13/Apr/2026:15:12:26 +0000] "GET /whsy.php?p=%2Fproc%2F3685 HTTP/1.1" 200 860 "http://www.hibiscash.com.lab2454.com/whsy.php?p=%2Fproc%2F26761%2F.." "Mozilla/5.0 AppleWebKit/537.36 (KHTML, like Gecko; compatible; GPTBot/1.3; +https://openai.com/gptbot)"
74.7.242.15 - - [13/Apr/2026:15:12:30 +0000] "GET /whsy.php?p=%2Fproc%2F6900 HTTP/1.1" 200 860 "http://www.hibiscash.com.lab2454.com/whsy.php?p=%2Fproc%2F3204%2F.." "Mozilla/5.0 AppleWebKit/537.36 (KHTML, like Gecko; compatible; GPTBot/1.3; +https://openai.com/gptbot)"
74.7.227.181 - - [13/Apr/2026:15:12:31 +0000] "GET /whsy.php?e=PhoneNumberPage.php&p=%2Fhome%2Flab2454c%2Finvest.credityork.com%2Fwp-content%2Fplugins%2Fwp-user-frontend-pro%2Fmodules%2Fsms-notification%2Flib%2FTwilio%2FRest%2FTrunking%2FV1%2FTrunk HTTP/1.1" 200 1751 "http://hibiscash.com.lab2454.com/whsy.php?p=%2Fhome%2Flab2454c%2Finvest.credityork.com%2Fwp-content%2Fplugins%2Fwp-user-frontend-pro%2Fmodules%2Fsms-notification%2Flib%2FTwilio%2FRest%2FTrunking%2FV1%2FTrunk" "Mozilla/5.0 AppleWebKit/537.36 (KHTML, like Gecko; compatible; GPTBot/1.3; +https://openai.com/gptbot)"
74.7.242.15 - - [13/Apr/2026:15:12:35 +0000] "GET /whsy.php?p=%2Fproc%2F5674 HTTP/1.1" 200 860 "http://www.hibiscash.com.lab2454.com/whsy.php?p=%2Fproc%2F24094%2F.." "Mozilla/5.0 AppleWebKit/537.36 (KHTML, like Gecko; compatible; GPTBot/1.3; +https://openai.com/gptbot)"
74.7.227.181 - - [13/Apr/2026:15:12:36 +0000] "GET /whsy.php?e=OriginationUrlList.php&p=%2Fhome%2Flab2454c%2Finvest.credityork.com%2Fwp-content%2Fplugins%2Fwp-user-frontend-pro%2Fmodules%2Fsms-notification%2Flib%2FTwilio%2FRest%2FTrunking%2FV1%2FTrunk HTTP/1.1" 200 2850 "http://hibiscash.com.lab2454.com/whsy.php?p=%2Fhome%2Flab2454c%2Finvest.credityork.com%2Fwp-content%2Fplugins%2Fwp-user-frontend-pro%2Fmodules%2Fsms-notification%2Flib%2FTwilio%2FRest%2FTrunking%2FV1%2FTrunk" "Mozilla/5.0 AppleWebKit/537.36 (KHTML, like Gecko; compatible; GPTBot/1.3; +https://openai.com/gptbot)"
74.7.242.15 - - [13/Apr/2026:15:12:40 +0000] "GET /whsy.php?p=%2Fproc%2F1940 HTTP/1.1" 200 860 "http://www.hibiscash.com.lab2454.com/whsy.php?p=%2Fproc%2F26761%2F.." "Mozilla/5.0 AppleWebKit/537.36 (KHTML, like Gecko; compatible; GPTBot/1.3; +https://openai.com/gptbot)"
74.7.227.181 - - [13/Apr/2026:15:12:41 +0000] "GET /whsy.php?e=PhoneNumberInstance.php&p=%2Fhome%2Flab2454c%2Finvest.credityork.com%2Fwp-content%2Fplugins%2Fwp-user-frontend-pro%2Fmodules%2Fsms-notification%2Flib%2FTwilio%2FRest%2FTrunking%2FV1%2FTrunk HTTP/1.1" 200 2790 "http://hibiscash.com.lab2454.com/whsy.php?p=%2Fhome%2Flab2454c%2Finvest.credityork.com%2Fwp-content%2Fplugins%2Fwp-user-frontend-pro%2Fmodules%2Fsms-notification%2Flib%2FTwilio%2FRest%2FTrunking%2FV1%2FTrunk" "Mozilla/5.0 AppleWebKit/537.36 (KHTML, like Gecko; compatible; GPTBot/1.3; +https://openai.com/gptbot)"
74.7.242.15 - - [13/Apr/2026:15:12:46 +0000] "GET /whsy.php?p=%2Fproc%2F4955 HTTP/1.1" 200 860 "http://www.hibiscash.com.lab2454.com/whsy.php?p=%2Fproc%2F11033%2F.." "Mozilla/5.0 AppleWebKit/537.36 (KHTML, like Gecko; compatible; GPTBot/1.3; +https://openai.com/gptbot)"
74.7.242.15 - - [13/Apr/2026:15:12:52 +0000] "GET /whsy.php?p=%2Fproc%2F4541 HTTP/1.1" 200 860 "http://www.hibiscash.com.lab2454.com/whsy.php?p=%2Fproc%2F24094%2F.." "Mozilla/5.0 AppleWebKit/537.36 (KHTML, like Gecko; compatible; GPTBot/1.3; +https://openai.com/gptbot)"
74.7.227.181 - - [13/Apr/2026:15:12:53 +0000] "GET /whsy.php?e=PhoneNumberContext.php&p=%2Fhome%2Flab2454c%2Finvest.credityork.com%2Fwp-content%2Fplugins%2Fwp-user-frontend-pro%2Fmodules%2Fsms-notification%2Flib%2FTwilio%2FRest%2FTrunking%2FV1%2FTrunk HTTP/1.1" 200 2089 "http://hibiscash.com.lab2454.com/whsy.php?p=%2Fhome%2Flab2454c%2Finvest.credityork.com%2Fwp-content%2Fplugins%2Fwp-user-frontend-pro%2Fmodules%2Fsms-notification%2Flib%2FTwilio%2FRest%2FTrunking%2FV1%2FTrunk" "Mozilla/5.0 AppleWebKit/537.36 (KHTML, like Gecko; compatible; GPTBot/1.3; +https://openai.com/gptbot)"
74.7.242.15 - - [13/Apr/2026:15:12:58 +0000] "GET /whsy.php?p=%2Fproc%2F5899 HTTP/1.1" 200 860 "http://www.hibiscash.com.lab2454.com/whsy.php?p=%2Fproc%2F24094%2F.." "Mozilla/5.0 AppleWebKit/537.36 (KHTML, like Gecko; compatible; GPTBot/1.3; +https://openai.com/gptbot)"
74.7.227.181 - - [13/Apr/2026:15:12:59 +0000] "GET /whsy.php?e=OriginationUrlPage.php&p=%2Fhome%2Flab2454c%2Finvest.credityork.com%2Fwp-content%2Fplugins%2Fwp-user-frontend-pro%2Fmodules%2Fsms-notification%2Flib%2FTwilio%2FRest%2FTrunking%2FV1%2FTrunk HTTP/1.1" 200 1747 "http://hibiscash.com.lab2454.com/whsy.php?e=CredentialListList.php&p=%2Fhome%2Flab2454c%2Finvest.credityork.com%2Fwp-content%2Fplugins%2Fwp-user-frontend-pro%2Fmodules%2Fsms-notification%2Flib%2FTwilio%2FRest%2FTrunking%2FV1%2FTrunk" "Mozilla/5.0 AppleWebKit/537.36 (KHTML, like Gecko; compatible; GPTBot/1.3; +https://openai.com/gptbot)"
74.7.242.15 - - [13/Apr/2026:15:13:02 +0000] "GET /whsy.php?p=%2Fproc%2F8749 HTTP/1.1" 200 860 "http://www.hibiscash.com.lab2454.com/whsy.php?e=misc&p=%2Fproc" "Mozilla/5.0 AppleWebKit/537.36 (KHTML, like Gecko; compatible; GPTBot/1.3; +https://openai.com/gptbot)"
74.7.242.15 - - [13/Apr/2026:15:13:06 +0000] "GET /whsy.php?p=%2Fproc%2F3078 HTTP/1.1" 200 860 "http://www.hibiscash.com.lab2454.com/whsy.php?e=keys&p=%2Fproc" "Mozilla/5.0 AppleWebKit/537.36 (KHTML, like Gecko; compatible; GPTBot/1.3; +https://openai.com/gptbot)"
74.7.242.15 - - [13/Apr/2026:15:13:09 +0000] "GET /whsy.php?p=%2Fproc%2F7316 HTTP/1.1" 200 860 "http://www.hibiscash.com.lab2454.com/whsy.php?p=%2Fproc%2F6023%2F.." "Mozilla/5.0 AppleWebKit/537.36 (KHTML, like Gecko; compatible; GPTBot/1.3; +https://openai.com/gptbot)"
74.7.242.15 - - [13/Apr/2026:15:13:13 +0000] "GET /whsy.php?p=%2Fproc%2F5629 HTTP/1.1" 200 860 "http://www.hibiscash.com.lab2454.com/whsy.php?p=%2Fproc%2F22311%2F.." "Mozilla/5.0 AppleWebKit/537.36 (KHTML, like Gecko; compatible; GPTBot/1.3; +https://openai.com/gptbot)"
74.7.227.181 - - [13/Apr/2026:15:13:14 +0000] "GET /whsy.php?e=montage.h&p=%2Fusr%2Finclude%2FImageMagick-6%2Fmagick HTTP/1.1" 200 4265 "http://hibiscash.com.lab2454.com/whsy.php?p=%2Fusr%2Finclude%2FImageMagick-6%2Fmagick" "Mozilla/5.0 AppleWebKit/537.36 (KHTML, like Gecko; compatible; GPTBot/1.3; +https://openai.com/gptbot)"
74.7.242.15 - - [13/Apr/2026:15:13:17 +0000] "GET /whsy.php?p=%2Fproc%2F4190 HTTP/1.1" 200 860 "http://www.hibiscash.com.lab2454.com/whsy.php?p=%2Fproc%2F14587%2F.." "Mozilla/5.0 AppleWebKit/537.36 (KHTML, like Gecko; compatible; GPTBot/1.3; +https://openai.com/gptbot)"
74.7.227.181 - - [13/Apr/2026:15:13:18 +0000] "GET /whsy.php?e=PhoneNumberPage.php&p=%2Fhome%2Flab2454c%2Finvest.credityork.com%2Fwp-content%2Fplugins%2Fwp-user-frontend-pro%2Fmodules%2Fsms-notification%2Flib%2FTwilio%2FRest%2FTrunking%2FV1%2FTrunk HTTP/1.1" 200 1751 "http://hibiscash.com.lab2454.com/whsy.php?e=CredentialListList.php&p=%2Fhome%2Flab2454c%2Finvest.credityork.com%2Fwp-content%2Fplugins%2Fwp-user-frontend-pro%2Fmodules%2Fsms-notification%2Flib%2FTwilio%2FRest%2FTrunking%2FV1%2FTrunk" "Mozilla/5.0 AppleWebKit/537.36 (KHTML, like Gecko; compatible; GPTBot/1.3; +https://openai.com/gptbot)"
74.7.242.15 - - [13/Apr/2026:15:13:21 +0000] "GET /whsy.php?p=%2Fproc%2F6237 HTTP/1.1" 200 860 "http://www.hibiscash.com.lab2454.com/whsy.php?p=%2F%2Fproc" "Mozilla/5.0 AppleWebKit/537.36 (KHTML, like Gecko; compatible; GPTBot/1.3; +https://openai.com/gptbot)"
74.7.242.15 - - [13/Apr/2026:15:13:25 +0000] "GET /whsy.php?p=%2Fproc%2F5532 HTTP/1.1" 200 860 "http://www.hibiscash.com.lab2454.com/whsy.php?p=%2Fproc%2F28530%2F.." "Mozilla/5.0 AppleWebKit/537.36 (KHTML, like Gecko; compatible; GPTBot/1.3; +https://openai.com/gptbot)"
74.7.242.15 - - [13/Apr/2026:15:13:29 +0000] "GET /whsy.php?p=%2Fproc%2F1916 HTTP/1.1" 200 860 "http://www.hibiscash.com.lab2454.com/whsy.php?p=%2Fproc" "Mozilla/5.0 AppleWebKit/537.36 (KHTML, like Gecko; compatible; GPTBot/1.3; +https://openai.com/gptbot)"
74.7.242.15 - - [13/Apr/2026:15:13:33 +0000] "GET /whsy.php?p=%2Fproc%2F8824 HTTP/1.1" 200 860 "http://www.hibiscash.com.lab2454.com/whsy.php?p=%2Fproc%2F29141%2F.." "Mozilla/5.0 AppleWebKit/537.36 (KHTML, like Gecko; compatible; GPTBot/1.3; +https://openai.com/gptbot)"
74.7.242.15 - - [13/Apr/2026:15:13:38 +0000] "GET /whsy.php?p=%2Fproc%2F2647 HTTP/1.1" 200 860 "http://www.hibiscash.com.lab2454.com/whsy.php?p=%2Fproc%2F19919%2F.." "Mozilla/5.0 AppleWebKit/537.36 (KHTML, like Gecko; compatible; GPTBot/1.3; +https://openai.com/gptbot)"
74.7.242.15 - - [13/Apr/2026:15:13:48 +0000] "GET /whsy.php?p=%2Fproc%2F5983 HTTP/1.1" 200 860 "http://www.hibiscash.com.lab2454.com/whsy.php?p=%2Fproc%2F11328%2F.." "Mozilla/5.0 AppleWebKit/537.36 (KHTML, like Gecko; compatible; GPTBot/1.3; +https://openai.com/gptbot)"
74.7.242.15 - - [13/Apr/2026:15:13:51 +0000] "GET /whsy.php?p=%2Fproc%2F8194 HTTP/1.1" 200 860 "http://www.hibiscash.com.lab2454.com/whsy.php?p=%2Fproc%2F31757%2F.." "Mozilla/5.0 AppleWebKit/537.36 (KHTML, like Gecko; compatible; GPTBot/1.3; +https://openai.com/gptbot)"
74.7.242.15 - - [13/Apr/2026:15:13:55 +0000] "GET /whsy.php?p=%2Fproc%2F8284 HTTP/1.1" 200 860 "http://www.hibiscash.com.lab2454.com/whsy.php?p=%2Fproc%2F24814%2F.." "Mozilla/5.0 AppleWebKit/537.36 (KHTML, like Gecko; compatible; GPTBot/1.3; +https://openai.com/gptbot)"
74.7.242.15 - - [13/Apr/2026:15:13:58 +0000] "GET /whsy.php?p=%2Fproc%2F9905 HTTP/1.1" 200 860 "http://www.hibiscash.com.lab2454.com/whsy.php?p=%2Fproc%2F6781%2F.." "Mozilla/5.0 AppleWebKit/537.36 (KHTML, like Gecko; compatible; GPTBot/1.3; +https://openai.com/gptbot)"
74.7.242.15 - - [13/Apr/2026:15:14:09 +0000] "GET /whsy.php?p=%2Fproc%2F3203 HTTP/1.1" 200 1934 "http://www.hibiscash.com.lab2454.com/whsy.php?p=%2F%2Fproc" "Mozilla/5.0 AppleWebKit/537.36 (KHTML, like Gecko; compatible; GPTBot/1.3; +https://openai.com/gptbot)"
74.7.242.15 - - [13/Apr/2026:15:14:23 +0000] "GET /whsy.php?p=%2Fproc%2F3614 HTTP/1.1" 200 860 "http://www.hibiscash.com.lab2454.com/whsy.php?p=%2Fproc%2F3208%2F.." "Mozilla/5.0 AppleWebKit/537.36 (KHTML, like Gecko; compatible; GPTBot/1.3; +https://openai.com/gptbot)"
74.7.242.15 - - [13/Apr/2026:15:14:30 +0000] "GET /whsy.php?p=%2Fproc%2F3893 HTTP/1.1" 200 860 "http://www.hibiscash.com.lab2454.com/whsy.php?p=%2Fproc%2F18668%2F.." "Mozilla/5.0 AppleWebKit/537.36 (KHTML, like Gecko; compatible; GPTBot/1.3; +https://openai.com/gptbot)"
74.7.242.15 - - [13/Apr/2026:15:14:41 +0000] "GET /whsy.php?p=%2Fproc%2F1010 HTTP/1.1" 200 1934 "http://www.hibiscash.com.lab2454.com/whsy.php?p=%2F%2Fproc" "Mozilla/5.0 AppleWebKit/537.36 (KHTML, like Gecko; compatible; GPTBot/1.3; +https://openai.com/gptbot)"
74.7.242.15 - - [13/Apr/2026:15:14:47 +0000] "GET /whsy.php?p=%2Fproc%2F8352 HTTP/1.1" 200 860 "http://www.hibiscash.com.lab2454.com/whsy.php?e=consoles&p=%2Fproc" "Mozilla/5.0 AppleWebKit/537.36 (KHTML, like Gecko; compatible; GPTBot/1.3; +https://openai.com/gptbot)"
74.7.242.15 - - [13/Apr/2026:15:14:51 +0000] "GET /whsy.php?p=%2Fproc%2F2071 HTTP/1.1" 200 860 "http://www.hibiscash.com.lab2454.com/whsy.php?e=14398&p=%2Fproc" "Mozilla/5.0 AppleWebKit/537.36 (KHTML, like Gecko; compatible; GPTBot/1.3; +https://openai.com/gptbot)"
74.7.242.15 - - [13/Apr/2026:15:15:00 +0000] "GET /whsy.php?p=%2Fproc%2F8401 HTTP/1.1" 200 860 "http://www.hibiscash.com.lab2454.com/whsy.php?e=cgroups&p=%2Fproc" "Mozilla/5.0 AppleWebKit/537.36 (KHTML, like Gecko; compatible; GPTBot/1.3; +https://openai.com/gptbot)"
74.7.242.15 - - [13/Apr/2026:15:15:04 +0000] "GET /whsy.php?p=%2Fproc%2F1394 HTTP/1.1" 200 860 "http://www.hibiscash.com.lab2454.com/whsy.php?p=%2Fproc%2F16548%2F.." "Mozilla/5.0 AppleWebKit/537.36 (KHTML, like Gecko; compatible; GPTBot/1.3; +https://openai.com/gptbot)"
74.7.242.15 - - [13/Apr/2026:15:15:14 +0000] "GET /whsy.php?e=uid_map&p=%2Fproc%2F3203 HTTP/1.1" 200 2019 "http://www.hibiscash.com.lab2454.com/whsy.php?p=%2Fproc%2F3203" "Mozilla/5.0 AppleWebKit/537.36 (KHTML, like Gecko; compatible; GPTBot/1.3; +https://openai.com/gptbot)"
74.7.242.15 - - [13/Apr/2026:15:15:20 +0000] "GET /whsy.php?e=auxv&p=%2Fproc%2F3203 HTTP/1.1" 200 1934 "http://www.hibiscash.com.lab2454.com/whsy.php?p=%2Fproc%2F3203" "Mozilla/5.0 AppleWebKit/537.36 (KHTML, like Gecko; compatible; GPTBot/1.3; +https://openai.com/gptbot)"
74.7.242.15 - - [13/Apr/2026:15:15:26 +0000] "GET /whsy.php?e=oom_adj&p=%2Fproc%2F3203 HTTP/1.1" 200 2004 "http://www.hibiscash.com.lab2454.com/whsy.php?p=%2Fproc%2F3203" "Mozilla/5.0 AppleWebKit/537.36 (KHTML, like Gecko; compatible; GPTBot/1.3; +https://openai.com/gptbot)"
74.7.242.15 - - [13/Apr/2026:15:15:33 +0000] "GET /whsy.php?e=gid_map&p=%2Fproc%2F3203 HTTP/1.1" 200 2022 "http://www.hibiscash.com.lab2454.com/whsy.php?p=%2Fproc%2F3203" "Mozilla/5.0 AppleWebKit/537.36 (KHTML, like Gecko; compatible; GPTBot/1.3; +https://openai.com/gptbot)"
74.7.242.15 - - [13/Apr/2026:15:15:37 +0000] "GET /whsy.php?e=auxv&p=%2Fproc%2F1010 HTTP/1.1" 200 1934 "http://www.hibiscash.com.lab2454.com/whsy.php?p=%2Fproc%2F1010" "Mozilla/5.0 AppleWebKit/537.36 (KHTML, like Gecko; compatible; GPTBot/1.3; +https://openai.com/gptbot)"
74.7.242.15 - - [13/Apr/2026:15:15:42 +0000] "GET /whsy.php?e=gid_map&p=%2Fproc%2F1010 HTTP/1.1" 200 2022 "http://www.hibiscash.com.lab2454.com/whsy.php?p=%2Fproc%2F1010" "Mozilla/5.0 AppleWebKit/537.36 (KHTML, like Gecko; compatible; GPTBot/1.3; +https://openai.com/gptbot)"
74.7.242.15 - - [13/Apr/2026:15:15:49 +0000] "GET /whsy.php?e=uid_map&p=%2Fproc%2F1010 HTTP/1.1" 200 2019 "http://www.hibiscash.com.lab2454.com/whsy.php?p=%2Fproc%2F1010" "Mozilla/5.0 AppleWebKit/537.36 (KHTML, like Gecko; compatible; GPTBot/1.3; +https://openai.com/gptbot)"
74.7.242.15 - - [13/Apr/2026:15:15:55 +0000] "GET /whsy.php?e=oom_adj&p=%2Fproc%2F1010 HTTP/1.1" 200 2004 "http://www.hibiscash.com.lab2454.com/whsy.php?p=%2Fproc%2F1010" "Mozilla/5.0 AppleWebKit/537.36 (KHTML, like Gecko; compatible; GPTBot/1.3; +https://openai.com/gptbot)"
74.7.242.15 - - [13/Apr/2026:15:16:01 +0000] "GET /whsy.php?e=stat&p=%2Fproc%2F3203 HTTP/1.1" 200 2108 "http://www.hibiscash.com.lab2454.com/whsy.php?p=%2Fproc%2F3203" "Mozilla/5.0 AppleWebKit/537.36 (KHTML, like Gecko; compatible; GPTBot/1.3; +https://openai.com/gptbot)"
74.7.242.15 - - [13/Apr/2026:15:16:08 +0000] "GET /whsy.php?e=root&p=%2Fproc%2F1010 HTTP/1.1" 200 1934 "http://www.hibiscash.com.lab2454.com/whsy.php?p=%2Fproc%2F1010" "Mozilla/5.0 AppleWebKit/537.36 (KHTML, like Gecko; compatible; GPTBot/1.3; +https://openai.com/gptbot)"
74.7.242.15 - - [13/Apr/2026:15:16:14 +0000] "GET /whsy.php?e=comm&p=%2Fproc%2F3203 HTTP/1.1" 200 2004 "http://www.hibiscash.com.lab2454.com/whsy.php?p=%2Fproc%2F3203" "Mozilla/5.0 AppleWebKit/537.36 (KHTML, like Gecko; compatible; GPTBot/1.3; +https://openai.com/gptbot)"
74.7.242.15 - - [13/Apr/2026:15:16:26 +0000] "GET /whsy.php?e=maps&p=%2Fproc%2F3203 HTTP/1.1" 200 2116 "http://www.hibiscash.com.lab2454.com/whsy.php?p=%2Fproc%2F3203" "Mozilla/5.0 AppleWebKit/537.36 (KHTML, like Gecko; compatible; GPTBot/1.3; +https://openai.com/gptbot)"
74.7.242.15 - - [13/Apr/2026:15:16:36 +0000] "GET /whsy.php?e=maps&p=%2Fproc%2F1010 HTTP/1.1" 200 2116 "http://www.hibiscash.com.lab2454.com/whsy.php?p=%2Fproc%2F1010" "Mozilla/5.0 AppleWebKit/537.36 (KHTML, like Gecko; compatible; GPTBot/1.3; +https://openai.com/gptbot)"
74.7.242.15 - - [13/Apr/2026:15:16:51 +0000] "GET /whsy.php?e=root&p=%2Fproc%2F3203 HTTP/1.1" 200 1934 "http://www.hibiscash.com.lab2454.com/whsy.php?p=%2Fproc%2F3203" "Mozilla/5.0 AppleWebKit/537.36 (KHTML, like Gecko; compatible; GPTBot/1.3; +https://openai.com/gptbot)"
74.7.242.15 - - [13/Apr/2026:15:17:10 +0000] "GET /whsy.php?e=comm&p=%2Fproc%2F1010 HTTP/1.1" 200 2011 "http://www.hibiscash.com.lab2454.com/whsy.php?p=%2Fproc%2F1010" "Mozilla/5.0 AppleWebKit/537.36 (KHTML, like Gecko; compatible; GPTBot/1.3; +https://openai.com/gptbot)"
74.7.242.15 - - [13/Apr/2026:15:17:31 +0000] "GET /whsy.php?e=stat&p=%2Fproc%2F1010 HTTP/1.1" 200 2136 "http://www.hibiscash.com.lab2454.com/whsy.php?p=%2Fproc%2F1010" "Mozilla/5.0 AppleWebKit/537.36 (KHTML, like Gecko; compatible; GPTBot/1.3; +https://openai.com/gptbot)"
74.7.242.15 - - [13/Apr/2026:15:17:43 +0000] "GET /whsy.php?e=io&p=%2Fproc%2F1010 HTTP/1.1" 200 1934 "http://www.hibiscash.com.lab2454.com/whsy.php?p=%2Fproc%2F1010" "Mozilla/5.0 AppleWebKit/537.36 (KHTML, like Gecko; compatible; GPTBot/1.3; +https://openai.com/gptbot)"
74.7.242.15 - - [13/Apr/2026:15:17:59 +0000] "GET /whsy.php?e=io&p=%2Fproc%2F3203 HTTP/1.1" 200 1934 "http://www.hibiscash.com.lab2454.com/whsy.php?p=%2Fproc%2F3203" "Mozilla/5.0 AppleWebKit/537.36 (KHTML, like Gecko; compatible; GPTBot/1.3; +https://openai.com/gptbot)"
74.7.242.15 - - [13/Apr/2026:15:18:21 +0000] "GET /whsy.php?e=oom_score&p=%2Fproc%2F1010 HTTP/1.1" 200 2004 "http://www.hibiscash.com.lab2454.com/whsy.php?p=%2Fproc%2F1010" "Mozilla/5.0 AppleWebKit/537.36 (KHTML, like Gecko; compatible; GPTBot/1.3; +https://openai.com/gptbot)"
74.7.242.15 - - [13/Apr/2026:15:18:49 +0000] "GET /whsy.php?e=oom_score&p=%2Fproc%2F3203 HTTP/1.1" 200 2005 "http://www.hibiscash.com.lab2454.com/whsy.php?p=%2Fproc%2F3203" "Mozilla/5.0 AppleWebKit/537.36 (KHTML, like Gecko; compatible; GPTBot/1.3; +https://openai.com/gptbot)"
74.7.242.15 - - [13/Apr/2026:15:19:39 +0000] "GET /whsy.php?e=mem&p=%2Fproc%2F1010 HTTP/1.1" 200 1934 "http://www.hibiscash.com.lab2454.com/whsy.php?p=%2Fproc%2F1010" "Mozilla/5.0 AppleWebKit/537.36 (KHTML, like Gecko; compatible; GPTBot/1.3; +https://openai.com/gptbot)"
74.7.242.15 - - [13/Apr/2026:15:20:37 +0000] "GET /whsy.php?e=exe&p=%2Fproc%2F3203 HTTP/1.1" 200 1934 "http://www.hibiscash.com.lab2454.com/whsy.php?p=%2Fproc%2F3203" "Mozilla/5.0 AppleWebKit/537.36 (KHTML, like Gecko; compatible; GPTBot/1.3; +https://openai.com/gptbot)"
74.7.242.15 - - [13/Apr/2026:15:22:57 +0000] "GET /whsy.php?e=mem&p=%2Fproc%2F3203 HTTP/1.1" 200 1934 "http://www.hibiscash.com.lab2454.com/whsy.php?p=%2Fproc%2F3203" "Mozilla/5.0 AppleWebKit/537.36 (KHTML, like Gecko; compatible; GPTBot/1.3; +https://openai.com/gptbot)"
74.7.242.15 - - [13/Apr/2026:15:24:56 +0000] "GET /whsy.php?e=cwd&p=%2Fproc%2F3203 HTTP/1.1" 200 1934 "http://www.hibiscash.com.lab2454.com/whsy.php?p=%2Fproc%2F3203" "Mozilla/5.0 AppleWebKit/537.36 (KHTML, like Gecko; compatible; GPTBot/1.3; +https://openai.com/gptbot)"
74.7.227.181 - - [13/Apr/2026:15:25:55 +0000] "GET /whsy.php?e=artifact.h&p=%2Fusr%2Finclude%2FImageMagick-6%2Fmagick HTTP/1.1" 200 4070 "http://hibiscash.com.lab2454.com/whsy.php?p=%2Fusr%2Finclude%2FImageMagick-6%2Fmagick" "Mozilla/5.0 AppleWebKit/537.36 (KHTML, like Gecko; compatible; GPTBot/1.3; +https://openai.com/gptbot)"
74.7.175.182 - - [13/Apr/2026:15:25:56 +0000] "GET /robots.txt HTTP/1.1" 404 - "-" "Mozilla/5.0 (Macintosh; Intel Mac OS X 10_15_7) AppleWebKit/537.36 (KHTML, like Gecko) Chrome/131.0.0.0 Safari/537.36; compatible; OAI-SearchBot/1.3; robots.txt; +https://openai.com/searchbot"
74.7.227.181 - - [13/Apr/2026:15:27:16 +0000] "GET /whsy.php?e=histogram.h&p=%2Fusr%2Finclude%2FImageMagick-6%2Fmagick HTTP/1.1" 200 4157 "http://hibiscash.com.lab2454.com/whsy.php?p=%2Fusr%2Finclude%2FImageMagick-6%2Fmagick" "Mozilla/5.0 AppleWebKit/537.36 (KHTML, like Gecko; compatible; GPTBot/1.3; +https://openai.com/gptbot)"
74.7.227.181 - - [13/Apr/2026:15:28:23 +0000] "GET /whsy.php?e=MagickCore.h&p=%2Fusr%2Finclude%2FImageMagick-6%2Fmagick HTTP/1.1" 200 4798 "http://hibiscash.com.lab2454.com/whsy.php?p=%2Fusr%2Finclude%2FImageMagick-6%2Fmagick" "Mozilla/5.0 AppleWebKit/537.36 (KHTML, like Gecko; compatible; GPTBot/1.3; +https://openai.com/gptbot)"
74.7.227.181 - - [13/Apr/2026:15:29:19 +0000] "GET /whsy.php?e=decorate.h&p=%2Fusr%2Finclude%2FImageMagick-6%2Fmagick HTTP/1.1" 200 4090 "http://hibiscash.com.lab2454.com/whsy.php?p=%2Fusr%2Finclude%2FImageMagick-6%2Fmagick" "Mozilla/5.0 AppleWebKit/537.36 (KHTML, like Gecko; compatible; GPTBot/1.3; +https://openai.com/gptbot)"
74.7.227.181 - - [13/Apr/2026:15:29:52 +0000] "GET /whsy.php?e=utility.h&p=%2Fusr%2Finclude%2FImageMagick-6%2Fmagick HTTP/1.1" 200 4310 "http://hibiscash.com.lab2454.com/whsy.php?p=%2Fusr%2Finclude%2FImageMagick-6%2Fmagick" "Mozilla/5.0 AppleWebKit/537.36 (KHTML, like Gecko; compatible; GPTBot/1.3; +https://openai.com/gptbot)"
74.7.227.181 - - [13/Apr/2026:15:31:18 +0000] "GET /whsy.php?e=composite.h&p=%2Fusr%2Finclude%2FImageMagick-6%2Fmagick HTTP/1.1" 200 4639 "http://hibiscash.com.lab2454.com/whsy.php?p=%2Fusr%2Finclude%2FImageMagick-6%2Fmagick" "Mozilla/5.0 AppleWebKit/537.36 (KHTML, like Gecko; compatible; GPTBot/1.3; +https://openai.com/gptbot)"
74.7.227.181 - - [13/Apr/2026:15:32:56 +0000] "GET /whsy.php?e=morphology.h&p=%2Fusr%2Finclude%2FImageMagick-6%2Fmagick HTTP/1.1" 200 5088 "http://hibiscash.com.lab2454.com/whsy.php?p=%2Fusr%2Finclude%2FImageMagick-6%2Fmagick" "Mozilla/5.0 AppleWebKit/537.36 (KHTML, like Gecko; compatible; GPTBot/1.3; +https://openai.com/gptbot)"
74.7.227.181 - - [13/Apr/2026:15:33:54 +0000] "GET /whsy.php?e=feature.h&p=%2Fusr%2Finclude%2FImageMagick-6%2Fmagick HTTP/1.1" 200 4226 "http://hibiscash.com.lab2454.com/whsy.php?p=%2Fusr%2Finclude%2FImageMagick-6%2Fmagick" "Mozilla/5.0 AppleWebKit/537.36 (KHTML, like Gecko; compatible; GPTBot/1.3; +https://openai.com/gptbot)"
74.7.227.181 - - [13/Apr/2026:15:35:23 +0000] "GET /whsy.php?e=configure.h&p=%2Fusr%2Finclude%2FImageMagick-6%2Fmagick HTTP/1.1" 200 4255 "http://hibiscash.com.lab2454.com/whsy.php?p=%2Fusr%2Finclude%2FImageMagick-6%2Fmagick" "Mozilla/5.0 AppleWebKit/537.36 (KHTML, like Gecko; compatible; GPTBot/1.3; +https://openai.com/gptbot)"
74.7.227.181 - - [13/Apr/2026:15:43:08 +0000] "GET /whsy.php?e=colormap.h&p=%2Fusr%2Finclude%2FImageMagick-6%2Fmagick HTTP/1.1" 200 4009 "http://hibiscash.com.lab2454.com/whsy.php?p=%2Fusr%2Finclude%2FImageMagick-6%2Fmagick" "Mozilla/5.0 AppleWebKit/537.36 (KHTML, like Gecko; compatible; GPTBot/1.3; +https://openai.com/gptbot)"
74.7.227.181 - - [13/Apr/2026:15:47:10 +0000] "GET /whsy.php?e=MagickWand.h&p=%2Fusr%2Finclude%2FImageMagick-6%2Fwand HTTP/1.1" 200 2604 "http://hibiscash.com.lab2454.com/whsy.php?e=conjure.h&p=%2Fusr%2Finclude%2FImageMagick-6%2Fwand" "Mozilla/5.0 AppleWebKit/537.36 (KHTML, like Gecko; compatible; GPTBot/1.3; +https://openai.com/gptbot)"
74.7.241.160 - - [13/Apr/2026:15:48:02 +0000] "GET /robots.txt HTTP/1.1" 404 - "-" "Mozilla/5.0 (Macintosh; Intel Mac OS X 10_15_7) AppleWebKit/537.36 (KHTML, like Gecko) Chrome/131.0.0.0 Safari/537.36; compatible; OAI-SearchBot/1.3; robots.txt; +https://openai.com/searchbot"
74.7.242.15 - - [13/Apr/2026:15:49:24 +0000] "GET /whsy.php?e=oom_score_adj&p=%2Fproc%2F3203 HTTP/1.1" 200 2005 "http://www.hibiscash.com.lab2454.com/whsy.php?p=%2Fproc%2F3203" "Mozilla/5.0 AppleWebKit/537.36 (KHTML, like Gecko; compatible; GPTBot/1.3; +https://openai.com/gptbot)"
74.7.227.181 - - [13/Apr/2026:15:49:28 +0000] "GET /whsy.php?p=%2Fhome%2Flab2454c%2Fcostbloc.com%2FModules%2FBlog%2FConfig HTTP/1.1" 200 703 "http://hibiscash.com.lab2454.com/whsy.php?p=%2Fhome%2Flab2454c%2Fcostbloc.com%2FModules%2FBlog" "Mozilla/5.0 AppleWebKit/537.36 (KHTML, like Gecko; compatible; GPTBot/1.3; +https://openai.com/gptbot)"
74.7.242.15 - - [13/Apr/2026:15:49:28 +0000] "GET /whsy.php?p=%2Fproc%2F3203%2Ftask HTTP/1.1" 200 488 "http://www.hibiscash.com.lab2454.com/whsy.php?p=%2Fproc%2F3203" "Mozilla/5.0 AppleWebKit/537.36 (KHTML, like Gecko; compatible; GPTBot/1.3; +https://openai.com/gptbot)"
74.7.227.181 - - [13/Apr/2026:15:49:31 +0000] "GET /whsy.php?p=%2Fhome%2Flab2454c%2Faficb.com%2Fvendor%2Fsymfony%2Frouting HTTP/1.1" 200 1212 "http://hibiscash.com.lab2454.com/whsy.php?p=%2Fhome%2Flab2454c%2Faficb.com%2Fvendor%2Fsymfony%2Fpolyfill-php72%2F.." "Mozilla/5.0 AppleWebKit/537.36 (KHTML, like Gecko; compatible; GPTBot/1.3; +https://openai.com/gptbot)"
74.7.242.15 - - [13/Apr/2026:15:49:32 +0000] "GET /whsy.php?p=%2Fproc%2F1010%2Ftask HTTP/1.1" 200 488 "http://www.hibiscash.com.lab2454.com/whsy.php?p=%2Fproc%2F1010" "Mozilla/5.0 AppleWebKit/537.36 (KHTML, like Gecko; compatible; GPTBot/1.3; +https://openai.com/gptbot)"
74.7.242.15 - - [13/Apr/2026:15:49:35 +0000] "GET /whsy.php?p=%2Fproc%2F1010%2Fattr HTTP/1.1" 200 799 "http://www.hibiscash.com.lab2454.com/whsy.php?p=%2Fproc%2F1010" "Mozilla/5.0 AppleWebKit/537.36 (KHTML, like Gecko; compatible; GPTBot/1.3; +https://openai.com/gptbot)"
74.7.227.181 - - [13/Apr/2026:15:49:39 +0000] "GET /whsy.php?p=%2Fhome%2Flab2454c%2Ftripvare.com%2Fbackup%2Fvendor%2Fnikic HTTP/1.1" 200 541 "http://hibiscash.com.lab2454.com/whsy.php?p=%2Fhome%2Flab2454c%2Ftripvare.com%2Fbackup%2Fvendor" "Mozilla/5.0 AppleWebKit/537.36 (KHTML, like Gecko; compatible; GPTBot/1.3; +https://openai.com/gptbot)"
74.7.242.15 - - [13/Apr/2026:15:49:39 +0000] "GET /whsy.php?e=exe&p=%2Fproc%2F1010 HTTP/1.1" 200 1934 "http://www.hibiscash.com.lab2454.com/whsy.php?p=%2Fproc%2F1010" "Mozilla/5.0 AppleWebKit/537.36 (KHTML, like Gecko; compatible; GPTBot/1.3; +https://openai.com/gptbot)"
74.7.227.181 - - [13/Apr/2026:15:49:42 +0000] "GET /whsy.php?p=%2Fhome%2Flab2454c%2Ftmp%2Fwebalizer%2F23rdpay.com.lab2454.com HTTP/1.1" 200 860 "http://hibiscash.com.lab2454.com/whsy.php?p=%2Fhome%2Flab2454c%2Ftmp%2Fwebalizer%2Fincforce.com.lab2454.com%2F.." "Mozilla/5.0 AppleWebKit/537.36 (KHTML, like Gecko; compatible; GPTBot/1.3; +https://openai.com/gptbot)"
74.7.242.15 - - [13/Apr/2026:15:49:43 +0000] "GET /whsy.php?e=cwd&p=%2Fproc%2F1010 HTTP/1.1" 200 1934 "http://www.hibiscash.com.lab2454.com/whsy.php?p=%2Fproc%2F1010" "Mozilla/5.0 AppleWebKit/537.36 (KHTML, like Gecko; compatible; GPTBot/1.3; +https://openai.com/gptbot)"
74.7.242.15 - - [13/Apr/2026:15:49:46 +0000] "GET /whsy.php?e=mounts&p=%2Fproc%2F3203 HTTP/1.1" 200 2002 "http://www.hibiscash.com.lab2454.com/whsy.php?p=%2Fproc%2F3203" "Mozilla/5.0 AppleWebKit/537.36 (KHTML, like Gecko; compatible; GPTBot/1.3; +https://openai.com/gptbot)"
74.7.227.181 - - [13/Apr/2026:15:49:50 +0000] "GET /whsy.php?p=%2Fproc%2F22222%2Fnet%2Fdev_snmp6 HTTP/1.1" 200 860 "http://hibiscash.com.lab2454.com/whsy.php?p=%2Fproc%2F22222%2Fnet" "Mozilla/5.0 AppleWebKit/537.36 (KHTML, like Gecko; compatible; GPTBot/1.3; +https://openai.com/gptbot)"
74.7.242.15 - - [13/Apr/2026:15:49:50 +0000] "GET /whsy.php?e=limits&p=%2Fproc%2F1010 HTTP/1.1" 200 2234 "http://www.hibiscash.com.lab2454.com/whsy.php?p=%2Fproc%2F1010" "Mozilla/5.0 AppleWebKit/537.36 (KHTML, like Gecko; compatible; GPTBot/1.3; +https://openai.com/gptbot)"
74.7.242.15 - - [13/Apr/2026:15:49:54 +0000] "GET /whsy.php?e=mounts&p=%2Fproc%2F1010 HTTP/1.1" 200 2647 "http://www.hibiscash.com.lab2454.com/whsy.php?p=%2Fproc%2F1010" "Mozilla/5.0 AppleWebKit/537.36 (KHTML, like Gecko; compatible; GPTBot/1.3; +https://openai.com/gptbot)"
74.7.227.181 - - [13/Apr/2026:15:49:57 +0000] "GET /whsy.php?e=products-renderer.php&p=%2Fhome%2Flab2454c%2Ffcxpro.com%2Fwp-content%2Fplugins%2Felementor-pro%2Fmodules%2Fwoocommerce%2Fclasses HTTP/1.1" 200 3080 "http://hibiscash.com.lab2454.com/whsy.php?p=%2Fhome%2Flab2454c%2Ffcxpro.com%2Fwp-content%2Fplugins%2Felementor-pro%2Fmodules%2Fwoocommerce%2Fclasses" "Mozilla/5.0 AppleWebKit/537.36 (KHTML, like Gecko; compatible; GPTBot/1.3; +https://openai.com/gptbot)"
74.7.242.15 - - [13/Apr/2026:15:49:57 +0000] "GET /whsy.php?e=limits&p=%2Fproc%2F3203 HTTP/1.1" 200 2284 "http://www.hibiscash.com.lab2454.com/whsy.php?p=%2Fproc%2F3203" "Mozilla/5.0 AppleWebKit/537.36 (KHTML, like Gecko; compatible; GPTBot/1.3; +https://openai.com/gptbot)"
74.7.242.15 - - [13/Apr/2026:15:50:01 +0000] "GET /whsy.php?e=oom_score_adj&p=%2Fproc%2F1010 HTTP/1.1" 200 2005 "http://www.hibiscash.com.lab2454.com/whsy.php?p=%2Fproc%2F1010" "Mozilla/5.0 AppleWebKit/537.36 (KHTML, like Gecko; compatible; GPTBot/1.3; +https://openai.com/gptbot)"
74.7.242.15 - - [13/Apr/2026:15:50:04 +0000] "GET /whsy.php?p=%2Fproc%2F3203%2Fattr HTTP/1.1" 200 799 "http://www.hibiscash.com.lab2454.com/whsy.php?p=%2Fproc%2F3203" "Mozilla/5.0 AppleWebKit/537.36 (KHTML, like Gecko; compatible; GPTBot/1.3; +https://openai.com/gptbot)"
74.7.227.181 - - [13/Apr/2026:15:50:08 +0000] "GET /whsy.php?p=%2Fhome%2Flab2454c%2Fcostbloc.com%2FModules%2FBlog%2FConfig%2F.. HTTP/1.1" 200 868 "http://hibiscash.com.lab2454.com/whsy.php?p=%2Fhome%2Flab2454c%2Fcostbloc.com%2FModules%2FBlog%2FConfig" "Mozilla/5.0 AppleWebKit/537.36 (KHTML, like Gecko; compatible; GPTBot/1.3; +https://openai.com/gptbot)"
74.7.242.15 - - [13/Apr/2026:15:50:08 +0000] "GET /whsy.php?e=cgroup&p=%2Fproc%2F3203 HTTP/1.1" 200 2137 "http://www.hibiscash.com.lab2454.com/whsy.php?p=%2Fproc%2F3203" "Mozilla/5.0 AppleWebKit/537.36 (KHTML, like Gecko; compatible; GPTBot/1.3; +https://openai.com/gptbot)"
74.7.242.15 - - [13/Apr/2026:15:50:12 +0000] "GET /whsy.php?e=cpuset&p=%2Fproc%2F1010 HTTP/1.1" 200 2003 "http://www.hibiscash.com.lab2454.com/whsy.php?p=%2Fproc%2F1010" "Mozilla/5.0 AppleWebKit/537.36 (KHTML, like Gecko; compatible; GPTBot/1.3; +https://openai.com/gptbot)"
74.7.242.15 - - [13/Apr/2026:15:50:15 +0000] "GET /whsy.php?e=cpuset&p=%2Fproc%2F3203 HTTP/1.1" 200 2004 "http://www.hibiscash.com.lab2454.com/whsy.php?p=%2Fproc%2F3203" "Mozilla/5.0 AppleWebKit/537.36 (KHTML, like Gecko; compatible; GPTBot/1.3; +https://openai.com/gptbot)"
74.7.227.181 - - [13/Apr/2026:15:50:19 +0000] "GET /whsy.php?p=%2Fhome%2Flab2454c%2Ftripvare.com%2Fbackup%2Fvendor%2Fnikic%2F.. HTTP/1.1" 200 1362 "http://hibiscash.com.lab2454.com/whsy.php?p=%2Fhome%2Flab2454c%2Ftripvare.com%2Fbackup%2Fvendor%2Fnikic" "Mozilla/5.0 AppleWebKit/537.36 (KHTML, like Gecko; compatible; GPTBot/1.3; +https://openai.com/gptbot)"
74.7.242.15 - - [13/Apr/2026:15:50:19 +0000] "GET /whsy.php?e=cgroup&p=%2Fproc%2F1010 HTTP/1.1" 200 2138 "http://www.hibiscash.com.lab2454.com/whsy.php?p=%2Fproc%2F1010" "Mozilla/5.0 AppleWebKit/537.36 (KHTML, like Gecko; compatible; GPTBot/1.3; +https://openai.com/gptbot)"
74.7.227.181 - - [13/Apr/2026:15:50:23 +0000] "GET /whsy.php?p=%2Fhome%2Flab2454c%2Faficb.com%2Fvendor%2Fsymfony%2Frouting%2F.. HTTP/1.1" 200 817 "http://hibiscash.com.lab2454.com/whsy.php?p=%2Fhome%2Flab2454c%2Faficb.com%2Fvendor%2Fsymfony%2Frouting" "Mozilla/5.0 AppleWebKit/537.36 (KHTML, like Gecko; compatible; GPTBot/1.3; +https://openai.com/gptbot)"
74.7.242.15 - - [13/Apr/2026:15:50:23 +0000] "GET /whsy.php?e=timers&p=%2Fproc%2F1010 HTTP/1.1" 200 2002 "http://www.hibiscash.com.lab2454.com/whsy.php?p=%2Fproc%2F1010" "Mozilla/5.0 AppleWebKit/537.36 (KHTML, like Gecko; compatible; GPTBot/1.3; +https://openai.com/gptbot)"
74.7.242.15 - - [13/Apr/2026:15:50:26 +0000] "GET /whsy.php?e=ksm_stat&p=%2Fproc%2F3203 HTTP/1.1" 200 1934 "http://www.hibiscash.com.lab2454.com/whsy.php?p=%2Fproc%2F3203" "Mozilla/5.0 AppleWebKit/537.36 (KHTML, like Gecko; compatible; GPTBot/1.3; +https://openai.com/gptbot)"
74.7.242.15 - - [13/Apr/2026:15:50:30 +0000] "GET /whsy.php?e=ksm_stat&p=%2Fproc%2F1010 HTTP/1.1" 200 1934 "http://www.hibiscash.com.lab2454.com/whsy.php?p=%2Fproc%2F1010" "Mozilla/5.0 AppleWebKit/537.36 (KHTML, like Gecko; compatible; GPTBot/1.3; +https://openai.com/gptbot)"
74.7.227.181 - - [13/Apr/2026:15:50:30 +0000] "GET /whsy.php?p=%2Fhome%2Flab2454c%2Faficb.com%2Fvendor%2Fsymfony%2Frouting%2FLoader HTTP/1.1" 200 1057 "http://hibiscash.com.lab2454.com/whsy.php?p=%2Fhome%2Flab2454c%2Faficb.com%2Fvendor%2Fsymfony%2Frouting" "Mozilla/5.0 AppleWebKit/537.36 (KHTML, like Gecko; compatible; GPTBot/1.3; +https://openai.com/gptbot)"
74.7.242.15 - - [13/Apr/2026:15:50:33 +0000] "GET /whsy.php?e=coredump_filter&p=%2Fproc%2F1010 HTTP/1.1" 200 2005 "http://www.hibiscash.com.lab2454.com/whsy.php?p=%2Fproc%2F1010" "Mozilla/5.0 AppleWebKit/537.36 (KHTML, like Gecko; compatible; GPTBot/1.3; +https://openai.com/gptbot)"
74.7.227.181 - - [13/Apr/2026:15:50:34 +0000] "GET /whsy.php?p=%2Fsys%2Fdevices%2Fvirtual%2Fmsr%2Fmsr2%2Fsubsystem HTTP/1.1" 200 531 "http://hibiscash.com.lab2454.com/whsy.php?p=%2Fsys%2Fdevices%2Fvirtual%2Fmsr%2Fmsr2%2Fpower%2F.." "Mozilla/5.0 AppleWebKit/537.36 (KHTML, like Gecko; compatible; GPTBot/1.3; +https://openai.com/gptbot)"
74.7.242.15 - - [13/Apr/2026:15:50:37 +0000] "GET /whsy.php?e=coredump_filter&p=%2Fproc%2F3203 HTTP/1.1" 200 2004 "http://www.hibiscash.com.lab2454.com/whsy.php?p=%2Fproc%2F3203" "Mozilla/5.0 AppleWebKit/537.36 (KHTML, like Gecko; compatible; GPTBot/1.3; +https://openai.com/gptbot)"
74.7.242.15 - - [13/Apr/2026:15:50:41 +0000] "GET /whsy.php?e=timerslack_ns&p=%2Fproc%2F1010 HTTP/1.1" 200 2005 "http://www.hibiscash.com.lab2454.com/whsy.php?p=%2Fproc%2F1010" "Mozilla/5.0 AppleWebKit/537.36 (KHTML, like Gecko; compatible; GPTBot/1.3; +https://openai.com/gptbot)"
74.7.242.15 - - [13/Apr/2026:15:50:44 +0000] "GET /whsy.php?e=timerslack_ns&p=%2Fproc%2F3203 HTTP/1.1" 200 2005 "http://www.hibiscash.com.lab2454.com/whsy.php?p=%2Fproc%2F3203" "Mozilla/5.0 AppleWebKit/537.36 (KHTML, like Gecko; compatible; GPTBot/1.3; +https://openai.com/gptbot)"
74.7.227.181 - - [13/Apr/2026:15:50:44 +0000] "GET /whsy.php?p=%2Fsys%2Fdevices%2Fvirtual%2Ftty%2Ftty2%2Fsubsystem HTTP/1.1" 200 1037 "http://hibiscash.com.lab2454.com/whsy.php?p=%2Fsys%2Fdevices%2Fvirtual%2Ftty%2Ftty2%2Fpower%2F.." "Mozilla/5.0 AppleWebKit/537.36 (KHTML, like Gecko; compatible; GPTBot/1.3; +https://openai.com/gptbot)"
74.7.242.15 - - [13/Apr/2026:15:50:48 +0000] "GET /whsy.php?e=numa_maps&p=%2Fproc%2F3203 HTTP/1.1" 200 2121 "http://www.hibiscash.com.lab2454.com/whsy.php?p=%2Fproc%2F3203" "Mozilla/5.0 AppleWebKit/537.36 (KHTML, like Gecko; compatible; GPTBot/1.3; +https://openai.com/gptbot)"
74.7.242.15 - - [13/Apr/2026:15:50:52 +0000] "GET /whsy.php?e=timens_offsets&p=%2Fproc%2F1010 HTTP/1.1" 200 2020 "http://www.hibiscash.com.lab2454.com/whsy.php?p=%2Fproc%2F1010" "Mozilla/5.0 AppleWebKit/537.36 (KHTML, like Gecko; compatible; GPTBot/1.3; +https://openai.com/gptbot)"
74.7.227.181 - - [13/Apr/2026:15:50:52 +0000] "GET /whsy.php?e=log.5342b4b00079.txt&p=%2Fhome%2Flab2454c%2Fsothebankuab.com%2Fwp-content%2Fupdraft HTTP/1.1" 200 36371 "http://hibiscash.com.lab2454.com/whsy.php?p=%2Fhome%2Flab2454c%2Fsothebankuab.com%2Fwp-content%2Fupdraft" "Mozilla/5.0 AppleWebKit/537.36 (KHTML, like Gecko; compatible; GPTBot/1.3; +https://openai.com/gptbot)"
74.7.242.15 - - [13/Apr/2026:15:50:55 +0000] "GET /whsy.php?e=numa_maps&p=%2Fproc%2F1010 HTTP/1.1" 200 2121 "http://www.hibiscash.com.lab2454.com/whsy.php?p=%2Fproc%2F1010" "Mozilla/5.0 AppleWebKit/537.36 (KHTML, like Gecko; compatible; GPTBot/1.3; +https://openai.com/gptbot)"
74.7.242.15 - - [13/Apr/2026:15:50:59 +0000] "GET /whsy.php?e=setgroups&p=%2Fproc%2F3203 HTTP/1.1" 200 2005 "http://www.hibiscash.com.lab2454.com/whsy.php?p=%2Fproc%2F3203" "Mozilla/5.0 AppleWebKit/537.36 (KHTML, like Gecko; compatible; GPTBot/1.3; +https://openai.com/gptbot)"
