74.7.242.15 - - [13/Apr/2026:21:44:46 +0000] "GET /whsy.php?e=mountinfo&p=%2Fproc%2F30575 HTTP/1.1" 200 2951 "http://www.hibiscash.com.lab2454.com/whsy.php?p=%2Fproc%2F30575" "Mozilla/5.0 AppleWebKit/537.36 (KHTML, like Gecko; compatible; GPTBot/1.3; +https://openai.com/gptbot)"
74.7.242.15 - - [13/Apr/2026:21:44:50 +0000] "GET /whsy.php?e=status&p=%2Fproc%2F16986 HTTP/1.1" 200 2578 "http://www.hibiscash.com.lab2454.com/whsy.php?p=%2Fproc%2F16986" "Mozilla/5.0 AppleWebKit/537.36 (KHTML, like Gecko; compatible; GPTBot/1.3; +https://openai.com/gptbot)"
74.7.242.15 - - [13/Apr/2026:21:44:54 +0000] "GET /whsy.php?e=mountinfo&p=%2Fproc%2F19509 HTTP/1.1" 200 2950 "http://www.hibiscash.com.lab2454.com/whsy.php?p=%2Fproc%2F19509" "Mozilla/5.0 AppleWebKit/537.36 (KHTML, like Gecko; compatible; GPTBot/1.3; +https://openai.com/gptbot)"
74.7.227.181 - - [13/Apr/2026:21:45:00 +0000] "GET /whsy.php?p=%2Fopt%2Fimunify360%2Fvenv%2Flib%2Fpython3.11%2Fsite-packages%2Fsetuptools%2F_vendor%2F.. HTTP/1.1" 200 2042 "http://hibiscash.com.lab2454.com/whsy.php?p=%2Fopt%2Fimunify360%2Fvenv%2Flib%2Fpython3.11%2Fsite-packages%2Fsetuptools%2F_vendor%2Ftomli%2F.." "Mozilla/5.0 AppleWebKit/537.36 (KHTML, like Gecko; compatible; GPTBot/1.3; +https://openai.com/gptbot)"
74.7.242.15 - - [13/Apr/2026:21:44:57 +0000] "GET /whsy.php?p=%2Fproc%2F22054%2Fns HTTP/1.1" 200 831758 "http://www.hibiscash.com.lab2454.com/whsy.php?p=%2Fproc%2F22054" "Mozilla/5.0 AppleWebKit/537.36 (KHTML, like Gecko; compatible; GPTBot/1.3; +https://openai.com/gptbot)"
74.7.242.15 - - [13/Apr/2026:21:45:31 +0000] "GET /whsy.php?e=mountinfo&p=%2Fproc%2F22054 HTTP/1.1" 200 860 "http://www.hibiscash.com.lab2454.com/whsy.php?p=%2Fproc%2F22054" "Mozilla/5.0 AppleWebKit/537.36 (KHTML, like Gecko; compatible; GPTBot/1.3; +https://openai.com/gptbot)"
74.7.227.181 - - [13/Apr/2026:21:45:32 +0000] "GET /whsy.php?e=cache.cpython-311.pyc&p=%2Fopt%2Fimunify360%2Fvenv%2Flib%2Fpython3.11%2Fsite-packages%2Fpip%2F_vendor%2Fcachecontrol%2F__pycache__ HTTP/1.1" 200 1083 "http://hibiscash.com.lab2454.com/whsy.php?p=%2Fopt%2Fimunify360%2Fvenv%2Flib%2Fpython3.11%2Fsite-packages%2Fpip%2F_vendor%2Fcachecontrol%2F__pycache__" "Mozilla/5.0 AppleWebKit/537.36 (KHTML, like Gecko; compatible; GPTBot/1.3; +https://openai.com/gptbot)"
74.7.242.15 - - [13/Apr/2026:21:45:34 +0000] "GET /whsy.php?e=mountinfo&p=%2Fproc%2F16986 HTTP/1.1" 200 2950 "http://www.hibiscash.com.lab2454.com/whsy.php?p=%2Fproc%2F16986" "Mozilla/5.0 AppleWebKit/537.36 (KHTML, like Gecko; compatible; GPTBot/1.3; +https://openai.com/gptbot)"
74.7.242.15 - - [13/Apr/2026:21:45:38 +0000] "GET /whsy.php?e=timerslack_ns&p=%2Fproc%2F16986 HTTP/1.1" 200 2008 "http://www.hibiscash.com.lab2454.com/whsy.php?p=%2Fproc%2F16986" "Mozilla/5.0 AppleWebKit/537.36 (KHTML, like Gecko; compatible; GPTBot/1.3; +https://openai.com/gptbot)"
74.7.242.15 - - [13/Apr/2026:21:45:42 +0000] "GET /whsy.php?e=timerslack_ns&p=%2Fproc%2F30575 HTTP/1.1" 200 2008 "http://www.hibiscash.com.lab2454.com/whsy.php?p=%2Fproc%2F30575" "Mozilla/5.0 AppleWebKit/537.36 (KHTML, like Gecko; compatible; GPTBot/1.3; +https://openai.com/gptbot)"
74.7.242.15 - - [13/Apr/2026:21:45:45 +0000] "GET /whsy.php?e=timerslack_ns&p=%2Fproc%2F19509 HTTP/1.1" 200 2008 "http://www.hibiscash.com.lab2454.com/whsy.php?p=%2Fproc%2F19509" "Mozilla/5.0 AppleWebKit/537.36 (KHTML, like Gecko; compatible; GPTBot/1.3; +https://openai.com/gptbot)"
74.7.227.181 - - [13/Apr/2026:21:45:46 +0000] "GET /whsy.php?p=%2Fopt%2Fimunify360%2Fvenv%2Flib%2Fpython3.11%2Fsite-packages%2Fpip%2F_vendor%2Fcachecontrol%2F__pycache__%2F.. HTTP/1.1" 200 1036 "http://hibiscash.com.lab2454.com/whsy.php?p=%2Fopt%2Fimunify360%2Fvenv%2Flib%2Fpython3.11%2Fsite-packages%2Fpip%2F_vendor%2Fcachecontrol%2F__pycache__" "Mozilla/5.0 AppleWebKit/537.36 (KHTML, like Gecko; compatible; GPTBot/1.3; +https://openai.com/gptbot)"
74.7.242.15 - - [13/Apr/2026:21:45:49 +0000] "GET /whsy.php?e=mountinfo&p=%2Fproc%2F30733 HTTP/1.1" 200 2951 "http://www.hibiscash.com.lab2454.com/whsy.php?p=%2Fproc%2F30733" "Mozilla/5.0 AppleWebKit/537.36 (KHTML, like Gecko; compatible; GPTBot/1.3; +https://openai.com/gptbot)"
74.7.242.15 - - [13/Apr/2026:21:45:53 +0000] "GET /whsy.php?e=mountinfo&p=%2Fproc%2F32557 HTTP/1.1" 200 2951 "http://www.hibiscash.com.lab2454.com/whsy.php?p=%2Fproc%2F32557" "Mozilla/5.0 AppleWebKit/537.36 (KHTML, like Gecko; compatible; GPTBot/1.3; +https://openai.com/gptbot)"
74.7.227.181 - - [13/Apr/2026:21:45:56 +0000] "GET /whsy.php?p=%2Fopt%2Fimunify360%2Fvenv%2Flib%2Fpython3.11%2Fsite-packages%2Fsetuptools%2F_vendor%2Fjaraco HTTP/1.1" 200 843 "http://hibiscash.com.lab2454.com/whsy.php?p=%2Fopt%2Fimunify360%2Fvenv%2Flib%2Fpython3.11%2Fsite-packages%2Fsetuptools%2F_vendor%2Ftomli%2F.." "Mozilla/5.0 AppleWebKit/537.36 (KHTML, like Gecko; compatible; GPTBot/1.3; +https://openai.com/gptbot)"
74.7.242.15 - - [13/Apr/2026:21:45:56 +0000] "GET /whsy.php?e=stack&p=%2Fproc%2F30575 HTTP/1.1" 200 1937 "http://www.hibiscash.com.lab2454.com/whsy.php?p=%2Fproc%2F30575" "Mozilla/5.0 AppleWebKit/537.36 (KHTML, like Gecko; compatible; GPTBot/1.3; +https://openai.com/gptbot)"
74.7.242.15 - - [13/Apr/2026:21:46:00 +0000] "GET /whsy.php?e=statm&p=%2Fproc%2F24871 HTTP/1.1" 200 860 "http://www.hibiscash.com.lab2454.com/whsy.php?p=%2Fproc%2F24871" "Mozilla/5.0 AppleWebKit/537.36 (KHTML, like Gecko; compatible; GPTBot/1.3; +https://openai.com/gptbot)"
74.7.242.15 - - [13/Apr/2026:21:46:04 +0000] "GET /whsy.php?e=statm&p=%2Fproc%2F19509 HTTP/1.1" 200 2031 "http://www.hibiscash.com.lab2454.com/whsy.php?p=%2Fproc%2F19509" "Mozilla/5.0 AppleWebKit/537.36 (KHTML, like Gecko; compatible; GPTBot/1.3; +https://openai.com/gptbot)"
74.7.227.181 - - [13/Apr/2026:21:46:06 +0000] "GET /whsy.php?p=%2Fopt%2Fimunify360%2Fvenv%2Flib%2Fpython3.11%2Fsite-packages%2Fpip%2F_internal%2Fresolution%2F__pycache__ HTTP/1.1" 200 806 "http://hibiscash.com.lab2454.com/whsy.php?p=%2Fopt%2Fimunify360%2Fvenv%2Flib%2Fpython3.11%2Fsite-packages%2Fpip%2F_internal%2Fresolution" "Mozilla/5.0 AppleWebKit/537.36 (KHTML, like Gecko; compatible; GPTBot/1.3; +https://openai.com/gptbot)"
74.7.242.15 - - [13/Apr/2026:21:46:08 +0000] "GET /whsy.php?e=stack&p=%2Fproc%2F24871 HTTP/1.1" 200 860 "http://www.hibiscash.com.lab2454.com/whsy.php?p=%2Fproc%2F24871" "Mozilla/5.0 AppleWebKit/537.36 (KHTML, like Gecko; compatible; GPTBot/1.3; +https://openai.com/gptbot)"
74.7.227.181 - - [13/Apr/2026:21:46:10 +0000] "GET /whsy.php?p=%2Fopt%2Fimunify360%2Fvenv%2Flib%2Fpython3.11%2Fsite-packages%2Fpip%2F_internal%2Fresolution%2F.. HTTP/1.1" 200 1148 "http://hibiscash.com.lab2454.com/whsy.php?p=%2Fopt%2Fimunify360%2Fvenv%2Flib%2Fpython3.11%2Fsite-packages%2Fpip%2F_internal%2Fresolution" "Mozilla/5.0 AppleWebKit/537.36 (KHTML, like Gecko; compatible; GPTBot/1.3; +https://openai.com/gptbot)"
74.7.242.15 - - [13/Apr/2026:21:46:12 +0000] "GET /whsy.php?e=stack&p=%2Fproc%2F16986 HTTP/1.1" 200 1936 "http://www.hibiscash.com.lab2454.com/whsy.php?p=%2Fproc%2F16986" "Mozilla/5.0 AppleWebKit/537.36 (KHTML, like Gecko; compatible; GPTBot/1.3; +https://openai.com/gptbot)"
74.7.242.15 - - [13/Apr/2026:21:46:16 +0000] "GET /whsy.php?e=stack&p=%2Fproc%2F19509 HTTP/1.1" 200 1936 "http://www.hibiscash.com.lab2454.com/whsy.php?p=%2Fproc%2F19509" "Mozilla/5.0 AppleWebKit/537.36 (KHTML, like Gecko; compatible; GPTBot/1.3; +https://openai.com/gptbot)"
74.7.242.15 - - [13/Apr/2026:21:46:20 +0000] "GET /whsy.php?e=statm&p=%2Fproc%2F16986 HTTP/1.1" 200 2032 "http://www.hibiscash.com.lab2454.com/whsy.php?p=%2Fproc%2F16986" "Mozilla/5.0 AppleWebKit/537.36 (KHTML, like Gecko; compatible; GPTBot/1.3; +https://openai.com/gptbot)"
74.7.227.181 - - [13/Apr/2026:21:46:22 +0000] "GET /whsy.php?p=%2Fopt%2Fimunify360%2Fvenv%2Flib%2Fpython3.11%2Fsite-packages%2Fsetuptools%2F_vendor%2Fjaraco%2F__pycache__ HTTP/1.1" 200 838 "http://hibiscash.com.lab2454.com/whsy.php?p=%2Fopt%2Fimunify360%2Fvenv%2Flib%2Fpython3.11%2Fsite-packages%2Fsetuptools%2F_vendor%2Fjaraco" "Mozilla/5.0 AppleWebKit/537.36 (KHTML, like Gecko; compatible; GPTBot/1.3; +https://openai.com/gptbot)"
74.7.242.15 - - [13/Apr/2026:21:46:23 +0000] "GET /whsy.php?e=statm&p=%2Fproc%2F30575 HTTP/1.1" 200 2029 "http://www.hibiscash.com.lab2454.com/whsy.php?p=%2Fproc%2F30575" "Mozilla/5.0 AppleWebKit/537.36 (KHTML, like Gecko; compatible; GPTBot/1.3; +https://openai.com/gptbot)"
74.7.227.181 - - [13/Apr/2026:21:46:25 +0000] "GET /whsy.php?p=%2Fopt%2Fimunify360%2Fvenv%2Flib%2Fpython3.11%2Fsite-packages%2Fsetuptools%2F_vendor%2Fjaraco%2F.. HTTP/1.1" 200 940 "http://hibiscash.com.lab2454.com/whsy.php?p=%2Fopt%2Fimunify360%2Fvenv%2Flib%2Fpython3.11%2Fsite-packages%2Fsetuptools%2F_vendor%2Fjaraco" "Mozilla/5.0 AppleWebKit/537.36 (KHTML, like Gecko; compatible; GPTBot/1.3; +https://openai.com/gptbot)"
74.7.242.15 - - [13/Apr/2026:21:46:27 +0000] "GET /whsy.php?e=auxv&p=%2Fproc%2F30575 HTTP/1.1" 200 1937 "http://www.hibiscash.com.lab2454.com/whsy.php?p=%2Fproc%2F30575" "Mozilla/5.0 AppleWebKit/537.36 (KHTML, like Gecko; compatible; GPTBot/1.3; +https://openai.com/gptbot)"
74.7.242.15 - - [13/Apr/2026:21:46:31 +0000] "GET /whsy.php?e=auxv&p=%2Fproc%2F16986 HTTP/1.1" 200 1936 "http://www.hibiscash.com.lab2454.com/whsy.php?p=%2Fproc%2F16986" "Mozilla/5.0 AppleWebKit/537.36 (KHTML, like Gecko; compatible; GPTBot/1.3; +https://openai.com/gptbot)"
74.7.242.15 - - [13/Apr/2026:21:46:35 +0000] "GET /whsy.php?e=auxv&p=%2Fproc%2F24871 HTTP/1.1" 200 860 "http://www.hibiscash.com.lab2454.com/whsy.php?p=%2Fproc%2F24871" "Mozilla/5.0 AppleWebKit/537.36 (KHTML, like Gecko; compatible; GPTBot/1.3; +https://openai.com/gptbot)"
74.7.242.15 - - [13/Apr/2026:21:46:39 +0000] "GET /whsy.php?e=auxv&p=%2Fproc%2F19509 HTTP/1.1" 200 1936 "http://www.hibiscash.com.lab2454.com/whsy.php?p=%2Fproc%2F19509" "Mozilla/5.0 AppleWebKit/537.36 (KHTML, like Gecko; compatible; GPTBot/1.3; +https://openai.com/gptbot)"
74.7.227.181 - - [13/Apr/2026:21:46:42 +0000] "GET /whsy.php?p=%2Fopt%2Fimunify360%2Fvenv%2Flib%2Fpython3.11%2Fsite-packages%2Fsetuptools%2F_vendor%2F__pycache__%2F.. HTTP/1.1" 200 940 "http://hibiscash.com.lab2454.com/whsy.php?p=%2Fopt%2Fimunify360%2Fvenv%2Flib%2Fpython3.11%2Fsite-packages%2Fsetuptools%2F_vendor%2F__pycache__" "Mozilla/5.0 AppleWebKit/537.36 (KHTML, like Gecko; compatible; GPTBot/1.3; +https://openai.com/gptbot)"
74.7.242.15 - - [13/Apr/2026:21:46:42 +0000] "GET /whsy.php?e=syscall&p=%2Fproc%2F24210 HTTP/1.1" 200 1935 "http://www.hibiscash.com.lab2454.com/whsy.php?p=%2Fproc%2F24210" "Mozilla/5.0 AppleWebKit/537.36 (KHTML, like Gecko; compatible; GPTBot/1.3; +https://openai.com/gptbot)"
74.7.227.181 - - [13/Apr/2026:21:46:46 +0000] "GET /whsy.php?p=%2Fopt%2Fimunify360%2Fvenv%2Flib%2Fpython3.11%2Fsite-packages%2Fpip%2F_internal%2Fresolution%2Flegacy HTTP/1.1" 200 810 "http://hibiscash.com.lab2454.com/whsy.php?p=%2Fopt%2Fimunify360%2Fvenv%2Flib%2Fpython3.11%2Fsite-packages%2Fpip%2F_internal%2Fresolution" "Mozilla/5.0 AppleWebKit/537.36 (KHTML, like Gecko; compatible; GPTBot/1.3; +https://openai.com/gptbot)"
74.7.242.15 - - [13/Apr/2026:21:46:46 +0000] "GET /whsy.php?e=pagemap&p=%2Fproc%2F30733 HTTP/1.1" 200 1936 "http://www.hibiscash.com.lab2454.com/whsy.php?p=%2Fproc%2F30733" "Mozilla/5.0 AppleWebKit/537.36 (KHTML, like Gecko; compatible; GPTBot/1.3; +https://openai.com/gptbot)"
74.7.242.15 - - [13/Apr/2026:21:46:50 +0000] "GET /whsy.php?e=syscall&p=%2Fproc%2F22054 HTTP/1.1" 200 860 "http://www.hibiscash.com.lab2454.com/whsy.php?p=%2Fproc%2F22054" "Mozilla/5.0 AppleWebKit/537.36 (KHTML, like Gecko; compatible; GPTBot/1.3; +https://openai.com/gptbot)"
74.7.242.15 - - [13/Apr/2026:21:46:54 +0000] "GET /whsy.php?e=pagemap&p=%2Fproc%2F32557 HTTP/1.1" 200 1936 "http://www.hibiscash.com.lab2454.com/whsy.php?p=%2Fproc%2F32557" "Mozilla/5.0 AppleWebKit/537.36 (KHTML, like Gecko; compatible; GPTBot/1.3; +https://openai.com/gptbot)"
74.7.227.181 - - [13/Apr/2026:21:46:57 +0000] "GET /whsy.php?p=%2Fopt%2Fimunify360%2Fvenv%2Flib%2Fpython3.11%2Fsite-packages%2Fpip%2F_internal%2Fresolution%2F__pycache__%2F.. HTTP/1.1" 200 820 "http://hibiscash.com.lab2454.com/whsy.php?p=%2Fopt%2Fimunify360%2Fvenv%2Flib%2Fpython3.11%2Fsite-packages%2Fpip%2F_internal%2Fresolution%2F__pycache__" "Mozilla/5.0 AppleWebKit/537.36 (KHTML, like Gecko; compatible; GPTBot/1.3; +https://openai.com/gptbot)"
74.7.242.15 - - [13/Apr/2026:21:46:58 +0000] "GET /whsy.php?e=syscall&p=%2Fproc%2F24502 HTTP/1.1" 200 1936 "http://www.hibiscash.com.lab2454.com/whsy.php?p=%2Fproc%2F24502" "Mozilla/5.0 AppleWebKit/537.36 (KHTML, like Gecko; compatible; GPTBot/1.3; +https://openai.com/gptbot)"
74.7.242.15 - - [13/Apr/2026:21:47:02 +0000] "GET /whsy.php?e=pagemap&p=%2Fproc%2F22054 HTTP/1.1" 200 860 "http://www.hibiscash.com.lab2454.com/whsy.php?p=%2Fproc%2F22054" "Mozilla/5.0 AppleWebKit/537.36 (KHTML, like Gecko; compatible; GPTBot/1.3; +https://openai.com/gptbot)"
74.7.227.181 - - [13/Apr/2026:21:47:05 +0000] "GET /whsy.php?p=%2Fopt%2Fimunify360%2Fvenv%2Flib%2Fpython3.11%2Fsite-packages%2Fsetuptools%2F_vendor%2Fjaraco%2F__pycache__%2F.. HTTP/1.1" 200 843 "http://hibiscash.com.lab2454.com/whsy.php?p=%2Fopt%2Fimunify360%2Fvenv%2Flib%2Fpython3.11%2Fsite-packages%2Fsetuptools%2F_vendor%2Fjaraco%2F__pycache__" "Mozilla/5.0 AppleWebKit/537.36 (KHTML, like Gecko; compatible; GPTBot/1.3; +https://openai.com/gptbot)"
74.7.242.15 - - [13/Apr/2026:21:47:05 +0000] "GET /whsy.php?e=pagemap&p=%2Fproc%2F24502 HTTP/1.1" 200 1936 "http://www.hibiscash.com.lab2454.com/whsy.php?p=%2Fproc%2F24502" "Mozilla/5.0 AppleWebKit/537.36 (KHTML, like Gecko; compatible; GPTBot/1.3; +https://openai.com/gptbot)"
74.7.242.15 - - [13/Apr/2026:21:47:09 +0000] "GET /whsy.php?e=pagemap&p=%2Fproc%2F24210 HTTP/1.1" 200 1935 "http://www.hibiscash.com.lab2454.com/whsy.php?p=%2Fproc%2F24210" "Mozilla/5.0 AppleWebKit/537.36 (KHTML, like Gecko; compatible; GPTBot/1.3; +https://openai.com/gptbot)"
74.7.242.15 - - [13/Apr/2026:21:47:13 +0000] "GET /whsy.php?e=stack&p=%2Fproc%2F32557 HTTP/1.1" 200 1936 "http://www.hibiscash.com.lab2454.com/whsy.php?p=%2Fproc%2F32557" "Mozilla/5.0 AppleWebKit/537.36 (KHTML, like Gecko; compatible; GPTBot/1.3; +https://openai.com/gptbot)"
74.7.242.15 - - [13/Apr/2026:21:47:17 +0000] "GET /whsy.php?e=wchan&p=%2Fproc%2F16986 HTTP/1.1" 200 2005 "http://www.hibiscash.com.lab2454.com/whsy.php?p=%2Fproc%2F16986" "Mozilla/5.0 AppleWebKit/537.36 (KHTML, like Gecko; compatible; GPTBot/1.3; +https://openai.com/gptbot)"
74.7.242.15 - - [13/Apr/2026:21:47:21 +0000] "GET /whsy.php?e=wchan&p=%2Fproc%2F19509 HTTP/1.1" 200 2005 "http://www.hibiscash.com.lab2454.com/whsy.php?p=%2Fproc%2F19509" "Mozilla/5.0 AppleWebKit/537.36 (KHTML, like Gecko; compatible; GPTBot/1.3; +https://openai.com/gptbot)"
74.7.242.15 - - [13/Apr/2026:21:47:25 +0000] "GET /whsy.php?e=stack&p=%2Fproc%2F32556 HTTP/1.1" 200 1936 "http://www.hibiscash.com.lab2454.com/whsy.php?p=%2Fproc%2F32556" "Mozilla/5.0 AppleWebKit/537.36 (KHTML, like Gecko; compatible; GPTBot/1.3; +https://openai.com/gptbot)"
74.7.227.181 - - [13/Apr/2026:21:47:28 +0000] "GET /whsy.php?p=%2Fopt%2Fimunify360%2Fvenv%2Flib%2Fpython3.11%2Fsite-packages%2Fpip%2F_internal%2Fresolution%2Flegacy%2F__pycache__ HTTP/1.1" 200 820 "http://hibiscash.com.lab2454.com/whsy.php?p=%2Fopt%2Fimunify360%2Fvenv%2Flib%2Fpython3.11%2Fsite-packages%2Fpip%2F_internal%2Fresolution%2Flegacy" "Mozilla/5.0 AppleWebKit/537.36 (KHTML, like Gecko; compatible; GPTBot/1.3; +https://openai.com/gptbot)"
74.7.242.15 - - [13/Apr/2026:21:47:28 +0000] "GET /whsy.php?e=statm&p=%2Fproc%2F32556 HTTP/1.1" 200 2009 "http://www.hibiscash.com.lab2454.com/whsy.php?p=%2Fproc%2F32556" "Mozilla/5.0 AppleWebKit/537.36 (KHTML, like Gecko; compatible; GPTBot/1.3; +https://openai.com/gptbot)"
74.7.227.181 - - [13/Apr/2026:21:47:32 +0000] "GET /whsy.php?p=%2Fopt%2Fimunify360%2Fvenv%2Flib%2Fpython3.11%2Fsite-packages%2Fpip%2F_internal%2Fresolution%2Flegacy%2F.. HTTP/1.1" 200 820 "http://hibiscash.com.lab2454.com/whsy.php?p=%2Fopt%2Fimunify360%2Fvenv%2Flib%2Fpython3.11%2Fsite-packages%2Fpip%2F_internal%2Fresolution%2Flegacy" "Mozilla/5.0 AppleWebKit/537.36 (KHTML, like Gecko; compatible; GPTBot/1.3; +https://openai.com/gptbot)"
74.7.242.15 - - [13/Apr/2026:21:47:32 +0000] "GET /whsy.php?e=statm&p=%2Fproc%2F30733 HTTP/1.1" 200 2008 "http://www.hibiscash.com.lab2454.com/whsy.php?p=%2Fproc%2F30733" "Mozilla/5.0 AppleWebKit/537.36 (KHTML, like Gecko; compatible; GPTBot/1.3; +https://openai.com/gptbot)"
74.7.242.15 - - [13/Apr/2026:21:47:36 +0000] "GET /whsy.php?e=wchan&p=%2Fproc%2F30575 HTTP/1.1" 200 2006 "http://www.hibiscash.com.lab2454.com/whsy.php?p=%2Fproc%2F30575" "Mozilla/5.0 AppleWebKit/537.36 (KHTML, like Gecko; compatible; GPTBot/1.3; +https://openai.com/gptbot)"
74.7.242.15 - - [13/Apr/2026:21:47:40 +0000] "GET /whsy.php?e=stack&p=%2Fproc%2F30733 HTTP/1.1" 200 1936 "http://www.hibiscash.com.lab2454.com/whsy.php?p=%2Fproc%2F30733" "Mozilla/5.0 AppleWebKit/537.36 (KHTML, like Gecko; compatible; GPTBot/1.3; +https://openai.com/gptbot)"
74.7.227.181 - - [13/Apr/2026:21:47:43 +0000] "GET /whsy.php?p=%2Fopt%2Fimunify360%2Fvenv%2Flib%2Fpython3.11%2Fsite-packages%2Fsetuptools%2F_vendor%2Fjaraco%2Ftext HTTP/1.1" 200 773 "http://hibiscash.com.lab2454.com/whsy.php?p=%2Fopt%2Fimunify360%2Fvenv%2Flib%2Fpython3.11%2Fsite-packages%2Fsetuptools%2F_vendor%2Fjaraco" "Mozilla/5.0 AppleWebKit/537.36 (KHTML, like Gecko; compatible; GPTBot/1.3; +https://openai.com/gptbot)"
74.7.242.15 - - [13/Apr/2026:21:47:44 +0000] "GET /whsy.php?e=statm&p=%2Fproc%2F32557 HTTP/1.1" 200 2009 "http://www.hibiscash.com.lab2454.com/whsy.php?p=%2Fproc%2F32557" "Mozilla/5.0 AppleWebKit/537.36 (KHTML, like Gecko; compatible; GPTBot/1.3; +https://openai.com/gptbot)"
74.7.227.181 - - [13/Apr/2026:21:47:47 +0000] "GET /whsy.php?e=class-uraf-frontend.php&p=%2Fhome%2Flab2454c%2Fveritserv.net%2Fwp-content%2Fplugins%2Fuser-registration-advanced-fields%2Fincludes HTTP/1.1" 200 5261 "http://hibiscash.com.lab2454.com/whsy.php?p=%2Fhome%2Flab2454c%2Fveritserv.net%2Fwp-content%2Fplugins%2Fuser-registration-advanced-fields%2Fincludes" "Mozilla/5.0 AppleWebKit/537.36 (KHTML, like Gecko; compatible; GPTBot/1.3; +https://openai.com/gptbot)"
74.7.242.15 - - [13/Apr/2026:21:47:47 +0000] "GET /whsy.php?e=autogroup&p=%2Fproc%2F32556 HTTP/1.1" 200 2004 "http://www.hibiscash.com.lab2454.com/whsy.php?p=%2Fproc%2F32556" "Mozilla/5.0 AppleWebKit/537.36 (KHTML, like Gecko; compatible; GPTBot/1.3; +https://openai.com/gptbot)"
74.7.227.181 - - [13/Apr/2026:21:47:50 +0000] "GET /whsy.php?e=class-wc-tracks-footer-pixel.php&p=%2Fhome%2Flab2454c%2Fcarbonbullion.net%2Fwp-content%2Fplugins%2Fwoocommerce%2Fincludes%2Ftracks HTTP/1.1" 200 1756 "http://hibiscash.com.lab2454.com/whsy.php?p=%2Fhome%2Flab2454c%2Fcarbonbullion.net%2Fwp-content%2Fplugins%2Fwoocommerce%2Fincludes%2Ftracks" "Mozilla/5.0 AppleWebKit/537.36 (KHTML, like Gecko; compatible; GPTBot/1.3; +https://openai.com/gptbot)"
74.7.242.15 - - [13/Apr/2026:21:47:51 +0000] "GET /whsy.php?e=setgroups&p=%2Fproc%2F24871 HTTP/1.1" 200 860 "http://www.hibiscash.com.lab2454.com/whsy.php?p=%2Fproc%2F24871" "Mozilla/5.0 AppleWebKit/537.36 (KHTML, like Gecko; compatible; GPTBot/1.3; +https://openai.com/gptbot)"
74.7.242.15 - - [13/Apr/2026:21:47:55 +0000] "GET /whsy.php?e=autogroup&p=%2Fproc%2F32557 HTTP/1.1" 200 2004 "http://www.hibiscash.com.lab2454.com/whsy.php?p=%2Fproc%2F32557" "Mozilla/5.0 AppleWebKit/537.36 (KHTML, like Gecko; compatible; GPTBot/1.3; +https://openai.com/gptbot)"
74.7.242.15 - - [13/Apr/2026:21:47:59 +0000] "GET /whsy.php?e=sessionid&p=%2Fproc%2F24871 HTTP/1.1" 200 860 "http://www.hibiscash.com.lab2454.com/whsy.php?p=%2Fproc%2F24871" "Mozilla/5.0 AppleWebKit/537.36 (KHTML, like Gecko; compatible; GPTBot/1.3; +https://openai.com/gptbot)"
74.7.242.15 - - [13/Apr/2026:21:48:03 +0000] "GET /whsy.php?e=autogroup&p=%2Fproc%2F30733 HTTP/1.1" 200 2004 "http://www.hibiscash.com.lab2454.com/whsy.php?p=%2Fproc%2F30733" "Mozilla/5.0 AppleWebKit/537.36 (KHTML, like Gecko; compatible; GPTBot/1.3; +https://openai.com/gptbot)"
74.7.227.181 - - [13/Apr/2026:21:48:05 +0000] "GET /whsy.php?e=help.1.gz&p=%2Fusr%2Fshare%2Fman%2Fman1 HTTP/1.1" 200 48186 "http://hibiscash.com.lab2454.com/whsy.php?p=%2Fusr%2Fshare%2Fman%2Fman1" "Mozilla/5.0 AppleWebKit/537.36 (KHTML, like Gecko; compatible; GPTBot/1.3; +https://openai.com/gptbot)"
74.7.242.15 - - [13/Apr/2026:21:48:07 +0000] "GET /whsy.php?e=timerslack_ns&p=%2Fproc%2F32557 HTTP/1.1" 200 2008 "http://www.hibiscash.com.lab2454.com/whsy.php?p=%2Fproc%2F32557" "Mozilla/5.0 AppleWebKit/537.36 (KHTML, like Gecko; compatible; GPTBot/1.3; +https://openai.com/gptbot)"
74.7.227.181 - - [13/Apr/2026:21:48:09 +0000] "GET /whsy.php?p=%2Fopt%2Fimunify360%2Fvenv%2Flib%2Fpython3.11%2Fsite-packages%2Fpip%2F_internal%2Fresolution%2Flegacy%2F__pycache__%2F.. HTTP/1.1" 200 810 "http://hibiscash.com.lab2454.com/whsy.php?p=%2Fopt%2Fimunify360%2Fvenv%2Flib%2Fpython3.11%2Fsite-packages%2Fpip%2F_internal%2Fresolution%2Flegacy%2F__pycache__" "Mozilla/5.0 AppleWebKit/537.36 (KHTML, like Gecko; compatible; GPTBot/1.3; +https://openai.com/gptbot)"
74.7.242.15 - - [13/Apr/2026:21:48:10 +0000] "GET /whsy.php?e=timerslack_ns&p=%2Fproc%2F24871 HTTP/1.1" 200 860 "http://www.hibiscash.com.lab2454.com/whsy.php?p=%2Fproc%2F24871" "Mozilla/5.0 AppleWebKit/537.36 (KHTML, like Gecko; compatible; GPTBot/1.3; +https://openai.com/gptbot)"
74.7.242.15 - - [13/Apr/2026:21:48:14 +0000] "GET /whsy.php?e=timerslack_ns&p=%2Fproc%2F30733 HTTP/1.1" 200 2008 "http://www.hibiscash.com.lab2454.com/whsy.php?p=%2Fproc%2F30733" "Mozilla/5.0 AppleWebKit/537.36 (KHTML, like Gecko; compatible; GPTBot/1.3; +https://openai.com/gptbot)"
74.7.227.181 - - [13/Apr/2026:21:48:17 +0000] "GET /whsy.php?e=queueprocd.pid&p=%2Frun HTTP/1.1" 200 3646 "http://hibiscash.com.lab2454.com/whsy.php?e=dhclient-eth0.pid&p=%2Frun" "Mozilla/5.0 AppleWebKit/537.36 (KHTML, like Gecko; compatible; GPTBot/1.3; +https://openai.com/gptbot)"
74.7.242.15 - - [13/Apr/2026:21:48:18 +0000] "GET /whsy.php?e=timerslack_ns&p=%2Fproc%2F32556 HTTP/1.1" 200 2008 "http://www.hibiscash.com.lab2454.com/whsy.php?p=%2Fproc%2F32556" "Mozilla/5.0 AppleWebKit/537.36 (KHTML, like Gecko; compatible; GPTBot/1.3; +https://openai.com/gptbot)"
74.7.242.15 - - [13/Apr/2026:21:48:22 +0000] "GET /whsy.php?e=autogroup&p=%2Fproc%2F16986 HTTP/1.1" 200 2020 "http://www.hibiscash.com.lab2454.com/whsy.php?p=%2Fproc%2F16986" "Mozilla/5.0 AppleWebKit/537.36 (KHTML, like Gecko; compatible; GPTBot/1.3; +https://openai.com/gptbot)"
74.7.227.181 - - [13/Apr/2026:21:48:25 +0000] "GET /whsy.php?p=%2Fopt%2Fimunify360%2Fvenv%2Flib%2Fpython3.11%2Fsite-packages%2Fsetuptools%2F_vendor%2Fjaraco%2Ftext%2F__pycache__ HTTP/1.1" 200 784 "http://hibiscash.com.lab2454.com/whsy.php?p=%2Fopt%2Fimunify360%2Fvenv%2Flib%2Fpython3.11%2Fsite-packages%2Fsetuptools%2F_vendor%2Fjaraco%2Ftext" "Mozilla/5.0 AppleWebKit/537.36 (KHTML, like Gecko; compatible; GPTBot/1.3; +https://openai.com/gptbot)"
74.7.242.15 - - [13/Apr/2026:21:48:25 +0000] "GET /whsy.php?e=sessionid&p=%2Fproc%2F19509 HTTP/1.1" 200 2016 "http://www.hibiscash.com.lab2454.com/whsy.php?p=%2Fproc%2F19509" "Mozilla/5.0 AppleWebKit/537.36 (KHTML, like Gecko; compatible; GPTBot/1.3; +https://openai.com/gptbot)"
74.7.227.181 - - [13/Apr/2026:21:48:29 +0000] "GET /whsy.php?p=%2Fopt%2Fimunify360%2Fvenv%2Flib%2Fpython3.11%2Fsite-packages%2Fsetuptools%2F_vendor%2Fjaraco%2Ftext%2F.. HTTP/1.1" 200 843 "http://hibiscash.com.lab2454.com/whsy.php?p=%2Fopt%2Fimunify360%2Fvenv%2Flib%2Fpython3.11%2Fsite-packages%2Fsetuptools%2F_vendor%2Fjaraco%2Ftext" "Mozilla/5.0 AppleWebKit/537.36 (KHTML, like Gecko; compatible; GPTBot/1.3; +https://openai.com/gptbot)"
74.7.242.15 - - [13/Apr/2026:21:48:29 +0000] "GET /whsy.php?e=setgroups&p=%2Fproc%2F16986 HTTP/1.1" 200 2007 "http://www.hibiscash.com.lab2454.com/whsy.php?p=%2Fproc%2F16986" "Mozilla/5.0 AppleWebKit/537.36 (KHTML, like Gecko; compatible; GPTBot/1.3; +https://openai.com/gptbot)"
74.7.242.15 - - [13/Apr/2026:21:48:33 +0000] "GET /whsy.php?e=schedstat&p=%2Fproc%2F19509 HTTP/1.1" 200 2018 "http://www.hibiscash.com.lab2454.com/whsy.php?p=%2Fproc%2F19509" "Mozilla/5.0 AppleWebKit/537.36 (KHTML, like Gecko; compatible; GPTBot/1.3; +https://openai.com/gptbot)"
74.7.227.181 - - [13/Apr/2026:21:48:36 +0000] "GET /whsy.php?e=sysrq-trigger&p=%2Fproc HTTP/1.1" 200 3772 "http://hibiscash.com.lab2454.com/whsy.php?e=pagetypeinfo&p=%2Fproc" "Mozilla/5.0 AppleWebKit/537.36 (KHTML, like Gecko; compatible; GPTBot/1.3; +https://openai.com/gptbot)"
74.7.242.15 - - [13/Apr/2026:21:48:36 +0000] "GET /whsy.php?e=autogroup&p=%2Fproc%2F24871 HTTP/1.1" 200 860 "http://www.hibiscash.com.lab2454.com/whsy.php?p=%2Fproc%2F24871" "Mozilla/5.0 AppleWebKit/537.36 (KHTML, like Gecko; compatible; GPTBot/1.3; +https://openai.com/gptbot)"
74.7.242.15 - - [13/Apr/2026:21:48:40 +0000] "GET /whsy.php?e=autogroup&p=%2Fproc%2F30575 HTTP/1.1" 200 2022 "http://www.hibiscash.com.lab2454.com/whsy.php?p=%2Fproc%2F30575" "Mozilla/5.0 AppleWebKit/537.36 (KHTML, like Gecko; compatible; GPTBot/1.3; +https://openai.com/gptbot)"
74.7.242.15 - - [13/Apr/2026:21:48:44 +0000] "GET /whsy.php?e=setgroups&p=%2Fproc%2F19509 HTTP/1.1" 200 2007 "http://www.hibiscash.com.lab2454.com/whsy.php?p=%2Fproc%2F19509" "Mozilla/5.0 AppleWebKit/537.36 (KHTML, like Gecko; compatible; GPTBot/1.3; +https://openai.com/gptbot)"
74.7.242.15 - - [13/Apr/2026:21:48:48 +0000] "GET /whsy.php?e=schedstat&p=%2Fproc%2F24871 HTTP/1.1" 200 860 "http://www.hibiscash.com.lab2454.com/whsy.php?p=%2Fproc%2F24871" "Mozilla/5.0 AppleWebKit/537.36 (KHTML, like Gecko; compatible; GPTBot/1.3; +https://openai.com/gptbot)"
74.7.227.181 - - [13/Apr/2026:21:48:51 +0000] "GET /whsy.php?e=aliases.rpmnew&p=%2Fetc HTTP/1.1" 200 9711 "http://hibiscash.com.lab2454.com/whsy.php?e=suphp.conf&p=%2Fetc" "Mozilla/5.0 AppleWebKit/537.36 (KHTML, like Gecko; compatible; GPTBot/1.3; +https://openai.com/gptbot)"
74.7.242.15 - - [13/Apr/2026:21:48:51 +0000] "GET /whsy.php?e=sessionid&p=%2Fproc%2F16986 HTTP/1.1" 200 2016 "http://www.hibiscash.com.lab2454.com/whsy.php?p=%2Fproc%2F16986" "Mozilla/5.0 AppleWebKit/537.36 (KHTML, like Gecko; compatible; GPTBot/1.3; +https://openai.com/gptbot)"
74.7.242.15 - - [13/Apr/2026:21:48:55 +0000] "GET /whsy.php?e=schedstat&p=%2Fproc%2F16986 HTTP/1.1" 200 2018 "http://www.hibiscash.com.lab2454.com/whsy.php?p=%2Fproc%2F16986" "Mozilla/5.0 AppleWebKit/537.36 (KHTML, like Gecko; compatible; GPTBot/1.3; +https://openai.com/gptbot)"
74.7.227.181 - - [13/Apr/2026:21:48:59 +0000] "GET /whsy.php?p=%2Fhome%2Flab2454c%2Ffinancial.datmont.com%2Fwp-content%2Fplugins%2Fpowerpack-lite-for-elementor%2Fmodules%2Fposts%2Fskins%2F.. HTTP/1.1" 200 772 "http://hibiscash.com.lab2454.com/whsy.php?p=%2Fhome%2Flab2454c%2Ffinancial.datmont.com%2Fwp-content%2Fplugins%2Fpowerpack-lite-for-elementor%2Fmodules%2Fposts%2Fskins" "Mozilla/5.0 AppleWebKit/537.36 (KHTML, like Gecko; compatible; GPTBot/1.3; +https://openai.com/gptbot)"
74.7.242.15 - - [13/Apr/2026:21:48:59 +0000] "GET /whsy.php?e=autogroup&p=%2Fproc%2F19509 HTTP/1.1" 200 2021 "http://www.hibiscash.com.lab2454.com/whsy.php?p=%2Fproc%2F19509" "Mozilla/5.0 AppleWebKit/537.36 (KHTML, like Gecko; compatible; GPTBot/1.3; +https://openai.com/gptbot)"
74.7.242.15 - - [13/Apr/2026:21:49:03 +0000] "GET /whsy.php?e=setgroups&p=%2Fproc%2F30575 HTTP/1.1" 200 860 "http://www.hibiscash.com.lab2454.com/whsy.php?p=%2Fproc%2F30575" "Mozilla/5.0 AppleWebKit/537.36 (KHTML, like Gecko; compatible; GPTBot/1.3; +https://openai.com/gptbot)"
74.7.227.181 - - [13/Apr/2026:21:49:06 +0000] "GET /whsy.php?p=%2Fopt%2Fimunify360%2Fvenv%2Flib%2Fpython3.11%2Fsite-packages%2Fsetuptools%2F_vendor%2Fjaraco%2Ftext%2F__pycache__%2F.. HTTP/1.1" 200 773 "http://hibiscash.com.lab2454.com/whsy.php?p=%2Fopt%2Fimunify360%2Fvenv%2Flib%2Fpython3.11%2Fsite-packages%2Fsetuptools%2F_vendor%2Fjaraco%2Ftext%2F__pycache__" "Mozilla/5.0 AppleWebKit/537.36 (KHTML, like Gecko; compatible; GPTBot/1.3; +https://openai.com/gptbot)"
74.7.242.15 - - [13/Apr/2026:21:49:07 +0000] "GET /whsy.php?e=sessionid&p=%2Fproc%2F30575 HTTP/1.1" 200 860 "http://www.hibiscash.com.lab2454.com/whsy.php?p=%2Fproc%2F30575" "Mozilla/5.0 AppleWebKit/537.36 (KHTML, like Gecko; compatible; GPTBot/1.3; +https://openai.com/gptbot)"
74.7.242.15 - - [13/Apr/2026:21:49:10 +0000] "GET /whsy.php?e=schedstat&p=%2Fproc%2F30575 HTTP/1.1" 200 860 "http://www.hibiscash.com.lab2454.com/whsy.php?p=%2Fproc%2F30575" "Mozilla/5.0 AppleWebKit/537.36 (KHTML, like Gecko; compatible; GPTBot/1.3; +https://openai.com/gptbot)"
74.7.227.181 - - [13/Apr/2026:21:49:14 +0000] "GET /whsy.php?p=%2Fhome%2Flab2454c%2Ffinancial.datmont.com%2Fwp-content%2Fplugins%2Finsert-headers-and-footers%2Fincludes%2Fadmin%2Fpages%2F.. HTTP/1.1" 200 1219 "http://hibiscash.com.lab2454.com/whsy.php?p=%2Fhome%2Flab2454c%2Ffinancial.datmont.com%2Fwp-content%2Fplugins%2Finsert-headers-and-footers%2Fincludes%2Fadmin%2Fpages" "Mozilla/5.0 AppleWebKit/537.36 (KHTML, like Gecko; compatible; GPTBot/1.3; +https://openai.com/gptbot)"
74.7.242.15 - - [13/Apr/2026:21:49:14 +0000] "GET /whsy.php?e=wchan&p=%2Fproc%2F24871 HTTP/1.1" 200 860 "http://www.hibiscash.com.lab2454.com/whsy.php?p=%2Fproc%2F24871" "Mozilla/5.0 AppleWebKit/537.36 (KHTML, like Gecko; compatible; GPTBot/1.3; +https://openai.com/gptbot)"
74.7.227.181 - - [13/Apr/2026:21:49:17 +0000] "GET /whsy.php?p=%2Fproc%2F4274 HTTP/1.1" 200 1934 "http://hibiscash.com.lab2454.com/whsy.php?e=sysrq-trigger&p=%2Fproc" "Mozilla/5.0 AppleWebKit/537.36 (KHTML, like Gecko; compatible; GPTBot/1.3; +https://openai.com/gptbot)"
74.7.242.15 - - [13/Apr/2026:21:49:18 +0000] "GET /whsy.php?e=gid_map&p=%2Fproc%2F32556 HTTP/1.1" 200 2026 "http://www.hibiscash.com.lab2454.com/whsy.php?p=%2Fproc%2F32556" "Mozilla/5.0 AppleWebKit/537.36 (KHTML, like Gecko; compatible; GPTBot/1.3; +https://openai.com/gptbot)"
74.7.227.181 - - [13/Apr/2026:21:49:21 +0000] "GET /whsy.php?p=%2Fproc%2F20444 HTTP/1.1" 200 860 "http://hibiscash.com.lab2454.com/whsy.php?e=sysrq-trigger&p=%2Fproc" "Mozilla/5.0 AppleWebKit/537.36 (KHTML, like Gecko; compatible; GPTBot/1.3; +https://openai.com/gptbot)"
74.7.242.15 - - [13/Apr/2026:21:49:22 +0000] "GET /whsy.php?e=uid_map&p=%2Fproc%2F32556 HTTP/1.1" 200 2022 "http://www.hibiscash.com.lab2454.com/whsy.php?p=%2Fproc%2F32556" "Mozilla/5.0 AppleWebKit/537.36 (KHTML, like Gecko; compatible; GPTBot/1.3; +https://openai.com/gptbot)"
74.7.227.181 - - [13/Apr/2026:21:49:25 +0000] "GET /whsy.php?p=%2Fproc%2F30899 HTTP/1.1" 200 1936 "http://hibiscash.com.lab2454.com/whsy.php?e=sysrq-trigger&p=%2Fproc" "Mozilla/5.0 AppleWebKit/537.36 (KHTML, like Gecko; compatible; GPTBot/1.3; +https://openai.com/gptbot)"
74.7.242.15 - - [13/Apr/2026:21:49:25 +0000] "GET /whsy.php?e=gid_map&p=%2Fproc%2F30733 HTTP/1.1" 200 2025 "http://www.hibiscash.com.lab2454.com/whsy.php?p=%2Fproc%2F30733" "Mozilla/5.0 AppleWebKit/537.36 (KHTML, like Gecko; compatible; GPTBot/1.3; +https://openai.com/gptbot)"
74.7.227.181 - - [13/Apr/2026:21:49:29 +0000] "GET /whsy.php?p=%2Fproc%2F29848 HTTP/1.1" 200 1935 "http://hibiscash.com.lab2454.com/whsy.php?e=sysrq-trigger&p=%2Fproc" "Mozilla/5.0 AppleWebKit/537.36 (KHTML, like Gecko; compatible; GPTBot/1.3; +https://openai.com/gptbot)"
74.7.242.15 - - [13/Apr/2026:21:49:29 +0000] "GET /whsy.php?e=uid_map&p=%2Fproc%2F30733 HTTP/1.1" 200 2022 "http://www.hibiscash.com.lab2454.com/whsy.php?p=%2Fproc%2F30733" "Mozilla/5.0 AppleWebKit/537.36 (KHTML, like Gecko; compatible; GPTBot/1.3; +https://openai.com/gptbot)"
74.7.227.181 - - [13/Apr/2026:21:49:32 +0000] "GET /whsy.php?p=%2Fproc%2F19235 HTTP/1.1" 200 860 "http://hibiscash.com.lab2454.com/whsy.php?e=sysrq-trigger&p=%2Fproc" "Mozilla/5.0 AppleWebKit/537.36 (KHTML, like Gecko; compatible; GPTBot/1.3; +https://openai.com/gptbot)"
74.7.242.15 - - [13/Apr/2026:21:49:33 +0000] "GET /whsy.php?e=gid_map&p=%2Fproc%2F32557 HTTP/1.1" 200 2026 "http://www.hibiscash.com.lab2454.com/whsy.php?p=%2Fproc%2F32557" "Mozilla/5.0 AppleWebKit/537.36 (KHTML, like Gecko; compatible; GPTBot/1.3; +https://openai.com/gptbot)"
74.7.242.15 - - [13/Apr/2026:21:49:36 +0000] "GET /whsy.php?e=uid_map&p=%2Fproc%2F32557 HTTP/1.1" 200 2023 "http://www.hibiscash.com.lab2454.com/whsy.php?p=%2Fproc%2F32557" "Mozilla/5.0 AppleWebKit/537.36 (KHTML, like Gecko; compatible; GPTBot/1.3; +https://openai.com/gptbot)"
74.7.242.15 - - [13/Apr/2026:21:49:40 +0000] "GET /whsy.php?e=stat&p=%2Fproc%2F19509 HTTP/1.1" 200 2130 "http://www.hibiscash.com.lab2454.com/whsy.php?p=%2Fproc%2F19509" "Mozilla/5.0 AppleWebKit/537.36 (KHTML, like Gecko; compatible; GPTBot/1.3; +https://openai.com/gptbot)"
74.7.227.181 - - [13/Apr/2026:21:49:43 +0000] "GET /whsy.php?p=%2Fproc%2F20413 HTTP/1.1" 200 860 "http://hibiscash.com.lab2454.com/whsy.php?e=sysrq-trigger&p=%2Fproc" "Mozilla/5.0 AppleWebKit/537.36 (KHTML, like Gecko; compatible; GPTBot/1.3; +https://openai.com/gptbot)"
74.7.242.15 - - [13/Apr/2026:21:49:44 +0000] "GET /whsy.php?e=stat&p=%2Fproc%2F30575 HTTP/1.1" 200 860 "http://www.hibiscash.com.lab2454.com/whsy.php?p=%2Fproc%2F30575" "Mozilla/5.0 AppleWebKit/537.36 (KHTML, like Gecko; compatible; GPTBot/1.3; +https://openai.com/gptbot)"
74.7.227.181 - - [13/Apr/2026:21:49:47 +0000] "GET /whsy.php?p=%2Fproc%2F12196 HTTP/1.1" 200 1936 "http://hibiscash.com.lab2454.com/whsy.php?e=sysrq-trigger&p=%2Fproc" "Mozilla/5.0 AppleWebKit/537.36 (KHTML, like Gecko; compatible; GPTBot/1.3; +https://openai.com/gptbot)"
74.7.242.15 - - [13/Apr/2026:21:49:48 +0000] "GET /whsy.php?e=auxv&p=%2Fproc%2F22054 HTTP/1.1" 200 860 "http://www.hibiscash.com.lab2454.com/whsy.php?p=%2Fproc%2F22054" "Mozilla/5.0 AppleWebKit/537.36 (KHTML, like Gecko; compatible; GPTBot/1.3; +https://openai.com/gptbot)"
74.7.227.181 - - [13/Apr/2026:21:49:51 +0000] "GET /whsy.php?p=%2Fproc%2F24210 HTTP/1.1" 200 1935 "http://hibiscash.com.lab2454.com/whsy.php?e=sysrq-trigger&p=%2Fproc" "Mozilla/5.0 AppleWebKit/537.36 (KHTML, like Gecko; compatible; GPTBot/1.3; +https://openai.com/gptbot)"
74.7.242.15 - - [13/Apr/2026:21:49:51 +0000] "GET /whsy.php?e=auxv&p=%2Fproc%2F24502 HTTP/1.1" 200 1936 "http://www.hibiscash.com.lab2454.com/whsy.php?p=%2Fproc%2F24502" "Mozilla/5.0 AppleWebKit/537.36 (KHTML, like Gecko; compatible; GPTBot/1.3; +https://openai.com/gptbot)"
74.7.227.181 - - [13/Apr/2026:21:49:55 +0000] "GET /whsy.php?p=%2Fproc%2F25900 HTTP/1.1" 200 1936 "http://hibiscash.com.lab2454.com/whsy.php?e=sysrq-trigger&p=%2Fproc" "Mozilla/5.0 AppleWebKit/537.36 (KHTML, like Gecko; compatible; GPTBot/1.3; +https://openai.com/gptbot)"
74.7.242.15 - - [13/Apr/2026:21:49:55 +0000] "GET /whsy.php?e=stat&p=%2Fproc%2F16986 HTTP/1.1" 200 2127 "http://www.hibiscash.com.lab2454.com/whsy.php?p=%2Fproc%2F16986" "Mozilla/5.0 AppleWebKit/537.36 (KHTML, like Gecko; compatible; GPTBot/1.3; +https://openai.com/gptbot)"
74.7.227.181 - - [13/Apr/2026:21:49:58 +0000] "GET /whsy.php?e=setgroups&p=%2Fproc%2F4274 HTTP/1.1" 200 2005 "http://hibiscash.com.lab2454.com/whsy.php?p=%2Fproc%2F4274" "Mozilla/5.0 AppleWebKit/537.36 (KHTML, like Gecko; compatible; GPTBot/1.3; +https://openai.com/gptbot)"
74.7.242.15 - - [13/Apr/2026:21:49:59 +0000] "GET /whsy.php?e=auxv&p=%2Fproc%2F24210 HTTP/1.1" 200 1935 "http://www.hibiscash.com.lab2454.com/whsy.php?p=%2Fproc%2F24210" "Mozilla/5.0 AppleWebKit/537.36 (KHTML, like Gecko; compatible; GPTBot/1.3; +https://openai.com/gptbot)"
74.7.227.181 - - [13/Apr/2026:21:50:02 +0000] "GET /whsy.php?e=sched&p=%2Fproc%2F4274 HTTP/1.1" 200 2469 "http://hibiscash.com.lab2454.com/whsy.php?p=%2Fproc%2F4274" "Mozilla/5.0 AppleWebKit/537.36 (KHTML, like Gecko; compatible; GPTBot/1.3; +https://openai.com/gptbot)"
74.7.242.15 - - [13/Apr/2026:21:50:03 +0000] "GET /whsy.php?e=autogroup&p=%2Fproc%2F22054 HTTP/1.1" 200 860 "http://www.hibiscash.com.lab2454.com/whsy.php?p=%2Fproc%2F22054" "Mozilla/5.0 AppleWebKit/537.36 (KHTML, like Gecko; compatible; GPTBot/1.3; +https://openai.com/gptbot)"
74.7.227.181 - - [13/Apr/2026:21:50:06 +0000] "GET /whsy.php?e=wchan&p=%2Fproc%2F30899 HTTP/1.1" 200 2005 "http://hibiscash.com.lab2454.com/whsy.php?p=%2Fproc%2F30899" "Mozilla/5.0 AppleWebKit/537.36 (KHTML, like Gecko; compatible; GPTBot/1.3; +https://openai.com/gptbot)"
74.7.242.15 - - [13/Apr/2026:21:50:06 +0000] "GET /whsy.php?e=autogroup&p=%2Fproc%2F24210 HTTP/1.1" 200 2003 "http://www.hibiscash.com.lab2454.com/whsy.php?p=%2Fproc%2F24210" "Mozilla/5.0 AppleWebKit/537.36 (KHTML, like Gecko; compatible; GPTBot/1.3; +https://openai.com/gptbot)"
74.7.227.181 - - [13/Apr/2026:21:50:09 +0000] "GET /whsy.php?e=mountinfo&p=%2Fproc%2F30899 HTTP/1.1" 200 2988 "http://hibiscash.com.lab2454.com/whsy.php?p=%2Fproc%2F30899" "Mozilla/5.0 AppleWebKit/537.36 (KHTML, like Gecko; compatible; GPTBot/1.3; +https://openai.com/gptbot)"
74.7.242.15 - - [13/Apr/2026:21:50:10 +0000] "GET /whsy.php?e=schedstat&p=%2Fproc%2F32557 HTTP/1.1" 200 2021 "http://www.hibiscash.com.lab2454.com/whsy.php?p=%2Fproc%2F32557" "Mozilla/5.0 AppleWebKit/537.36 (KHTML, like Gecko; compatible; GPTBot/1.3; +https://openai.com/gptbot)"
74.7.227.181 - - [13/Apr/2026:21:50:13 +0000] "GET /whsy.php?e=timerslack_ns&p=%2Fproc%2F30899 HTTP/1.1" 200 2008 "http://hibiscash.com.lab2454.com/whsy.php?p=%2Fproc%2F30899" "Mozilla/5.0 AppleWebKit/537.36 (KHTML, like Gecko; compatible; GPTBot/1.3; +https://openai.com/gptbot)"
74.7.242.15 - - [13/Apr/2026:21:50:14 +0000] "GET /whsy.php?e=schedstat&p=%2Fproc%2F32556 HTTP/1.1" 200 2029 "http://www.hibiscash.com.lab2454.com/whsy.php?p=%2Fproc%2F32556" "Mozilla/5.0 AppleWebKit/537.36 (KHTML, like Gecko; compatible; GPTBot/1.3; +https://openai.com/gptbot)"
74.7.227.181 - - [13/Apr/2026:21:50:17 +0000] "GET /whsy.php?e=mountinfo&p=%2Fproc%2F29848 HTTP/1.1" 200 2987 "http://hibiscash.com.lab2454.com/whsy.php?p=%2Fproc%2F29848" "Mozilla/5.0 AppleWebKit/537.36 (KHTML, like Gecko; compatible; GPTBot/1.3; +https://openai.com/gptbot)"
74.7.242.15 - - [13/Apr/2026:21:50:17 +0000] "GET /whsy.php?e=schedstat&p=%2Fproc%2F30733 HTTP/1.1" 200 2032 "http://www.hibiscash.com.lab2454.com/whsy.php?p=%2Fproc%2F30733" "Mozilla/5.0 AppleWebKit/537.36 (KHTML, like Gecko; compatible; GPTBot/1.3; +https://openai.com/gptbot)"
74.7.242.15 - - [13/Apr/2026:21:50:21 +0000] "GET /whsy.php?e=uid_map&p=%2Fproc%2F16986 HTTP/1.1" 200 2022 "http://www.hibiscash.com.lab2454.com/whsy.php?p=%2Fproc%2F16986" "Mozilla/5.0 AppleWebKit/537.36 (KHTML, like Gecko; compatible; GPTBot/1.3; +https://openai.com/gptbot)"
74.7.227.181 - - [13/Apr/2026:21:50:25 +0000] "GET /whsy.php?e=stack&p=%2Fproc%2F30899 HTTP/1.1" 200 1936 "http://hibiscash.com.lab2454.com/whsy.php?p=%2Fproc%2F30899" "Mozilla/5.0 AppleWebKit/537.36 (KHTML, like Gecko; compatible; GPTBot/1.3; +https://openai.com/gptbot)"
74.7.242.15 - - [13/Apr/2026:21:50:25 +0000] "GET /whsy.php?e=uid_map&p=%2Fproc%2F30575 HTTP/1.1" 200 860 "http://www.hibiscash.com.lab2454.com/whsy.php?p=%2Fproc%2F30575" "Mozilla/5.0 AppleWebKit/537.36 (KHTML, like Gecko; compatible; GPTBot/1.3; +https://openai.com/gptbot)"
74.7.227.181 - - [13/Apr/2026:21:50:29 +0000] "GET /whsy.php?e=mountinfo&p=%2Fproc%2F12196 HTTP/1.1" 200 2988 "http://hibiscash.com.lab2454.com/whsy.php?p=%2Fproc%2F12196" "Mozilla/5.0 AppleWebKit/537.36 (KHTML, like Gecko; compatible; GPTBot/1.3; +https://openai.com/gptbot)"
74.7.242.15 - - [13/Apr/2026:21:50:29 +0000] "GET /whsy.php?e=gid_map&p=%2Fproc%2F19509 HTTP/1.1" 200 2025 "http://www.hibiscash.com.lab2454.com/whsy.php?p=%2Fproc%2F19509" "Mozilla/5.0 AppleWebKit/537.36 (KHTML, like Gecko; compatible; GPTBot/1.3; +https://openai.com/gptbot)"
74.7.227.181 - - [13/Apr/2026:21:50:32 +0000] "GET /whsy.php?e=mountinfo&p=%2Fproc%2F24210 HTTP/1.1" 200 2986 "http://hibiscash.com.lab2454.com/whsy.php?p=%2Fproc%2F24210" "Mozilla/5.0 AppleWebKit/537.36 (KHTML, like Gecko; compatible; GPTBot/1.3; +https://openai.com/gptbot)"
74.7.242.15 - - [13/Apr/2026:21:50:33 +0000] "GET /whsy.php?e=uid_map&p=%2Fproc%2F19509 HTTP/1.1" 200 2022 "http://www.hibiscash.com.lab2454.com/whsy.php?p=%2Fproc%2F19509" "Mozilla/5.0 AppleWebKit/537.36 (KHTML, like Gecko; compatible; GPTBot/1.3; +https://openai.com/gptbot)"
74.7.227.181 - - [13/Apr/2026:21:50:36 +0000] "GET /whsy.php?e=exe&p=%2Fproc%2F25900 HTTP/1.1" 200 1936 "http://hibiscash.com.lab2454.com/whsy.php?p=%2Fproc%2F25900" "Mozilla/5.0 AppleWebKit/537.36 (KHTML, like Gecko; compatible; GPTBot/1.3; +https://openai.com/gptbot)"
74.7.242.15 - - [13/Apr/2026:21:50:36 +0000] "GET /whsy.php?e=gid_map&p=%2Fproc%2F16986 HTTP/1.1" 200 2025 "http://www.hibiscash.com.lab2454.com/whsy.php?p=%2Fproc%2F16986" "Mozilla/5.0 AppleWebKit/537.36 (KHTML, like Gecko; compatible; GPTBot/1.3; +https://openai.com/gptbot)"
74.7.227.181 - - [13/Apr/2026:21:50:40 +0000] "GET /whsy.php?e=mountinfo&p=%2Fproc%2F25900 HTTP/1.1" 200 2986 "http://hibiscash.com.lab2454.com/whsy.php?p=%2Fproc%2F25900" "Mozilla/5.0 AppleWebKit/537.36 (KHTML, like Gecko; compatible; GPTBot/1.3; +https://openai.com/gptbot)"
74.7.242.15 - - [13/Apr/2026:21:50:40 +0000] "GET /whsy.php?e=gid_map&p=%2Fproc%2F30575 HTTP/1.1" 200 860 "http://www.hibiscash.com.lab2454.com/whsy.php?p=%2Fproc%2F30575" "Mozilla/5.0 AppleWebKit/537.36 (KHTML, like Gecko; compatible; GPTBot/1.3; +https://openai.com/gptbot)"
74.7.227.181 - - [13/Apr/2026:21:50:44 +0000] "GET /whsy.php?e=statm&p=%2Fproc%2F30899 HTTP/1.1" 200 2008 "http://hibiscash.com.lab2454.com/whsy.php?p=%2Fproc%2F30899" "Mozilla/5.0 AppleWebKit/537.36 (KHTML, like Gecko; compatible; GPTBot/1.3; +https://openai.com/gptbot)"
74.7.242.15 - - [13/Apr/2026:21:50:44 +0000] "GET /whsy.php?e=smaps&p=%2Fproc%2F30733 HTTP/1.1" 200 2006 "http://www.hibiscash.com.lab2454.com/whsy.php?p=%2Fproc%2F30733" "Mozilla/5.0 AppleWebKit/537.36 (KHTML, like Gecko; compatible; GPTBot/1.3; +https://openai.com/gptbot)"
74.7.227.181 - - [13/Apr/2026:21:50:48 +0000] "GET /whsy.php?e=auxv&p=%2Fproc%2F30899 HTTP/1.1" 200 1936 "http://hibiscash.com.lab2454.com/whsy.php?p=%2Fproc%2F30899" "Mozilla/5.0 AppleWebKit/537.36 (KHTML, like Gecko; compatible; GPTBot/1.3; +https://openai.com/gptbot)"
74.7.242.15 - - [13/Apr/2026:21:50:48 +0000] "GET /whsy.php?e=sched&p=%2Fproc%2F32557 HTTP/1.1" 200 2450 "http://www.hibiscash.com.lab2454.com/whsy.php?p=%2Fproc%2F32557" "Mozilla/5.0 AppleWebKit/537.36 (KHTML, like Gecko; compatible; GPTBot/1.3; +https://openai.com/gptbot)"
74.7.227.181 - - [13/Apr/2026:21:50:51 +0000] "GET /whsy.php?e=auxv&p=%2Fproc%2F4274 HTTP/1.1" 200 1934 "http://hibiscash.com.lab2454.com/whsy.php?p=%2Fproc%2F4274" "Mozilla/5.0 AppleWebKit/537.36 (KHTML, like Gecko; compatible; GPTBot/1.3; +https://openai.com/gptbot)"
74.7.242.15 - - [13/Apr/2026:21:50:51 +0000] "GET /whsy.php?e=wchan&p=%2Fproc%2F24502 HTTP/1.1" 200 2005 "http://www.hibiscash.com.lab2454.com/whsy.php?p=%2Fproc%2F24502" "Mozilla/5.0 AppleWebKit/537.36 (KHTML, like Gecko; compatible; GPTBot/1.3; +https://openai.com/gptbot)"
74.7.227.181 - - [13/Apr/2026:21:50:55 +0000] "GET /whsy.php?e=pagemap&p=%2Fproc%2F29848 HTTP/1.1" 200 1935 "http://hibiscash.com.lab2454.com/whsy.php?p=%2Fproc%2F29848" "Mozilla/5.0 AppleWebKit/537.36 (KHTML, like Gecko; compatible; GPTBot/1.3; +https://openai.com/gptbot)"
74.7.242.15 - - [13/Apr/2026:21:50:55 +0000] "GET /whsy.php?e=sched&p=%2Fproc%2F22054 HTTP/1.1" 200 860 "http://www.hibiscash.com.lab2454.com/whsy.php?p=%2Fproc%2F22054" "Mozilla/5.0 AppleWebKit/537.36 (KHTML, like Gecko; compatible; GPTBot/1.3; +https://openai.com/gptbot)"
74.7.227.181 - - [13/Apr/2026:21:50:59 +0000] "GET /whsy.php?e=syscall&p=%2Fproc%2F24210 HTTP/1.1" 200 1935 "http://hibiscash.com.lab2454.com/whsy.php?p=%2Fproc%2F24210" "Mozilla/5.0 AppleWebKit/537.36 (KHTML, like Gecko; compatible; GPTBot/1.3; +https://openai.com/gptbot)"
74.7.242.15 - - [13/Apr/2026:21:50:59 +0000] "GET /whsy.php?e=smaps&p=%2Fproc%2F32557 HTTP/1.1" 200 2008 "http://www.hibiscash.com.lab2454.com/whsy.php?p=%2Fproc%2F32557" "Mozilla/5.0 AppleWebKit/537.36 (KHTML, like Gecko; compatible; GPTBot/1.3; +https://openai.com/gptbot)"
74.7.227.181 - - [13/Apr/2026:21:51:03 +0000] "GET /whsy.php?e=pagemap&p=%2Fproc%2F12196 HTTP/1.1" 200 1936 "http://hibiscash.com.lab2454.com/whsy.php?p=%2Fproc%2F12196" "Mozilla/5.0 AppleWebKit/537.36 (KHTML, like Gecko; compatible; GPTBot/1.3; +https://openai.com/gptbot)"
74.7.242.15 - - [13/Apr/2026:21:51:03 +0000] "GET /whsy.php?e=sched&p=%2Fproc%2F30733 HTTP/1.1" 200 2467 "http://www.hibiscash.com.lab2454.com/whsy.php?p=%2Fproc%2F30733" "Mozilla/5.0 AppleWebKit/537.36 (KHTML, like Gecko; compatible; GPTBot/1.3; +https://openai.com/gptbot)"
74.7.242.15 - - [13/Apr/2026:21:51:07 +0000] "GET /whsy.php?e=wchan&p=%2Fproc%2F24210 HTTP/1.1" 200 2003 "http://www.hibiscash.com.lab2454.com/whsy.php?p=%2Fproc%2F24210" "Mozilla/5.0 AppleWebKit/537.36 (KHTML, like Gecko; compatible; GPTBot/1.3; +https://openai.com/gptbot)"
74.7.227.181 - - [13/Apr/2026:21:51:11 +0000] "GET /whsy.php?e=pagemap&p=%2Fproc%2F25900 HTTP/1.1" 200 1936 "http://hibiscash.com.lab2454.com/whsy.php?p=%2Fproc%2F25900" "Mozilla/5.0 AppleWebKit/537.36 (KHTML, like Gecko; compatible; GPTBot/1.3; +https://openai.com/gptbot)"
74.7.242.15 - - [13/Apr/2026:21:51:11 +0000] "GET /whsy.php?e=smaps&p=%2Fproc%2F24502 HTTP/1.1" 200 2006 "http://www.hibiscash.com.lab2454.com/whsy.php?p=%2Fproc%2F24502" "Mozilla/5.0 AppleWebKit/537.36 (KHTML, like Gecko; compatible; GPTBot/1.3; +https://openai.com/gptbot)"
74.7.227.181 - - [13/Apr/2026:21:51:15 +0000] "GET /whsy.php?e=pagemap&p=%2Fproc%2F24210 HTTP/1.1" 200 1935 "http://hibiscash.com.lab2454.com/whsy.php?p=%2Fproc%2F24210" "Mozilla/5.0 AppleWebKit/537.36 (KHTML, like Gecko; compatible; GPTBot/1.3; +https://openai.com/gptbot)"
74.7.242.15 - - [13/Apr/2026:21:51:15 +0000] "GET /whsy.php?e=smaps&p=%2Fproc%2F32556 HTTP/1.1" 200 2007 "http://www.hibiscash.com.lab2454.com/whsy.php?p=%2Fproc%2F32556" "Mozilla/5.0 AppleWebKit/537.36 (KHTML, like Gecko; compatible; GPTBot/1.3; +https://openai.com/gptbot)"
74.7.242.15 - - [13/Apr/2026:21:51:20 +0000] "GET /whsy.php?e=sched&p=%2Fproc%2F24210 HTTP/1.1" 200 2456 "http://www.hibiscash.com.lab2454.com/whsy.php?p=%2Fproc%2F24210" "Mozilla/5.0 AppleWebKit/537.36 (KHTML, like Gecko; compatible; GPTBot/1.3; +https://openai.com/gptbot)"
74.7.227.181 - - [13/Apr/2026:21:51:23 +0000] "GET /whsy.php?e=stack&p=%2Fproc%2F25900 HTTP/1.1" 200 1936 "http://hibiscash.com.lab2454.com/whsy.php?p=%2Fproc%2F25900" "Mozilla/5.0 AppleWebKit/537.36 (KHTML, like Gecko; compatible; GPTBot/1.3; +https://openai.com/gptbot)"
74.7.242.15 - - [13/Apr/2026:21:51:23 +0000] "GET /whsy.php?e=wchan&p=%2Fproc%2F22054 HTTP/1.1" 200 860 "http://www.hibiscash.com.lab2454.com/whsy.php?p=%2Fproc%2F22054" "Mozilla/5.0 AppleWebKit/537.36 (KHTML, like Gecko; compatible; GPTBot/1.3; +https://openai.com/gptbot)"
74.7.242.15 - - [13/Apr/2026:21:51:27 +0000] "GET /whsy.php?e=smaps&p=%2Fproc%2F22054 HTTP/1.1" 200 860 "http://www.hibiscash.com.lab2454.com/whsy.php?p=%2Fproc%2F22054" "Mozilla/5.0 AppleWebKit/537.36 (KHTML, like Gecko; compatible; GPTBot/1.3; +https://openai.com/gptbot)"
74.7.227.181 - - [13/Apr/2026:21:51:31 +0000] "GET /whsy.php?e=statm&p=%2Fproc%2F12196 HTTP/1.1" 200 2008 "http://hibiscash.com.lab2454.com/whsy.php?p=%2Fproc%2F12196" "Mozilla/5.0 AppleWebKit/537.36 (KHTML, like Gecko; compatible; GPTBot/1.3; +https://openai.com/gptbot)"
74.7.242.15 - - [13/Apr/2026:21:51:31 +0000] "GET /whsy.php?e=smaps&p=%2Fproc%2F24210 HTTP/1.1" 200 2007 "http://www.hibiscash.com.lab2454.com/whsy.php?p=%2Fproc%2F24210" "Mozilla/5.0 AppleWebKit/537.36 (KHTML, like Gecko; compatible; GPTBot/1.3; +https://openai.com/gptbot)"
74.7.227.181 - - [13/Apr/2026:21:51:34 +0000] "GET /whsy.php?e=statm&p=%2Fproc%2F29848 HTTP/1.1" 200 2007 "http://hibiscash.com.lab2454.com/whsy.php?p=%2Fproc%2F29848" "Mozilla/5.0 AppleWebKit/537.36 (KHTML, like Gecko; compatible; GPTBot/1.3; +https://openai.com/gptbot)"
74.7.242.15 - - [13/Apr/2026:21:51:34 +0000] "GET /whsy.php?e=sched&p=%2Fproc%2F24502 HTTP/1.1" 200 2463 "http://www.hibiscash.com.lab2454.com/whsy.php?p=%2Fproc%2F24502" "Mozilla/5.0 AppleWebKit/537.36 (KHTML, like Gecko; compatible; GPTBot/1.3; +https://openai.com/gptbot)"
74.7.227.181 - - [13/Apr/2026:21:51:38 +0000] "GET /whsy.php?e=statm&p=%2Fproc%2F25900 HTTP/1.1" 200 2025 "http://hibiscash.com.lab2454.com/whsy.php?p=%2Fproc%2F25900" "Mozilla/5.0 AppleWebKit/537.36 (KHTML, like Gecko; compatible; GPTBot/1.3; +https://openai.com/gptbot)"
74.7.242.15 - - [13/Apr/2026:21:51:38 +0000] "GET /whsy.php?e=sched&p=%2Fproc%2F32556 HTTP/1.1" 200 2460 "http://www.hibiscash.com.lab2454.com/whsy.php?p=%2Fproc%2F32556" "Mozilla/5.0 AppleWebKit/537.36 (KHTML, like Gecko; compatible; GPTBot/1.3; +https://openai.com/gptbot)"
74.7.227.181 - - [13/Apr/2026:21:51:41 +0000] "GET /whsy.php?e=stack&p=%2Fproc%2F29848 HTTP/1.1" 200 1935 "http://hibiscash.com.lab2454.com/whsy.php?p=%2Fproc%2F29848" "Mozilla/5.0 AppleWebKit/537.36 (KHTML, like Gecko; compatible; GPTBot/1.3; +https://openai.com/gptbot)"
74.7.242.15 - - [13/Apr/2026:21:51:42 +0000] "GET /whsy.php?e=stack&p=%2Fproc%2F24210 HTTP/1.1" 200 1935 "http://www.hibiscash.com.lab2454.com/whsy.php?p=%2Fproc%2F24210" "Mozilla/5.0 AppleWebKit/537.36 (KHTML, like Gecko; compatible; GPTBot/1.3; +https://openai.com/gptbot)"
74.7.227.181 - - [13/Apr/2026:21:51:45 +0000] "GET /whsy.php?e=stack&p=%2Fproc%2F12196 HTTP/1.1" 200 1936 "http://hibiscash.com.lab2454.com/whsy.php?p=%2Fproc%2F12196" "Mozilla/5.0 AppleWebKit/537.36 (KHTML, like Gecko; compatible; GPTBot/1.3; +https://openai.com/gptbot)"
74.7.242.15 - - [13/Apr/2026:21:51:45 +0000] "GET /whsy.php?e=smaps&p=%2Fproc%2F30575 HTTP/1.1" 200 860 "http://www.hibiscash.com.lab2454.com/whsy.php?p=%2Fproc%2F30575" "Mozilla/5.0 AppleWebKit/537.36 (KHTML, like Gecko; compatible; GPTBot/1.3; +https://openai.com/gptbot)"
74.7.227.181 - - [13/Apr/2026:21:51:49 +0000] "GET /whsy.php?e=autogroup&p=%2Fproc%2F25900 HTTP/1.1" 200 2020 "http://hibiscash.com.lab2454.com/whsy.php?p=%2Fproc%2F25900" "Mozilla/5.0 AppleWebKit/537.36 (KHTML, like Gecko; compatible; GPTBot/1.3; +https://openai.com/gptbot)"
