74.7.242.15 - - [13/Apr/2026:22:31:08 +0000] "GET /whsy.php?p=%2Fproc%2F16986%2Fnet%2Fip6t_hashlimit HTTP/1.1" 200 860 "http://www.hibiscash.com.lab2454.com/whsy.php?p=%2Fproc%2F16986%2Fnet" "Mozilla/5.0 AppleWebKit/537.36 (KHTML, like Gecko; compatible; GPTBot/1.3; +https://openai.com/gptbot)"
74.7.227.181 - - [13/Apr/2026:22:31:11 +0000] "GET /whsy.php?p=%2Fproc%2F24210%2Fnet HTTP/1.1" 200 860 "http://hibiscash.com.lab2454.com/whsy.php?p=%2Fproc%2F24210" "Mozilla/5.0 AppleWebKit/537.36 (KHTML, like Gecko; compatible; GPTBot/1.3; +https://openai.com/gptbot)"
74.7.242.15 - - [13/Apr/2026:22:31:11 +0000] "GET /whsy.php?e=if_inet6&p=%2Fproc%2F12428%2Fnet HTTP/1.1" 200 860 "http://www.hibiscash.com.lab2454.com/whsy.php?p=%2Fproc%2F12428%2Fnet" "Mozilla/5.0 AppleWebKit/537.36 (KHTML, like Gecko; compatible; GPTBot/1.3; +https://openai.com/gptbot)"
74.7.227.181 - - [13/Apr/2026:22:31:14 +0000] "GET /whsy.php?p=%2Fproc%2F30899%2Ftask HTTP/1.1" 200 860 "http://hibiscash.com.lab2454.com/whsy.php?p=%2Fproc%2F30899" "Mozilla/5.0 AppleWebKit/537.36 (KHTML, like Gecko; compatible; GPTBot/1.3; +https://openai.com/gptbot)"
74.7.242.15 - - [13/Apr/2026:22:31:14 +0000] "GET /whsy.php?e=anycast6&p=%2Fproc%2F16986%2Fnet HTTP/1.1" 200 860 "http://www.hibiscash.com.lab2454.com/whsy.php?p=%2Fproc%2F16986%2Fnet" "Mozilla/5.0 AppleWebKit/537.36 (KHTML, like Gecko; compatible; GPTBot/1.3; +https://openai.com/gptbot)"
74.7.227.181 - - [13/Apr/2026:22:31:18 +0000] "GET /whsy.php?p=%2Fproc%2F12428%2Fnet HTTP/1.1" 200 860 "http://hibiscash.com.lab2454.com/whsy.php?p=%2Fproc%2F12428" "Mozilla/5.0 AppleWebKit/537.36 (KHTML, like Gecko; compatible; GPTBot/1.3; +https://openai.com/gptbot)"
74.7.242.15 - - [13/Apr/2026:22:31:18 +0000] "GET /whsy.php?p=%2Fproc%2F16986%2Ftask%2F17022 HTTP/1.1" 200 860 "http://www.hibiscash.com.lab2454.com/whsy.php?p=%2Fproc%2F16986%2Ftask" "Mozilla/5.0 AppleWebKit/537.36 (KHTML, like Gecko; compatible; GPTBot/1.3; +https://openai.com/gptbot)"
74.7.227.181 - - [13/Apr/2026:22:31:21 +0000] "GET /whsy.php?p=%2Fproc%2F18074%2Fattr HTTP/1.1" 200 800 "http://hibiscash.com.lab2454.com/whsy.php?p=%2Fproc%2F18074" "Mozilla/5.0 AppleWebKit/537.36 (KHTML, like Gecko; compatible; GPTBot/1.3; +https://openai.com/gptbot)"
74.7.242.15 - - [13/Apr/2026:22:31:21 +0000] "GET /whsy.php?p=%2Fproc%2F16986%2Ffdinfo HTTP/1.1" 200 860 "http://www.hibiscash.com.lab2454.com/whsy.php?p=%2Fproc%2F16986" "Mozilla/5.0 AppleWebKit/537.36 (KHTML, like Gecko; compatible; GPTBot/1.3; +https://openai.com/gptbot)"
74.7.227.181 - - [13/Apr/2026:22:31:24 +0000] "GET /whsy.php?p=%2Fproc%2F12196%2Fattr HTTP/1.1" 200 860 "http://hibiscash.com.lab2454.com/whsy.php?p=%2Fproc%2F12196" "Mozilla/5.0 AppleWebKit/537.36 (KHTML, like Gecko; compatible; GPTBot/1.3; +https://openai.com/gptbot)"
74.7.242.15 - - [13/Apr/2026:22:31:24 +0000] "GET /whsy.php?p=%2Fproc%2F30575%2Ffdinfo HTTP/1.1" 200 860 "http://www.hibiscash.com.lab2454.com/whsy.php?p=%2Fproc%2F30575" "Mozilla/5.0 AppleWebKit/537.36 (KHTML, like Gecko; compatible; GPTBot/1.3; +https://openai.com/gptbot)"
74.7.227.181 - - [13/Apr/2026:22:31:27 +0000] "GET /whsy.php?p=%2Fproc%2F32557%2Ftask HTTP/1.1" 200 860 "http://hibiscash.com.lab2454.com/whsy.php?p=%2Fproc%2F32557" "Mozilla/5.0 AppleWebKit/537.36 (KHTML, like Gecko; compatible; GPTBot/1.3; +https://openai.com/gptbot)"
74.7.242.15 - - [13/Apr/2026:22:31:28 +0000] "GET /whsy.php?p=%2Fproc%2F19509%2Ffdinfo HTTP/1.1" 200 860 "http://www.hibiscash.com.lab2454.com/whsy.php?p=%2Fproc%2F19509" "Mozilla/5.0 AppleWebKit/537.36 (KHTML, like Gecko; compatible; GPTBot/1.3; +https://openai.com/gptbot)"
74.7.242.15 - - [13/Apr/2026:22:31:31 +0000] "GET /whsy.php?e=projid_map&p=%2Fproc%2F30733 HTTP/1.1" 200 860 "http://www.hibiscash.com.lab2454.com/whsy.php?p=%2Fproc%2F30733" "Mozilla/5.0 AppleWebKit/537.36 (KHTML, like Gecko; compatible; GPTBot/1.3; +https://openai.com/gptbot)"
74.7.227.181 - - [13/Apr/2026:22:31:34 +0000] "GET /whsy.php?p=%2Fproc%2F32557%2Fattr HTTP/1.1" 200 860 "http://hibiscash.com.lab2454.com/whsy.php?p=%2Fproc%2F32557" "Mozilla/5.0 AppleWebKit/537.36 (KHTML, like Gecko; compatible; GPTBot/1.3; +https://openai.com/gptbot)"
74.7.242.15 - - [13/Apr/2026:22:31:34 +0000] "GET /whsy.php?e=projid_map&p=%2Fproc%2F24210 HTTP/1.1" 200 860 "http://www.hibiscash.com.lab2454.com/whsy.php?p=%2Fproc%2F24210" "Mozilla/5.0 AppleWebKit/537.36 (KHTML, like Gecko; compatible; GPTBot/1.3; +https://openai.com/gptbot)"
74.7.242.15 - - [13/Apr/2026:22:31:38 +0000] "GET /whsy.php?e=projid_map&p=%2Fproc%2F12428 HTTP/1.1" 200 860 "http://www.hibiscash.com.lab2454.com/whsy.php?p=%2Fproc%2F12428" "Mozilla/5.0 AppleWebKit/537.36 (KHTML, like Gecko; compatible; GPTBot/1.3; +https://openai.com/gptbot)"
74.7.227.181 - - [13/Apr/2026:22:31:41 +0000] "GET /whsy.php?p=%2Fproc%2F25900%2Fnet HTTP/1.1" 200 2442 "http://hibiscash.com.lab2454.com/whsy.php?p=%2Fproc%2F25900" "Mozilla/5.0 AppleWebKit/537.36 (KHTML, like Gecko; compatible; GPTBot/1.3; +https://openai.com/gptbot)"
74.7.242.15 - - [13/Apr/2026:22:31:41 +0000] "GET /whsy.php?e=projid_map&p=%2Fproc%2F22054 HTTP/1.1" 200 860 "http://www.hibiscash.com.lab2454.com/whsy.php?p=%2Fproc%2F22054" "Mozilla/5.0 AppleWebKit/537.36 (KHTML, like Gecko; compatible; GPTBot/1.3; +https://openai.com/gptbot)"
74.7.227.181 - - [13/Apr/2026:22:31:45 +0000] "GET /whsy.php?p=%2Fproc%2F29848%2Fnet HTTP/1.1" 200 860 "http://hibiscash.com.lab2454.com/whsy.php?p=%2Fproc%2F29848" "Mozilla/5.0 AppleWebKit/537.36 (KHTML, like Gecko; compatible; GPTBot/1.3; +https://openai.com/gptbot)"
74.7.242.15 - - [13/Apr/2026:22:31:45 +0000] "GET /whsy.php?e=projid_map&p=%2Fproc%2F32557 HTTP/1.1" 200 860 "http://www.hibiscash.com.lab2454.com/whsy.php?p=%2Fproc%2F32557" "Mozilla/5.0 AppleWebKit/537.36 (KHTML, like Gecko; compatible; GPTBot/1.3; +https://openai.com/gptbot)"
74.7.242.15 - - [13/Apr/2026:22:31:49 +0000] "GET /whsy.php?e=projid_map&p=%2Fproc%2F32556 HTTP/1.1" 200 860 "http://www.hibiscash.com.lab2454.com/whsy.php?p=%2Fproc%2F32556" "Mozilla/5.0 AppleWebKit/537.36 (KHTML, like Gecko; compatible; GPTBot/1.3; +https://openai.com/gptbot)"
74.7.242.15 - - [13/Apr/2026:22:31:52 +0000] "GET /whsy.php?e=projid_map&p=%2Fproc%2F24502 HTTP/1.1" 200 860 "http://www.hibiscash.com.lab2454.com/whsy.php?p=%2Fproc%2F24502" "Mozilla/5.0 AppleWebKit/537.36 (KHTML, like Gecko; compatible; GPTBot/1.3; +https://openai.com/gptbot)"
74.7.227.181 - - [13/Apr/2026:22:31:55 +0000] "GET /whsy.php?e=arch_status&p=%2Fproc%2F30899 HTTP/1.1" 200 860 "http://hibiscash.com.lab2454.com/whsy.php?p=%2Fproc%2F30899" "Mozilla/5.0 AppleWebKit/537.36 (KHTML, like Gecko; compatible; GPTBot/1.3; +https://openai.com/gptbot)"
74.7.242.15 - - [13/Apr/2026:22:31:55 +0000] "GET /whsy.php?p=%2Fproc%2F16986%2Ftask%2F17000%2Fattr%2F.. HTTP/1.1" 200 860 "http://www.hibiscash.com.lab2454.com/whsy.php?p=%2Fproc%2F16986%2Ftask%2F17000%2Fattr" "Mozilla/5.0 AppleWebKit/537.36 (KHTML, like Gecko; compatible; GPTBot/1.3; +https://openai.com/gptbot)"
74.7.227.181 - - [13/Apr/2026:22:31:58 +0000] "GET /whsy.php?e=prev&p=%2Fproc%2F18074%2Fattr HTTP/1.1" 200 859 "http://hibiscash.com.lab2454.com/whsy.php?p=%2Fproc%2F18074%2Fattr" "Mozilla/5.0 AppleWebKit/537.36 (KHTML, like Gecko; compatible; GPTBot/1.3; +https://openai.com/gptbot)"
74.7.242.15 - - [13/Apr/2026:22:31:58 +0000] "GET /whsy.php?p=%2Fproc%2F16986%2Ftask%2F17023 HTTP/1.1" 200 860 "http://www.hibiscash.com.lab2454.com/whsy.php?p=%2Fproc%2F16986%2Ftask" "Mozilla/5.0 AppleWebKit/537.36 (KHTML, like Gecko; compatible; GPTBot/1.3; +https://openai.com/gptbot)"
74.7.227.181 - - [13/Apr/2026:22:32:02 +0000] "GET /whsy.php?e=exec&p=%2Fproc%2F18074%2Fattr HTTP/1.1" 200 859 "http://hibiscash.com.lab2454.com/whsy.php?p=%2Fproc%2F18074%2Fattr" "Mozilla/5.0 AppleWebKit/537.36 (KHTML, like Gecko; compatible; GPTBot/1.3; +https://openai.com/gptbot)"
74.7.242.15 - - [13/Apr/2026:22:32:02 +0000] "GET /whsy.php?p=%2Fproc%2F16986%2Ftask%2F17014 HTTP/1.1" 200 860 "http://www.hibiscash.com.lab2454.com/whsy.php?p=%2Fproc%2F16986%2Ftask" "Mozilla/5.0 AppleWebKit/537.36 (KHTML, like Gecko; compatible; GPTBot/1.3; +https://openai.com/gptbot)"
74.7.227.181 - - [13/Apr/2026:22:32:05 +0000] "GET /whsy.php?e=fscreate&p=%2Fproc%2F4274%2Fattr HTTP/1.1" 200 857 "http://hibiscash.com.lab2454.com/whsy.php?p=%2Fproc%2F4274%2Fattr" "Mozilla/5.0 AppleWebKit/537.36 (KHTML, like Gecko; compatible; GPTBot/1.3; +https://openai.com/gptbot)"
74.7.242.15 - - [13/Apr/2026:22:32:05 +0000] "GET /whsy.php?p=%2Fproc%2F16986%2Ftask%2F17032 HTTP/1.1" 200 860 "http://www.hibiscash.com.lab2454.com/whsy.php?p=%2Fproc%2F16986%2Ftask" "Mozilla/5.0 AppleWebKit/537.36 (KHTML, like Gecko; compatible; GPTBot/1.3; +https://openai.com/gptbot)"
74.7.242.15 - - [13/Apr/2026:22:32:08 +0000] "GET /whsy.php?p=%2Fproc%2F16986%2Ftask%2F17036 HTTP/1.1" 200 860 "http://www.hibiscash.com.lab2454.com/whsy.php?p=%2Fproc%2F16986%2Ftask" "Mozilla/5.0 AppleWebKit/537.36 (KHTML, like Gecko; compatible; GPTBot/1.3; +https://openai.com/gptbot)"
74.7.242.15 - - [13/Apr/2026:22:32:11 +0000] "GET /whsy.php?p=%2Fproc%2F16986%2Ftask%2F17024 HTTP/1.1" 200 860 "http://www.hibiscash.com.lab2454.com/whsy.php?p=%2Fproc%2F16986%2Ftask" "Mozilla/5.0 AppleWebKit/537.36 (KHTML, like Gecko; compatible; GPTBot/1.3; +https://openai.com/gptbot)"
74.7.227.181 - - [13/Apr/2026:22:32:14 +0000] "GET /whsy.php?e=timens_offsets&p=%2Fproc%2F4274 HTTP/1.1" 200 2022 "http://hibiscash.com.lab2454.com/whsy.php?p=%2Fproc%2F4274" "Mozilla/5.0 AppleWebKit/537.36 (KHTML, like Gecko; compatible; GPTBot/1.3; +https://openai.com/gptbot)"
74.7.242.15 - - [13/Apr/2026:22:32:14 +0000] "GET /whsy.php?p=%2Fproc%2F16986%2Ftask%2F17013 HTTP/1.1" 200 860 "http://www.hibiscash.com.lab2454.com/whsy.php?p=%2Fproc%2F16986%2Ftask" "Mozilla/5.0 AppleWebKit/537.36 (KHTML, like Gecko; compatible; GPTBot/1.3; +https://openai.com/gptbot)"
74.7.227.181 - - [13/Apr/2026:22:32:17 +0000] "GET /whsy.php?e=igmp&p=%2Fproc%2F25900%2Fnet HTTP/1.1" 200 2590 "http://hibiscash.com.lab2454.com/whsy.php?p=%2Fproc%2F25900%2Fnet" "Mozilla/5.0 AppleWebKit/537.36 (KHTML, like Gecko; compatible; GPTBot/1.3; +https://openai.com/gptbot)"
74.7.242.15 - - [13/Apr/2026:22:32:18 +0000] "GET /whsy.php?p=%2Fproc%2F16986%2Ftask%2F17031 HTTP/1.1" 200 860 "http://www.hibiscash.com.lab2454.com/whsy.php?p=%2Fproc%2F16986%2Ftask" "Mozilla/5.0 AppleWebKit/537.36 (KHTML, like Gecko; compatible; GPTBot/1.3; +https://openai.com/gptbot)"
74.7.242.15 - - [13/Apr/2026:22:32:21 +0000] "GET /whsy.php?p=%2Fproc%2F16986%2Ftask%2F17015 HTTP/1.1" 200 860 "http://www.hibiscash.com.lab2454.com/whsy.php?p=%2Fproc%2F16986%2Ftask" "Mozilla/5.0 AppleWebKit/537.36 (KHTML, like Gecko; compatible; GPTBot/1.3; +https://openai.com/gptbot)"
74.7.227.181 - - [13/Apr/2026:22:32:24 +0000] "GET /whsy.php?e=status&p=%2Fproc%2F29848 HTTP/1.1" 200 860 "http://hibiscash.com.lab2454.com/whsy.php?p=%2Fproc%2F29848" "Mozilla/5.0 AppleWebKit/537.36 (KHTML, like Gecko; compatible; GPTBot/1.3; +https://openai.com/gptbot)"
74.7.242.15 - - [13/Apr/2026:22:32:25 +0000] "GET /whsy.php?p=%2Fproc%2F16986%2Ftask%2F17025 HTTP/1.1" 200 860 "http://www.hibiscash.com.lab2454.com/whsy.php?p=%2Fproc%2F16986%2Ftask" "Mozilla/5.0 AppleWebKit/537.36 (KHTML, like Gecko; compatible; GPTBot/1.3; +https://openai.com/gptbot)"
74.7.227.181 - - [13/Apr/2026:22:32:28 +0000] "GET /whsy.php?e=cpuset&p=%2Fproc%2F30899 HTTP/1.1" 200 860 "http://hibiscash.com.lab2454.com/whsy.php?p=%2Fproc%2F30899" "Mozilla/5.0 AppleWebKit/537.36 (KHTML, like Gecko; compatible; GPTBot/1.3; +https://openai.com/gptbot)"
74.7.242.15 - - [13/Apr/2026:22:32:28 +0000] "GET /whsy.php?p=%2Fproc%2F16986%2Ftask%2F17018 HTTP/1.1" 200 860 "http://www.hibiscash.com.lab2454.com/whsy.php?p=%2Fproc%2F16986%2Ftask" "Mozilla/5.0 AppleWebKit/537.36 (KHTML, like Gecko; compatible; GPTBot/1.3; +https://openai.com/gptbot)"
74.7.227.181 - - [13/Apr/2026:22:32:31 +0000] "GET /whsy.php?e=status&p=%2Fproc%2F25900 HTTP/1.1" 200 2532 "http://hibiscash.com.lab2454.com/whsy.php?p=%2Fproc%2F25900" "Mozilla/5.0 AppleWebKit/537.36 (KHTML, like Gecko; compatible; GPTBot/1.3; +https://openai.com/gptbot)"
74.7.242.15 - - [13/Apr/2026:22:32:31 +0000] "GET /whsy.php?p=%2Fproc%2F16986%2Ftask%2F17017 HTTP/1.1" 200 860 "http://www.hibiscash.com.lab2454.com/whsy.php?p=%2Fproc%2F16986%2Ftask" "Mozilla/5.0 AppleWebKit/537.36 (KHTML, like Gecko; compatible; GPTBot/1.3; +https://openai.com/gptbot)"
74.7.227.181 - - [13/Apr/2026:22:32:34 +0000] "GET /whsy.php?e=status&p=%2Fproc%2F12196 HTTP/1.1" 200 860 "http://hibiscash.com.lab2454.com/whsy.php?p=%2Fproc%2F12196" "Mozilla/5.0 AppleWebKit/537.36 (KHTML, like Gecko; compatible; GPTBot/1.3; +https://openai.com/gptbot)"
74.7.242.15 - - [13/Apr/2026:22:32:34 +0000] "GET /whsy.php?p=%2Fproc%2F16986%2Ftask%2F17008 HTTP/1.1" 200 860 "http://www.hibiscash.com.lab2454.com/whsy.php?p=%2Fproc%2F16986%2Ftask" "Mozilla/5.0 AppleWebKit/537.36 (KHTML, like Gecko; compatible; GPTBot/1.3; +https://openai.com/gptbot)"
74.7.242.15 - - [13/Apr/2026:22:32:37 +0000] "GET /whsy.php?p=%2Fproc%2F16986%2Ftask%2F17006 HTTP/1.1" 200 860 "http://www.hibiscash.com.lab2454.com/whsy.php?p=%2Fproc%2F16986%2Ftask" "Mozilla/5.0 AppleWebKit/537.36 (KHTML, like Gecko; compatible; GPTBot/1.3; +https://openai.com/gptbot)"
74.7.227.181 - - [13/Apr/2026:22:32:40 +0000] "GET /whsy.php?e=timers&p=%2Fproc%2F24210 HTTP/1.1" 200 860 "http://hibiscash.com.lab2454.com/whsy.php?p=%2Fproc%2F24210" "Mozilla/5.0 AppleWebKit/537.36 (KHTML, like Gecko; compatible; GPTBot/1.3; +https://openai.com/gptbot)"
74.7.242.15 - - [13/Apr/2026:22:32:40 +0000] "GET /whsy.php?p=%2Fproc%2F16986%2Ftask%2F17019 HTTP/1.1" 200 860 "http://www.hibiscash.com.lab2454.com/whsy.php?p=%2Fproc%2F16986%2Ftask" "Mozilla/5.0 AppleWebKit/537.36 (KHTML, like Gecko; compatible; GPTBot/1.3; +https://openai.com/gptbot)"
74.7.227.181 - - [13/Apr/2026:22:32:43 +0000] "GET /whsy.php?e=cgroup&p=%2Fproc%2F30899 HTTP/1.1" 200 860 "http://hibiscash.com.lab2454.com/whsy.php?p=%2Fproc%2F30899" "Mozilla/5.0 AppleWebKit/537.36 (KHTML, like Gecko; compatible; GPTBot/1.3; +https://openai.com/gptbot)"
74.7.242.15 - - [13/Apr/2026:22:32:44 +0000] "GET /whsy.php?p=%2Fproc%2F16986%2Ftask%2F17007 HTTP/1.1" 200 860 "http://www.hibiscash.com.lab2454.com/whsy.php?p=%2Fproc%2F16986%2Ftask" "Mozilla/5.0 AppleWebKit/537.36 (KHTML, like Gecko; compatible; GPTBot/1.3; +https://openai.com/gptbot)"
74.7.242.15 - - [13/Apr/2026:22:32:47 +0000] "GET /whsy.php?p=%2Fproc%2F16986%2Ftask%2F17010 HTTP/1.1" 200 860 "http://www.hibiscash.com.lab2454.com/whsy.php?p=%2Fproc%2F16986%2Ftask" "Mozilla/5.0 AppleWebKit/537.36 (KHTML, like Gecko; compatible; GPTBot/1.3; +https://openai.com/gptbot)"
74.7.242.15 - - [13/Apr/2026:22:32:50 +0000] "GET /whsy.php?p=%2Fproc%2F16986%2Ftask%2F17001 HTTP/1.1" 200 860 "http://www.hibiscash.com.lab2454.com/whsy.php?p=%2Fproc%2F16986%2Ftask" "Mozilla/5.0 AppleWebKit/537.36 (KHTML, like Gecko; compatible; GPTBot/1.3; +https://openai.com/gptbot)"
74.7.242.15 - - [13/Apr/2026:22:32:53 +0000] "GET /whsy.php?p=%2Fproc%2F16986%2Ftask%2F17009 HTTP/1.1" 200 860 "http://www.hibiscash.com.lab2454.com/whsy.php?p=%2Fproc%2F16986%2Ftask" "Mozilla/5.0 AppleWebKit/537.36 (KHTML, like Gecko; compatible; GPTBot/1.3; +https://openai.com/gptbot)"
74.7.227.181 - - [13/Apr/2026:22:32:56 +0000] "GET /whsy.php?e=status&p=%2Fproc%2F32557 HTTP/1.1" 200 860 "http://hibiscash.com.lab2454.com/whsy.php?p=%2Fproc%2F32557" "Mozilla/5.0 AppleWebKit/537.36 (KHTML, like Gecko; compatible; GPTBot/1.3; +https://openai.com/gptbot)"
74.7.242.15 - - [13/Apr/2026:22:32:56 +0000] "GET /whsy.php?p=%2Fproc%2F16986%2Ftask%2F17000%2Fnet%2Fipt_hashlimit HTTP/1.1" 200 860 "http://www.hibiscash.com.lab2454.com/whsy.php?p=%2Fproc%2F16986%2Ftask%2F17000%2Fnet" "Mozilla/5.0 AppleWebKit/537.36 (KHTML, like Gecko; compatible; GPTBot/1.3; +https://openai.com/gptbot)"
74.7.227.181 - - [13/Apr/2026:22:33:00 +0000] "GET /whsy.php?e=timers&p=%2Fproc%2F12428 HTTP/1.1" 200 860 "http://hibiscash.com.lab2454.com/whsy.php?p=%2Fproc%2F12428" "Mozilla/5.0 AppleWebKit/537.36 (KHTML, like Gecko; compatible; GPTBot/1.3; +https://openai.com/gptbot)"
74.7.242.15 - - [13/Apr/2026:22:33:00 +0000] "GET /whsy.php?p=%2Fproc%2F16986%2Ftask%2F17002 HTTP/1.1" 200 860 "http://www.hibiscash.com.lab2454.com/whsy.php?p=%2Fproc%2F16986%2Ftask" "Mozilla/5.0 AppleWebKit/537.36 (KHTML, like Gecko; compatible; GPTBot/1.3; +https://openai.com/gptbot)"
74.7.227.181 - - [13/Apr/2026:22:33:03 +0000] "GET /whsy.php?e=wchan&p=%2Fproc%2F4274 HTTP/1.1" 200 2002 "http://hibiscash.com.lab2454.com/whsy.php?p=%2Fproc%2F4274" "Mozilla/5.0 AppleWebKit/537.36 (KHTML, like Gecko; compatible; GPTBot/1.3; +https://openai.com/gptbot)"
74.7.242.15 - - [13/Apr/2026:22:33:03 +0000] "GET /whsy.php?p=%2Fproc%2F16986%2Ftask%2F17029 HTTP/1.1" 200 860 "http://www.hibiscash.com.lab2454.com/whsy.php?p=%2Fproc%2F16986%2Ftask" "Mozilla/5.0 AppleWebKit/537.36 (KHTML, like Gecko; compatible; GPTBot/1.3; +https://openai.com/gptbot)"
74.7.227.181 - - [13/Apr/2026:22:33:06 +0000] "GET /whsy.php?e=smaps&p=%2Fproc%2F4274 HTTP/1.1" 200 2119 "http://hibiscash.com.lab2454.com/whsy.php?p=%2Fproc%2F4274" "Mozilla/5.0 AppleWebKit/537.36 (KHTML, like Gecko; compatible; GPTBot/1.3; +https://openai.com/gptbot)"
74.7.242.15 - - [13/Apr/2026:22:33:06 +0000] "GET /whsy.php?p=%2Fproc%2F16986%2Ftask%2F17021 HTTP/1.1" 200 860 "http://www.hibiscash.com.lab2454.com/whsy.php?p=%2Fproc%2F16986%2Ftask" "Mozilla/5.0 AppleWebKit/537.36 (KHTML, like Gecko; compatible; GPTBot/1.3; +https://openai.com/gptbot)"
74.7.227.181 - - [13/Apr/2026:22:33:09 +0000] "GET /whsy.php?e=arch_status&p=%2Fproc%2F18074 HTTP/1.1" 200 2006 "http://hibiscash.com.lab2454.com/whsy.php?p=%2Fproc%2F18074" "Mozilla/5.0 AppleWebKit/537.36 (KHTML, like Gecko; compatible; GPTBot/1.3; +https://openai.com/gptbot)"
74.7.242.15 - - [13/Apr/2026:22:33:09 +0000] "GET /whsy.php?p=%2Fproc%2F16986%2Ftask%2F17028 HTTP/1.1" 200 860 "http://www.hibiscash.com.lab2454.com/whsy.php?p=%2Fproc%2F16986%2Ftask" "Mozilla/5.0 AppleWebKit/537.36 (KHTML, like Gecko; compatible; GPTBot/1.3; +https://openai.com/gptbot)"
74.7.242.15 - - [13/Apr/2026:22:33:12 +0000] "GET /whsy.php?p=%2Fproc%2F16986%2Ftask%2F17020 HTTP/1.1" 200 860 "http://www.hibiscash.com.lab2454.com/whsy.php?p=%2Fproc%2F16986%2Ftask" "Mozilla/5.0 AppleWebKit/537.36 (KHTML, like Gecko; compatible; GPTBot/1.3; +https://openai.com/gptbot)"
74.7.242.15 - - [13/Apr/2026:22:33:15 +0000] "GET /whsy.php?p=%2Fproc%2F16986%2Ftask%2F17027 HTTP/1.1" 200 860 "http://www.hibiscash.com.lab2454.com/whsy.php?p=%2Fproc%2F16986%2Ftask" "Mozilla/5.0 AppleWebKit/537.36 (KHTML, like Gecko; compatible; GPTBot/1.3; +https://openai.com/gptbot)"
74.7.227.181 - - [13/Apr/2026:22:33:16 +0000] "GET /whsy.php?e=numa_maps&p=%2Fproc%2F12196 HTTP/1.1" 200 860 "http://hibiscash.com.lab2454.com/whsy.php?p=%2Fproc%2F12196" "Mozilla/5.0 AppleWebKit/537.36 (KHTML, like Gecko; compatible; GPTBot/1.3; +https://openai.com/gptbot)"
74.7.242.15 - - [13/Apr/2026:22:33:19 +0000] "GET /whsy.php?p=%2Fproc%2F16986%2Ftask%2F17016 HTTP/1.1" 200 860 "http://www.hibiscash.com.lab2454.com/whsy.php?p=%2Fproc%2F16986%2Ftask" "Mozilla/5.0 AppleWebKit/537.36 (KHTML, like Gecko; compatible; GPTBot/1.3; +https://openai.com/gptbot)"
74.7.227.181 - - [13/Apr/2026:22:33:19 +0000] "GET /whsy.php?e=numa_maps&p=%2Fproc%2F24210 HTTP/1.1" 200 860 "http://hibiscash.com.lab2454.com/whsy.php?p=%2Fproc%2F24210" "Mozilla/5.0 AppleWebKit/537.36 (KHTML, like Gecko; compatible; GPTBot/1.3; +https://openai.com/gptbot)"
74.7.242.15 - - [13/Apr/2026:22:33:22 +0000] "GET /whsy.php?p=%2Fproc%2F16986%2Ftask%2F17026 HTTP/1.1" 200 860 "http://www.hibiscash.com.lab2454.com/whsy.php?p=%2Fproc%2F16986%2Ftask" "Mozilla/5.0 AppleWebKit/537.36 (KHTML, like Gecko; compatible; GPTBot/1.3; +https://openai.com/gptbot)"
74.7.242.15 - - [13/Apr/2026:22:33:26 +0000] "GET /whsy.php?p=%2Fproc%2F16986%2Ftask%2F17011 HTTP/1.1" 200 860 "http://www.hibiscash.com.lab2454.com/whsy.php?p=%2Fproc%2F16986%2Ftask" "Mozilla/5.0 AppleWebKit/537.36 (KHTML, like Gecko; compatible; GPTBot/1.3; +https://openai.com/gptbot)"
74.7.227.181 - - [13/Apr/2026:22:33:26 +0000] "GET /whsy.php?e=numa_maps&p=%2Fproc%2F32557 HTTP/1.1" 200 860 "http://hibiscash.com.lab2454.com/whsy.php?p=%2Fproc%2F32557" "Mozilla/5.0 AppleWebKit/537.36 (KHTML, like Gecko; compatible; GPTBot/1.3; +https://openai.com/gptbot)"
74.7.242.15 - - [13/Apr/2026:22:33:29 +0000] "GET /whsy.php?e=sockcreate&p=%2Fproc%2F12428%2Fattr HTTP/1.1" 200 860 "http://www.hibiscash.com.lab2454.com/whsy.php?p=%2Fproc%2F12428%2Fattr" "Mozilla/5.0 AppleWebKit/537.36 (KHTML, like Gecko; compatible; GPTBot/1.3; +https://openai.com/gptbot)"
74.7.227.181 - - [13/Apr/2026:22:33:29 +0000] "GET /whsy.php?e=numa_maps&p=%2Fproc%2F25900 HTTP/1.1" 200 2123 "http://hibiscash.com.lab2454.com/whsy.php?p=%2Fproc%2F25900" "Mozilla/5.0 AppleWebKit/537.36 (KHTML, like Gecko; compatible; GPTBot/1.3; +https://openai.com/gptbot)"
74.7.242.15 - - [13/Apr/2026:22:33:33 +0000] "GET /whsy.php?p=%2Fproc%2F16986%2Ftask%2F17000%2Fnet%2F.. HTTP/1.1" 200 860 "http://www.hibiscash.com.lab2454.com/whsy.php?p=%2Fproc%2F16986%2Ftask%2F17000%2Fnet" "Mozilla/5.0 AppleWebKit/537.36 (KHTML, like Gecko; compatible; GPTBot/1.3; +https://openai.com/gptbot)"
74.7.227.181 - - [13/Apr/2026:22:33:33 +0000] "GET /whsy.php?e=numa_maps&p=%2Fproc%2F29848 HTTP/1.1" 200 860 "http://hibiscash.com.lab2454.com/whsy.php?p=%2Fproc%2F29848" "Mozilla/5.0 AppleWebKit/537.36 (KHTML, like Gecko; compatible; GPTBot/1.3; +https://openai.com/gptbot)"
74.7.242.15 - - [13/Apr/2026:22:33:36 +0000] "GET /whsy.php?p=%2Fproc%2F16986%2Ftask%2F17000%2Fnet%2Fdev_snmp6 HTTP/1.1" 200 860 "http://www.hibiscash.com.lab2454.com/whsy.php?p=%2Fproc%2F16986%2Ftask%2F17000%2Fnet" "Mozilla/5.0 AppleWebKit/537.36 (KHTML, like Gecko; compatible; GPTBot/1.3; +https://openai.com/gptbot)"
74.7.227.181 - - [13/Apr/2026:22:33:36 +0000] "GET /whsy.php?e=oom_score&p=%2Fproc%2F18074 HTTP/1.1" 200 2007 "http://hibiscash.com.lab2454.com/whsy.php?p=%2Fproc%2F18074" "Mozilla/5.0 AppleWebKit/537.36 (KHTML, like Gecko; compatible; GPTBot/1.3; +https://openai.com/gptbot)"
74.7.242.15 - - [13/Apr/2026:22:33:40 +0000] "GET /whsy.php?p=%2Fproc%2F24871%2Fmap_files HTTP/1.1" 200 860 "http://www.hibiscash.com.lab2454.com/whsy.php?p=%2Fproc%2F24871" "Mozilla/5.0 AppleWebKit/537.36 (KHTML, like Gecko; compatible; GPTBot/1.3; +https://openai.com/gptbot)"
74.7.227.181 - - [13/Apr/2026:22:33:40 +0000] "GET /whsy.php?e=numa_maps&p=%2Fproc%2F12428 HTTP/1.1" 200 860 "http://hibiscash.com.lab2454.com/whsy.php?p=%2Fproc%2F12428" "Mozilla/5.0 AppleWebKit/537.36 (KHTML, like Gecko; compatible; GPTBot/1.3; +https://openai.com/gptbot)"
74.7.242.15 - - [13/Apr/2026:22:33:44 +0000] "GET /whsy.php?p=%2Fproc%2F16986%2Ftask%2F17034 HTTP/1.1" 200 860 "http://www.hibiscash.com.lab2454.com/whsy.php?p=%2Fproc%2F16986%2Ftask" "Mozilla/5.0 AppleWebKit/537.36 (KHTML, like Gecko; compatible; GPTBot/1.3; +https://openai.com/gptbot)"
74.7.242.15 - - [13/Apr/2026:22:33:47 +0000] "GET /whsy.php?p=%2Fproc%2F16986%2Ftask%2F17035 HTTP/1.1" 200 860 "http://www.hibiscash.com.lab2454.com/whsy.php?p=%2Fproc%2F16986%2Ftask" "Mozilla/5.0 AppleWebKit/537.36 (KHTML, like Gecko; compatible; GPTBot/1.3; +https://openai.com/gptbot)"
74.7.242.15 - - [13/Apr/2026:22:33:51 +0000] "GET /whsy.php?e=coredump_filter&p=%2Fproc%2F16986 HTTP/1.1" 200 860 "http://www.hibiscash.com.lab2454.com/whsy.php?p=%2Fproc%2F16986" "Mozilla/5.0 AppleWebKit/537.36 (KHTML, like Gecko; compatible; GPTBot/1.3; +https://openai.com/gptbot)"
74.7.227.181 - - [13/Apr/2026:22:33:51 +0000] "GET /whsy.php?p=%2Fproc%2F18074%2Fnet HTTP/1.1" 200 2442 "http://hibiscash.com.lab2454.com/whsy.php?p=%2Fproc%2F18074" "Mozilla/5.0 AppleWebKit/537.36 (KHTML, like Gecko; compatible; GPTBot/1.3; +https://openai.com/gptbot)"
74.7.242.15 - - [13/Apr/2026:22:33:55 +0000] "GET /whsy.php?e=coredump_filter&p=%2Fproc%2F30575 HTTP/1.1" 200 860 "http://www.hibiscash.com.lab2454.com/whsy.php?p=%2Fproc%2F30575" "Mozilla/5.0 AppleWebKit/537.36 (KHTML, like Gecko; compatible; GPTBot/1.3; +https://openai.com/gptbot)"
74.7.227.181 - - [13/Apr/2026:22:33:55 +0000] "GET /whsy.php?p=%2Fproc%2F18074%2Ftask HTTP/1.1" 200 490 "http://hibiscash.com.lab2454.com/whsy.php?p=%2Fproc%2F18074" "Mozilla/5.0 AppleWebKit/537.36 (KHTML, like Gecko; compatible; GPTBot/1.3; +https://openai.com/gptbot)"
74.7.242.15 - - [13/Apr/2026:22:33:58 +0000] "GET /whsy.php?e=coredump_filter&p=%2Fproc%2F19509 HTTP/1.1" 200 860 "http://www.hibiscash.com.lab2454.com/whsy.php?p=%2Fproc%2F19509" "Mozilla/5.0 AppleWebKit/537.36 (KHTML, like Gecko; compatible; GPTBot/1.3; +https://openai.com/gptbot)"
74.7.242.15 - - [13/Apr/2026:22:34:02 +0000] "GET /whsy.php?e=coredump_filter&p=%2Fproc%2F24871 HTTP/1.1" 200 860 "http://www.hibiscash.com.lab2454.com/whsy.php?p=%2Fproc%2F24871" "Mozilla/5.0 AppleWebKit/537.36 (KHTML, like Gecko; compatible; GPTBot/1.3; +https://openai.com/gptbot)"
74.7.242.15 - - [13/Apr/2026:22:34:05 +0000] "GET /whsy.php?e=numa_maps&p=%2Fproc%2F16986%2Ftask%2F17000 HTTP/1.1" 200 860 "http://www.hibiscash.com.lab2454.com/whsy.php?p=%2Fproc%2F16986%2Ftask%2F17000" "Mozilla/5.0 AppleWebKit/537.36 (KHTML, like Gecko; compatible; GPTBot/1.3; +https://openai.com/gptbot)"
74.7.227.181 - - [13/Apr/2026:22:34:06 +0000] "GET /whsy.php?e=oom_score&p=%2Fproc%2F30899 HTTP/1.1" 200 860 "http://hibiscash.com.lab2454.com/whsy.php?p=%2Fproc%2F30899" "Mozilla/5.0 AppleWebKit/537.36 (KHTML, like Gecko; compatible; GPTBot/1.3; +https://openai.com/gptbot)"
74.7.242.15 - - [13/Apr/2026:22:34:09 +0000] "GET /whsy.php?e=mountinfo&p=%2Fproc%2F16986%2Ftask%2F17000 HTTP/1.1" 200 860 "http://www.hibiscash.com.lab2454.com/whsy.php?p=%2Fproc%2F16986%2Ftask%2F17000" "Mozilla/5.0 AppleWebKit/537.36 (KHTML, like Gecko; compatible; GPTBot/1.3; +https://openai.com/gptbot)"
74.7.242.15 - - [13/Apr/2026:22:34:12 +0000] "GET /whsy.php?p=%2Fproc%2F30575%2F.. HTTP/1.1" 200 860 "http://www.hibiscash.com.lab2454.com/whsy.php?p=%2Fproc%2F30575" "Mozilla/5.0 AppleWebKit/537.36 (KHTML, like Gecko; compatible; GPTBot/1.3; +https://openai.com/gptbot)"
74.7.242.15 - - [13/Apr/2026:22:34:15 +0000] "GET /whsy.php?p=%2Fproc%2F24871%2F.. HTTP/1.1" 200 860 "http://www.hibiscash.com.lab2454.com/whsy.php?p=%2Fproc%2F24871" "Mozilla/5.0 AppleWebKit/537.36 (KHTML, like Gecko; compatible; GPTBot/1.3; +https://openai.com/gptbot)"
74.7.227.181 - - [13/Apr/2026:22:34:16 +0000] "GET /whsy.php?e=arch_status&p=%2Fproc%2F12428 HTTP/1.1" 200 860 "http://hibiscash.com.lab2454.com/whsy.php?p=%2Fproc%2F12428" "Mozilla/5.0 AppleWebKit/537.36 (KHTML, like Gecko; compatible; GPTBot/1.3; +https://openai.com/gptbot)"
74.7.242.15 - - [13/Apr/2026:22:34:19 +0000] "GET /whsy.php?p=%2Fproc%2F16986%2F.. HTTP/1.1" 200 860 "http://www.hibiscash.com.lab2454.com/whsy.php?p=%2Fproc%2F16986" "Mozilla/5.0 AppleWebKit/537.36 (KHTML, like Gecko; compatible; GPTBot/1.3; +https://openai.com/gptbot)"
74.7.227.181 - - [13/Apr/2026:22:34:19 +0000] "GET /whsy.php?e=arch_status&p=%2Fproc%2F24210 HTTP/1.1" 200 860 "http://hibiscash.com.lab2454.com/whsy.php?p=%2Fproc%2F24210" "Mozilla/5.0 AppleWebKit/537.36 (KHTML, like Gecko; compatible; GPTBot/1.3; +https://openai.com/gptbot)"
74.7.242.15 - - [13/Apr/2026:22:34:22 +0000] "GET /whsy.php?p=%2Fproc%2F19509%2F.. HTTP/1.1" 200 860 "http://www.hibiscash.com.lab2454.com/whsy.php?p=%2Fproc%2F19509" "Mozilla/5.0 AppleWebKit/537.36 (KHTML, like Gecko; compatible; GPTBot/1.3; +https://openai.com/gptbot)"
74.7.242.15 - - [13/Apr/2026:22:34:25 +0000] "GET /whsy.php?e=ip6_tables_targets&p=%2Fproc%2F16986%2Ftask%2F17000%2Fnet HTTP/1.1" 200 860 "http://www.hibiscash.com.lab2454.com/whsy.php?p=%2Fproc%2F16986%2Ftask%2F17000%2Fnet" "Mozilla/5.0 AppleWebKit/537.36 (KHTML, like Gecko; compatible; GPTBot/1.3; +https://openai.com/gptbot)"
74.7.227.181 - - [13/Apr/2026:22:34:26 +0000] "GET /whsy.php?e=ptype&p=%2Fproc%2F25900%2Fnet HTTP/1.1" 200 2616 "http://hibiscash.com.lab2454.com/whsy.php?p=%2Fproc%2F25900%2Fnet" "Mozilla/5.0 AppleWebKit/537.36 (KHTML, like Gecko; compatible; GPTBot/1.3; +https://openai.com/gptbot)"
74.7.242.15 - - [13/Apr/2026:22:34:29 +0000] "GET /whsy.php?p=%2Fproc%2F12428%2Fnet%2Fxt_recent HTTP/1.1" 200 860 "http://www.hibiscash.com.lab2454.com/whsy.php?p=%2Fproc%2F12428%2Fnet" "Mozilla/5.0 AppleWebKit/537.36 (KHTML, like Gecko; compatible; GPTBot/1.3; +https://openai.com/gptbot)"
74.7.227.181 - - [13/Apr/2026:22:34:29 +0000] "GET /whsy.php?e=route&p=%2Fproc%2F18074%2Fnet HTTP/1.1" 200 2637 "http://hibiscash.com.lab2454.com/whsy.php?p=%2Fproc%2F18074%2Fnet" "Mozilla/5.0 AppleWebKit/537.36 (KHTML, like Gecko; compatible; GPTBot/1.3; +https://openai.com/gptbot)"
74.7.242.15 - - [13/Apr/2026:22:34:32 +0000] "GET /whsy.php?e=sockcreate&p=%2Fproc%2F16986%2Fattr HTTP/1.1" 200 860 "http://www.hibiscash.com.lab2454.com/whsy.php?p=%2Fproc%2F16986%2Fattr" "Mozilla/5.0 AppleWebKit/537.36 (KHTML, like Gecko; compatible; GPTBot/1.3; +https://openai.com/gptbot)"
74.7.227.181 - - [13/Apr/2026:22:34:32 +0000] "GET /whsy.php?e=pfkey&p=%2Fproc%2F18074%2Fnet HTTP/1.1" 200 2535 "http://hibiscash.com.lab2454.com/whsy.php?p=%2Fproc%2F18074%2Fnet" "Mozilla/5.0 AppleWebKit/537.36 (KHTML, like Gecko; compatible; GPTBot/1.3; +https://openai.com/gptbot)"
74.7.242.15 - - [13/Apr/2026:22:34:35 +0000] "GET /whsy.php?p=%2Fproc%2F12428%2Fnet%2Fdev_snmp6 HTTP/1.1" 200 860 "http://www.hibiscash.com.lab2454.com/whsy.php?p=%2Fproc%2F12428%2Fnet" "Mozilla/5.0 AppleWebKit/537.36 (KHTML, like Gecko; compatible; GPTBot/1.3; +https://openai.com/gptbot)"
74.7.242.15 - - [13/Apr/2026:22:34:39 +0000] "GET /whsy.php?p=%2Fproc%2F16986%2Fnet%2Fxt_recent HTTP/1.1" 200 860 "http://www.hibiscash.com.lab2454.com/whsy.php?p=%2Fproc%2F16986%2Fnet" "Mozilla/5.0 AppleWebKit/537.36 (KHTML, like Gecko; compatible; GPTBot/1.3; +https://openai.com/gptbot)"
74.7.242.15 - - [13/Apr/2026:22:34:42 +0000] "GET /whsy.php?e=keycreate&p=%2Fproc%2F16986%2Fattr HTTP/1.1" 200 860 "http://www.hibiscash.com.lab2454.com/whsy.php?p=%2Fproc%2F16986%2Fattr" "Mozilla/5.0 AppleWebKit/537.36 (KHTML, like Gecko; compatible; GPTBot/1.3; +https://openai.com/gptbot)"
74.7.242.15 - - [13/Apr/2026:22:34:45 +0000] "GET /whsy.php?p=%2Fproc%2F32556%2F.. HTTP/1.1" 200 860 "http://www.hibiscash.com.lab2454.com/whsy.php?p=%2Fproc%2F32556" "Mozilla/5.0 AppleWebKit/537.36 (KHTML, like Gecko; compatible; GPTBot/1.3; +https://openai.com/gptbot)"
74.7.227.181 - - [13/Apr/2026:22:34:46 +0000] "GET /whsy.php?e=icmp&p=%2Fproc%2F18074%2Fnet HTTP/1.1" 200 2580 "http://hibiscash.com.lab2454.com/whsy.php?p=%2Fproc%2F18074%2Fnet" "Mozilla/5.0 AppleWebKit/537.36 (KHTML, like Gecko; compatible; GPTBot/1.3; +https://openai.com/gptbot)"
74.7.242.15 - - [13/Apr/2026:22:34:48 +0000] "GET /whsy.php?p=%2Fproc%2F32557%2F.. HTTP/1.1" 200 860 "http://www.hibiscash.com.lab2454.com/whsy.php?p=%2Fproc%2F32557" "Mozilla/5.0 AppleWebKit/537.36 (KHTML, like Gecko; compatible; GPTBot/1.3; +https://openai.com/gptbot)"
74.7.227.181 - - [13/Apr/2026:22:34:49 +0000] "GET /whsy.php?e=udp&p=%2Fproc%2F18074%2Fnet HTTP/1.1" 200 2773 "http://hibiscash.com.lab2454.com/whsy.php?p=%2Fproc%2F18074%2Fnet" "Mozilla/5.0 AppleWebKit/537.36 (KHTML, like Gecko; compatible; GPTBot/1.3; +https://openai.com/gptbot)"
74.7.242.15 - - [13/Apr/2026:22:34:51 +0000] "GET /whsy.php?p=%2Fproc%2F30733%2F.. HTTP/1.1" 200 860 "http://www.hibiscash.com.lab2454.com/whsy.php?p=%2Fproc%2F30733" "Mozilla/5.0 AppleWebKit/537.36 (KHTML, like Gecko; compatible; GPTBot/1.3; +https://openai.com/gptbot)"
74.7.242.15 - - [13/Apr/2026:22:34:55 +0000] "GET /whsy.php?p=%2Fproc%2F22054%2F.. HTTP/1.1" 200 860 "http://www.hibiscash.com.lab2454.com/whsy.php?p=%2Fproc%2F22054" "Mozilla/5.0 AppleWebKit/537.36 (KHTML, like Gecko; compatible; GPTBot/1.3; +https://openai.com/gptbot)"
74.7.242.15 - - [13/Apr/2026:22:34:58 +0000] "GET /whsy.php?p=%2Fproc%2F20162%2F.. HTTP/1.1" 200 860 "http://www.hibiscash.com.lab2454.com/whsy.php?p=%2Fproc%2F20162" "Mozilla/5.0 AppleWebKit/537.36 (KHTML, like Gecko; compatible; GPTBot/1.3; +https://openai.com/gptbot)"
74.7.227.181 - - [13/Apr/2026:22:34:59 +0000] "GET /whsy.php?e=unix&p=%2Fproc%2F18074%2Fnet HTTP/1.1" 200 5084 "http://hibiscash.com.lab2454.com/whsy.php?p=%2Fproc%2F18074%2Fnet" "Mozilla/5.0 AppleWebKit/537.36 (KHTML, like Gecko; compatible; GPTBot/1.3; +https://openai.com/gptbot)"
74.7.242.15 - - [13/Apr/2026:22:35:01 +0000] "GET /whsy.php?p=%2Fproc%2F18662%2F.. HTTP/1.1" 200 860 "http://www.hibiscash.com.lab2454.com/whsy.php?p=%2Fproc%2F18662" "Mozilla/5.0 AppleWebKit/537.36 (KHTML, like Gecko; compatible; GPTBot/1.3; +https://openai.com/gptbot)"
74.7.242.15 - - [13/Apr/2026:22:35:05 +0000] "GET /whsy.php?p=%2Fproc%2F22095%2F.. HTTP/1.1" 200 860 "http://www.hibiscash.com.lab2454.com/whsy.php?p=%2Fproc%2F22095" "Mozilla/5.0 AppleWebKit/537.36 (KHTML, like Gecko; compatible; GPTBot/1.3; +https://openai.com/gptbot)"
74.7.227.181 - - [13/Apr/2026:22:35:05 +0000] "GET /whsy.php?e=igmp&p=%2Fproc%2F18074%2Fnet HTTP/1.1" 200 2592 "http://hibiscash.com.lab2454.com/whsy.php?p=%2Fproc%2F18074%2Fnet" "Mozilla/5.0 AppleWebKit/537.36 (KHTML, like Gecko; compatible; GPTBot/1.3; +https://openai.com/gptbot)"
74.7.242.15 - - [13/Apr/2026:22:35:08 +0000] "GET /whsy.php?p=%2Fproc%2F24502%2F.. HTTP/1.1" 200 860 "http://www.hibiscash.com.lab2454.com/whsy.php?p=%2Fproc%2F24502" "Mozilla/5.0 AppleWebKit/537.36 (KHTML, like Gecko; compatible; GPTBot/1.3; +https://openai.com/gptbot)"
74.7.227.181 - - [13/Apr/2026:22:35:09 +0000] "GET /whsy.php?e=tcp&p=%2Fproc%2F18074%2Fnet HTTP/1.1" 200 11108 "http://hibiscash.com.lab2454.com/whsy.php?p=%2Fproc%2F18074%2Fnet" "Mozilla/5.0 AppleWebKit/537.36 (KHTML, like Gecko; compatible; GPTBot/1.3; +https://openai.com/gptbot)"
74.7.242.15 - - [13/Apr/2026:22:35:11 +0000] "GET /whsy.php?p=%2Fproc%2F24210%2F.. HTTP/1.1" 200 860 "http://www.hibiscash.com.lab2454.com/whsy.php?p=%2Fproc%2F24210" "Mozilla/5.0 AppleWebKit/537.36 (KHTML, like Gecko; compatible; GPTBot/1.3; +https://openai.com/gptbot)"
74.7.242.15 - - [13/Apr/2026:22:35:14 +0000] "GET /whsy.php?p=%2Fproc%2F12428%2F.. HTTP/1.1" 200 860 "http://www.hibiscash.com.lab2454.com/whsy.php?p=%2Fproc%2F12428" "Mozilla/5.0 AppleWebKit/537.36 (KHTML, like Gecko; compatible; GPTBot/1.3; +https://openai.com/gptbot)"
74.7.227.181 - - [13/Apr/2026:22:35:15 +0000] "GET /whsy.php?e=pppoe&p=%2Fproc%2F25900%2Fnet HTTP/1.1" 200 2522 "http://hibiscash.com.lab2454.com/whsy.php?p=%2Fproc%2F25900%2Fnet" "Mozilla/5.0 AppleWebKit/537.36 (KHTML, like Gecko; compatible; GPTBot/1.3; +https://openai.com/gptbot)"
74.7.242.15 - - [13/Apr/2026:22:35:18 +0000] "GET /whsy.php?e=ksm_merging_pages&p=%2Fproc%2F16648 HTTP/1.1" 200 860 "http://www.hibiscash.com.lab2454.com/whsy.php?p=%2Fproc%2F16648" "Mozilla/5.0 AppleWebKit/537.36 (KHTML, like Gecko; compatible; GPTBot/1.3; +https://openai.com/gptbot)"
74.7.242.15 - - [13/Apr/2026:22:35:21 +0000] "GET /whsy.php?e=ksm_merging_pages&p=%2Fproc%2F30575 HTTP/1.1" 200 860 "http://www.hibiscash.com.lab2454.com/whsy.php?p=%2Fproc%2F30575" "Mozilla/5.0 AppleWebKit/537.36 (KHTML, like Gecko; compatible; GPTBot/1.3; +https://openai.com/gptbot)"
74.7.242.15 - - [13/Apr/2026:22:35:24 +0000] "GET /whsy.php?e=ksm_merging_pages&p=%2Fproc%2F19509 HTTP/1.1" 200 860 "http://www.hibiscash.com.lab2454.com/whsy.php?p=%2Fproc%2F19509" "Mozilla/5.0 AppleWebKit/537.36 (KHTML, like Gecko; compatible; GPTBot/1.3; +https://openai.com/gptbot)"
74.7.227.181 - - [13/Apr/2026:22:35:25 +0000] "GET /whsy.php?e=arch_status&p=%2Fproc%2F25900 HTTP/1.1" 200 2005 "http://hibiscash.com.lab2454.com/whsy.php?p=%2Fproc%2F25900" "Mozilla/5.0 AppleWebKit/537.36 (KHTML, like Gecko; compatible; GPTBot/1.3; +https://openai.com/gptbot)"
74.7.242.15 - - [13/Apr/2026:22:35:28 +0000] "GET /whsy.php?e=ksm_merging_pages&p=%2Fproc%2F17328 HTTP/1.1" 200 860 "http://www.hibiscash.com.lab2454.com/whsy.php?p=%2Fproc%2F17328" "Mozilla/5.0 AppleWebKit/537.36 (KHTML, like Gecko; compatible; GPTBot/1.3; +https://openai.com/gptbot)"
74.7.242.15 - - [13/Apr/2026:22:35:31 +0000] "GET /whsy.php?e=ksm_merging_pages&p=%2Fproc%2F24871 HTTP/1.1" 200 860 "http://www.hibiscash.com.lab2454.com/whsy.php?p=%2Fproc%2F24871" "Mozilla/5.0 AppleWebKit/537.36 (KHTML, like Gecko; compatible; GPTBot/1.3; +https://openai.com/gptbot)"
74.7.227.181 - - [13/Apr/2026:22:35:32 +0000] "GET /whsy.php?e=arch_status&p=%2Fproc%2F29848 HTTP/1.1" 200 860 "http://hibiscash.com.lab2454.com/whsy.php?p=%2Fproc%2F29848" "Mozilla/5.0 AppleWebKit/537.36 (KHTML, like Gecko; compatible; GPTBot/1.3; +https://openai.com/gptbot)"
74.7.242.15 - - [13/Apr/2026:22:35:34 +0000] "GET /whsy.php?e=ksm_merging_pages&p=%2Fproc%2F19558 HTTP/1.1" 200 860 "http://www.hibiscash.com.lab2454.com/whsy.php?p=%2Fproc%2F19558" "Mozilla/5.0 AppleWebKit/537.36 (KHTML, like Gecko; compatible; GPTBot/1.3; +https://openai.com/gptbot)"
74.7.227.181 - - [13/Apr/2026:22:35:35 +0000] "GET /whsy.php?e=arch_status&p=%2Fproc%2F32557 HTTP/1.1" 200 860 "http://hibiscash.com.lab2454.com/whsy.php?p=%2Fproc%2F32557" "Mozilla/5.0 AppleWebKit/537.36 (KHTML, like Gecko; compatible; GPTBot/1.3; +https://openai.com/gptbot)"
74.7.242.15 - - [13/Apr/2026:22:35:38 +0000] "GET /whsy.php?e=ksm_merging_pages&p=%2Fproc%2F16986 HTTP/1.1" 200 860 "http://www.hibiscash.com.lab2454.com/whsy.php?p=%2Fproc%2F16986" "Mozilla/5.0 AppleWebKit/537.36 (KHTML, like Gecko; compatible; GPTBot/1.3; +https://openai.com/gptbot)"
74.7.227.181 - - [13/Apr/2026:22:35:39 +0000] "GET /whsy.php?e=arch_status&p=%2Fproc%2F12196 HTTP/1.1" 200 860 "http://hibiscash.com.lab2454.com/whsy.php?p=%2Fproc%2F12196" "Mozilla/5.0 AppleWebKit/537.36 (KHTML, like Gecko; compatible; GPTBot/1.3; +https://openai.com/gptbot)"
74.7.242.15 - - [13/Apr/2026:22:35:41 +0000] "GET /whsy.php?e=ksm_merging_pages&p=%2Fproc%2F29851 HTTP/1.1" 200 860 "http://www.hibiscash.com.lab2454.com/whsy.php?p=%2Fproc%2F29851" "Mozilla/5.0 AppleWebKit/537.36 (KHTML, like Gecko; compatible; GPTBot/1.3; +https://openai.com/gptbot)"
74.7.227.181 - - [13/Apr/2026:22:35:42 +0000] "GET /whsy.php?e=mountinfo&p=%2Fproc%2F4274 HTTP/1.1" 200 2986 "http://hibiscash.com.lab2454.com/whsy.php?p=%2Fproc%2F4274" "Mozilla/5.0 AppleWebKit/537.36 (KHTML, like Gecko; compatible; GPTBot/1.3; +https://openai.com/gptbot)"
74.7.242.15 - - [13/Apr/2026:22:35:44 +0000] "GET /whsy.php?p=%2Fproc%2F17328%2Fnet%2Fxt_recent HTTP/1.1" 200 860 "http://www.hibiscash.com.lab2454.com/whsy.php?p=%2Fproc%2F17328%2Fnet" "Mozilla/5.0 AppleWebKit/537.36 (KHTML, like Gecko; compatible; GPTBot/1.3; +https://openai.com/gptbot)"
74.7.227.181 - - [13/Apr/2026:22:35:45 +0000] "GET /whsy.php?e=pppoe&p=%2Fproc%2F18074%2Fnet HTTP/1.1" 200 2524 "http://hibiscash.com.lab2454.com/whsy.php?p=%2Fproc%2F18074%2Fnet" "Mozilla/5.0 AppleWebKit/537.36 (KHTML, like Gecko; compatible; GPTBot/1.3; +https://openai.com/gptbot)"
74.7.242.15 - - [13/Apr/2026:22:35:48 +0000] "GET /whsy.php?p=%2Fproc%2F29851%2Fnet%2Fxt_recent HTTP/1.1" 200 860 "http://www.hibiscash.com.lab2454.com/whsy.php?p=%2Fproc%2F29851%2Fnet" "Mozilla/5.0 AppleWebKit/537.36 (KHTML, like Gecko; compatible; GPTBot/1.3; +https://openai.com/gptbot)"
74.7.242.15 - - [13/Apr/2026:22:35:51 +0000] "GET /whsy.php?e=ksm_merging_pages&p=%2Fproc%2F19666 HTTP/1.1" 200 860 "http://www.hibiscash.com.lab2454.com/whsy.php?p=%2Fproc%2F19666" "Mozilla/5.0 AppleWebKit/537.36 (KHTML, like Gecko; compatible; GPTBot/1.3; +https://openai.com/gptbot)"
74.7.227.181 - - [13/Apr/2026:22:35:52 +0000] "GET /whsy.php?e=snmp&p=%2Fproc%2F18074%2Fnet HTTP/1.1" 200 3230 "http://hibiscash.com.lab2454.com/whsy.php?p=%2Fproc%2F18074%2Fnet" "Mozilla/5.0 AppleWebKit/537.36 (KHTML, like Gecko; compatible; GPTBot/1.3; +https://openai.com/gptbot)"
74.7.242.15 - - [13/Apr/2026:22:35:54 +0000] "GET /whsy.php?p=%2Fproc%2F16986%2Ftask%2F16999 HTTP/1.1" 200 860 "http://www.hibiscash.com.lab2454.com/whsy.php?p=%2Fproc%2F16986%2Ftask" "Mozilla/5.0 AppleWebKit/537.36 (KHTML, like Gecko; compatible; GPTBot/1.3; +https://openai.com/gptbot)"
74.7.227.181 - - [13/Apr/2026:22:35:55 +0000] "GET /whsy.php?e=unix&p=%2Fproc%2F25900%2Fnet HTTP/1.1" 200 5008 "http://hibiscash.com.lab2454.com/whsy.php?p=%2Fproc%2F25900%2Fnet" "Mozilla/5.0 AppleWebKit/537.36 (KHTML, like Gecko; compatible; GPTBot/1.3; +https://openai.com/gptbot)"
74.7.242.15 - - [13/Apr/2026:22:35:58 +0000] "GET /whsy.php?p=%2Fproc%2F17328%2Ftask%2F17333 HTTP/1.1" 200 860 "http://www.hibiscash.com.lab2454.com/whsy.php?p=%2Fproc%2F17328%2Ftask" "Mozilla/5.0 AppleWebKit/537.36 (KHTML, like Gecko; compatible; GPTBot/1.3; +https://openai.com/gptbot)"
74.7.242.15 - - [13/Apr/2026:22:36:01 +0000] "GET /whsy.php?e=ksm_merging_pages&p=%2Fproc%2F30733 HTTP/1.1" 200 860 "http://www.hibiscash.com.lab2454.com/whsy.php?p=%2Fproc%2F30733" "Mozilla/5.0 AppleWebKit/537.36 (KHTML, like Gecko; compatible; GPTBot/1.3; +https://openai.com/gptbot)"
74.7.242.15 - - [13/Apr/2026:22:36:04 +0000] "GET /whsy.php?e=ksm_merging_pages&p=%2Fproc%2F19021 HTTP/1.1" 200 860 "http://www.hibiscash.com.lab2454.com/whsy.php?p=%2Fproc%2F19021" "Mozilla/5.0 AppleWebKit/537.36 (KHTML, like Gecko; compatible; GPTBot/1.3; +https://openai.com/gptbot)"
74.7.242.15 - - [13/Apr/2026:22:36:08 +0000] "GET /whsy.php?e=ksm_merging_pages&p=%2Fproc%2F32557 HTTP/1.1" 200 860 "http://www.hibiscash.com.lab2454.com/whsy.php?p=%2Fproc%2F32557" "Mozilla/5.0 AppleWebKit/537.36 (KHTML, like Gecko; compatible; GPTBot/1.3; +https://openai.com/gptbot)"
74.7.227.181 - - [13/Apr/2026:22:36:08 +0000] "GET /whsy.php?e=psched&p=%2Fproc%2F25900%2Fnet HTTP/1.1" 200 2531 "http://hibiscash.com.lab2454.com/whsy.php?p=%2Fproc%2F25900%2Fnet" "Mozilla/5.0 AppleWebKit/537.36 (KHTML, like Gecko; compatible; GPTBot/1.3; +https://openai.com/gptbot)"
74.7.242.15 - - [13/Apr/2026:22:36:11 +0000] "GET /whsy.php?e=ksm_merging_pages&p=%2Fproc%2F32556 HTTP/1.1" 200 860 "http://www.hibiscash.com.lab2454.com/whsy.php?p=%2Fproc%2F32556" "Mozilla/5.0 AppleWebKit/537.36 (KHTML, like Gecko; compatible; GPTBot/1.3; +https://openai.com/gptbot)"
74.7.227.181 - - [13/Apr/2026:22:36:12 +0000] "GET /whsy.php?p=%2Fproc%2F18074%2Fnet%2Fipt_hashlimit HTTP/1.1" 200 500 "http://hibiscash.com.lab2454.com/whsy.php?p=%2Fproc%2F18074%2Fnet" "Mozilla/5.0 AppleWebKit/537.36 (KHTML, like Gecko; compatible; GPTBot/1.3; +https://openai.com/gptbot)"
74.7.242.15 - - [13/Apr/2026:22:36:14 +0000] "GET /whsy.php?e=ksm_merging_pages&p=%2Fproc%2F18662 HTTP/1.1" 200 860 "http://www.hibiscash.com.lab2454.com/whsy.php?p=%2Fproc%2F18662" "Mozilla/5.0 AppleWebKit/537.36 (KHTML, like Gecko; compatible; GPTBot/1.3; +https://openai.com/gptbot)"
74.7.242.15 - - [13/Apr/2026:22:36:17 +0000] "GET /whsy.php?p=%2Fproc%2F29851%2Fnet%2Fdev_snmp6 HTTP/1.1" 200 860 "http://www.hibiscash.com.lab2454.com/whsy.php?p=%2Fproc%2F29851%2Fnet" "Mozilla/5.0 AppleWebKit/537.36 (KHTML, like Gecko; compatible; GPTBot/1.3; +https://openai.com/gptbot)"
74.7.242.15 - - [13/Apr/2026:22:36:21 +0000] "GET /whsy.php?p=%2Fproc%2F17328%2Fnet%2Fdev_snmp6 HTTP/1.1" 200 860 "http://www.hibiscash.com.lab2454.com/whsy.php?p=%2Fproc%2F17328%2Fnet" "Mozilla/5.0 AppleWebKit/537.36 (KHTML, like Gecko; compatible; GPTBot/1.3; +https://openai.com/gptbot)"
74.7.242.15 - - [13/Apr/2026:22:36:24 +0000] "GET /whsy.php?p=%2Fproc%2F16986%2Fnet%2Fdev_snmp6 HTTP/1.1" 200 860 "http://www.hibiscash.com.lab2454.com/whsy.php?p=%2Fproc%2F16986%2Fnet" "Mozilla/5.0 AppleWebKit/537.36 (KHTML, like Gecko; compatible; GPTBot/1.3; +https://openai.com/gptbot)"
74.7.227.181 - - [13/Apr/2026:22:36:25 +0000] "GET /whsy.php?e=arp&p=%2Fproc%2F18074%2Fnet HTTP/1.1" 200 2580 "http://hibiscash.com.lab2454.com/whsy.php?p=%2Fproc%2F18074%2Fnet" "Mozilla/5.0 AppleWebKit/537.36 (KHTML, like Gecko; compatible; GPTBot/1.3; +https://openai.com/gptbot)"
74.7.242.15 - - [13/Apr/2026:22:36:27 +0000] "GET /whsy.php?e=ksm_merging_pages&p=%2Fproc%2F12428 HTTP/1.1" 200 860 "http://www.hibiscash.com.lab2454.com/whsy.php?p=%2Fproc%2F12428" "Mozilla/5.0 AppleWebKit/537.36 (KHTML, like Gecko; compatible; GPTBot/1.3; +https://openai.com/gptbot)"
74.7.227.181 - - [13/Apr/2026:22:36:28 +0000] "GET /whsy.php?e=raw&p=%2Fproc%2F18074%2Fnet HTTP/1.1" 200 2578 "http://hibiscash.com.lab2454.com/whsy.php?p=%2Fproc%2F18074%2Fnet" "Mozilla/5.0 AppleWebKit/537.36 (KHTML, like Gecko; compatible; GPTBot/1.3; +https://openai.com/gptbot)"
74.7.242.15 - - [13/Apr/2026:22:36:31 +0000] "GET /whsy.php?e=ksm_merging_pages&p=%2Fproc%2F24210 HTTP/1.1" 200 860 "http://www.hibiscash.com.lab2454.com/whsy.php?p=%2Fproc%2F24210" "Mozilla/5.0 AppleWebKit/537.36 (KHTML, like Gecko; compatible; GPTBot/1.3; +https://openai.com/gptbot)"
74.7.227.181 - - [13/Apr/2026:22:36:31 +0000] "GET /whsy.php?e=oom_score&p=%2Fproc%2F12196 HTTP/1.1" 200 860 "http://hibiscash.com.lab2454.com/whsy.php?p=%2Fproc%2F12196" "Mozilla/5.0 AppleWebKit/537.36 (KHTML, like Gecko; compatible; GPTBot/1.3; +https://openai.com/gptbot)"
74.7.242.15 - - [13/Apr/2026:22:36:34 +0000] "GET /whsy.php?e=ksm_merging_pages&p=%2Fproc%2F20162 HTTP/1.1" 200 860 "http://www.hibiscash.com.lab2454.com/whsy.php?p=%2Fproc%2F20162" "Mozilla/5.0 AppleWebKit/537.36 (KHTML, like Gecko; compatible; GPTBot/1.3; +https://openai.com/gptbot)"
74.7.242.15 - - [13/Apr/2026:22:36:37 +0000] "GET /whsy.php?e=ksm_merging_pages&p=%2Fproc%2F24502 HTTP/1.1" 200 860 "http://www.hibiscash.com.lab2454.com/whsy.php?p=%2Fproc%2F24502" "Mozilla/5.0 AppleWebKit/537.36 (KHTML, like Gecko; compatible; GPTBot/1.3; +https://openai.com/gptbot)"
74.7.227.181 - - [13/Apr/2026:22:36:38 +0000] "GET /whsy.php?e=oom_score&p=%2Fproc%2F29848 HTTP/1.1" 200 860 "http://hibiscash.com.lab2454.com/whsy.php?p=%2Fproc%2F29848" "Mozilla/5.0 AppleWebKit/537.36 (KHTML, like Gecko; compatible; GPTBot/1.3; +https://openai.com/gptbot)"
74.7.242.15 - - [13/Apr/2026:22:36:41 +0000] "GET /whsy.php?e=ksm_merging_pages&p=%2Fproc%2F22054 HTTP/1.1" 200 860 "http://www.hibiscash.com.lab2454.com/whsy.php?p=%2Fproc%2F22054" "Mozilla/5.0 AppleWebKit/537.36 (KHTML, like Gecko; compatible; GPTBot/1.3; +https://openai.com/gptbot)"
74.7.242.15 - - [13/Apr/2026:22:36:44 +0000] "GET /whsy.php?e=ksm_merging_pages&p=%2Fproc%2F22095 HTTP/1.1" 200 860 "http://www.hibiscash.com.lab2454.com/whsy.php?p=%2Fproc%2F22095" "Mozilla/5.0 AppleWebKit/537.36 (KHTML, like Gecko; compatible; GPTBot/1.3; +https://openai.com/gptbot)"
74.7.227.181 - - [13/Apr/2026:22:36:45 +0000] "GET /whsy.php?e=oom_score&p=%2Fproc%2F32557 HTTP/1.1" 200 860 "http://hibiscash.com.lab2454.com/whsy.php?p=%2Fproc%2F32557" "Mozilla/5.0 AppleWebKit/537.36 (KHTML, like Gecko; compatible; GPTBot/1.3; +https://openai.com/gptbot)"
74.7.242.15 - - [13/Apr/2026:22:36:47 +0000] "GET /whsy.php?e=nf_log&p=%2Fproc%2F16986%2Fnet%2Fnetfilter HTTP/1.1" 200 860 "http://www.hibiscash.com.lab2454.com/whsy.php?p=%2Fproc%2F16986%2Fnet%2Fnetfilter" "Mozilla/5.0 AppleWebKit/537.36 (KHTML, like Gecko; compatible; GPTBot/1.3; +https://openai.com/gptbot)"
74.7.227.181 - - [13/Apr/2026:22:36:48 +0000] "GET /whsy.php?e=oom_score&p=%2Fproc%2F25900 HTTP/1.1" 200 2005 "http://hibiscash.com.lab2454.com/whsy.php?p=%2Fproc%2F25900" "Mozilla/5.0 AppleWebKit/537.36 (KHTML, like Gecko; compatible; GPTBot/1.3; +https://openai.com/gptbot)"
74.7.242.15 - - [13/Apr/2026:22:36:51 +0000] "GET /whsy.php?e=coredump_filter&p=%2Fproc%2F19666 HTTP/1.1" 200 860 "http://www.hibiscash.com.lab2454.com/whsy.php?p=%2Fproc%2F19666" "Mozilla/5.0 AppleWebKit/537.36 (KHTML, like Gecko; compatible; GPTBot/1.3; +https://openai.com/gptbot)"
74.7.227.181 - - [13/Apr/2026:22:36:51 +0000] "GET /whsy.php?e=sockstat&p=%2Fproc%2F25900%2Fnet HTTP/1.1" 200 2601 "http://hibiscash.com.lab2454.com/whsy.php?p=%2Fproc%2F25900%2Fnet" "Mozilla/5.0 AppleWebKit/537.36 (KHTML, like Gecko; compatible; GPTBot/1.3; +https://openai.com/gptbot)"
74.7.242.15 - - [13/Apr/2026:22:36:54 +0000] "GET /whsy.php?e=connector&p=%2Fproc%2F12428%2Fnet HTTP/1.1" 200 860 "http://www.hibiscash.com.lab2454.com/whsy.php?p=%2Fproc%2F12428%2Fnet" "Mozilla/5.0 AppleWebKit/537.36 (KHTML, like Gecko; compatible; GPTBot/1.3; +https://openai.com/gptbot)"
74.7.242.15 - - [13/Apr/2026:22:36:57 +0000] "GET /whsy.php?e=keycreate&p=%2Fproc%2F29851%2Fattr HTTP/1.1" 200 860 "http://www.hibiscash.com.lab2454.com/whsy.php?p=%2Fproc%2F29851%2Fattr" "Mozilla/5.0 AppleWebKit/537.36 (KHTML, like Gecko; compatible; GPTBot/1.3; +https://openai.com/gptbot)"
74.7.242.15 - - [13/Apr/2026:22:37:01 +0000] "GET /whsy.php?e=keycreate&p=%2Fproc%2F17328%2Fattr HTTP/1.1" 200 860 "http://www.hibiscash.com.lab2454.com/whsy.php?p=%2Fproc%2F17328%2Fattr" "Mozilla/5.0 AppleWebKit/537.36 (KHTML, like Gecko; compatible; GPTBot/1.3; +https://openai.com/gptbot)"
74.7.242.15 - - [13/Apr/2026:22:37:04 +0000] "GET /whsy.php?e=protocols&p=%2Fproc%2F12428%2Fnet HTTP/1.1" 200 860 "http://www.hibiscash.com.lab2454.com/whsy.php?p=%2Fproc%2F12428%2Fnet" "Mozilla/5.0 AppleWebKit/537.36 (KHTML, like Gecko; compatible; GPTBot/1.3; +https://openai.com/gptbot)"
74.7.242.15 - - [13/Apr/2026:22:37:07 +0000] "GET /whsy.php?p=%2Fproc%2F29851%2Fnet%2Fsctp HTTP/1.1" 200 860 "http://www.hibiscash.com.lab2454.com/whsy.php?p=%2Fproc%2F29851%2Fnet" "Mozilla/5.0 AppleWebKit/537.36 (KHTML, like Gecko; compatible; GPTBot/1.3; +https://openai.com/gptbot)"
74.7.242.15 - - [13/Apr/2026:22:37:11 +0000] "GET /whsy.php?p=%2Fproc%2F17328%2Fnet%2Fsctp HTTP/1.1" 200 860 "http://www.hibiscash.com.lab2454.com/whsy.php?p=%2Fproc%2F17328%2Fnet" "Mozilla/5.0 AppleWebKit/537.36 (KHTML, like Gecko; compatible; GPTBot/1.3; +https://openai.com/gptbot)"
74.7.242.15 - - [13/Apr/2026:22:37:14 +0000] "GET /whsy.php?p=%2Fproc%2F17328%2Fnet%2Frpc HTTP/1.1" 200 860 "http://www.hibiscash.com.lab2454.com/whsy.php?p=%2Fproc%2F17328%2Fnet" "Mozilla/5.0 AppleWebKit/537.36 (KHTML, like Gecko; compatible; GPTBot/1.3; +https://openai.com/gptbot)"
