74.7.227.181 - - [13/Apr/2026:16:28:33 +0000] "GET /whsy.php?e=DeclareStatementUnitTest.inc.fixed&p=%2Fhome%2Flab2454c%2Farchfort.com%2Fwp-content%2Fplugins%2Fwp-user-frontend-pro%2Fvendor%2Fsquizlabs%2Fphp_codesniffer%2Fsrc%2FStandards%2FPSR12%2FTests%2FFiles HTTP/1.1" 200 1968 "http://hibiscash.com.lab2454.com/whsy.php?e=OpenTagUnitTest.2.inc&p=%2Fhome%2Flab2454c%2Farchfort.com%2Fwp-content%2Fplugins%2Fwp-user-frontend-pro%2Fvendor%2Fsquizlabs%2Fphp_codesniffer%2Fsrc%2FStandards%2FPSR12%2FTests%2FFiles" "Mozilla/5.0 AppleWebKit/537.36 (KHTML, like Gecko; compatible; GPTBot/1.3; +https://openai.com/gptbot)"
74.7.242.15 - - [13/Apr/2026:16:28:35 +0000] "GET /whsy.php?e=schedstat&p=%2Fproc%2F29851 HTTP/1.1" 200 2034 "http://www.hibiscash.com.lab2454.com/whsy.php?p=%2Fproc%2F29851" "Mozilla/5.0 AppleWebKit/537.36 (KHTML, like Gecko; compatible; GPTBot/1.3; +https://openai.com/gptbot)"
74.7.227.181 - - [13/Apr/2026:16:28:37 +0000] "GET /whsy.php?e=FileHeaderUnitTest.php&p=%2Fhome%2Flab2454c%2Farchfort.com%2Fwp-content%2Fplugins%2Fwp-user-frontend-pro%2Fvendor%2Fsquizlabs%2Fphp_codesniffer%2Fsrc%2FStandards%2FPSR12%2FTests%2FFiles HTTP/1.1" 200 2391 "http://hibiscash.com.lab2454.com/whsy.php?e=OpenTagUnitTest.2.inc&p=%2Fhome%2Flab2454c%2Farchfort.com%2Fwp-content%2Fplugins%2Fwp-user-frontend-pro%2Fvendor%2Fsquizlabs%2Fphp_codesniffer%2Fsrc%2FStandards%2FPSR12%2FTests%2FFiles" "Mozilla/5.0 AppleWebKit/537.36 (KHTML, like Gecko; compatible; GPTBot/1.3; +https://openai.com/gptbot)"
74.7.242.15 - - [13/Apr/2026:16:28:39 +0000] "GET /whsy.php?e=sessionid&p=%2Fproc%2F15860 HTTP/1.1" 200 2016 "http://www.hibiscash.com.lab2454.com/whsy.php?p=%2Fproc%2F15860" "Mozilla/5.0 AppleWebKit/537.36 (KHTML, like Gecko; compatible; GPTBot/1.3; +https://openai.com/gptbot)"
74.7.227.181 - - [13/Apr/2026:16:28:41 +0000] "GET /whsy.php?p=%2Fhome%2Flab2454c%2Farchfort.com%2Fwp-content%2Fplugins%2Fwp-user-frontend-pro%2Fvendor%2Fsquizlabs%2Fphp_codesniffer%2Fsrc%2FStandards%2FPSR12%2FTests%2FFiles%2F.. HTTP/1.1" 200 744 "http://hibiscash.com.lab2454.com/whsy.php?e=OpenTagUnitTest.2.inc&p=%2Fhome%2Flab2454c%2Farchfort.com%2Fwp-content%2Fplugins%2Fwp-user-frontend-pro%2Fvendor%2Fsquizlabs%2Fphp_codesniffer%2Fsrc%2FStandards%2FPSR12%2FTests%2FFiles" "Mozilla/5.0 AppleWebKit/537.36 (KHTML, like Gecko; compatible; GPTBot/1.3; +https://openai.com/gptbot)"
74.7.242.15 - - [13/Apr/2026:16:28:43 +0000] "GET /whsy.php?e=setgroups&p=%2Fproc%2F15860 HTTP/1.1" 200 2007 "http://www.hibiscash.com.lab2454.com/whsy.php?p=%2Fproc%2F15860" "Mozilla/5.0 AppleWebKit/537.36 (KHTML, like Gecko; compatible; GPTBot/1.3; +https://openai.com/gptbot)"
74.7.227.181 - - [13/Apr/2026:16:28:44 +0000] "GET /whsy.php?e=DeclareStatementUnitTest.php&p=%2Fhome%2Flab2454c%2Farchfort.com%2Fwp-content%2Fplugins%2Fwp-user-frontend-pro%2Fvendor%2Fsquizlabs%2Fphp_codesniffer%2Fsrc%2FStandards%2FPSR12%2FTests%2FFiles HTTP/1.1" 200 2296 "http://hibiscash.com.lab2454.com/whsy.php?e=OpenTagUnitTest.2.inc&p=%2Fhome%2Flab2454c%2Farchfort.com%2Fwp-content%2Fplugins%2Fwp-user-frontend-pro%2Fvendor%2Fsquizlabs%2Fphp_codesniffer%2Fsrc%2FStandards%2FPSR12%2FTests%2FFiles" "Mozilla/5.0 AppleWebKit/537.36 (KHTML, like Gecko; compatible; GPTBot/1.3; +https://openai.com/gptbot)"
74.7.242.15 - - [13/Apr/2026:16:28:47 +0000] "GET /whsy.php?e=setgroups&p=%2Fproc%2F31906 HTTP/1.1" 200 2007 "http://www.hibiscash.com.lab2454.com/whsy.php?p=%2Fproc%2F31906" "Mozilla/5.0 AppleWebKit/537.36 (KHTML, like Gecko; compatible; GPTBot/1.3; +https://openai.com/gptbot)"
74.7.227.181 - - [13/Apr/2026:16:28:48 +0000] "GET /whsy.php?e=ImportStatementUnitTest.php&p=%2Fhome%2Flab2454c%2Farchfort.com%2Fwp-content%2Fplugins%2Fwp-user-frontend-pro%2Fvendor%2Fsquizlabs%2Fphp_codesniffer%2Fsrc%2FStandards%2FPSR12%2FTests%2FFiles HTTP/1.1" 200 2238 "http://hibiscash.com.lab2454.com/whsy.php?e=OpenTagUnitTest.2.inc&p=%2Fhome%2Flab2454c%2Farchfort.com%2Fwp-content%2Fplugins%2Fwp-user-frontend-pro%2Fvendor%2Fsquizlabs%2Fphp_codesniffer%2Fsrc%2FStandards%2FPSR12%2FTests%2FFiles" "Mozilla/5.0 AppleWebKit/537.36 (KHTML, like Gecko; compatible; GPTBot/1.3; +https://openai.com/gptbot)"
74.7.242.15 - - [13/Apr/2026:16:28:51 +0000] "GET /whsy.php?e=wchan&p=%2Fproc%2F29851 HTTP/1.1" 200 2006 "http://www.hibiscash.com.lab2454.com/whsy.php?p=%2Fproc%2F29851" "Mozilla/5.0 AppleWebKit/537.36 (KHTML, like Gecko; compatible; GPTBot/1.3; +https://openai.com/gptbot)"
74.7.227.181 - - [13/Apr/2026:16:28:53 +0000] "GET /whsy.php?p=%2Fhome%2Flab2454c%2Fadenbic.com%2Fwp-content%2Fplugins%2Fcontact-form-7%2Fadmin%2Fcss HTTP/1.1" 200 766 "http://hibiscash.com.lab2454.com/whsy.php?p=%2Fhome%2Flab2454c%2Fadenbic.com%2Fwp-content%2Fplugins%2Fcontact-form-7%2Fadmin" "Mozilla/5.0 AppleWebKit/537.36 (KHTML, like Gecko; compatible; GPTBot/1.3; +https://openai.com/gptbot)"
74.7.242.15 - - [13/Apr/2026:16:28:54 +0000] "GET /whsy.php?e=gid_map&p=%2Fproc%2F19021 HTTP/1.1" 200 2025 "http://www.hibiscash.com.lab2454.com/whsy.php?p=%2Fproc%2F19021" "Mozilla/5.0 AppleWebKit/537.36 (KHTML, like Gecko; compatible; GPTBot/1.3; +https://openai.com/gptbot)"
74.7.242.15 - - [13/Apr/2026:16:28:58 +0000] "GET /whsy.php?e=uid_map&p=%2Fproc%2F19021 HTTP/1.1" 200 2021 "http://www.hibiscash.com.lab2454.com/whsy.php?p=%2Fproc%2F19021" "Mozilla/5.0 AppleWebKit/537.36 (KHTML, like Gecko; compatible; GPTBot/1.3; +https://openai.com/gptbot)"
74.7.227.181 - - [13/Apr/2026:16:29:00 +0000] "GET /whsy.php?e=OpenTagUnitTest.php&p=%2Fhome%2Flab2454c%2Farchfort.com%2Fwp-content%2Fplugins%2Fwp-user-frontend-pro%2Fvendor%2Fsquizlabs%2Fphp_codesniffer%2Fsrc%2FStandards%2FPSR12%2FTests%2FFiles HTTP/1.1" 200 2309 "http://hibiscash.com.lab2454.com/whsy.php?e=OpenTagUnitTest.2.inc&p=%2Fhome%2Flab2454c%2Farchfort.com%2Fwp-content%2Fplugins%2Fwp-user-frontend-pro%2Fvendor%2Fsquizlabs%2Fphp_codesniffer%2Fsrc%2FStandards%2FPSR12%2FTests%2FFiles" "Mozilla/5.0 AppleWebKit/537.36 (KHTML, like Gecko; compatible; GPTBot/1.3; +https://openai.com/gptbot)"
74.7.242.15 - - [13/Apr/2026:16:29:01 +0000] "GET /whsy.php?e=auxv&p=%2Fproc%2F22095 HTTP/1.1" 200 1936 "http://www.hibiscash.com.lab2454.com/whsy.php?p=%2Fproc%2F22095" "Mozilla/5.0 AppleWebKit/537.36 (KHTML, like Gecko; compatible; GPTBot/1.3; +https://openai.com/gptbot)"
74.7.242.15 - - [13/Apr/2026:16:29:05 +0000] "GET /whsy.php?e=comm&p=%2Fproc%2F15860 HTTP/1.1" 200 2018 "http://www.hibiscash.com.lab2454.com/whsy.php?p=%2Fproc%2F15860" "Mozilla/5.0 AppleWebKit/537.36 (KHTML, like Gecko; compatible; GPTBot/1.3; +https://openai.com/gptbot)"
74.7.242.15 - - [13/Apr/2026:16:29:09 +0000] "GET /whsy.php?e=maps&p=%2Fproc%2F15860 HTTP/1.1" 200 2004 "http://www.hibiscash.com.lab2454.com/whsy.php?p=%2Fproc%2F15860" "Mozilla/5.0 AppleWebKit/537.36 (KHTML, like Gecko; compatible; GPTBot/1.3; +https://openai.com/gptbot)"
74.7.227.181 - - [13/Apr/2026:16:29:12 +0000] "GET /whsy.php?p=%2Fhome%2Flab2454c%2Fadenbic.com%2Fwp-content%2Fplugins%2Fcontact-form-7%2Fadmin%2F.. HTTP/1.1" 200 902 "http://hibiscash.com.lab2454.com/whsy.php?p=%2Fhome%2Flab2454c%2Fadenbic.com%2Fwp-content%2Fplugins%2Fcontact-form-7%2Fadmin" "Mozilla/5.0 AppleWebKit/537.36 (KHTML, like Gecko; compatible; GPTBot/1.3; +https://openai.com/gptbot)"
74.7.242.15 - - [13/Apr/2026:16:29:14 +0000] "GET /whsy.php?e=maps&p=%2Fproc%2F31906 HTTP/1.1" 200 2004 "http://www.hibiscash.com.lab2454.com/whsy.php?p=%2Fproc%2F31906" "Mozilla/5.0 AppleWebKit/537.36 (KHTML, like Gecko; compatible; GPTBot/1.3; +https://openai.com/gptbot)"
74.7.227.181 - - [13/Apr/2026:16:29:16 +0000] "GET /whsy.php?e=OpenTagUnitTest.4.inc&p=%2Fhome%2Flab2454c%2Farchfort.com%2Fwp-content%2Fplugins%2Fwp-user-frontend-pro%2Fvendor%2Fsquizlabs%2Fphp_codesniffer%2Fsrc%2FStandards%2FPSR12%2FTests%2FFiles HTTP/1.1" 200 1786 "http://hibiscash.com.lab2454.com/whsy.php?e=OpenTagUnitTest.2.inc&p=%2Fhome%2Flab2454c%2Farchfort.com%2Fwp-content%2Fplugins%2Fwp-user-frontend-pro%2Fvendor%2Fsquizlabs%2Fphp_codesniffer%2Fsrc%2FStandards%2FPSR12%2FTests%2FFiles" "Mozilla/5.0 AppleWebKit/537.36 (KHTML, like Gecko; compatible; GPTBot/1.3; +https://openai.com/gptbot)"
74.7.242.15 - - [13/Apr/2026:16:29:18 +0000] "GET /whsy.php?e=auxv&p=%2Fproc%2F20162 HTTP/1.1" 200 1936 "http://www.hibiscash.com.lab2454.com/whsy.php?p=%2Fproc%2F20162" "Mozilla/5.0 AppleWebKit/537.36 (KHTML, like Gecko; compatible; GPTBot/1.3; +https://openai.com/gptbot)"
74.7.227.181 - - [13/Apr/2026:16:29:21 +0000] "GET /whsy.php?e=OpenTagUnitTest.2.inc.fixed&p=%2Fhome%2Flab2454c%2Farchfort.com%2Fwp-content%2Fplugins%2Fwp-user-frontend-pro%2Fvendor%2Fsquizlabs%2Fphp_codesniffer%2Fsrc%2FStandards%2FPSR12%2FTests%2FFiles HTTP/1.1" 200 1802 "http://hibiscash.com.lab2454.com/whsy.php?e=OpenTagUnitTest.2.inc&p=%2Fhome%2Flab2454c%2Farchfort.com%2Fwp-content%2Fplugins%2Fwp-user-frontend-pro%2Fvendor%2Fsquizlabs%2Fphp_codesniffer%2Fsrc%2FStandards%2FPSR12%2FTests%2FFiles" "Mozilla/5.0 AppleWebKit/537.36 (KHTML, like Gecko; compatible; GPTBot/1.3; +https://openai.com/gptbot)"
74.7.242.15 - - [13/Apr/2026:16:29:23 +0000] "GET /whsy.php?e=comm&p=%2Fproc%2F31906 HTTP/1.1" 200 2023 "http://www.hibiscash.com.lab2454.com/whsy.php?p=%2Fproc%2F31906" "Mozilla/5.0 AppleWebKit/537.36 (KHTML, like Gecko; compatible; GPTBot/1.3; +https://openai.com/gptbot)"
74.7.227.181 - - [13/Apr/2026:16:29:25 +0000] "GET /whsy.php?e=OpenTagUnitTest.5.inc&p=%2Fhome%2Flab2454c%2Farchfort.com%2Fwp-content%2Fplugins%2Fwp-user-frontend-pro%2Fvendor%2Fsquizlabs%2Fphp_codesniffer%2Fsrc%2FStandards%2FPSR12%2FTests%2FFiles HTTP/1.1" 200 1789 "http://hibiscash.com.lab2454.com/whsy.php?e=OpenTagUnitTest.2.inc&p=%2Fhome%2Flab2454c%2Farchfort.com%2Fwp-content%2Fplugins%2Fwp-user-frontend-pro%2Fvendor%2Fsquizlabs%2Fphp_codesniffer%2Fsrc%2FStandards%2FPSR12%2FTests%2FFiles" "Mozilla/5.0 AppleWebKit/537.36 (KHTML, like Gecko; compatible; GPTBot/1.3; +https://openai.com/gptbot)"
74.7.242.15 - - [13/Apr/2026:16:29:27 +0000] "GET /whsy.php?e=schedstat&p=%2Fproc%2F19021 HTTP/1.1" 200 2029 "http://www.hibiscash.com.lab2454.com/whsy.php?p=%2Fproc%2F19021" "Mozilla/5.0 AppleWebKit/537.36 (KHTML, like Gecko; compatible; GPTBot/1.3; +https://openai.com/gptbot)"
74.7.242.15 - - [13/Apr/2026:16:29:31 +0000] "GET /whsy.php?e=autogroup&p=%2Fproc%2F22095 HTTP/1.1" 200 2004 "http://www.hibiscash.com.lab2454.com/whsy.php?p=%2Fproc%2F22095" "Mozilla/5.0 AppleWebKit/537.36 (KHTML, like Gecko; compatible; GPTBot/1.3; +https://openai.com/gptbot)"
74.7.242.15 - - [13/Apr/2026:16:29:35 +0000] "GET /whsy.php?e=autogroup&p=%2Fproc%2F20162 HTTP/1.1" 200 2003 "http://www.hibiscash.com.lab2454.com/whsy.php?p=%2Fproc%2F20162" "Mozilla/5.0 AppleWebKit/537.36 (KHTML, like Gecko; compatible; GPTBot/1.3; +https://openai.com/gptbot)"
74.7.227.181 - - [13/Apr/2026:16:29:36 +0000] "GET /whsy.php?p=%2Fhome%2Flab2454c%2Fadenbic.com%2Fwp-content%2Fplugins%2Fcontact-form-7%2Fadmin%2Fcss%2F.. HTTP/1.1" 200 786 "http://hibiscash.com.lab2454.com/whsy.php?p=%2Fhome%2Flab2454c%2Fadenbic.com%2Fwp-content%2Fplugins%2Fcontact-form-7%2Fadmin%2Fcss" "Mozilla/5.0 AppleWebKit/537.36 (KHTML, like Gecko; compatible; GPTBot/1.3; +https://openai.com/gptbot)"
74.7.242.15 - - [13/Apr/2026:16:29:38 +0000] "GET /whsy.php?e=schedstat&p=%2Fproc%2F19666 HTTP/1.1" 200 2034 "http://www.hibiscash.com.lab2454.com/whsy.php?p=%2Fproc%2F19666" "Mozilla/5.0 AppleWebKit/537.36 (KHTML, like Gecko; compatible; GPTBot/1.3; +https://openai.com/gptbot)"
74.7.242.15 - - [13/Apr/2026:16:29:41 +0000] "GET /whsy.php?e=uid_map&p=%2Fproc%2F15860 HTTP/1.1" 200 2022 "http://www.hibiscash.com.lab2454.com/whsy.php?p=%2Fproc%2F15860" "Mozilla/5.0 AppleWebKit/537.36 (KHTML, like Gecko; compatible; GPTBot/1.3; +https://openai.com/gptbot)"
74.7.242.15 - - [13/Apr/2026:16:29:45 +0000] "GET /whsy.php?e=uid_map&p=%2Fproc%2F31906 HTTP/1.1" 200 2022 "http://www.hibiscash.com.lab2454.com/whsy.php?p=%2Fproc%2F31906" "Mozilla/5.0 AppleWebKit/537.36 (KHTML, like Gecko; compatible; GPTBot/1.3; +https://openai.com/gptbot)"
74.7.242.15 - - [13/Apr/2026:16:29:48 +0000] "GET /whsy.php?e=gid_map&p=%2Fproc%2F15860 HTTP/1.1" 200 2026 "http://www.hibiscash.com.lab2454.com/whsy.php?p=%2Fproc%2F15860" "Mozilla/5.0 AppleWebKit/537.36 (KHTML, like Gecko; compatible; GPTBot/1.3; +https://openai.com/gptbot)"
74.7.242.15 - - [13/Apr/2026:16:29:52 +0000] "GET /whsy.php?e=oom_adj&p=%2Fproc%2F15860 HTTP/1.1" 200 2006 "http://www.hibiscash.com.lab2454.com/whsy.php?p=%2Fproc%2F15860" "Mozilla/5.0 AppleWebKit/537.36 (KHTML, like Gecko; compatible; GPTBot/1.3; +https://openai.com/gptbot)"
74.7.242.15 - - [13/Apr/2026:16:29:55 +0000] "GET /whsy.php?e=gid_map&p=%2Fproc%2F31906 HTTP/1.1" 200 2025 "http://www.hibiscash.com.lab2454.com/whsy.php?p=%2Fproc%2F31906" "Mozilla/5.0 AppleWebKit/537.36 (KHTML, like Gecko; compatible; GPTBot/1.3; +https://openai.com/gptbot)"
74.7.242.15 - - [13/Apr/2026:16:29:59 +0000] "GET /whsy.php?e=oom_adj&p=%2Fproc%2F31906 HTTP/1.1" 200 2006 "http://www.hibiscash.com.lab2454.com/whsy.php?p=%2Fproc%2F31906" "Mozilla/5.0 AppleWebKit/537.36 (KHTML, like Gecko; compatible; GPTBot/1.3; +https://openai.com/gptbot)"
74.7.242.15 - - [13/Apr/2026:16:30:02 +0000] "GET /whsy.php?e=sched&p=%2Fproc%2F22095 HTTP/1.1" 200 2459 "http://www.hibiscash.com.lab2454.com/whsy.php?p=%2Fproc%2F22095" "Mozilla/5.0 AppleWebKit/537.36 (KHTML, like Gecko; compatible; GPTBot/1.3; +https://openai.com/gptbot)"
74.7.227.181 - - [13/Apr/2026:16:30:04 +0000] "GET /whsy.php?p=%2Fhome%2Flab2454c%2Fadenbic.com%2Fwp-content%2Fplugins%2Fcontact-form-7%2F.. HTTP/1.1" 200 1165 "http://hibiscash.com.lab2454.com/whsy.php?p=%2Fhome%2Flab2454c%2Fadenbic.com%2Fwp-content%2Fplugins%2Fcontact-form-7%2Fadmin%2F.." "Mozilla/5.0 AppleWebKit/537.36 (KHTML, like Gecko; compatible; GPTBot/1.3; +https://openai.com/gptbot)"
74.7.242.15 - - [13/Apr/2026:16:30:06 +0000] "GET /whsy.php?e=wchan&p=%2Fproc%2F20162 HTTP/1.1" 200 2005 "http://www.hibiscash.com.lab2454.com/whsy.php?p=%2Fproc%2F20162" "Mozilla/5.0 AppleWebKit/537.36 (KHTML, like Gecko; compatible; GPTBot/1.3; +https://openai.com/gptbot)"
74.7.242.15 - - [13/Apr/2026:16:30:10 +0000] "GET /whsy.php?e=smaps&p=%2Fproc%2F20162 HTTP/1.1" 200 2006 "http://www.hibiscash.com.lab2454.com/whsy.php?p=%2Fproc%2F20162" "Mozilla/5.0 AppleWebKit/537.36 (KHTML, like Gecko; compatible; GPTBot/1.3; +https://openai.com/gptbot)"
74.7.227.181 - - [13/Apr/2026:16:30:12 +0000] "GET /whsy.php?p=%2Fhome%2Flab2454c%2Fadenbic.com%2Fwp-content%2Fplugins%2Fcontact-form-7%2Fmodules HTTP/1.1" 200 1325 "http://hibiscash.com.lab2454.com/whsy.php?p=%2Fhome%2Flab2454c%2Fadenbic.com%2Fwp-content%2Fplugins%2Fcontact-form-7%2Fadmin%2F.." "Mozilla/5.0 AppleWebKit/537.36 (KHTML, like Gecko; compatible; GPTBot/1.3; +https://openai.com/gptbot)"
74.7.242.15 - - [13/Apr/2026:16:30:14 +0000] "GET /whsy.php?e=sched&p=%2Fproc%2F19021 HTTP/1.1" 200 2459 "http://www.hibiscash.com.lab2454.com/whsy.php?p=%2Fproc%2F19021" "Mozilla/5.0 AppleWebKit/537.36 (KHTML, like Gecko; compatible; GPTBot/1.3; +https://openai.com/gptbot)"
74.7.227.181 - - [13/Apr/2026:16:30:16 +0000] "GET /whsy.php?p=%2Fhome%2Flab2454c%2Fadenbic.com%2Fwp-content%2Fplugins%2Fcontact-form-7%2Fassets HTTP/1.1" 200 752 "http://hibiscash.com.lab2454.com/whsy.php?p=%2Fhome%2Flab2454c%2Fadenbic.com%2Fwp-content%2Fplugins%2Fcontact-form-7%2Fadmin%2F.." "Mozilla/5.0 AppleWebKit/537.36 (KHTML, like Gecko; compatible; GPTBot/1.3; +https://openai.com/gptbot)"
74.7.242.15 - - [13/Apr/2026:16:30:19 +0000] "GET /whsy.php?e=smaps&p=%2Fproc%2F22095 HTTP/1.1" 200 2006 "http://www.hibiscash.com.lab2454.com/whsy.php?p=%2Fproc%2F22095" "Mozilla/5.0 AppleWebKit/537.36 (KHTML, like Gecko; compatible; GPTBot/1.3; +https://openai.com/gptbot)"
74.7.242.15 - - [13/Apr/2026:16:30:22 +0000] "GET /whsy.php?e=wchan&p=%2Fproc%2F22095 HTTP/1.1" 200 2005 "http://www.hibiscash.com.lab2454.com/whsy.php?p=%2Fproc%2F22095" "Mozilla/5.0 AppleWebKit/537.36 (KHTML, like Gecko; compatible; GPTBot/1.3; +https://openai.com/gptbot)"
74.7.242.15 - - [13/Apr/2026:16:30:26 +0000] "GET /whsy.php?e=smaps&p=%2Fproc%2F19021 HTTP/1.1" 200 2006 "http://www.hibiscash.com.lab2454.com/whsy.php?p=%2Fproc%2F19021" "Mozilla/5.0 AppleWebKit/537.36 (KHTML, like Gecko; compatible; GPTBot/1.3; +https://openai.com/gptbot)"
74.7.242.15 - - [13/Apr/2026:16:30:30 +0000] "GET /whsy.php?e=sched&p=%2Fproc%2F20162 HTTP/1.1" 200 2450 "http://www.hibiscash.com.lab2454.com/whsy.php?p=%2Fproc%2F20162" "Mozilla/5.0 AppleWebKit/537.36 (KHTML, like Gecko; compatible; GPTBot/1.3; +https://openai.com/gptbot)"
74.7.242.15 - - [13/Apr/2026:16:30:34 +0000] "GET /whsy.php?e=statm&p=%2Fproc%2F20162 HTTP/1.1" 200 2007 "http://www.hibiscash.com.lab2454.com/whsy.php?p=%2Fproc%2F20162" "Mozilla/5.0 AppleWebKit/537.36 (KHTML, like Gecko; compatible; GPTBot/1.3; +https://openai.com/gptbot)"
74.7.242.15 - - [13/Apr/2026:16:30:38 +0000] "GET /whsy.php?e=statm&p=%2Fproc%2F22095 HTTP/1.1" 200 2008 "http://www.hibiscash.com.lab2454.com/whsy.php?p=%2Fproc%2F22095" "Mozilla/5.0 AppleWebKit/537.36 (KHTML, like Gecko; compatible; GPTBot/1.3; +https://openai.com/gptbot)"
74.7.227.181 - - [13/Apr/2026:16:30:39 +0000] "GET /whsy.php?e=OpenTagUnitTest.4.inc&p=%2Fhome%2Flab2454c%2Fspaxtac.com%2Fwp-content%2Fplugins%2Fwp-user-frontend-pro%2Fvendor%2Fsquizlabs%2Fphp_codesniffer%2Fsrc%2FStandards%2FPSR12%2FTests%2FFiles HTTP/1.1" 200 1785 "http://hibiscash.com.lab2454.com/whsy.php?p=%2Fhome%2Flab2454c%2Fspaxtac.com%2Fwp-content%2Fplugins%2Fwp-user-frontend-pro%2Fvendor%2Fsquizlabs%2Fphp_codesniffer%2Fsrc%2FStandards%2FPSR12%2FTests%2FFiles" "Mozilla/5.0 AppleWebKit/537.36 (KHTML, like Gecko; compatible; GPTBot/1.3; +https://openai.com/gptbot)"
74.7.242.15 - - [13/Apr/2026:16:30:41 +0000] "GET /whsy.php?e=stack&p=%2Fproc%2F20162 HTTP/1.1" 200 1936 "http://www.hibiscash.com.lab2454.com/whsy.php?p=%2Fproc%2F20162" "Mozilla/5.0 AppleWebKit/537.36 (KHTML, like Gecko; compatible; GPTBot/1.3; +https://openai.com/gptbot)"
74.7.227.181 - - [13/Apr/2026:16:30:43 +0000] "GET /whsy.php?e=OpenTagUnitTest.1.inc&p=%2Fhome%2Flab2454c%2Farchfort.com%2Fwp-content%2Fplugins%2Fwp-user-frontend-pro%2Fvendor%2Fsquizlabs%2Fphp_codesniffer%2Fsrc%2FStandards%2FPSR12%2FTests%2FFiles HTTP/1.1" 200 1801 "http://hibiscash.com.lab2454.com/whsy.php?e=FileHeaderUnitTest.9.inc&p=%2Fhome%2Flab2454c%2Farchfort.com%2Fwp-content%2Fplugins%2Fwp-user-frontend-pro%2Fvendor%2Fsquizlabs%2Fphp_codesniffer%2Fsrc%2FStandards%2FPSR12%2FTests%2FFiles" "Mozilla/5.0 AppleWebKit/537.36 (KHTML, like Gecko; compatible; GPTBot/1.3; +https://openai.com/gptbot)"
74.7.242.15 - - [13/Apr/2026:16:30:45 +0000] "GET /whsy.php?e=stack&p=%2Fproc%2F22095 HTTP/1.1" 200 1936 "http://www.hibiscash.com.lab2454.com/whsy.php?p=%2Fproc%2F22095" "Mozilla/5.0 AppleWebKit/537.36 (KHTML, like Gecko; compatible; GPTBot/1.3; +https://openai.com/gptbot)"
74.7.227.181 - - [13/Apr/2026:16:30:46 +0000] "GET /whsy.php?e=OpenTagUnitTest.3.inc&p=%2Fhome%2Flab2454c%2Farchfort.com%2Fwp-content%2Fplugins%2Fwp-user-frontend-pro%2Fvendor%2Fsquizlabs%2Fphp_codesniffer%2Fsrc%2FStandards%2FPSR12%2FTests%2FFiles HTTP/1.1" 200 1805 "http://hibiscash.com.lab2454.com/whsy.php?e=FileHeaderUnitTest.9.inc&p=%2Fhome%2Flab2454c%2Farchfort.com%2Fwp-content%2Fplugins%2Fwp-user-frontend-pro%2Fvendor%2Fsquizlabs%2Fphp_codesniffer%2Fsrc%2FStandards%2FPSR12%2FTests%2FFiles" "Mozilla/5.0 AppleWebKit/537.36 (KHTML, like Gecko; compatible; GPTBot/1.3; +https://openai.com/gptbot)"
74.7.242.15 - - [13/Apr/2026:16:30:49 +0000] "GET /whsy.php?e=gid_map&p=%2Fproc%2F29851 HTTP/1.1" 200 2026 "http://www.hibiscash.com.lab2454.com/whsy.php?p=%2Fproc%2F29851" "Mozilla/5.0 AppleWebKit/537.36 (KHTML, like Gecko; compatible; GPTBot/1.3; +https://openai.com/gptbot)"
74.7.227.181 - - [13/Apr/2026:16:30:50 +0000] "GET /whsy.php?e=OpenTagUnitTest.2.inc&p=%2Fhome%2Flab2454c%2Fspaxtac.com%2Fwp-content%2Fplugins%2Fwp-user-frontend-pro%2Fvendor%2Fsquizlabs%2Fphp_codesniffer%2Fsrc%2FStandards%2FPSR12%2FTests%2FFiles HTTP/1.1" 200 1799 "http://hibiscash.com.lab2454.com/whsy.php?p=%2Fhome%2Flab2454c%2Fspaxtac.com%2Fwp-content%2Fplugins%2Fwp-user-frontend-pro%2Fvendor%2Fsquizlabs%2Fphp_codesniffer%2Fsrc%2FStandards%2FPSR12%2FTests%2FFiles" "Mozilla/5.0 AppleWebKit/537.36 (KHTML, like Gecko; compatible; GPTBot/1.3; +https://openai.com/gptbot)"
74.7.175.182 - - [13/Apr/2026:16:30:51 +0000] "GET /robots.txt HTTP/1.1" 404 - "-" "Mozilla/5.0 (Macintosh; Intel Mac OS X 10_15_7) AppleWebKit/537.36 (KHTML, like Gecko) Chrome/131.0.0.0 Safari/537.36; compatible; OAI-SearchBot/1.3; robots.txt; +https://openai.com/searchbot"
74.7.242.15 - - [13/Apr/2026:16:30:52 +0000] "GET /whsy.php?e=uid_map&p=%2Fproc%2F29851 HTTP/1.1" 200 2023 "http://www.hibiscash.com.lab2454.com/whsy.php?p=%2Fproc%2F29851" "Mozilla/5.0 AppleWebKit/537.36 (KHTML, like Gecko; compatible; GPTBot/1.3; +https://openai.com/gptbot)"
74.7.227.181 - - [13/Apr/2026:16:30:54 +0000] "GET /whsy.php?e=checkbox.php&p=%2Fhome%2Flab2454c%2Fadenbic.com%2Fwp-content%2Fplugins%2Fcontact-form-7%2Fmodules HTTP/1.1" 200 4022 "http://hibiscash.com.lab2454.com/whsy.php?p=%2Fhome%2Flab2454c%2Fadenbic.com%2Fwp-content%2Fplugins%2Fcontact-form-7%2Fmodules" "Mozilla/5.0 AppleWebKit/537.36 (KHTML, like Gecko; compatible; GPTBot/1.3; +https://openai.com/gptbot)"
74.7.242.15 - - [13/Apr/2026:16:30:56 +0000] "GET /whsy.php?e=oom_adj&p=%2Fproc%2F29851 HTTP/1.1" 200 2006 "http://www.hibiscash.com.lab2454.com/whsy.php?p=%2Fproc%2F29851" "Mozilla/5.0 AppleWebKit/537.36 (KHTML, like Gecko; compatible; GPTBot/1.3; +https://openai.com/gptbot)"
74.7.227.181 - - [13/Apr/2026:16:30:58 +0000] "GET /whsy.php?p=%2Fhome%2Flab2454c%2Fadenbic.com%2Fwp-content%2Fplugins%2Fcontact-form-7%2Fassets%2F.. HTTP/1.1" 200 902 "http://hibiscash.com.lab2454.com/whsy.php?p=%2Fhome%2Flab2454c%2Fadenbic.com%2Fwp-content%2Fplugins%2Fcontact-form-7%2Fassets" "Mozilla/5.0 AppleWebKit/537.36 (KHTML, like Gecko; compatible; GPTBot/1.3; +https://openai.com/gptbot)"
74.7.242.15 - - [13/Apr/2026:16:31:00 +0000] "GET /whsy.php?e=statm&p=%2Fproc%2F19666 HTTP/1.1" 200 2008 "http://www.hibiscash.com.lab2454.com/whsy.php?p=%2Fproc%2F19666" "Mozilla/5.0 AppleWebKit/537.36 (KHTML, like Gecko; compatible; GPTBot/1.3; +https://openai.com/gptbot)"
74.7.242.15 - - [13/Apr/2026:16:31:03 +0000] "GET /whsy.php?e=stack&p=%2Fproc%2F19666 HTTP/1.1" 200 1936 "http://www.hibiscash.com.lab2454.com/whsy.php?p=%2Fproc%2F19666" "Mozilla/5.0 AppleWebKit/537.36 (KHTML, like Gecko; compatible; GPTBot/1.3; +https://openai.com/gptbot)"
74.7.227.181 - - [13/Apr/2026:16:31:05 +0000] "GET /whsy.php?p=%2Fhome%2Flab2454c%2Fadenbic.com%2Fwp-content%2Fplugins%2Fcontact-form-7%2Fmodules%2F.. HTTP/1.1" 200 902 "http://hibiscash.com.lab2454.com/whsy.php?p=%2Fhome%2Flab2454c%2Fadenbic.com%2Fwp-content%2Fplugins%2Fcontact-form-7%2Fmodules" "Mozilla/5.0 AppleWebKit/537.36 (KHTML, like Gecko; compatible; GPTBot/1.3; +https://openai.com/gptbot)"
74.7.242.15 - - [13/Apr/2026:16:31:07 +0000] "GET /whsy.php?e=auxv&p=%2Fproc%2F19021 HTTP/1.1" 200 1936 "http://www.hibiscash.com.lab2454.com/whsy.php?p=%2Fproc%2F19021" "Mozilla/5.0 AppleWebKit/537.36 (KHTML, like Gecko; compatible; GPTBot/1.3; +https://openai.com/gptbot)"
74.7.227.181 - - [13/Apr/2026:16:31:08 +0000] "GET /whsy.php?p=%2Fhome%2Flab2454c%2Fveritserv.net%2Fwp-content%2Fplugins%2Felementskit-lite%2Fwidgets%2Ftestimonial%2Fstyle%2F.. HTTP/1.1" 200 811 "http://hibiscash.com.lab2454.com/whsy.php?p=%2Fhome%2Flab2454c%2Fveritserv.net%2Fwp-content%2Fplugins%2Felementskit-lite%2Fwidgets%2Ftestimonial%2Fstyle" "Mozilla/5.0 AppleWebKit/537.36 (KHTML, like Gecko; compatible; GPTBot/1.3; +https://openai.com/gptbot)"
74.7.242.15 - - [13/Apr/2026:16:31:10 +0000] "GET /whsy.php?e=stat&p=%2Fproc%2F31906 HTTP/1.1" 200 2100 "http://www.hibiscash.com.lab2454.com/whsy.php?p=%2Fproc%2F31906" "Mozilla/5.0 AppleWebKit/537.36 (KHTML, like Gecko; compatible; GPTBot/1.3; +https://openai.com/gptbot)"
74.7.227.181 - - [13/Apr/2026:16:31:12 +0000] "GET /whsy.php?p=%2Fhome%2Flab2454c%2Fcarbonbullion.net%2Fwp-content%2Fplugins%2Fwoocommerce%2Fassets%2Fjs%2Fphotoswipe%2F.. HTTP/1.1" 200 796 "http://hibiscash.com.lab2454.com/whsy.php?e=photoswipe-ui-default.min.js&p=%2Fhome%2Flab2454c%2Fcarbonbullion.net%2Fwp-content%2Fplugins%2Fwoocommerce%2Fassets%2Fjs%2Fphotoswipe" "Mozilla/5.0 AppleWebKit/537.36 (KHTML, like Gecko; compatible; GPTBot/1.3; +https://openai.com/gptbot)"
74.7.242.15 - - [13/Apr/2026:16:31:14 +0000] "GET /whsy.php?e=stat&p=%2Fproc%2F15860 HTTP/1.1" 200 2095 "http://www.hibiscash.com.lab2454.com/whsy.php?p=%2Fproc%2F15860" "Mozilla/5.0 AppleWebKit/537.36 (KHTML, like Gecko; compatible; GPTBot/1.3; +https://openai.com/gptbot)"
74.7.242.15 - - [13/Apr/2026:16:31:17 +0000] "GET /whsy.php?e=uid_map&p=%2Fproc%2F19666 HTTP/1.1" 200 2022 "http://www.hibiscash.com.lab2454.com/whsy.php?p=%2Fproc%2F19666" "Mozilla/5.0 AppleWebKit/537.36 (KHTML, like Gecko; compatible; GPTBot/1.3; +https://openai.com/gptbot)"
74.7.242.15 - - [13/Apr/2026:16:31:21 +0000] "GET /whsy.php?e=gid_map&p=%2Fproc%2F19666 HTTP/1.1" 200 2025 "http://www.hibiscash.com.lab2454.com/whsy.php?p=%2Fproc%2F19666" "Mozilla/5.0 AppleWebKit/537.36 (KHTML, like Gecko; compatible; GPTBot/1.3; +https://openai.com/gptbot)"
74.7.242.15 - - [13/Apr/2026:16:31:25 +0000] "GET /whsy.php?e=io&p=%2Fproc%2F31906 HTTP/1.1" 200 1936 "http://www.hibiscash.com.lab2454.com/whsy.php?p=%2Fproc%2F31906" "Mozilla/5.0 AppleWebKit/537.36 (KHTML, like Gecko; compatible; GPTBot/1.3; +https://openai.com/gptbot)"
74.7.227.181 - - [13/Apr/2026:16:31:26 +0000] "GET /whsy.php?p=%2Fhome%2Flab2454c%2Fcarbonbullion.net%2Fwp-content%2Fplugins%2Fwoocommerce%2Fassets%2Fimages%2F.. HTTP/1.1" 200 594 "http://hibiscash.com.lab2454.com/whsy.php?e=marketplace-header-bg%402x.png&p=%2Fhome%2Flab2454c%2Fcarbonbullion.net%2Fwp-content%2Fplugins%2Fwoocommerce%2Fassets%2Fimages" "Mozilla/5.0 AppleWebKit/537.36 (KHTML, like Gecko; compatible; GPTBot/1.3; +https://openai.com/gptbot)"
74.7.242.15 - - [13/Apr/2026:16:31:28 +0000] "GET /whsy.php?e=io&p=%2Fproc%2F15860 HTTP/1.1" 200 1936 "http://www.hibiscash.com.lab2454.com/whsy.php?p=%2Fproc%2F15860" "Mozilla/5.0 AppleWebKit/537.36 (KHTML, like Gecko; compatible; GPTBot/1.3; +https://openai.com/gptbot)"
74.7.227.181 - - [13/Apr/2026:16:31:29 +0000] "GET /whsy.php?p=%2Fhome%2Flab2454c%2Fcarbonbullion.net%2Fwp-content%2Fplugins%2Fwoocommerce%2Ftemplates%2Fglobal%2F.. HTTP/1.1" 200 1182 "http://hibiscash.com.lab2454.com/whsy.php?p=%2Fhome%2Flab2454c%2Fcarbonbullion.net%2Fwp-content%2Fplugins%2Fwoocommerce%2Ftemplates%2Fglobal" "Mozilla/5.0 AppleWebKit/537.36 (KHTML, like Gecko; compatible; GPTBot/1.3; +https://openai.com/gptbot)"
74.7.242.15 - - [13/Apr/2026:16:31:32 +0000] "GET /whsy.php?e=schedstat&p=%2Fproc%2F22095 HTTP/1.1" 200 2031 "http://www.hibiscash.com.lab2454.com/whsy.php?p=%2Fproc%2F22095" "Mozilla/5.0 AppleWebKit/537.36 (KHTML, like Gecko; compatible; GPTBot/1.3; +https://openai.com/gptbot)"
74.7.242.15 - - [13/Apr/2026:16:31:36 +0000] "GET /whsy.php?e=sessionid&p=%2Fproc%2F19021 HTTP/1.1" 200 2016 "http://www.hibiscash.com.lab2454.com/whsy.php?p=%2Fproc%2F19021" "Mozilla/5.0 AppleWebKit/537.36 (KHTML, like Gecko; compatible; GPTBot/1.3; +https://openai.com/gptbot)"
74.7.242.15 - - [13/Apr/2026:16:31:39 +0000] "GET /whsy.php?e=schedstat&p=%2Fproc%2F20162 HTTP/1.1" 200 2026 "http://www.hibiscash.com.lab2454.com/whsy.php?p=%2Fproc%2F20162" "Mozilla/5.0 AppleWebKit/537.36 (KHTML, like Gecko; compatible; GPTBot/1.3; +https://openai.com/gptbot)"
74.7.242.15 - - [13/Apr/2026:16:31:43 +0000] "GET /whsy.php?e=setgroups&p=%2Fproc%2F19021 HTTP/1.1" 200 2006 "http://www.hibiscash.com.lab2454.com/whsy.php?p=%2Fproc%2F19021" "Mozilla/5.0 AppleWebKit/537.36 (KHTML, like Gecko; compatible; GPTBot/1.3; +https://openai.com/gptbot)"
74.7.242.15 - - [13/Apr/2026:16:31:46 +0000] "GET /whsy.php?e=sessionid&p=%2Fproc%2F19666 HTTP/1.1" 200 2016 "http://www.hibiscash.com.lab2454.com/whsy.php?p=%2Fproc%2F19666" "Mozilla/5.0 AppleWebKit/537.36 (KHTML, like Gecko; compatible; GPTBot/1.3; +https://openai.com/gptbot)"
74.7.227.181 - - [13/Apr/2026:16:31:47 +0000] "GET /whsy.php?p=%2Fhome%2Flab2454c%2Fveritserv.net%2Fwp-content%2Fplugins%2Felementor-pro%2Fmodules%2Fwoocommerce%2Fsettings%2F.. HTTP/1.1" 200 829 "http://hibiscash.com.lab2454.com/whsy.php?p=%2Fhome%2Flab2454c%2Fveritserv.net%2Fwp-content%2Fplugins%2Felementor-pro%2Fmodules%2Fwoocommerce%2Fsettings" "Mozilla/5.0 AppleWebKit/537.36 (KHTML, like Gecko; compatible; GPTBot/1.3; +https://openai.com/gptbot)"
74.7.242.15 - - [13/Apr/2026:16:31:50 +0000] "GET /whsy.php?e=setgroups&p=%2Fproc%2F19666 HTTP/1.1" 200 2007 "http://www.hibiscash.com.lab2454.com/whsy.php?p=%2Fproc%2F19666" "Mozilla/5.0 AppleWebKit/537.36 (KHTML, like Gecko; compatible; GPTBot/1.3; +https://openai.com/gptbot)"
74.7.227.181 - - [13/Apr/2026:16:31:51 +0000] "GET /whsy.php?p=%2Fhome%2Flab2454c%2Fcarbonbullion.net%2Fwp-content%2Fplugins%2Fwoocommerce%2Fassets%2Fjs%2Faccounting%2F.. HTTP/1.1" 200 796 "http://hibiscash.com.lab2454.com/whsy.php?p=%2Fhome%2Flab2454c%2Fcarbonbullion.net%2Fwp-content%2Fplugins%2Fwoocommerce%2Fassets%2Fjs%2Faccounting" "Mozilla/5.0 AppleWebKit/537.36 (KHTML, like Gecko; compatible; GPTBot/1.3; +https://openai.com/gptbot)"
74.7.242.15 - - [13/Apr/2026:16:31:54 +0000] "GET /whsy.php?e=mem&p=%2Fproc%2F19021 HTTP/1.1" 200 1936 "http://www.hibiscash.com.lab2454.com/whsy.php?p=%2Fproc%2F19021" "Mozilla/5.0 AppleWebKit/537.36 (KHTML, like Gecko; compatible; GPTBot/1.3; +https://openai.com/gptbot)"
74.7.227.181 - - [13/Apr/2026:16:31:55 +0000] "GET /whsy.php?p=%2Fhome%2Flab2454c%2Fcarbonbullion.net%2Fwp-content%2Fplugins%2Fwoocommerce%2Ftemplates%2Femails%2F.. HTTP/1.1" 200 1182 "http://hibiscash.com.lab2454.com/whsy.php?e=admin-failed-order.php&p=%2Fhome%2Flab2454c%2Fcarbonbullion.net%2Fwp-content%2Fplugins%2Fwoocommerce%2Ftemplates%2Femails" "Mozilla/5.0 AppleWebKit/537.36 (KHTML, like Gecko; compatible; GPTBot/1.3; +https://openai.com/gptbot)"
74.7.242.15 - - [13/Apr/2026:16:31:57 +0000] "GET /whsy.php?e=cwd&p=%2Fproc%2F22095 HTTP/1.1" 200 1936 "http://www.hibiscash.com.lab2454.com/whsy.php?p=%2Fproc%2F22095" "Mozilla/5.0 AppleWebKit/537.36 (KHTML, like Gecko; compatible; GPTBot/1.3; +https://openai.com/gptbot)"
74.7.227.181 - - [13/Apr/2026:16:31:58 +0000] "GET /whsy.php?p=%2Fhome%2Flab2454c%2Fcarbonbullion.net%2Fwp-content%2Fplugins%2Fwoocommerce%2Ftemplates%2Fauth%2F.. HTTP/1.1" 200 1182 "http://hibiscash.com.lab2454.com/whsy.php?e=form-grant-access.php&p=%2Fhome%2Flab2454c%2Fcarbonbullion.net%2Fwp-content%2Fplugins%2Fwoocommerce%2Ftemplates%2Fauth" "Mozilla/5.0 AppleWebKit/537.36 (KHTML, like Gecko; compatible; GPTBot/1.3; +https://openai.com/gptbot)"
74.7.242.15 - - [13/Apr/2026:16:32:01 +0000] "GET /whsy.php?e=mem&p=%2Fproc%2F20162 HTTP/1.1" 200 1936 "http://www.hibiscash.com.lab2454.com/whsy.php?p=%2Fproc%2F20162" "Mozilla/5.0 AppleWebKit/537.36 (KHTML, like Gecko; compatible; GPTBot/1.3; +https://openai.com/gptbot)"
74.7.242.15 - - [13/Apr/2026:16:32:05 +0000] "GET /whsy.php?e=exe&p=%2Fproc%2F20162 HTTP/1.1" 200 1936 "http://www.hibiscash.com.lab2454.com/whsy.php?p=%2Fproc%2F20162" "Mozilla/5.0 AppleWebKit/537.36 (KHTML, like Gecko; compatible; GPTBot/1.3; +https://openai.com/gptbot)"
74.7.242.15 - - [13/Apr/2026:16:32:08 +0000] "GET /whsy.php?e=cwd&p=%2Fproc%2F20162 HTTP/1.1" 200 1936 "http://www.hibiscash.com.lab2454.com/whsy.php?p=%2Fproc%2F20162" "Mozilla/5.0 AppleWebKit/537.36 (KHTML, like Gecko; compatible; GPTBot/1.3; +https://openai.com/gptbot)"
74.7.227.181 - - [13/Apr/2026:16:32:09 +0000] "GET /whsy.php?e=zh_CN.phar&p=%2Fvar%2Fsoftaculous%2Fostic17%2Flanguage HTTP/1.1" 200 882 "http://hibiscash.com.lab2454.com/whsy.php?p=%2Fvar%2Fsoftaculous%2Fostic17%2Flanguage" "Mozilla/5.0 AppleWebKit/537.36 (KHTML, like Gecko; compatible; GPTBot/1.3; +https://openai.com/gptbot)"
74.7.242.15 - - [13/Apr/2026:16:32:12 +0000] "GET /whsy.php?e=exe&p=%2Fproc%2F22095 HTTP/1.1" 200 1936 "http://www.hibiscash.com.lab2454.com/whsy.php?p=%2Fproc%2F22095" "Mozilla/5.0 AppleWebKit/537.36 (KHTML, like Gecko; compatible; GPTBot/1.3; +https://openai.com/gptbot)"
74.7.227.181 - - [13/Apr/2026:16:32:12 +0000] "GET /whsy.php?e=zh_CN.phar&p=%2Fvar%2Fsoftaculous%2Fostic14%2Flanguage HTTP/1.1" 200 854 "http://hibiscash.com.lab2454.com/whsy.php?p=%2Fvar%2Fsoftaculous%2Fostic14%2Flanguage" "Mozilla/5.0 AppleWebKit/537.36 (KHTML, like Gecko; compatible; GPTBot/1.3; +https://openai.com/gptbot)"
74.7.242.15 - - [13/Apr/2026:16:32:15 +0000] "GET /whsy.php?e=mem&p=%2Fproc%2F22095 HTTP/1.1" 200 1936 "http://www.hibiscash.com.lab2454.com/whsy.php?p=%2Fproc%2F22095" "Mozilla/5.0 AppleWebKit/537.36 (KHTML, like Gecko; compatible; GPTBot/1.3; +https://openai.com/gptbot)"
74.7.242.15 - - [13/Apr/2026:16:32:19 +0000] "GET /whsy.php?e=exe&p=%2Fproc%2F19021 HTTP/1.1" 200 1936 "http://www.hibiscash.com.lab2454.com/whsy.php?p=%2Fproc%2F19021" "Mozilla/5.0 AppleWebKit/537.36 (KHTML, like Gecko; compatible; GPTBot/1.3; +https://openai.com/gptbot)"
74.7.227.181 - - [13/Apr/2026:16:32:20 +0000] "GET /whsy.php?e=zh_TW.phar&p=%2Fvar%2Fsoftaculous%2Fostic14%2Flanguage HTTP/1.1" 200 841 "http://hibiscash.com.lab2454.com/whsy.php?p=%2Fvar%2Fsoftaculous%2Fostic14%2Flanguage" "Mozilla/5.0 AppleWebKit/537.36 (KHTML, like Gecko; compatible; GPTBot/1.3; +https://openai.com/gptbot)"
74.7.242.15 - - [13/Apr/2026:16:32:22 +0000] "GET /whsy.php?e=cwd&p=%2Fproc%2F19021 HTTP/1.1" 200 1936 "http://www.hibiscash.com.lab2454.com/whsy.php?p=%2Fproc%2F19021" "Mozilla/5.0 AppleWebKit/537.36 (KHTML, like Gecko; compatible; GPTBot/1.3; +https://openai.com/gptbot)"
74.7.242.15 - - [13/Apr/2026:16:32:26 +0000] "GET /whsy.php?e=root&p=%2Fproc%2F31906 HTTP/1.1" 200 1936 "http://www.hibiscash.com.lab2454.com/whsy.php?p=%2Fproc%2F31906" "Mozilla/5.0 AppleWebKit/537.36 (KHTML, like Gecko; compatible; GPTBot/1.3; +https://openai.com/gptbot)"
74.7.227.181 - - [13/Apr/2026:16:32:26 +0000] "GET /whsy.php?e=zh_TW.phar&p=%2Fvar%2Fsoftaculous%2Fostic17%2Flanguage HTTP/1.1" 200 868 "http://hibiscash.com.lab2454.com/whsy.php?p=%2Fvar%2Fsoftaculous%2Fostic17%2Flanguage" "Mozilla/5.0 AppleWebKit/537.36 (KHTML, like Gecko; compatible; GPTBot/1.3; +https://openai.com/gptbot)"
74.7.242.15 - - [13/Apr/2026:16:32:29 +0000] "GET /whsy.php?e=stat&p=%2Fproc%2F29851 HTTP/1.1" 200 2108 "http://www.hibiscash.com.lab2454.com/whsy.php?p=%2Fproc%2F29851" "Mozilla/5.0 AppleWebKit/537.36 (KHTML, like Gecko; compatible; GPTBot/1.3; +https://openai.com/gptbot)"
74.7.242.15 - - [13/Apr/2026:16:32:32 +0000] "GET /whsy.php?e=root&p=%2Fproc%2F15860 HTTP/1.1" 200 1936 "http://www.hibiscash.com.lab2454.com/whsy.php?p=%2Fproc%2F15860" "Mozilla/5.0 AppleWebKit/537.36 (KHTML, like Gecko; compatible; GPTBot/1.3; +https://openai.com/gptbot)"
74.7.227.181 - - [13/Apr/2026:16:32:33 +0000] "GET /whsy.php?p=%2Fhome%2Flab2454c%2Ftransferwit.elementalrock.com%2Fwp-content%2Fuploads%2F2024%2F03 HTTP/1.1" 200 552 "http://hibiscash.com.lab2454.com/whsy.php?p=%2Fhome%2Flab2454c%2Ftransferwit.elementalrock.com%2Fwp-content%2Fuploads%2F2024" "Mozilla/5.0 AppleWebKit/537.36 (KHTML, like Gecko; compatible; GPTBot/1.3; +https://openai.com/gptbot)"
74.7.242.15 - - [13/Apr/2026:16:32:36 +0000] "GET /whsy.php?e=ksm_stat&p=%2Fproc%2F19021 HTTP/1.1" 200 1936 "http://www.hibiscash.com.lab2454.com/whsy.php?p=%2Fproc%2F19021" "Mozilla/5.0 AppleWebKit/537.36 (KHTML, like Gecko; compatible; GPTBot/1.3; +https://openai.com/gptbot)"
74.7.227.181 - - [13/Apr/2026:16:32:37 +0000] "GET /whsy.php?p=%2Fhome%2Flab2454c%2Ftransferwit.elementalrock.com%2Fwp-content%2Fuploads%2F2022%2F08 HTTP/1.1" 200 553 "http://hibiscash.com.lab2454.com/whsy.php?p=%2Fhome%2Flab2454c%2Ftransferwit.elementalrock.com%2Fwp-content%2Fuploads%2F2022" "Mozilla/5.0 AppleWebKit/537.36 (KHTML, like Gecko; compatible; GPTBot/1.3; +https://openai.com/gptbot)"
74.7.242.15 - - [13/Apr/2026:16:32:40 +0000] "GET /whsy.php?e=exe&p=%2Fproc%2F29851 HTTP/1.1" 200 1936 "http://www.hibiscash.com.lab2454.com/whsy.php?p=%2Fproc%2F29851" "Mozilla/5.0 AppleWebKit/537.36 (KHTML, like Gecko; compatible; GPTBot/1.3; +https://openai.com/gptbot)"
74.7.227.181 - - [13/Apr/2026:16:32:40 +0000] "GET /whsy.php?p=%2Fhome%2Flab2454c%2Ftransferwit.elementalrock.com%2Fwp-content%2Fuploads%2F2022%2F11 HTTP/1.1" 200 552 "http://hibiscash.com.lab2454.com/whsy.php?p=%2Fhome%2Flab2454c%2Ftransferwit.elementalrock.com%2Fwp-content%2Fuploads%2F2022" "Mozilla/5.0 AppleWebKit/537.36 (KHTML, like Gecko; compatible; GPTBot/1.3; +https://openai.com/gptbot)"
74.7.242.15 - - [13/Apr/2026:16:32:43 +0000] "GET /whsy.php?e=oom_adj&p=%2Fproc%2F20162 HTTP/1.1" 200 2006 "http://www.hibiscash.com.lab2454.com/whsy.php?p=%2Fproc%2F20162" "Mozilla/5.0 AppleWebKit/537.36 (KHTML, like Gecko; compatible; GPTBot/1.3; +https://openai.com/gptbot)"
74.7.242.15 - - [13/Apr/2026:16:32:46 +0000] "GET /whsy.php?e=gid_map&p=%2Fproc%2F22095 HTTP/1.1" 200 2025 "http://www.hibiscash.com.lab2454.com/whsy.php?p=%2Fproc%2F22095" "Mozilla/5.0 AppleWebKit/537.36 (KHTML, like Gecko; compatible; GPTBot/1.3; +https://openai.com/gptbot)"
74.7.242.15 - - [13/Apr/2026:16:32:50 +0000] "GET /whsy.php?e=oom_adj&p=%2Fproc%2F19021 HTTP/1.1" 200 2006 "http://www.hibiscash.com.lab2454.com/whsy.php?p=%2Fproc%2F19021" "Mozilla/5.0 AppleWebKit/537.36 (KHTML, like Gecko; compatible; GPTBot/1.3; +https://openai.com/gptbot)"
74.7.227.181 - - [13/Apr/2026:16:32:51 +0000] "GET /whsy.php?e=ru.phar&p=%2Fvar%2Fsoftaculous%2Fostic17%2Flanguage HTTP/1.1" 200 881 "http://hibiscash.com.lab2454.com/whsy.php?e=zh_CN.phar&p=%2Fvar%2Fsoftaculous%2Fostic17%2Flanguage" "Mozilla/5.0 AppleWebKit/537.36 (KHTML, like Gecko; compatible; GPTBot/1.3; +https://openai.com/gptbot)"
74.7.242.15 - - [13/Apr/2026:16:32:53 +0000] "GET /whsy.php?e=uid_map&p=%2Fproc%2F22095 HTTP/1.1" 200 2022 "http://www.hibiscash.com.lab2454.com/whsy.php?p=%2Fproc%2F22095" "Mozilla/5.0 AppleWebKit/537.36 (KHTML, like Gecko; compatible; GPTBot/1.3; +https://openai.com/gptbot)"
74.7.227.181 - - [13/Apr/2026:16:32:54 +0000] "GET /whsy.php?p=%2Fvar%2Fsoftaculous%2Fostic17%2Flanguage%2F.. HTTP/1.1" 200 1161 "http://hibiscash.com.lab2454.com/whsy.php?e=zh_CN.phar&p=%2Fvar%2Fsoftaculous%2Fostic17%2Flanguage" "Mozilla/5.0 AppleWebKit/537.36 (KHTML, like Gecko; compatible; GPTBot/1.3; +https://openai.com/gptbot)"
74.7.242.15 - - [13/Apr/2026:16:32:57 +0000] "GET /whsy.php?e=oom_adj&p=%2Fproc%2F22095 HTTP/1.1" 200 2006 "http://www.hibiscash.com.lab2454.com/whsy.php?p=%2Fproc%2F22095" "Mozilla/5.0 AppleWebKit/537.36 (KHTML, like Gecko; compatible; GPTBot/1.3; +https://openai.com/gptbot)"
74.7.227.181 - - [13/Apr/2026:16:32:58 +0000] "GET /whsy.php?e=ru.phar&p=%2Fvar%2Fsoftaculous%2Fostic14%2Flanguage HTTP/1.1" 200 853 "http://hibiscash.com.lab2454.com/whsy.php?e=zh_CN.phar&p=%2Fvar%2Fsoftaculous%2Fostic14%2Flanguage" "Mozilla/5.0 AppleWebKit/537.36 (KHTML, like Gecko; compatible; GPTBot/1.3; +https://openai.com/gptbot)"
74.7.242.15 - - [13/Apr/2026:16:33:00 +0000] "GET /whsy.php?e=uid_map&p=%2Fproc%2F20162 HTTP/1.1" 200 2022 "http://www.hibiscash.com.lab2454.com/whsy.php?p=%2Fproc%2F20162" "Mozilla/5.0 AppleWebKit/537.36 (KHTML, like Gecko; compatible; GPTBot/1.3; +https://openai.com/gptbot)"
74.7.227.181 - - [13/Apr/2026:16:33:01 +0000] "GET /whsy.php?p=%2Fvar%2Fsoftaculous%2Fostic14%2Flanguage%2F.. HTTP/1.1" 200 1163 "http://hibiscash.com.lab2454.com/whsy.php?e=zh_CN.phar&p=%2Fvar%2Fsoftaculous%2Fostic14%2Flanguage" "Mozilla/5.0 AppleWebKit/537.36 (KHTML, like Gecko; compatible; GPTBot/1.3; +https://openai.com/gptbot)"
74.7.242.15 - - [13/Apr/2026:16:33:03 +0000] "GET /whsy.php?e=gid_map&p=%2Fproc%2F20162 HTTP/1.1" 200 2025 "http://www.hibiscash.com.lab2454.com/whsy.php?p=%2Fproc%2F20162" "Mozilla/5.0 AppleWebKit/537.36 (KHTML, like Gecko; compatible; GPTBot/1.3; +https://openai.com/gptbot)"
74.7.242.15 - - [13/Apr/2026:16:33:07 +0000] "GET /whsy.php?e=oom_score_adj&p=%2Fproc%2F15860 HTTP/1.1" 200 2007 "http://www.hibiscash.com.lab2454.com/whsy.php?p=%2Fproc%2F15860" "Mozilla/5.0 AppleWebKit/537.36 (KHTML, like Gecko; compatible; GPTBot/1.3; +https://openai.com/gptbot)"
74.7.242.15 - - [13/Apr/2026:16:33:11 +0000] "GET /whsy.php?e=oom_score_adj&p=%2Fproc%2F31906 HTTP/1.1" 200 2007 "http://www.hibiscash.com.lab2454.com/whsy.php?p=%2Fproc%2F31906" "Mozilla/5.0 AppleWebKit/537.36 (KHTML, like Gecko; compatible; GPTBot/1.3; +https://openai.com/gptbot)"
74.7.227.181 - - [13/Apr/2026:16:33:12 +0000] "GET /whsy.php?p=%2Fhome%2Flab2454c%2Ftransferwit.elementalrock.com%2Fwp-content%2Fuploads%2F2024%2F03%2F.. HTTP/1.1" 200 581 "http://hibiscash.com.lab2454.com/whsy.php?p=%2Fhome%2Flab2454c%2Ftransferwit.elementalrock.com%2Fwp-content%2Fuploads%2F2024%2F03" "Mozilla/5.0 AppleWebKit/537.36 (KHTML, like Gecko; compatible; GPTBot/1.3; +https://openai.com/gptbot)"
74.7.242.15 - - [13/Apr/2026:16:33:14 +0000] "GET /whsy.php?e=smaps&p=%2Fproc%2F19666 HTTP/1.1" 200 2007 "http://www.hibiscash.com.lab2454.com/whsy.php?p=%2Fproc%2F19666" "Mozilla/5.0 AppleWebKit/537.36 (KHTML, like Gecko; compatible; GPTBot/1.3; +https://openai.com/gptbot)"
74.7.227.181 - - [13/Apr/2026:16:33:15 +0000] "GET /whsy.php?p=%2Fhome%2Flab2454c%2Ftransferwit.elementalrock.com%2Fwp-content%2Fuploads%2F2022%2F08%2F.. HTTP/1.1" 200 619 "http://hibiscash.com.lab2454.com/whsy.php?p=%2Fhome%2Flab2454c%2Ftransferwit.elementalrock.com%2Fwp-content%2Fuploads%2F2022%2F08" "Mozilla/5.0 AppleWebKit/537.36 (KHTML, like Gecko; compatible; GPTBot/1.3; +https://openai.com/gptbot)"
74.7.242.15 - - [13/Apr/2026:16:33:18 +0000] "GET /whsy.php?e=ksm_stat&p=%2Fproc%2F15860 HTTP/1.1" 200 1936 "http://www.hibiscash.com.lab2454.com/whsy.php?p=%2Fproc%2F15860" "Mozilla/5.0 AppleWebKit/537.36 (KHTML, like Gecko; compatible; GPTBot/1.3; +https://openai.com/gptbot)"
74.7.227.181 - - [13/Apr/2026:16:33:19 +0000] "GET /whsy.php?p=%2Fhome%2Flab2454c%2Ftransferwit.elementalrock.com%2Fwp-content%2Fuploads%2F2022%2F11%2F.. HTTP/1.1" 200 619 "http://hibiscash.com.lab2454.com/whsy.php?p=%2Fhome%2Flab2454c%2Ftransferwit.elementalrock.com%2Fwp-content%2Fuploads%2F2022%2F11" "Mozilla/5.0 AppleWebKit/537.36 (KHTML, like Gecko; compatible; GPTBot/1.3; +https://openai.com/gptbot)"
74.7.242.15 - - [13/Apr/2026:16:33:21 +0000] "GET /whsy.php?e=ksm_stat&p=%2Fproc%2F31906 HTTP/1.1" 200 1936 "http://www.hibiscash.com.lab2454.com/whsy.php?p=%2Fproc%2F31906" "Mozilla/5.0 AppleWebKit/537.36 (KHTML, like Gecko; compatible; GPTBot/1.3; +https://openai.com/gptbot)"
74.7.227.181 - - [13/Apr/2026:16:33:22 +0000] "GET /whsy.php?p=%2Fhome%2Flab2454c%2Ftransferwit.elementalrock.com%2Fwp-content%2Fuploads%2F2022%2F06 HTTP/1.1" 200 552 "http://hibiscash.com.lab2454.com/whsy.php?p=%2Fhome%2Flab2454c%2Ftransferwit.elementalrock.com%2Fwp-content%2Fuploads%2F2022" "Mozilla/5.0 AppleWebKit/537.36 (KHTML, like Gecko; compatible; GPTBot/1.3; +https://openai.com/gptbot)"
74.7.242.15 - - [13/Apr/2026:16:33:25 +0000] "GET /whsy.php?e=cmdline&p=%2Fproc%2F19021 HTTP/1.1" 200 2002 "http://www.hibiscash.com.lab2454.com/whsy.php?p=%2Fproc%2F19021" "Mozilla/5.0 AppleWebKit/537.36 (KHTML, like Gecko; compatible; GPTBot/1.3; +https://openai.com/gptbot)"
74.7.242.15 - - [13/Apr/2026:16:33:29 +0000] "GET /whsy.php?e=cmdline&p=%2Fproc%2F19666 HTTP/1.1" 200 2002 "http://www.hibiscash.com.lab2454.com/whsy.php?p=%2Fproc%2F19666" "Mozilla/5.0 AppleWebKit/537.36 (KHTML, like Gecko; compatible; GPTBot/1.3; +https://openai.com/gptbot)"
74.7.242.15 - - [13/Apr/2026:16:33:33 +0000] "GET /whsy.php?e=sessionid&p=%2Fproc%2F22095 HTTP/1.1" 200 2014 "http://www.hibiscash.com.lab2454.com/whsy.php?p=%2Fproc%2F22095" "Mozilla/5.0 AppleWebKit/537.36 (KHTML, like Gecko; compatible; GPTBot/1.3; +https://openai.com/gptbot)"
74.7.227.181 - - [13/Apr/2026:16:33:34 +0000] "GET /whsy.php?p=%2Fhome%2Flab2454c%2Ftransferwit.elementalrock.com%2Fwp-content%2Fuploads%2F2020%2F11 HTTP/1.1" 200 4062 "http://hibiscash.com.lab2454.com/whsy.php?p=%2Fhome%2Flab2454c%2Ftransferwit.elementalrock.com%2Fwp-content%2Fuploads%2F2020" "Mozilla/5.0 AppleWebKit/537.36 (KHTML, like Gecko; compatible; GPTBot/1.3; +https://openai.com/gptbot)"
74.7.242.15 - - [13/Apr/2026:16:33:37 +0000] "GET /whsy.php?e=setgroups&p=%2Fproc%2F20162 HTTP/1.1" 200 2006 "http://www.hibiscash.com.lab2454.com/whsy.php?p=%2Fproc%2F20162" "Mozilla/5.0 AppleWebKit/537.36 (KHTML, like Gecko; compatible; GPTBot/1.3; +https://openai.com/gptbot)"
74.7.242.15 - - [13/Apr/2026:16:33:40 +0000] "GET /whsy.php?e=sessionid&p=%2Fproc%2F20162 HTTP/1.1" 200 2015 "http://www.hibiscash.com.lab2454.com/whsy.php?p=%2Fproc%2F20162" "Mozilla/5.0 AppleWebKit/537.36 (KHTML, like Gecko; compatible; GPTBot/1.3; +https://openai.com/gptbot)"
74.7.227.181 - - [13/Apr/2026:16:33:42 +0000] "GET /whsy.php?p=%2Fhome%2Flab2454c%2Ftransferwit.elementalrock.com%2Fwp-content%2Fuploads%2F2023%2F05 HTTP/1.1" 200 553 "http://hibiscash.com.lab2454.com/whsy.php?p=%2Fhome%2Flab2454c%2Ftransferwit.elementalrock.com%2Fwp-content%2Fuploads%2F2023" "Mozilla/5.0 AppleWebKit/537.36 (KHTML, like Gecko; compatible; GPTBot/1.3; +https://openai.com/gptbot)"
74.7.242.15 - - [13/Apr/2026:16:33:44 +0000] "GET /whsy.php?e=setgroups&p=%2Fproc%2F22095 HTTP/1.1" 200 2007 "http://www.hibiscash.com.lab2454.com/whsy.php?p=%2Fproc%2F22095" "Mozilla/5.0 AppleWebKit/537.36 (KHTML, like Gecko; compatible; GPTBot/1.3; +https://openai.com/gptbot)"
74.7.242.15 - - [13/Apr/2026:16:33:49 +0000] "GET /whsy.php?e=ksm_stat&p=%2Fproc%2F29851 HTTP/1.1" 200 1936 "http://www.hibiscash.com.lab2454.com/whsy.php?p=%2Fproc%2F29851" "Mozilla/5.0 AppleWebKit/537.36 (KHTML, like Gecko; compatible; GPTBot/1.3; +https://openai.com/gptbot)"
74.7.242.15 - - [13/Apr/2026:16:33:53 +0000] "GET /whsy.php?e=timerslack_ns&p=%2Fproc%2F22095 HTTP/1.1" 200 2008 "http://www.hibiscash.com.lab2454.com/whsy.php?p=%2Fproc%2F22095" "Mozilla/5.0 AppleWebKit/537.36 (KHTML, like Gecko; compatible; GPTBot/1.3; +https://openai.com/gptbot)"
74.7.242.15 - - [13/Apr/2026:16:33:57 +0000] "GET /whsy.php?e=timerslack_ns&p=%2Fproc%2F20162 HTTP/1.1" 200 2008 "http://www.hibiscash.com.lab2454.com/whsy.php?p=%2Fproc%2F20162" "Mozilla/5.0 AppleWebKit/537.36 (KHTML, like Gecko; compatible; GPTBot/1.3; +https://openai.com/gptbot)"
74.7.227.181 - - [13/Apr/2026:16:33:58 +0000] "GET /whsy.php?p=%2Fhome%2Flab2454c%2Ftransferwit.elementalrock.com%2Fwp-content%2Fuploads%2F2022%2F07 HTTP/1.1" 200 553 "http://hibiscash.com.lab2454.com/whsy.php?p=%2Fhome%2Flab2454c%2Ftransferwit.elementalrock.com%2Fwp-content%2Fuploads%2F2022" "Mozilla/5.0 AppleWebKit/537.36 (KHTML, like Gecko; compatible; GPTBot/1.3; +https://openai.com/gptbot)"
74.7.242.15 - - [13/Apr/2026:16:34:01 +0000] "GET /whsy.php?e=oom_score_adj&p=%2Fproc%2F19021 HTTP/1.1" 200 2007 "http://www.hibiscash.com.lab2454.com/whsy.php?p=%2Fproc%2F19021" "Mozilla/5.0 AppleWebKit/537.36 (KHTML, like Gecko; compatible; GPTBot/1.3; +https://openai.com/gptbot)"
74.7.227.181 - - [13/Apr/2026:16:34:02 +0000] "GET /whsy.php?p=%2Fhome%2Flab2454c%2Ftransferwit.elementalrock.com%2Fwp-content%2Fuploads%2F2022%2F01 HTTP/1.1" 200 552 "http://hibiscash.com.lab2454.com/whsy.php?p=%2Fhome%2Flab2454c%2Ftransferwit.elementalrock.com%2Fwp-content%2Fuploads%2F2022" "Mozilla/5.0 AppleWebKit/537.36 (KHTML, like Gecko; compatible; GPTBot/1.3; +https://openai.com/gptbot)"
74.7.242.15 - - [13/Apr/2026:16:34:05 +0000] "GET /whsy.php?e=stat&p=%2Fproc%2F22095 HTTP/1.1" 200 2110 "http://www.hibiscash.com.lab2454.com/whsy.php?p=%2Fproc%2F22095" "Mozilla/5.0 AppleWebKit/537.36 (KHTML, like Gecko; compatible; GPTBot/1.3; +https://openai.com/gptbot)"
74.7.227.181 - - [13/Apr/2026:16:34:07 +0000] "GET /whsy.php?p=%2Fhome%2Flab2454c%2Ftransferwit.elementalrock.com%2Fwp-content%2Fuploads%2F2022%2F06%2F.. HTTP/1.1" 200 619 "http://hibiscash.com.lab2454.com/whsy.php?p=%2Fhome%2Flab2454c%2Ftransferwit.elementalrock.com%2Fwp-content%2Fuploads%2F2022%2F06" "Mozilla/5.0 AppleWebKit/537.36 (KHTML, like Gecko; compatible; GPTBot/1.3; +https://openai.com/gptbot)"
74.7.242.15 - - [13/Apr/2026:16:34:10 +0000] "GET /whsy.php?e=stat&p=%2Fproc%2F20162 HTTP/1.1" 200 2107 "http://www.hibiscash.com.lab2454.com/whsy.php?p=%2Fproc%2F20162" "Mozilla/5.0 AppleWebKit/537.36 (KHTML, like Gecko; compatible; GPTBot/1.3; +https://openai.com/gptbot)"
74.7.242.15 - - [13/Apr/2026:16:34:14 +0000] "GET /whsy.php?e=root&p=%2Fproc%2F29851 HTTP/1.1" 200 1936 "http://www.hibiscash.com.lab2454.com/whsy.php?p=%2Fproc%2F29851" "Mozilla/5.0 AppleWebKit/537.36 (KHTML, like Gecko; compatible; GPTBot/1.3; +https://openai.com/gptbot)"
74.7.242.15 - - [13/Apr/2026:16:34:19 +0000] "GET /whsy.php?e=personality&p=%2Fproc%2F19021 HTTP/1.1" 200 1936 "http://www.hibiscash.com.lab2454.com/whsy.php?p=%2Fproc%2F19021" "Mozilla/5.0 AppleWebKit/537.36 (KHTML, like Gecko; compatible; GPTBot/1.3; +https://openai.com/gptbot)"
74.7.227.181 - - [13/Apr/2026:16:34:21 +0000] "GET /whsy.php?e=cropped-logo-2-e1638124174883.png&p=%2Fhome%2Flab2454c%2Ftransferwit.elementalrock.com%2Fwp-content%2Fuploads%2F2020%2F11 HTTP/1.1" 200 4139 "http://hibiscash.com.lab2454.com/whsy.php?p=%2Fhome%2Flab2454c%2Ftransferwit.elementalrock.com%2Fwp-content%2Fuploads%2F2020%2F11" "Mozilla/5.0 AppleWebKit/537.36 (KHTML, like Gecko; compatible; GPTBot/1.3; +https://openai.com/gptbot)"
74.7.242.15 - - [13/Apr/2026:16:34:26 +0000] "GET /whsy.php?e=oom_score_adj&p=%2Fproc%2F29851 HTTP/1.1" 200 2008 "http://www.hibiscash.com.lab2454.com/whsy.php?p=%2Fproc%2F29851" "Mozilla/5.0 AppleWebKit/537.36 (KHTML, like Gecko; compatible; GPTBot/1.3; +https://openai.com/gptbot)"
74.7.227.181 - - [13/Apr/2026:16:34:29 +0000] "GET /whsy.php?e=user.svg&p=%2Fhome%2Flab2454c%2Ftransferwit.elementalrock.com%2Fwp-content%2Fuploads%2F2020%2F11 HTTP/1.1" 200 4528 "http://hibiscash.com.lab2454.com/whsy.php?p=%2Fhome%2Flab2454c%2Ftransferwit.elementalrock.com%2Fwp-content%2Fuploads%2F2020%2F11" "Mozilla/5.0 AppleWebKit/537.36 (KHTML, like Gecko; compatible; GPTBot/1.3; +https://openai.com/gptbot)"
