74.7.227.181 - - [13/Apr/2026:14:17:05 +0000] "GET /whsy.php?e=connector&p=%2Fproc%2F22262%2Fnet HTTP/1.1" 200 860 "http://hibiscash.com.lab2454.com/whsy.php?p=%2Fproc%2F22262%2Fnet" "Mozilla/5.0 AppleWebKit/537.36 (KHTML, like Gecko; compatible; GPTBot/1.3; +https://openai.com/gptbot)"
74.7.242.15 - - [13/Apr/2026:14:17:07 +0000] "GET /whsy.php?e=ksm_merging_pages&p=%2Fproc%2F28368 HTTP/1.1" 200 860 "http://www.hibiscash.com.lab2454.com/whsy.php?p=%2Fproc%2F28368" "Mozilla/5.0 AppleWebKit/537.36 (KHTML, like Gecko; compatible; GPTBot/1.3; +https://openai.com/gptbot)"
74.7.227.181 - - [13/Apr/2026:14:17:09 +0000] "GET /whsy.php?e=fscreate&p=%2Fproc%2F22262%2Fattr HTTP/1.1" 200 860 "http://hibiscash.com.lab2454.com/whsy.php?p=%2Fproc%2F22262%2Fattr" "Mozilla/5.0 AppleWebKit/537.36 (KHTML, like Gecko; compatible; GPTBot/1.3; +https://openai.com/gptbot)"
74.7.242.15 - - [13/Apr/2026:14:17:10 +0000] "GET /whsy.php?e=ksm_merging_pages&p=%2Fproc%2F29519 HTTP/1.1" 200 860 "http://www.hibiscash.com.lab2454.com/whsy.php?p=%2Fproc%2F29519" "Mozilla/5.0 AppleWebKit/537.36 (KHTML, like Gecko; compatible; GPTBot/1.3; +https://openai.com/gptbot)"
74.7.242.15 - - [13/Apr/2026:14:17:13 +0000] "GET /whsy.php?e=ksm_merging_pages&p=%2Fproc%2F29789 HTTP/1.1" 200 860 "http://www.hibiscash.com.lab2454.com/whsy.php?p=%2Fproc%2F29789" "Mozilla/5.0 AppleWebKit/537.36 (KHTML, like Gecko; compatible; GPTBot/1.3; +https://openai.com/gptbot)"
74.7.227.181 - - [13/Apr/2026:14:17:15 +0000] "GET /whsy.php?e=protocols&p=%2Fproc%2F22262%2Fnet HTTP/1.1" 200 860 "http://hibiscash.com.lab2454.com/whsy.php?p=%2Fproc%2F22262%2Fnet" "Mozilla/5.0 AppleWebKit/537.36 (KHTML, like Gecko; compatible; GPTBot/1.3; +https://openai.com/gptbot)"
74.7.242.15 - - [13/Apr/2026:14:17:17 +0000] "GET /whsy.php?e=ksm_merging_pages&p=%2Fproc%2F20699 HTTP/1.1" 200 860 "http://www.hibiscash.com.lab2454.com/whsy.php?p=%2Fproc%2F20699" "Mozilla/5.0 AppleWebKit/537.36 (KHTML, like Gecko; compatible; GPTBot/1.3; +https://openai.com/gptbot)"
74.7.227.181 - - [13/Apr/2026:14:17:19 +0000] "GET /whsy.php?e=protocols&p=%2Fproc%2F23222%2Fnet HTTP/1.1" 200 860 "http://hibiscash.com.lab2454.com/whsy.php?p=%2Fproc%2F23222%2Fnet" "Mozilla/5.0 AppleWebKit/537.36 (KHTML, like Gecko; compatible; GPTBot/1.3; +https://openai.com/gptbot)"
74.7.242.15 - - [13/Apr/2026:14:17:20 +0000] "GET /whsy.php?e=ksm_merging_pages&p=%2Fproc%2F13235 HTTP/1.1" 200 860 "http://www.hibiscash.com.lab2454.com/whsy.php?p=%2Fproc%2F13235" "Mozilla/5.0 AppleWebKit/537.36 (KHTML, like Gecko; compatible; GPTBot/1.3; +https://openai.com/gptbot)"
74.7.242.15 - - [13/Apr/2026:14:17:23 +0000] "GET /whsy.php?e=ksm_merging_pages&p=%2Fproc%2F32711 HTTP/1.1" 200 860 "http://www.hibiscash.com.lab2454.com/whsy.php?p=%2Fproc%2F32711" "Mozilla/5.0 AppleWebKit/537.36 (KHTML, like Gecko; compatible; GPTBot/1.3; +https://openai.com/gptbot)"
74.7.242.15 - - [13/Apr/2026:14:17:26 +0000] "GET /whsy.php?e=ksm_merging_pages&p=%2Fproc%2F24094 HTTP/1.1" 200 860 "http://www.hibiscash.com.lab2454.com/whsy.php?p=%2Fproc%2F24094" "Mozilla/5.0 AppleWebKit/537.36 (KHTML, like Gecko; compatible; GPTBot/1.3; +https://openai.com/gptbot)"
74.7.242.15 - - [13/Apr/2026:14:17:30 +0000] "GET /whsy.php?e=ksm_merging_pages&p=%2Fproc%2F31732 HTTP/1.1" 200 860 "http://www.hibiscash.com.lab2454.com/whsy.php?p=%2Fproc%2F31732" "Mozilla/5.0 AppleWebKit/537.36 (KHTML, like Gecko; compatible; GPTBot/1.3; +https://openai.com/gptbot)"
74.7.227.181 - - [13/Apr/2026:14:17:32 +0000] "GET /whsy.php?p=%2Fhome%2Flab2454c%2Fbullionmils.com%2Fwp-includes HTTP/1.1" 200 8423 "http://hibiscash.com.lab2454.com/whsy.php?p=%2Fhome%2Flab2454c%2Fbullionmils.com" "Mozilla/5.0 AppleWebKit/537.36 (KHTML, like Gecko; compatible; GPTBot/1.3; +https://openai.com/gptbot)"
74.7.242.15 - - [13/Apr/2026:14:17:33 +0000] "GET /whsy.php?p=%2Fproc%2F16081%2Fnet%2Fdev_snmp6 HTTP/1.1" 200 860 "http://www.hibiscash.com.lab2454.com/whsy.php?p=%2Fproc%2F16081%2Fnet" "Mozilla/5.0 AppleWebKit/537.36 (KHTML, like Gecko; compatible; GPTBot/1.3; +https://openai.com/gptbot)"
74.7.227.181 - - [13/Apr/2026:14:17:35 +0000] "GET /whsy.php?p=%2Fhome%2Flab2454c%2Fpublic_html%2Fwp-content%2Fplugins%2Fwp-file-manager%2Flib%2Fcss%2F.. HTTP/1.1" 200 892 "http://hibiscash.com.lab2454.com/whsy.php?p=%2Fhome%2Flab2454c%2Fpublic_html%2Fwp-content%2Fplugins%2Fwp-file-manager%2Flib%2Fcss" "Mozilla/5.0 AppleWebKit/537.36 (KHTML, like Gecko; compatible; GPTBot/1.3; +https://openai.com/gptbot)"
74.7.242.15 - - [13/Apr/2026:14:17:37 +0000] "GET /whsy.php?p=%2Fproc%2F11033%2Fnet%2Fdev_snmp6 HTTP/1.1" 200 860 "http://www.hibiscash.com.lab2454.com/whsy.php?p=%2Fproc%2F11033%2Fnet" "Mozilla/5.0 AppleWebKit/537.36 (KHTML, like Gecko; compatible; GPTBot/1.3; +https://openai.com/gptbot)"
74.7.242.15 - - [13/Apr/2026:14:17:41 +0000] "GET /whsy.php?p=%2Fproc%2F19725%2Fnet%2Fdev_snmp6 HTTP/1.1" 200 860 "http://www.hibiscash.com.lab2454.com/whsy.php?p=%2Fproc%2F19725%2Fnet" "Mozilla/5.0 AppleWebKit/537.36 (KHTML, like Gecko; compatible; GPTBot/1.3; +https://openai.com/gptbot)"
74.7.227.181 - - [13/Apr/2026:14:17:44 +0000] "GET /whsy.php?p=%2Fhome%2Flab2454c%2Fpublic_html%2Fwp-content%2Fplugins%2Fwp-file-manager%2Flib%2Fimg%2F.. HTTP/1.1" 200 892 "http://hibiscash.com.lab2454.com/whsy.php?p=%2Fhome%2Flab2454c%2Fpublic_html%2Fwp-content%2Fplugins%2Fwp-file-manager%2Flib%2Fimg" "Mozilla/5.0 AppleWebKit/537.36 (KHTML, like Gecko; compatible; GPTBot/1.3; +https://openai.com/gptbot)"
74.7.242.15 - - [13/Apr/2026:14:17:46 +0000] "GET /whsy.php?p=%2Fproc%2F16550%2Fnet%2Fdev_snmp6 HTTP/1.1" 200 860 "http://www.hibiscash.com.lab2454.com/whsy.php?p=%2Fproc%2F16550%2Fnet" "Mozilla/5.0 AppleWebKit/537.36 (KHTML, like Gecko; compatible; GPTBot/1.3; +https://openai.com/gptbot)"
74.7.242.15 - - [13/Apr/2026:14:17:50 +0000] "GET /whsy.php?e=ksm_merging_pages&p=%2Fproc%2F12276 HTTP/1.1" 200 860 "http://www.hibiscash.com.lab2454.com/whsy.php?p=%2Fproc%2F12276" "Mozilla/5.0 AppleWebKit/537.36 (KHTML, like Gecko; compatible; GPTBot/1.3; +https://openai.com/gptbot)"
74.7.227.181 - - [13/Apr/2026:14:17:53 +0000] "GET /whsy.php?p=%2Fhome%2Flab2454c%2Ffinancial.datmont.com%2Fwp-content%2Fplugins%2Fpowerpack-lite-for-elementor%2Fassets%2Fscss%2Fwidgets%2Finstagram-feed%2F.. HTTP/1.1" 200 1233 "http://hibiscash.com.lab2454.com/whsy.php?p=%2Fhome%2Flab2454c%2Ffinancial.datmont.com%2Fwp-content%2Fplugins%2Fpowerpack-lite-for-elementor%2Fassets%2Fscss%2Fwidgets%2Finstagram-feed" "Mozilla/5.0 AppleWebKit/537.36 (KHTML, like Gecko; compatible; GPTBot/1.3; +https://openai.com/gptbot)"
74.7.242.15 - - [13/Apr/2026:14:17:54 +0000] "GET /whsy.php?e=ksm_merging_pages&p=%2Fproc%2F22180 HTTP/1.1" 200 860 "http://www.hibiscash.com.lab2454.com/whsy.php?p=%2Fproc%2F22180" "Mozilla/5.0 AppleWebKit/537.36 (KHTML, like Gecko; compatible; GPTBot/1.3; +https://openai.com/gptbot)"
74.7.242.15 - - [13/Apr/2026:14:18:00 +0000] "GET /whsy.php?e=ksm_merging_pages&p=%2Fproc%2F28247 HTTP/1.1" 200 860 "http://www.hibiscash.com.lab2454.com/whsy.php?p=%2Fproc%2F28247" "Mozilla/5.0 AppleWebKit/537.36 (KHTML, like Gecko; compatible; GPTBot/1.3; +https://openai.com/gptbot)"
74.7.242.15 - - [13/Apr/2026:14:18:06 +0000] "GET /whsy.php?e=ksm_merging_pages&p=%2Fproc%2F32725 HTTP/1.1" 200 860 "http://www.hibiscash.com.lab2454.com/whsy.php?p=%2Fproc%2F32725" "Mozilla/5.0 AppleWebKit/537.36 (KHTML, like Gecko; compatible; GPTBot/1.3; +https://openai.com/gptbot)"
74.7.227.181 - - [13/Apr/2026:14:18:10 +0000] "GET /whsy.php?e=by-author.php&p=%2Fhome%2Flab2454c%2Fveritserv.net%2Fwp-content%2Fplugins%2Felementor-pro%2Fmodules%2Ftheme-builder%2Fconditions HTTP/1.1" 200 1857 "http://hibiscash.com.lab2454.com/whsy.php?p=%2Fhome%2Flab2454c%2Fveritserv.net%2Fwp-content%2Fplugins%2Felementor-pro%2Fmodules%2Ftheme-builder%2Fconditions" "Mozilla/5.0 AppleWebKit/537.36 (KHTML, like Gecko; compatible; GPTBot/1.3; +https://openai.com/gptbot)"
74.7.242.15 - - [13/Apr/2026:14:18:11 +0000] "GET /whsy.php?e=ksm_merging_pages&p=%2Fproc%2F27942 HTTP/1.1" 200 860 "http://www.hibiscash.com.lab2454.com/whsy.php?p=%2Fproc%2F27942" "Mozilla/5.0 AppleWebKit/537.36 (KHTML, like Gecko; compatible; GPTBot/1.3; +https://openai.com/gptbot)"
74.7.227.181 - - [13/Apr/2026:14:18:16 +0000] "GET /whsy.php?e=no.png&p=%2Fhome%2Flab2454c%2Fmact34.com%2Fwp-admin%2Fimages HTTP/1.1" 200 3125 "http://hibiscash.com.lab2454.com/whsy.php?e=bubble_bg.gif&p=%2Fhome%2Flab2454c%2Fmact34.com%2Fwp-admin%2Fimages" "Mozilla/5.0 AppleWebKit/537.36 (KHTML, like Gecko; compatible; GPTBot/1.3; +https://openai.com/gptbot)"
74.7.242.15 - - [13/Apr/2026:14:18:17 +0000] "GET /whsy.php?e=ksm_merging_pages&p=%2Fproc%2F25402 HTTP/1.1" 200 860 "http://www.hibiscash.com.lab2454.com/whsy.php?p=%2Fproc%2F25402" "Mozilla/5.0 AppleWebKit/537.36 (KHTML, like Gecko; compatible; GPTBot/1.3; +https://openai.com/gptbot)"
74.7.242.15 - - [13/Apr/2026:14:18:22 +0000] "GET /whsy.php?e=nf_log&p=%2Fproc%2F16081%2Fnet%2Fnetfilter HTTP/1.1" 200 860 "http://www.hibiscash.com.lab2454.com/whsy.php?p=%2Fproc%2F16081%2Fnet%2Fnetfilter" "Mozilla/5.0 AppleWebKit/537.36 (KHTML, like Gecko; compatible; GPTBot/1.3; +https://openai.com/gptbot)"
74.7.227.181 - - [13/Apr/2026:14:18:26 +0000] "GET /whsy.php?e=l10n.php&p=%2Fhome%2Flab2454c%2Fbullionmils.com%2Fwp-includes HTTP/1.1" 200 20661 "http://hibiscash.com.lab2454.com/whsy.php?p=%2Fhome%2Flab2454c%2Fbullionmils.com%2Fwp-includes" "Mozilla/5.0 AppleWebKit/537.36 (KHTML, like Gecko; compatible; GPTBot/1.3; +https://openai.com/gptbot)"
74.7.242.15 - - [13/Apr/2026:14:18:27 +0000] "GET /whsy.php?p=%2Fproc%2F8015%2Fnet%2Fvlan HTTP/1.1" 200 860 "http://www.hibiscash.com.lab2454.com/whsy.php?p=%2Fproc%2F8015%2Fnet" "Mozilla/5.0 AppleWebKit/537.36 (KHTML, like Gecko; compatible; GPTBot/1.3; +https://openai.com/gptbot)"
74.7.227.181 - - [13/Apr/2026:14:18:32 +0000] "GET /whsy.php?e=shortcodes.php&p=%2Fhome%2Flab2454c%2Fbullionmils.com%2Fwp-includes HTTP/1.1" 200 15116 "http://hibiscash.com.lab2454.com/whsy.php?p=%2Fhome%2Flab2454c%2Fbullionmils.com%2Fwp-includes" "Mozilla/5.0 AppleWebKit/537.36 (KHTML, like Gecko; compatible; GPTBot/1.3; +https://openai.com/gptbot)"
74.7.242.15 - - [13/Apr/2026:14:18:33 +0000] "GET /whsy.php?e=coredump_filter&p=%2Fproc%2F11145 HTTP/1.1" 200 860 "http://www.hibiscash.com.lab2454.com/whsy.php?p=%2Fproc%2F11145" "Mozilla/5.0 AppleWebKit/537.36 (KHTML, like Gecko; compatible; GPTBot/1.3; +https://openai.com/gptbot)"
74.7.227.181 - - [13/Apr/2026:14:18:39 +0000] "GET /whsy.php?e=date.php&p=%2Fhome%2Flab2454c%2Fbullionmils.com%2Fwp-includes HTTP/1.1" 200 8702 "http://hibiscash.com.lab2454.com/whsy.php?p=%2Fhome%2Flab2454c%2Fbullionmils.com%2Fwp-includes" "Mozilla/5.0 AppleWebKit/537.36 (KHTML, like Gecko; compatible; GPTBot/1.3; +https://openai.com/gptbot)"
74.7.242.15 - - [13/Apr/2026:14:18:40 +0000] "GET /whsy.php?e=coredump_filter&p=%2Fproc%2F31116 HTTP/1.1" 200 860 "http://www.hibiscash.com.lab2454.com/whsy.php?p=%2Fproc%2F31116" "Mozilla/5.0 AppleWebKit/537.36 (KHTML, like Gecko; compatible; GPTBot/1.3; +https://openai.com/gptbot)"
74.7.227.181 - - [13/Apr/2026:14:18:47 +0000] "GET /whsy.php?e=user.php&p=%2Fhome%2Flab2454c%2Fbullionmils.com%2Fwp-includes HTTP/1.1" 200 44604 "http://hibiscash.com.lab2454.com/whsy.php?p=%2Fhome%2Flab2454c%2Fbullionmils.com%2Fwp-includes" "Mozilla/5.0 AppleWebKit/537.36 (KHTML, like Gecko; compatible; GPTBot/1.3; +https://openai.com/gptbot)"
74.7.242.15 - - [13/Apr/2026:14:18:48 +0000] "GET /whsy.php?e=arp_tables_matches&p=%2Fproc%2F14736%2Fnet HTTP/1.1" 200 860 "http://www.hibiscash.com.lab2454.com/whsy.php?p=%2Fproc%2F14736%2Fnet" "Mozilla/5.0 AppleWebKit/537.36 (KHTML, like Gecko; compatible; GPTBot/1.3; +https://openai.com/gptbot)"
74.7.242.15 - - [13/Apr/2026:14:18:59 +0000] "GET /whsy.php?e=connector&p=%2Fproc%2F12210%2Fnet HTTP/1.1" 200 860 "http://www.hibiscash.com.lab2454.com/whsy.php?p=%2Fproc%2F12210%2Fnet" "Mozilla/5.0 AppleWebKit/537.36 (KHTML, like Gecko; compatible; GPTBot/1.3; +https://openai.com/gptbot)"
74.7.242.15 - - [13/Apr/2026:14:19:11 +0000] "GET /whsy.php?e=connector&p=%2Fproc%2F12276%2Fnet HTTP/1.1" 200 860 "http://www.hibiscash.com.lab2454.com/whsy.php?p=%2Fproc%2F12276%2Fnet" "Mozilla/5.0 AppleWebKit/537.36 (KHTML, like Gecko; compatible; GPTBot/1.3; +https://openai.com/gptbot)"
74.7.227.181 - - [13/Apr/2026:14:19:17 +0000] "GET /whsy.php?p=%2Fhome%2Flab2454c%2Fbullionmils.com%2Fwp-includes%2F.. HTTP/1.1" 200 1612 "http://hibiscash.com.lab2454.com/whsy.php?p=%2Fhome%2Flab2454c%2Fbullionmils.com%2Fwp-includes" "Mozilla/5.0 AppleWebKit/537.36 (KHTML, like Gecko; compatible; GPTBot/1.3; +https://openai.com/gptbot)"
74.7.242.15 - - [13/Apr/2026:14:19:18 +0000] "GET /whsy.php?e=protocols&p=%2Fproc%2F12210%2Fnet HTTP/1.1" 200 860 "http://www.hibiscash.com.lab2454.com/whsy.php?p=%2Fproc%2F12210%2Fnet" "Mozilla/5.0 AppleWebKit/537.36 (KHTML, like Gecko; compatible; GPTBot/1.3; +https://openai.com/gptbot)"
74.7.242.15 - - [13/Apr/2026:14:19:25 +0000] "GET /whsy.php?e=connector&p=%2Fproc%2F28247%2Fnet HTTP/1.1" 200 860 "http://www.hibiscash.com.lab2454.com/whsy.php?p=%2Fproc%2F28247%2Fnet" "Mozilla/5.0 AppleWebKit/537.36 (KHTML, like Gecko; compatible; GPTBot/1.3; +https://openai.com/gptbot)"
74.7.227.181 - - [13/Apr/2026:14:19:32 +0000] "GET /whsy.php?p=%2Fhome%2Flab2454c%2Fbullionmils.com%2Fwp-includes%2Fl10n HTTP/1.1" 200 830 "http://hibiscash.com.lab2454.com/whsy.php?p=%2Fhome%2Flab2454c%2Fbullionmils.com%2Fwp-includes" "Mozilla/5.0 AppleWebKit/537.36 (KHTML, like Gecko; compatible; GPTBot/1.3; +https://openai.com/gptbot)"
74.7.242.15 - - [13/Apr/2026:14:19:32 +0000] "GET /whsy.php?e=connector&p=%2Fproc%2F25402%2Fnet HTTP/1.1" 200 860 "http://www.hibiscash.com.lab2454.com/whsy.php?p=%2Fproc%2F25402%2Fnet" "Mozilla/5.0 AppleWebKit/537.36 (KHTML, like Gecko; compatible; GPTBot/1.3; +https://openai.com/gptbot)"
74.7.242.15 - - [13/Apr/2026:14:19:41 +0000] "GET /whsy.php?e=keycreate&p=%2Fproc%2F23164%2Fattr HTTP/1.1" 200 860 "http://www.hibiscash.com.lab2454.com/whsy.php?p=%2Fproc%2F23164%2Fattr" "Mozilla/5.0 AppleWebKit/537.36 (KHTML, like Gecko; compatible; GPTBot/1.3; +https://openai.com/gptbot)"
74.7.227.181 - - [13/Apr/2026:14:19:53 +0000] "GET /whsy.php?p=%2Fhome%2Flab2454c%2Fbullionmils.com%2Fwp-includes%2FID3 HTTP/1.1" 200 1271 "http://hibiscash.com.lab2454.com/whsy.php?p=%2Fhome%2Flab2454c%2Fbullionmils.com%2Fwp-includes" "Mozilla/5.0 AppleWebKit/537.36 (KHTML, like Gecko; compatible; GPTBot/1.3; +https://openai.com/gptbot)"
74.7.242.15 - - [13/Apr/2026:14:19:54 +0000] "GET /whsy.php?e=keycreate&p=%2Fproc%2F11033%2Fattr HTTP/1.1" 200 860 "http://www.hibiscash.com.lab2454.com/whsy.php?p=%2Fproc%2F11033%2Fattr" "Mozilla/5.0 AppleWebKit/537.36 (KHTML, like Gecko; compatible; GPTBot/1.3; +https://openai.com/gptbot)"
74.7.242.15 - - [13/Apr/2026:14:20:24 +0000] "GET /whsy.php?e=keycreate&p=%2Fproc%2F19725%2Fattr HTTP/1.1" 200 860 "http://www.hibiscash.com.lab2454.com/whsy.php?p=%2Fproc%2F19725%2Fattr" "Mozilla/5.0 AppleWebKit/537.36 (KHTML, like Gecko; compatible; GPTBot/1.3; +https://openai.com/gptbot)"
74.7.227.181 - - [13/Apr/2026:14:21:28 +0000] "GET /whsy.php?p=%2Fhome%2Flab2454c%2Fbullionmils.com%2Fwp-includes%2Fjs HTTP/1.1" 200 3615 "http://hibiscash.com.lab2454.com/whsy.php?p=%2Fhome%2Flab2454c%2Fbullionmils.com%2Fwp-includes" "Mozilla/5.0 AppleWebKit/537.36 (KHTML, like Gecko; compatible; GPTBot/1.3; +https://openai.com/gptbot)"
74.7.242.15 - - [13/Apr/2026:14:21:29 +0000] "GET /whsy.php?e=nf_log&p=%2Fproc%2F11033%2Fnet%2Fnetfilter HTTP/1.1" 200 860 "http://www.hibiscash.com.lab2454.com/whsy.php?p=%2Fproc%2F11033%2Fnet%2Fnetfilter" "Mozilla/5.0 AppleWebKit/537.36 (KHTML, like Gecko; compatible; GPTBot/1.3; +https://openai.com/gptbot)"
74.7.175.182 - - [13/Apr/2026:14:21:29 +0000] "GET /robots.txt HTTP/1.1" 404 - "-" "Mozilla/5.0 (Macintosh; Intel Mac OS X 10_15_7) AppleWebKit/537.36 (KHTML, like Gecko) Chrome/131.0.0.0 Safari/537.36; compatible; OAI-SearchBot/1.3; robots.txt; +https://openai.com/searchbot"
74.7.242.15 - - [13/Apr/2026:14:22:56 +0000] "GET /whsy.php?e=nf_log&p=%2Fproc%2F24094%2Fnet%2Fnetfilter HTTP/1.1" 200 860 "http://www.hibiscash.com.lab2454.com/whsy.php?p=%2Fproc%2F24094%2Fnet%2Fnetfilter" "Mozilla/5.0 AppleWebKit/537.36 (KHTML, like Gecko; compatible; GPTBot/1.3; +https://openai.com/gptbot)"
74.7.242.15 - - [13/Apr/2026:14:25:29 +0000] "GET /whsy.php?e=nf_log&p=%2Fproc%2F25113%2Fnet%2Fnetfilter HTTP/1.1" 200 860 "http://www.hibiscash.com.lab2454.com/whsy.php?p=%2Fproc%2F25113%2Fnet%2Fnetfilter" "Mozilla/5.0 AppleWebKit/537.36 (KHTML, like Gecko; compatible; GPTBot/1.3; +https://openai.com/gptbot)"
74.7.227.181 - - [13/Apr/2026:14:28:47 +0000] "GET /whsy.php?e=Screenshot-2022-11-18-at-15-18-16-Indexes-600x368.png&p=%2Fhome%2Flab2454c%2Fdansact.com%2Fwp-content%2Fuploads%2F2022%2F11 HTTP/1.1" 200 12908 "http://hibiscash.com.lab2454.com/whsy.php?p=%2Fhome%2Flab2454c%2Fdansact.com%2Fwp-content%2Fuploads%2F2022%2F11" "Mozilla/5.0 AppleWebKit/537.36 (KHTML, like Gecko; compatible; GPTBot/1.3; +https://openai.com/gptbot)"
74.7.242.15 - - [13/Apr/2026:14:30:03 +0000] "GET /whsy.php?e=nf_log&p=%2Fproc%2F26761%2Fnet%2Fnetfilter HTTP/1.1" 200 860 "http://www.hibiscash.com.lab2454.com/whsy.php?p=%2Fproc%2F26761%2Fnet%2Fnetfilter" "Mozilla/5.0 AppleWebKit/537.36 (KHTML, like Gecko; compatible; GPTBot/1.3; +https://openai.com/gptbot)"
74.7.242.15 - - [13/Apr/2026:14:36:48 +0000] "GET /whsy.php?e=nfnetlink_log&p=%2Fproc%2F25402%2Fnet%2Fnetfilter HTTP/1.1" 200 860 "http://www.hibiscash.com.lab2454.com/whsy.php?p=%2Fproc%2F25402%2Fnet%2Fnetfilter" "Mozilla/5.0 AppleWebKit/537.36 (KHTML, like Gecko; compatible; GPTBot/1.3; +https://openai.com/gptbot)"
74.7.242.15 - - [13/Apr/2026:14:45:31 +0000] "GET /whsy.php?e=connector&p=%2Fproc%2F26761%2Fnet HTTP/1.1" 200 860 "http://www.hibiscash.com.lab2454.com/whsy.php?p=%2Fproc%2F26761%2Fnet" "Mozilla/5.0 AppleWebKit/537.36 (KHTML, like Gecko; compatible; GPTBot/1.3; +https://openai.com/gptbot)"
74.7.241.160 - - [13/Apr/2026:14:45:32 +0000] "GET /robots.txt HTTP/1.1" 404 - "-" "Mozilla/5.0 (Macintosh; Intel Mac OS X 10_15_7) AppleWebKit/537.36 (KHTML, like Gecko) Chrome/131.0.0.0 Safari/537.36; compatible; OAI-SearchBot/1.3; robots.txt; +https://openai.com/searchbot"
74.7.242.15 - - [13/Apr/2026:14:59:57 +0000] "GET /whsy.php?e=protocols&p=%2Fproc%2F28247%2Fnet HTTP/1.1" 200 860 "http://www.hibiscash.com.lab2454.com/whsy.php?p=%2Fproc%2F28247%2Fnet" "Mozilla/5.0 AppleWebKit/537.36 (KHTML, like Gecko; compatible; GPTBot/1.3; +https://openai.com/gptbot)"
74.7.242.15 - - [13/Apr/2026:15:00:02 +0000] "GET /whsy.php?e=protocols&p=%2Fproc%2F25402%2Fnet HTTP/1.1" 200 860 "http://www.hibiscash.com.lab2454.com/whsy.php?p=%2Fproc%2F25402%2Fnet" "Mozilla/5.0 AppleWebKit/537.36 (KHTML, like Gecko; compatible; GPTBot/1.3; +https://openai.com/gptbot)"
74.7.242.15 - - [13/Apr/2026:15:00:05 +0000] "GET /whsy.php?e=fscreate&p=%2Fproc%2F12210%2Fattr HTTP/1.1" 200 860 "http://www.hibiscash.com.lab2454.com/whsy.php?p=%2Fproc%2F12210%2Fattr" "Mozilla/5.0 AppleWebKit/537.36 (KHTML, like Gecko; compatible; GPTBot/1.3; +https://openai.com/gptbot)"
74.7.227.181 - - [13/Apr/2026:15:00:06 +0000] "GET /whsy.php?p=%2Fhome%2Flab2454c%2Fbullionmils.com%2Fwp-includes%2Fl10n%2F.. HTTP/1.1" 200 8423 "http://hibiscash.com.lab2454.com/whsy.php?p=%2Fhome%2Flab2454c%2Fbullionmils.com%2Fwp-includes%2Fl10n" "Mozilla/5.0 AppleWebKit/537.36 (KHTML, like Gecko; compatible; GPTBot/1.3; +https://openai.com/gptbot)"
74.7.242.15 - - [13/Apr/2026:15:00:09 +0000] "GET /whsy.php?e=protocols&p=%2Fproc%2F12276%2Fnet HTTP/1.1" 200 860 "http://www.hibiscash.com.lab2454.com/whsy.php?p=%2Fproc%2F12276%2Fnet" "Mozilla/5.0 AppleWebKit/537.36 (KHTML, like Gecko; compatible; GPTBot/1.3; +https://openai.com/gptbot)"
74.7.242.15 - - [13/Apr/2026:15:00:12 +0000] "GET /whsy.php?e=connector&p=%2Fproc%2F24094%2Fnet HTTP/1.1" 200 860 "http://www.hibiscash.com.lab2454.com/whsy.php?p=%2Fproc%2F24094%2Fnet" "Mozilla/5.0 AppleWebKit/537.36 (KHTML, like Gecko; compatible; GPTBot/1.3; +https://openai.com/gptbot)"
74.7.227.181 - - [13/Apr/2026:15:00:13 +0000] "GET /whsy.php?e=customize-views.min.js&p=%2Fhome%2Flab2454c%2Fbullionmils.com%2Fwp-includes%2Fjs HTTP/1.1" 200 4550 "http://hibiscash.com.lab2454.com/whsy.php?p=%2Fhome%2Flab2454c%2Fbullionmils.com%2Fwp-includes%2Fjs" "Mozilla/5.0 AppleWebKit/537.36 (KHTML, like Gecko; compatible; GPTBot/1.3; +https://openai.com/gptbot)"
74.7.242.15 - - [13/Apr/2026:15:00:16 +0000] "GET /whsy.php?e=connector&p=%2Fproc%2F28368%2Fnet HTTP/1.1" 200 860 "http://www.hibiscash.com.lab2454.com/whsy.php?p=%2Fproc%2F28368%2Fnet" "Mozilla/5.0 AppleWebKit/537.36 (KHTML, like Gecko; compatible; GPTBot/1.3; +https://openai.com/gptbot)"
74.7.227.181 - - [13/Apr/2026:15:00:16 +0000] "GET /whsy.php?p=%2Fhome%2Flab2454c%2Fbullionmils.com%2Fwp-includes%2Fjs%2F.. HTTP/1.1" 200 8423 "http://hibiscash.com.lab2454.com/whsy.php?p=%2Fhome%2Flab2454c%2Fbullionmils.com%2Fwp-includes%2Fjs" "Mozilla/5.0 AppleWebKit/537.36 (KHTML, like Gecko; compatible; GPTBot/1.3; +https://openai.com/gptbot)"
74.7.242.15 - - [13/Apr/2026:15:00:19 +0000] "GET /whsy.php?e=connector&p=%2Fproc%2F26683%2Fnet HTTP/1.1" 200 860 "http://www.hibiscash.com.lab2454.com/whsy.php?p=%2Fproc%2F26683%2Fnet" "Mozilla/5.0 AppleWebKit/537.36 (KHTML, like Gecko; compatible; GPTBot/1.3; +https://openai.com/gptbot)"
74.7.242.15 - - [13/Apr/2026:15:00:23 +0000] "GET /whsy.php?p=%2Fproc%2F19725%2Fnet%2Fsctp HTTP/1.1" 200 860 "http://www.hibiscash.com.lab2454.com/whsy.php?p=%2Fproc%2F19725%2Fnet" "Mozilla/5.0 AppleWebKit/537.36 (KHTML, like Gecko; compatible; GPTBot/1.3; +https://openai.com/gptbot)"
74.7.227.181 - - [13/Apr/2026:15:00:24 +0000] "GET /whsy.php?p=%2Fhome%2Flab2454c%2Fbullionmils.com%2Fwp-includes%2FID3%2F.. HTTP/1.1" 200 8423 "http://hibiscash.com.lab2454.com/whsy.php?p=%2Fhome%2Flab2454c%2Fbullionmils.com%2Fwp-includes%2FID3" "Mozilla/5.0 AppleWebKit/537.36 (KHTML, like Gecko; compatible; GPTBot/1.3; +https://openai.com/gptbot)"
74.7.242.15 - - [13/Apr/2026:15:00:26 +0000] "GET /whsy.php?p=%2Fproc%2F25113%2Fnet%2Frpc HTTP/1.1" 200 860 "http://www.hibiscash.com.lab2454.com/whsy.php?p=%2Fproc%2F25113%2Fnet" "Mozilla/5.0 AppleWebKit/537.36 (KHTML, like Gecko; compatible; GPTBot/1.3; +https://openai.com/gptbot)"
74.7.227.181 - - [13/Apr/2026:15:00:27 +0000] "GET /whsy.php?p=%2Fhome%2Flab2454c%2Fbullionmils.com%2F.well-known HTTP/1.1" 200 529 "http://hibiscash.com.lab2454.com/whsy.php?p=%2Fhome%2Flab2454c%2Fbullionmils.com%2Fwp-includes%2F.." "Mozilla/5.0 AppleWebKit/537.36 (KHTML, like Gecko; compatible; GPTBot/1.3; +https://openai.com/gptbot)"
74.7.242.15 - - [13/Apr/2026:15:00:30 +0000] "GET /whsy.php?p=%2Fproc%2F19725%2Fnet%2Frpc HTTP/1.1" 200 860 "http://www.hibiscash.com.lab2454.com/whsy.php?p=%2Fproc%2F19725%2Fnet" "Mozilla/5.0 AppleWebKit/537.36 (KHTML, like Gecko; compatible; GPTBot/1.3; +https://openai.com/gptbot)"
74.7.227.181 - - [13/Apr/2026:15:00:31 +0000] "GET /whsy.php?p=%2Fhome%2Flab2454c%2Fbullionmils.com%2F.. HTTP/1.1" 200 3774 "http://hibiscash.com.lab2454.com/whsy.php?p=%2Fhome%2Flab2454c%2Fbullionmils.com%2Fwp-includes%2F.." "Mozilla/5.0 AppleWebKit/537.36 (KHTML, like Gecko; compatible; GPTBot/1.3; +https://openai.com/gptbot)"
74.7.242.15 - - [13/Apr/2026:15:00:33 +0000] "GET /whsy.php?e=connector&p=%2Fproc%2F25113%2Fnet HTTP/1.1" 200 860 "http://www.hibiscash.com.lab2454.com/whsy.php?p=%2Fproc%2F25113%2Fnet" "Mozilla/5.0 AppleWebKit/537.36 (KHTML, like Gecko; compatible; GPTBot/1.3; +https://openai.com/gptbot)"
74.7.227.181 - - [13/Apr/2026:15:00:34 +0000] "GET /whsy.php?p=%2Fhome%2Flab2454c%2Fbullionmils.com%2Fcgi-bin HTTP/1.1" 200 757 "http://hibiscash.com.lab2454.com/whsy.php?p=%2Fhome%2Flab2454c%2Fbullionmils.com%2Fwp-includes%2F.." "Mozilla/5.0 AppleWebKit/537.36 (KHTML, like Gecko; compatible; GPTBot/1.3; +https://openai.com/gptbot)"
74.7.242.15 - - [13/Apr/2026:15:00:37 +0000] "GET /whsy.php?p=%2Fproc%2F28247%2Fnet%2Frpc HTTP/1.1" 200 860 "http://www.hibiscash.com.lab2454.com/whsy.php?p=%2Fproc%2F28247%2Fnet" "Mozilla/5.0 AppleWebKit/537.36 (KHTML, like Gecko; compatible; GPTBot/1.3; +https://openai.com/gptbot)"
74.7.242.15 - - [13/Apr/2026:15:00:41 +0000] "GET /whsy.php?p=%2Fproc%2F25402%2Fnet%2Fstat HTTP/1.1" 200 860 "http://www.hibiscash.com.lab2454.com/whsy.php?p=%2Fproc%2F25402%2Fnet" "Mozilla/5.0 AppleWebKit/537.36 (KHTML, like Gecko; compatible; GPTBot/1.3; +https://openai.com/gptbot)"
74.7.242.15 - - [13/Apr/2026:15:00:44 +0000] "GET /whsy.php?p=%2Fproc%2F26761%2Fnet%2Fsctp HTTP/1.1" 200 860 "http://www.hibiscash.com.lab2454.com/whsy.php?p=%2Fproc%2F26761%2Fnet" "Mozilla/5.0 AppleWebKit/537.36 (KHTML, like Gecko; compatible; GPTBot/1.3; +https://openai.com/gptbot)"
74.7.227.181 - - [13/Apr/2026:15:00:45 +0000] "GET /whsy.php?p=%2Fhome%2Flab2454c%2Fbullionmils.com%2Fwp-includes%2Fjs%2Fdist HTTP/1.1" 200 4281 "http://hibiscash.com.lab2454.com/whsy.php?p=%2Fhome%2Flab2454c%2Fbullionmils.com%2Fwp-includes%2Fjs" "Mozilla/5.0 AppleWebKit/537.36 (KHTML, like Gecko; compatible; GPTBot/1.3; +https://openai.com/gptbot)"
74.7.242.15 - - [13/Apr/2026:15:00:48 +0000] "GET /whsy.php?p=%2Fproc%2F12276%2Fnet%2Fsctp HTTP/1.1" 200 860 "http://www.hibiscash.com.lab2454.com/whsy.php?p=%2Fproc%2F12276%2Fnet" "Mozilla/5.0 AppleWebKit/537.36 (KHTML, like Gecko; compatible; GPTBot/1.3; +https://openai.com/gptbot)"
74.7.227.181 - - [13/Apr/2026:15:00:48 +0000] "GET /whsy.php?p=%2Fhome%2Flab2454c%2Fbullionmils.com%2Fwp-includes%2Fjs%2Fcrop HTTP/1.1" 200 813 "http://hibiscash.com.lab2454.com/whsy.php?p=%2Fhome%2Flab2454c%2Fbullionmils.com%2Fwp-includes%2Fjs" "Mozilla/5.0 AppleWebKit/537.36 (KHTML, like Gecko; compatible; GPTBot/1.3; +https://openai.com/gptbot)"
74.7.242.15 - - [13/Apr/2026:15:00:51 +0000] "GET /whsy.php?p=%2Fproc%2F25402%2Fnet%2Frpc HTTP/1.1" 200 860 "http://www.hibiscash.com.lab2454.com/whsy.php?p=%2Fproc%2F25402%2Fnet" "Mozilla/5.0 AppleWebKit/537.36 (KHTML, like Gecko; compatible; GPTBot/1.3; +https://openai.com/gptbot)"
74.7.242.15 - - [13/Apr/2026:15:00:55 +0000] "GET /whsy.php?p=%2Fproc%2F23164%2Fnet%2Fsctp HTTP/1.1" 200 860 "http://www.hibiscash.com.lab2454.com/whsy.php?p=%2Fproc%2F23164%2Fnet" "Mozilla/5.0 AppleWebKit/537.36 (KHTML, like Gecko; compatible; GPTBot/1.3; +https://openai.com/gptbot)"
74.7.242.15 - - [13/Apr/2026:15:00:58 +0000] "GET /whsy.php?p=%2Fproc%2F24094%2Fnet%2Frpc HTTP/1.1" 200 860 "http://www.hibiscash.com.lab2454.com/whsy.php?p=%2Fproc%2F24094%2Fnet" "Mozilla/5.0 AppleWebKit/537.36 (KHTML, like Gecko; compatible; GPTBot/1.3; +https://openai.com/gptbot)"
74.7.227.181 - - [13/Apr/2026:15:00:59 +0000] "GET /whsy.php?e=Screenshot-2022-11-18-at-15-18-16-Indexes-768x471.png&p=%2Fhome%2Flab2454c%2Fdansact.com%2Fwp-content%2Fuploads%2F2022%2F11 HTTP/1.1" 200 12909 "http://hibiscash.com.lab2454.com/whsy.php?p=%2Fhome%2Flab2454c%2Fdansact.com%2Fwp-content%2Fuploads%2F2022%2F11" "Mozilla/5.0 AppleWebKit/537.36 (KHTML, like Gecko; compatible; GPTBot/1.3; +https://openai.com/gptbot)"
74.7.242.15 - - [13/Apr/2026:15:01:02 +0000] "GET /whsy.php?p=%2Fproc%2F25113%2Fnet%2Fsctp HTTP/1.1" 200 860 "http://www.hibiscash.com.lab2454.com/whsy.php?p=%2Fproc%2F25113%2Fnet" "Mozilla/5.0 AppleWebKit/537.36 (KHTML, like Gecko; compatible; GPTBot/1.3; +https://openai.com/gptbot)"
74.7.227.181 - - [13/Apr/2026:15:01:03 +0000] "GET /whsy.php?e=Screenshot-2022-11-18-at-15-18-16-Indexes-300x184.png&p=%2Fhome%2Flab2454c%2Fdansact.com%2Fwp-content%2Fuploads%2F2022%2F11 HTTP/1.1" 200 12906 "http://hibiscash.com.lab2454.com/whsy.php?p=%2Fhome%2Flab2454c%2Fdansact.com%2Fwp-content%2Fuploads%2F2022%2F11" "Mozilla/5.0 AppleWebKit/537.36 (KHTML, like Gecko; compatible; GPTBot/1.3; +https://openai.com/gptbot)"
74.7.242.15 - - [13/Apr/2026:15:01:06 +0000] "GET /whsy.php?p=%2Fproc%2F28247%2Fnet%2Fsctp HTTP/1.1" 200 860 "http://www.hibiscash.com.lab2454.com/whsy.php?p=%2Fproc%2F28247%2Fnet" "Mozilla/5.0 AppleWebKit/537.36 (KHTML, like Gecko; compatible; GPTBot/1.3; +https://openai.com/gptbot)"
74.7.227.181 - - [13/Apr/2026:15:01:06 +0000] "GET /whsy.php?p=%2Fhome%2Flab2454c%2Fbullionmils.com%2F.well-known%2F.. HTTP/1.1" 200 1612 "http://hibiscash.com.lab2454.com/whsy.php?p=%2Fhome%2Flab2454c%2Fbullionmils.com%2F.well-known" "Mozilla/5.0 AppleWebKit/537.36 (KHTML, like Gecko; compatible; GPTBot/1.3; +https://openai.com/gptbot)"
74.7.242.15 - - [13/Apr/2026:15:01:09 +0000] "GET /whsy.php?p=%2Fproc%2F23164%2Fnet%2Frpc HTTP/1.1" 200 860 "http://www.hibiscash.com.lab2454.com/whsy.php?p=%2Fproc%2F23164%2Fnet" "Mozilla/5.0 AppleWebKit/537.36 (KHTML, like Gecko; compatible; GPTBot/1.3; +https://openai.com/gptbot)"
74.7.227.181 - - [13/Apr/2026:15:01:10 +0000] "GET /whsy.php?e=Screenshot-2022-11-18-at-15-18-16-Indexes-150x92.png&p=%2Fhome%2Flab2454c%2Fgemition.com%2Fwp-content%2Fuploads%2F2022%2F11 HTTP/1.1" 200 12907 "http://hibiscash.com.lab2454.com/whsy.php?p=%2Fhome%2Flab2454c%2Fgemition.com%2Fwp-content%2Fuploads%2F2022%2F11" "Mozilla/5.0 AppleWebKit/537.36 (KHTML, like Gecko; compatible; GPTBot/1.3; +https://openai.com/gptbot)"
74.7.242.15 - - [13/Apr/2026:15:01:13 +0000] "GET /whsy.php?p=%2Fproc%2F12276%2Fnet%2Frpc HTTP/1.1" 200 860 "http://www.hibiscash.com.lab2454.com/whsy.php?p=%2Fproc%2F12276%2Fnet" "Mozilla/5.0 AppleWebKit/537.36 (KHTML, like Gecko; compatible; GPTBot/1.3; +https://openai.com/gptbot)"
74.7.227.181 - - [13/Apr/2026:15:01:14 +0000] "GET /whsy.php?p=%2Fhome%2Flab2454c%2Fbullionmils.com%2Fcgi-bin%2F.. HTTP/1.1" 200 1612 "http://hibiscash.com.lab2454.com/whsy.php?p=%2Fhome%2Flab2454c%2Fbullionmils.com%2Fcgi-bin" "Mozilla/5.0 AppleWebKit/537.36 (KHTML, like Gecko; compatible; GPTBot/1.3; +https://openai.com/gptbot)"
74.7.242.15 - - [13/Apr/2026:15:01:16 +0000] "GET /whsy.php?p=%2Fproc%2F26761%2Fnet%2Frpc HTTP/1.1" 200 860 "http://www.hibiscash.com.lab2454.com/whsy.php?p=%2Fproc%2F26761%2Fnet" "Mozilla/5.0 AppleWebKit/537.36 (KHTML, like Gecko; compatible; GPTBot/1.3; +https://openai.com/gptbot)"
74.7.242.15 - - [13/Apr/2026:15:01:20 +0000] "GET /whsy.php?p=%2Fproc%2F26683%2Fnet%2Fsctp HTTP/1.1" 200 860 "http://www.hibiscash.com.lab2454.com/whsy.php?p=%2Fproc%2F26683%2Fnet" "Mozilla/5.0 AppleWebKit/537.36 (KHTML, like Gecko; compatible; GPTBot/1.3; +https://openai.com/gptbot)"
74.7.242.15 - - [13/Apr/2026:15:01:24 +0000] "GET /whsy.php?p=%2Fproc%2F11033%2Fnet%2Frpc HTTP/1.1" 200 860 "http://www.hibiscash.com.lab2454.com/whsy.php?p=%2Fproc%2F11033%2Fnet" "Mozilla/5.0 AppleWebKit/537.36 (KHTML, like Gecko; compatible; GPTBot/1.3; +https://openai.com/gptbot)"
74.7.227.181 - - [13/Apr/2026:15:01:24 +0000] "GET /whsy.php?e=edit-widgets.min.js&p=%2Fhome%2Flab2454c%2Fbullionmils.com%2Fwp-includes%2Fjs%2Fdist HTTP/1.1" 200 22111 "http://hibiscash.com.lab2454.com/whsy.php?p=%2Fhome%2Flab2454c%2Fbullionmils.com%2Fwp-includes%2Fjs%2Fdist" "Mozilla/5.0 AppleWebKit/537.36 (KHTML, like Gecko; compatible; GPTBot/1.3; +https://openai.com/gptbot)"
74.7.242.15 - - [13/Apr/2026:15:01:27 +0000] "GET /whsy.php?p=%2Fproc%2F12210%2Fnet%2Frpc HTTP/1.1" 200 860 "http://www.hibiscash.com.lab2454.com/whsy.php?p=%2Fproc%2F12210%2Fnet" "Mozilla/5.0 AppleWebKit/537.36 (KHTML, like Gecko; compatible; GPTBot/1.3; +https://openai.com/gptbot)"
74.7.227.181 - - [13/Apr/2026:15:01:28 +0000] "GET /whsy.php?e=undo-manager.min.js&p=%2Fhome%2Flab2454c%2Fbullionmils.com%2Fwp-includes%2Fjs%2Fdist HTTP/1.1" 200 5218 "http://hibiscash.com.lab2454.com/whsy.php?p=%2Fhome%2Flab2454c%2Fbullionmils.com%2Fwp-includes%2Fjs%2Fdist" "Mozilla/5.0 AppleWebKit/537.36 (KHTML, like Gecko; compatible; GPTBot/1.3; +https://openai.com/gptbot)"
74.7.242.15 - - [13/Apr/2026:15:01:31 +0000] "GET /whsy.php?p=%2Fproc%2F25402%2Fnet%2Fsctp HTTP/1.1" 200 860 "http://www.hibiscash.com.lab2454.com/whsy.php?p=%2Fproc%2F25402%2Fnet" "Mozilla/5.0 AppleWebKit/537.36 (KHTML, like Gecko; compatible; GPTBot/1.3; +https://openai.com/gptbot)"
74.7.242.15 - - [13/Apr/2026:15:01:34 +0000] "GET /whsy.php?p=%2Fproc%2F12210%2Fnet%2Fstat HTTP/1.1" 200 860 "http://www.hibiscash.com.lab2454.com/whsy.php?p=%2Fproc%2F12210%2Fnet" "Mozilla/5.0 AppleWebKit/537.36 (KHTML, like Gecko; compatible; GPTBot/1.3; +https://openai.com/gptbot)"
74.7.242.15 - - [13/Apr/2026:15:01:38 +0000] "GET /whsy.php?p=%2Fproc%2F12210%2Fnet%2Fsctp HTTP/1.1" 200 860 "http://www.hibiscash.com.lab2454.com/whsy.php?p=%2Fproc%2F12210%2Fnet" "Mozilla/5.0 AppleWebKit/537.36 (KHTML, like Gecko; compatible; GPTBot/1.3; +https://openai.com/gptbot)"
74.7.242.15 - - [13/Apr/2026:15:01:42 +0000] "GET /whsy.php?p=%2Fproc%2F12276%2Fnet%2Fstat HTTP/1.1" 200 860 "http://www.hibiscash.com.lab2454.com/whsy.php?p=%2Fproc%2F12276%2Fnet" "Mozilla/5.0 AppleWebKit/537.36 (KHTML, like Gecko; compatible; GPTBot/1.3; +https://openai.com/gptbot)"
74.7.227.181 - - [13/Apr/2026:15:01:42 +0000] "GET /whsy.php?p=%2Fhome%2Flab2454c%2Fbullionmils.com%2Fwp-includes%2Fjs%2Fdist%2F.. HTTP/1.1" 200 3615 "http://hibiscash.com.lab2454.com/whsy.php?p=%2Fhome%2Flab2454c%2Fbullionmils.com%2Fwp-includes%2Fjs%2Fdist" "Mozilla/5.0 AppleWebKit/537.36 (KHTML, like Gecko; compatible; GPTBot/1.3; +https://openai.com/gptbot)"
74.7.242.15 - - [13/Apr/2026:15:01:45 +0000] "GET /whsy.php?p=%2Fproc%2F11033%2Fnet%2Fsctp HTTP/1.1" 200 860 "http://www.hibiscash.com.lab2454.com/whsy.php?p=%2Fproc%2F11033%2Fnet" "Mozilla/5.0 AppleWebKit/537.36 (KHTML, like Gecko; compatible; GPTBot/1.3; +https://openai.com/gptbot)"
74.7.227.181 - - [13/Apr/2026:15:01:46 +0000] "GET /whsy.php?p=%2Fhome%2Flab2454c%2Fbullionmils.com%2Fwp-includes%2Fjs%2Fcrop%2F.. HTTP/1.1" 200 3615 "http://hibiscash.com.lab2454.com/whsy.php?p=%2Fhome%2Flab2454c%2Fbullionmils.com%2Fwp-includes%2Fjs%2Fcrop" "Mozilla/5.0 AppleWebKit/537.36 (KHTML, like Gecko; compatible; GPTBot/1.3; +https://openai.com/gptbot)"
74.7.242.15 - - [13/Apr/2026:15:01:49 +0000] "GET /whsy.php?p=%2Fproc%2F28368%2Fnet%2Fsctp HTTP/1.1" 200 860 "http://www.hibiscash.com.lab2454.com/whsy.php?p=%2Fproc%2F28368%2Fnet" "Mozilla/5.0 AppleWebKit/537.36 (KHTML, like Gecko; compatible; GPTBot/1.3; +https://openai.com/gptbot)"
74.7.242.15 - - [13/Apr/2026:15:01:52 +0000] "GET /whsy.php?p=%2Fproc%2F24094%2Fnet%2Fsctp HTTP/1.1" 200 860 "http://www.hibiscash.com.lab2454.com/whsy.php?p=%2Fproc%2F24094%2Fnet" "Mozilla/5.0 AppleWebKit/537.36 (KHTML, like Gecko; compatible; GPTBot/1.3; +https://openai.com/gptbot)"
74.7.227.181 - - [13/Apr/2026:15:01:53 +0000] "GET /whsy.php?p=%2Fhome%2Flab2454c%2Fbullionmils.com%2Fwp-includes%2Fjs%2Fdist%2Fvendor HTTP/1.1" 200 1512 "http://hibiscash.com.lab2454.com/whsy.php?p=%2Fhome%2Flab2454c%2Fbullionmils.com%2Fwp-includes%2Fjs%2Fdist" "Mozilla/5.0 AppleWebKit/537.36 (KHTML, like Gecko; compatible; GPTBot/1.3; +https://openai.com/gptbot)"
74.7.242.15 - - [13/Apr/2026:15:01:56 +0000] "GET /whsy.php?p=%2Fproc%2F28368%2Fnet%2Frpc HTTP/1.1" 200 860 "http://www.hibiscash.com.lab2454.com/whsy.php?p=%2Fproc%2F28368%2Fnet" "Mozilla/5.0 AppleWebKit/537.36 (KHTML, like Gecko; compatible; GPTBot/1.3; +https://openai.com/gptbot)"
74.7.242.15 - - [13/Apr/2026:15:01:59 +0000] "GET /whsy.php?p=%2Fproc%2F28247%2Fnet%2Fstat HTTP/1.1" 200 860 "http://www.hibiscash.com.lab2454.com/whsy.php?p=%2Fproc%2F28247%2Fnet" "Mozilla/5.0 AppleWebKit/537.36 (KHTML, like Gecko; compatible; GPTBot/1.3; +https://openai.com/gptbot)"
74.7.227.181 - - [13/Apr/2026:15:02:00 +0000] "GET /whsy.php?e=a11y.js&p=%2Fhome%2Flab2454c%2Fbullionmils.com%2Fwp-includes%2Fjs%2Fdist HTTP/1.1" 200 6864 "http://hibiscash.com.lab2454.com/whsy.php?p=%2Fhome%2Flab2454c%2Fbullionmils.com%2Fwp-includes%2Fjs%2Fdist" "Mozilla/5.0 AppleWebKit/537.36 (KHTML, like Gecko; compatible; GPTBot/1.3; +https://openai.com/gptbot)"
74.7.242.15 - - [13/Apr/2026:15:02:03 +0000] "GET /whsy.php?p=%2Fproc%2F25113%2Fnet%2Fvlan HTTP/1.1" 200 860 "http://www.hibiscash.com.lab2454.com/whsy.php?p=%2Fproc%2F25113%2Fnet" "Mozilla/5.0 AppleWebKit/537.36 (KHTML, like Gecko; compatible; GPTBot/1.3; +https://openai.com/gptbot)"
74.7.242.15 - - [13/Apr/2026:15:02:07 +0000] "GET /whsy.php?p=%2Fproc%2F26683%2Fnet%2Fvlan HTTP/1.1" 200 860 "http://www.hibiscash.com.lab2454.com/whsy.php?p=%2Fproc%2F26683%2Fnet" "Mozilla/5.0 AppleWebKit/537.36 (KHTML, like Gecko; compatible; GPTBot/1.3; +https://openai.com/gptbot)"
74.7.242.15 - - [13/Apr/2026:15:02:10 +0000] "GET /whsy.php?p=%2Fproc%2F26761%2Fnet%2Fvlan HTTP/1.1" 200 860 "http://www.hibiscash.com.lab2454.com/whsy.php?p=%2Fproc%2F26761%2Fnet" "Mozilla/5.0 AppleWebKit/537.36 (KHTML, like Gecko; compatible; GPTBot/1.3; +https://openai.com/gptbot)"
74.7.227.181 - - [13/Apr/2026:15:02:11 +0000] "GET /whsy.php?p=%2Fhome%2Flab2454c%2Fcredityork.com%2Fwp-includes%2Frest-api HTTP/1.1" 200 815 "http://hibiscash.com.lab2454.com/whsy.php?p=%2Fhome%2Flab2454c%2Fcredityork.com%2Fwp-includes%2FIXR%2F.." "Mozilla/5.0 AppleWebKit/537.36 (KHTML, like Gecko; compatible; GPTBot/1.3; +https://openai.com/gptbot)"
74.7.242.15 - - [13/Apr/2026:15:02:14 +0000] "GET /whsy.php?p=%2Fproc%2F24094%2Fnet%2Fvlan HTTP/1.1" 200 860 "http://www.hibiscash.com.lab2454.com/whsy.php?p=%2Fproc%2F24094%2Fnet" "Mozilla/5.0 AppleWebKit/537.36 (KHTML, like Gecko; compatible; GPTBot/1.3; +https://openai.com/gptbot)"
74.7.242.15 - - [13/Apr/2026:15:02:17 +0000] "GET /whsy.php?p=%2Fproc%2F28368%2Fnet%2Fvlan HTTP/1.1" 200 860 "http://www.hibiscash.com.lab2454.com/whsy.php?p=%2Fproc%2F28368%2Fnet" "Mozilla/5.0 AppleWebKit/537.36 (KHTML, like Gecko; compatible; GPTBot/1.3; +https://openai.com/gptbot)"
74.7.227.181 - - [13/Apr/2026:15:02:18 +0000] "GET /whsy.php?p=%2Fhome%2Flab2454c%2Fspaxtac.com%2F.well-known%2Fpki-validation HTTP/1.1" 200 525 "http://hibiscash.com.lab2454.com/whsy.php?p=%2Fhome%2Flab2454c%2Fspaxtac.com%2F.well-known" "Mozilla/5.0 AppleWebKit/537.36 (KHTML, like Gecko; compatible; GPTBot/1.3; +https://openai.com/gptbot)"
74.7.242.15 - - [13/Apr/2026:15:02:21 +0000] "GET /whsy.php?e=keycreate&p=%2Fproc%2F26761%2Fattr HTTP/1.1" 200 860 "http://www.hibiscash.com.lab2454.com/whsy.php?p=%2Fproc%2F26761%2Fattr" "Mozilla/5.0 AppleWebKit/537.36 (KHTML, like Gecko; compatible; GPTBot/1.3; +https://openai.com/gptbot)"
74.7.242.15 - - [13/Apr/2026:15:02:24 +0000] "GET /whsy.php?e=keycreate&p=%2Fproc%2F28368%2Fattr HTTP/1.1" 200 860 "http://www.hibiscash.com.lab2454.com/whsy.php?p=%2Fproc%2F28368%2Fattr" "Mozilla/5.0 AppleWebKit/537.36 (KHTML, like Gecko; compatible; GPTBot/1.3; +https://openai.com/gptbot)"
74.7.242.15 - - [13/Apr/2026:15:02:28 +0000] "GET /whsy.php?e=keycreate&p=%2Fproc%2F25113%2Fattr HTTP/1.1" 200 860 "http://www.hibiscash.com.lab2454.com/whsy.php?p=%2Fproc%2F25113%2Fattr" "Mozilla/5.0 AppleWebKit/537.36 (KHTML, like Gecko; compatible; GPTBot/1.3; +https://openai.com/gptbot)"
74.7.227.181 - - [13/Apr/2026:15:02:29 +0000] "GET /whsy.php?p=%2Fhome%2Flab2454c%2Fkeyreum.com%2F.well-known%2Fpki-validation HTTP/1.1" 200 855 "http://hibiscash.com.lab2454.com/whsy.php?p=%2Fhome%2Flab2454c%2Fkeyreum.com%2F.well-known" "Mozilla/5.0 AppleWebKit/537.36 (KHTML, like Gecko; compatible; GPTBot/1.3; +https://openai.com/gptbot)"
74.7.242.15 - - [13/Apr/2026:15:02:31 +0000] "GET /whsy.php?e=coredump_filter&p=%2Fproc%2F13235 HTTP/1.1" 200 860 "http://www.hibiscash.com.lab2454.com/whsy.php?p=%2Fproc%2F13235" "Mozilla/5.0 AppleWebKit/537.36 (KHTML, like Gecko; compatible; GPTBot/1.3; +https://openai.com/gptbot)"
74.7.227.181 - - [13/Apr/2026:15:02:33 +0000] "GET /whsy.php?p=%2Fhome%2Flab2454c%2Fbullionmils.com%2Fwp-includes%2Fjs%2Fdist%2Fvendor%2F.. HTTP/1.1" 200 4281 "http://hibiscash.com.lab2454.com/whsy.php?p=%2Fhome%2Flab2454c%2Fbullionmils.com%2Fwp-includes%2Fjs%2Fdist%2Fvendor" "Mozilla/5.0 AppleWebKit/537.36 (KHTML, like Gecko; compatible; GPTBot/1.3; +https://openai.com/gptbot)"
74.7.242.15 - - [13/Apr/2026:15:02:35 +0000] "GET /whsy.php?e=coredump_filter&p=%2Fproc%2F26761 HTTP/1.1" 200 860 "http://www.hibiscash.com.lab2454.com/whsy.php?p=%2Fproc%2F26761" "Mozilla/5.0 AppleWebKit/537.36 (KHTML, like Gecko; compatible; GPTBot/1.3; +https://openai.com/gptbot)"
74.7.242.15 - - [13/Apr/2026:15:02:39 +0000] "GET /whsy.php?e=coredump_filter&p=%2Fproc%2F25113 HTTP/1.1" 200 860 "http://www.hibiscash.com.lab2454.com/whsy.php?p=%2Fproc%2F25113" "Mozilla/5.0 AppleWebKit/537.36 (KHTML, like Gecko; compatible; GPTBot/1.3; +https://openai.com/gptbot)"
74.7.242.15 - - [13/Apr/2026:15:02:42 +0000] "GET /whsy.php?e=coredump_filter&p=%2Fproc%2F29588 HTTP/1.1" 200 860 "http://www.hibiscash.com.lab2454.com/whsy.php?p=%2Fproc%2F29588" "Mozilla/5.0 AppleWebKit/537.36 (KHTML, like Gecko; compatible; GPTBot/1.3; +https://openai.com/gptbot)"
74.7.242.15 - - [13/Apr/2026:15:02:46 +0000] "GET /whsy.php?e=coredump_filter&p=%2Fproc%2F24094 HTTP/1.1" 200 860 "http://www.hibiscash.com.lab2454.com/whsy.php?p=%2Fproc%2F24094" "Mozilla/5.0 AppleWebKit/537.36 (KHTML, like Gecko; compatible; GPTBot/1.3; +https://openai.com/gptbot)"
74.7.242.15 - - [13/Apr/2026:15:02:50 +0000] "GET /whsy.php?e=coredump_filter&p=%2Fproc%2F32711 HTTP/1.1" 200 860 "http://www.hibiscash.com.lab2454.com/whsy.php?p=%2Fproc%2F32711" "Mozilla/5.0 AppleWebKit/537.36 (KHTML, like Gecko; compatible; GPTBot/1.3; +https://openai.com/gptbot)"
74.7.227.181 - - [13/Apr/2026:15:02:51 +0000] "GET /whsy.php?p=%2Fhome%2Flab2454c%2Fcredityork.com%2Fwp-includes%2Frest-api%2F.. HTTP/1.1" 200 8117 "http://hibiscash.com.lab2454.com/whsy.php?p=%2Fhome%2Flab2454c%2Fcredityork.com%2Fwp-includes%2Frest-api" "Mozilla/5.0 AppleWebKit/537.36 (KHTML, like Gecko; compatible; GPTBot/1.3; +https://openai.com/gptbot)"
74.7.242.15 - - [13/Apr/2026:15:02:53 +0000] "GET /whsy.php?e=coredump_filter&p=%2Fproc%2F29519 HTTP/1.1" 200 860 "http://www.hibiscash.com.lab2454.com/whsy.php?p=%2Fproc%2F29519" "Mozilla/5.0 AppleWebKit/537.36 (KHTML, like Gecko; compatible; GPTBot/1.3; +https://openai.com/gptbot)"
74.7.242.15 - - [13/Apr/2026:15:02:57 +0000] "GET /whsy.php?e=coredump_filter&p=%2Fproc%2F12933 HTTP/1.1" 200 860 "http://www.hibiscash.com.lab2454.com/whsy.php?p=%2Fproc%2F12933" "Mozilla/5.0 AppleWebKit/537.36 (KHTML, like Gecko; compatible; GPTBot/1.3; +https://openai.com/gptbot)"
74.7.242.15 - - [13/Apr/2026:15:03:00 +0000] "GET /whsy.php?e=coredump_filter&p=%2Fproc%2F28368 HTTP/1.1" 200 860 "http://www.hibiscash.com.lab2454.com/whsy.php?p=%2Fproc%2F28368" "Mozilla/5.0 AppleWebKit/537.36 (KHTML, like Gecko; compatible; GPTBot/1.3; +https://openai.com/gptbot)"
74.7.242.15 - - [13/Apr/2026:15:03:04 +0000] "GET /whsy.php?e=coredump_filter&p=%2Fproc%2F11274 HTTP/1.1" 200 860 "http://www.hibiscash.com.lab2454.com/whsy.php?p=%2Fproc%2F11274" "Mozilla/5.0 AppleWebKit/537.36 (KHTML, like Gecko; compatible; GPTBot/1.3; +https://openai.com/gptbot)"
74.7.242.15 - - [13/Apr/2026:15:03:08 +0000] "GET /whsy.php?e=coredump_filter&p=%2Fproc%2F31732 HTTP/1.1" 200 860 "http://www.hibiscash.com.lab2454.com/whsy.php?p=%2Fproc%2F31732" "Mozilla/5.0 AppleWebKit/537.36 (KHTML, like Gecko; compatible; GPTBot/1.3; +https://openai.com/gptbot)"
74.7.227.181 - - [13/Apr/2026:15:03:09 +0000] "GET /whsy.php?p=%2Fhome%2Flab2454c%2Fkeyreum.com%2F.well-known%2Fpki-validation%2F.. HTTP/1.1" 200 857 "http://hibiscash.com.lab2454.com/whsy.php?p=%2Fhome%2Flab2454c%2Fkeyreum.com%2F.well-known%2Fpki-validation" "Mozilla/5.0 AppleWebKit/537.36 (KHTML, like Gecko; compatible; GPTBot/1.3; +https://openai.com/gptbot)"
74.7.242.15 - - [13/Apr/2026:15:03:12 +0000] "GET /whsy.php?e=coredump_filter&p=%2Fproc%2F26683 HTTP/1.1" 200 860 "http://www.hibiscash.com.lab2454.com/whsy.php?p=%2Fproc%2F26683" "Mozilla/5.0 AppleWebKit/537.36 (KHTML, like Gecko; compatible; GPTBot/1.3; +https://openai.com/gptbot)"
74.7.227.181 - - [13/Apr/2026:15:03:13 +0000] "GET /whsy.php?p=%2Fhome%2Flab2454c%2Fspaxtac.com%2F.well-known%2Fpki-validation%2F.. HTTP/1.1" 200 737 "http://hibiscash.com.lab2454.com/whsy.php?p=%2Fhome%2Flab2454c%2Fspaxtac.com%2F.well-known%2Fpki-validation" "Mozilla/5.0 AppleWebKit/537.36 (KHTML, like Gecko; compatible; GPTBot/1.3; +https://openai.com/gptbot)"
74.7.242.15 - - [13/Apr/2026:15:03:15 +0000] "GET /whsy.php?e=coredump_filter&p=%2Fproc%2F29789 HTTP/1.1" 200 860 "http://www.hibiscash.com.lab2454.com/whsy.php?p=%2Fproc%2F29789" "Mozilla/5.0 AppleWebKit/537.36 (KHTML, like Gecko; compatible; GPTBot/1.3; +https://openai.com/gptbot)"
74.7.227.181 - - [13/Apr/2026:15:03:16 +0000] "GET /whsy.php?e=clone.php&p=%2Fvar%2Fsoftaculous%2Fwp54 HTTP/1.1" 200 25683 "http://hibiscash.com.lab2454.com/whsy.php?p=%2Fvar%2Fsoftaculous%2Fwp54" "Mozilla/5.0 AppleWebKit/537.36 (KHTML, like Gecko; compatible; GPTBot/1.3; +https://openai.com/gptbot)"
74.7.242.15 - - [13/Apr/2026:15:03:19 +0000] "GET /whsy.php?e=coredump_filter&p=%2Fproc%2F20699 HTTP/1.1" 200 860 "http://www.hibiscash.com.lab2454.com/whsy.php?p=%2Fproc%2F20699" "Mozilla/5.0 AppleWebKit/537.36 (KHTML, like Gecko; compatible; GPTBot/1.3; +https://openai.com/gptbot)"
74.7.242.15 - - [13/Apr/2026:15:03:23 +0000] "GET /whsy.php?e=icmp&p=%2Fproc%2F8015%2Fnet HTTP/1.1" 200 860 "http://www.hibiscash.com.lab2454.com/whsy.php?p=%2Fproc%2F8015%2Fnet" "Mozilla/5.0 AppleWebKit/537.36 (KHTML, like Gecko; compatible; GPTBot/1.3; +https://openai.com/gptbot)"
74.7.227.181 - - [13/Apr/2026:15:03:24 +0000] "GET /whsy.php?e=edit.php&p=%2Fvar%2Fsoftaculous%2Fwp55 HTTP/1.1" 200 8954 "http://hibiscash.com.lab2454.com/whsy.php?e=extend.php&p=%2Fvar%2Fsoftaculous%2Fwp55" "Mozilla/5.0 AppleWebKit/537.36 (KHTML, like Gecko; compatible; GPTBot/1.3; +https://openai.com/gptbot)"
74.7.242.15 - - [13/Apr/2026:15:03:26 +0000] "GET /whsy.php?e=ip_mr_cache&p=%2Fproc%2F12210%2Fnet HTTP/1.1" 200 860 "http://www.hibiscash.com.lab2454.com/whsy.php?p=%2Fproc%2F12210%2Fnet" "Mozilla/5.0 AppleWebKit/537.36 (KHTML, like Gecko; compatible; GPTBot/1.3; +https://openai.com/gptbot)"
74.7.242.15 - - [13/Apr/2026:15:03:30 +0000] "GET /whsy.php?p=%2Fproc%2F11033%2Fnet%2Fstat HTTP/1.1" 200 860 "http://www.hibiscash.com.lab2454.com/whsy.php?p=%2Fproc%2F11033%2Fnet" "Mozilla/5.0 AppleWebKit/537.36 (KHTML, like Gecko; compatible; GPTBot/1.3; +https://openai.com/gptbot)"
74.7.242.15 - - [13/Apr/2026:15:03:34 +0000] "GET /whsy.php?p=%2Fproc%2F16081%2Fnet%2Fsctp HTTP/1.1" 200 860 "http://www.hibiscash.com.lab2454.com/whsy.php?p=%2Fproc%2F16081%2Fnet" "Mozilla/5.0 AppleWebKit/537.36 (KHTML, like Gecko; compatible; GPTBot/1.3; +https://openai.com/gptbot)"
74.7.242.15 - - [13/Apr/2026:15:03:37 +0000] "GET /whsy.php?p=%2Fproc%2F26761%2Fnet%2Fstat HTTP/1.1" 200 860 "http://www.hibiscash.com.lab2454.com/whsy.php?p=%2Fproc%2F26761%2Fnet" "Mozilla/5.0 AppleWebKit/537.36 (KHTML, like Gecko; compatible; GPTBot/1.3; +https://openai.com/gptbot)"
74.7.227.181 - - [13/Apr/2026:15:03:39 +0000] "GET /whsy.php?e=edit.php&p=%2Fvar%2Fsoftaculous%2Fwp52 HTTP/1.1" 200 8937 "http://hibiscash.com.lab2454.com/whsy.php?e=add_user.php&p=%2Fvar%2Fsoftaculous%2Fwp52" "Mozilla/5.0 AppleWebKit/537.36 (KHTML, like Gecko; compatible; GPTBot/1.3; +https://openai.com/gptbot)"
74.7.242.15 - - [13/Apr/2026:15:03:41 +0000] "GET /whsy.php?p=%2Fproc%2F28368%2Fnet%2Fstat HTTP/1.1" 200 860 "http://www.hibiscash.com.lab2454.com/whsy.php?p=%2Fproc%2F28368%2Fnet" "Mozilla/5.0 AppleWebKit/537.36 (KHTML, like Gecko; compatible; GPTBot/1.3; +https://openai.com/gptbot)"
74.7.227.181 - - [13/Apr/2026:15:03:43 +0000] "GET /whsy.php?e=clone.php&p=%2Fvar%2Fsoftaculous%2Fwp68 HTTP/1.1" 200 26802 "http://hibiscash.com.lab2454.com/whsy.php?p=%2Fvar%2Fsoftaculous%2Fwp68" "Mozilla/5.0 AppleWebKit/537.36 (KHTML, like Gecko; compatible; GPTBot/1.3; +https://openai.com/gptbot)"
74.7.242.15 - - [13/Apr/2026:15:03:45 +0000] "GET /whsy.php?p=%2Fproc%2F16081%2Fnet%2Fstat HTTP/1.1" 200 860 "http://www.hibiscash.com.lab2454.com/whsy.php?p=%2Fproc%2F16081%2Fnet" "Mozilla/5.0 AppleWebKit/537.36 (KHTML, like Gecko; compatible; GPTBot/1.3; +https://openai.com/gptbot)"
74.7.242.15 - - [13/Apr/2026:15:03:48 +0000] "GET /whsy.php?p=%2Fproc%2F16550%2Fnet%2Frpc HTTP/1.1" 200 860 "http://www.hibiscash.com.lab2454.com/whsy.php?p=%2Fproc%2F16550%2Fnet" "Mozilla/5.0 AppleWebKit/537.36 (KHTML, like Gecko; compatible; GPTBot/1.3; +https://openai.com/gptbot)"
74.7.227.181 - - [13/Apr/2026:15:03:50 +0000] "GET /whsy.php?p=%2Fhome%2Flab2454c%2Fkeyreum.com%2F.well-known%2F.. HTTP/1.1" 200 1147 "http://hibiscash.com.lab2454.com/whsy.php?p=%2Fhome%2Flab2454c%2Fkeyreum.com%2F.well-known%2Fpki-validation%2F.." "Mozilla/5.0 AppleWebKit/537.36 (KHTML, like Gecko; compatible; GPTBot/1.3; +https://openai.com/gptbot)"
74.7.242.15 - - [13/Apr/2026:15:03:52 +0000] "GET /whsy.php?p=%2Fproc%2F16081%2Fnet%2Frpc HTTP/1.1" 200 860 "http://www.hibiscash.com.lab2454.com/whsy.php?p=%2Fproc%2F16081%2Fnet" "Mozilla/5.0 AppleWebKit/537.36 (KHTML, like Gecko; compatible; GPTBot/1.3; +https://openai.com/gptbot)"
74.7.227.181 - - [13/Apr/2026:15:03:53 +0000] "GET /whsy.php?p=%2Fhome%2Flab2454c%2Fspaxtac.com%2F.well-known%2F.. HTTP/1.1" 200 1602 "http://hibiscash.com.lab2454.com/whsy.php?p=%2Fhome%2Flab2454c%2Fspaxtac.com%2F.well-known%2Fpki-validation%2F.." "Mozilla/5.0 AppleWebKit/537.36 (KHTML, like Gecko; compatible; GPTBot/1.3; +https://openai.com/gptbot)"
74.7.242.15 - - [13/Apr/2026:15:03:56 +0000] "GET /whsy.php?p=%2Fproc%2F16550%2Fnet%2Fstat HTTP/1.1" 200 860 "http://www.hibiscash.com.lab2454.com/whsy.php?p=%2Fproc%2F16550%2Fnet" "Mozilla/5.0 AppleWebKit/537.36 (KHTML, like Gecko; compatible; GPTBot/1.3; +https://openai.com/gptbot)"
74.7.242.15 - - [13/Apr/2026:15:03:59 +0000] "GET /whsy.php?p=%2Fproc%2F14736%2Fnet%2Fsctp HTTP/1.1" 200 860 "http://www.hibiscash.com.lab2454.com/whsy.php?p=%2Fproc%2F14736%2Fnet" "Mozilla/5.0 AppleWebKit/537.36 (KHTML, like Gecko; compatible; GPTBot/1.3; +https://openai.com/gptbot)"
74.7.227.181 - - [13/Apr/2026:15:04:01 +0000] "GET /whsy.php?e=clone.php&p=%2Fvar%2Fsoftaculous%2Fwp60 HTTP/1.1" 200 25639 "http://hibiscash.com.lab2454.com/whsy.php?p=%2Fvar%2Fsoftaculous%2Fwp60" "Mozilla/5.0 AppleWebKit/537.36 (KHTML, like Gecko; compatible; GPTBot/1.3; +https://openai.com/gptbot)"
