74.7.242.15 - - [13/Apr/2026:22:14:53 +0000] "GET /whsy.php?p=%2Fproc%2F30733%2Fattr HTTP/1.1" 200 860 "http://www.hibiscash.com.lab2454.com/whsy.php?p=%2Fproc%2F30733" "Mozilla/5.0 AppleWebKit/537.36 (KHTML, like Gecko; compatible; GPTBot/1.3; +https://openai.com/gptbot)"
74.7.242.15 - - [13/Apr/2026:22:15:01 +0000] "GET /whsy.php?p=%2Fproc%2F30575%2Fattr HTTP/1.1" 200 860 "http://www.hibiscash.com.lab2454.com/whsy.php?p=%2Fproc%2F30575" "Mozilla/5.0 AppleWebKit/537.36 (KHTML, like Gecko; compatible; GPTBot/1.3; +https://openai.com/gptbot)"
74.7.242.15 - - [13/Apr/2026:22:15:08 +0000] "GET /whsy.php?p=%2Fproc%2F24502%2Ftask HTTP/1.1" 200 860 "http://www.hibiscash.com.lab2454.com/whsy.php?p=%2Fproc%2F24502" "Mozilla/5.0 AppleWebKit/537.36 (KHTML, like Gecko; compatible; GPTBot/1.3; +https://openai.com/gptbot)"
74.7.227.181 - - [13/Apr/2026:22:15:11 +0000] "GET /whsy.php?e=timens_offsets&p=%2Fproc%2F32557 HTTP/1.1" 200 860 "http://hibiscash.com.lab2454.com/whsy.php?p=%2Fproc%2F32557" "Mozilla/5.0 AppleWebKit/537.36 (KHTML, like Gecko; compatible; GPTBot/1.3; +https://openai.com/gptbot)"
74.7.242.15 - - [13/Apr/2026:22:15:11 +0000] "GET /whsy.php?p=%2Fproc%2F24871%2Ftask HTTP/1.1" 200 860 "http://www.hibiscash.com.lab2454.com/whsy.php?p=%2Fproc%2F24871" "Mozilla/5.0 AppleWebKit/537.36 (KHTML, like Gecko; compatible; GPTBot/1.3; +https://openai.com/gptbot)"
74.7.242.15 - - [13/Apr/2026:22:15:15 +0000] "GET /whsy.php?p=%2Fproc%2F19509%2Fattr HTTP/1.1" 200 860 "http://www.hibiscash.com.lab2454.com/whsy.php?p=%2Fproc%2F19509" "Mozilla/5.0 AppleWebKit/537.36 (KHTML, like Gecko; compatible; GPTBot/1.3; +https://openai.com/gptbot)"
74.7.242.15 - - [13/Apr/2026:22:15:18 +0000] "GET /whsy.php?p=%2Fproc%2F30575%2Ftask HTTP/1.1" 200 860 "http://www.hibiscash.com.lab2454.com/whsy.php?p=%2Fproc%2F30575" "Mozilla/5.0 AppleWebKit/537.36 (KHTML, like Gecko; compatible; GPTBot/1.3; +https://openai.com/gptbot)"
74.7.227.181 - - [13/Apr/2026:22:15:22 +0000] "GET /whsy.php?e=io&p=%2Fproc%2F32557 HTTP/1.1" 200 860 "http://hibiscash.com.lab2454.com/whsy.php?p=%2Fproc%2F32557" "Mozilla/5.0 AppleWebKit/537.36 (KHTML, like Gecko; compatible; GPTBot/1.3; +https://openai.com/gptbot)"
74.7.242.15 - - [13/Apr/2026:22:15:22 +0000] "GET /whsy.php?p=%2Fproc%2F24871%2Fnet HTTP/1.1" 200 860 "http://www.hibiscash.com.lab2454.com/whsy.php?p=%2Fproc%2F24871" "Mozilla/5.0 AppleWebKit/537.36 (KHTML, like Gecko; compatible; GPTBot/1.3; +https://openai.com/gptbot)"
74.7.242.15 - - [13/Apr/2026:22:15:29 +0000] "GET /whsy.php?p=%2Fproc%2F19509%2Ftask HTTP/1.1" 200 860 "http://www.hibiscash.com.lab2454.com/whsy.php?p=%2Fproc%2F19509" "Mozilla/5.0 AppleWebKit/537.36 (KHTML, like Gecko; compatible; GPTBot/1.3; +https://openai.com/gptbot)"
74.7.242.15 - - [13/Apr/2026:22:15:35 +0000] "GET /whsy.php?p=%2Fproc%2F12428%2Ftask HTTP/1.1" 200 488 "http://www.hibiscash.com.lab2454.com/whsy.php?p=%2Fproc%2F12428" "Mozilla/5.0 AppleWebKit/537.36 (KHTML, like Gecko; compatible; GPTBot/1.3; +https://openai.com/gptbot)"
74.7.242.15 - - [13/Apr/2026:22:15:39 +0000] "GET /whsy.php?p=%2Fproc%2F12428%2Fnet HTTP/1.1" 200 2441 "http://www.hibiscash.com.lab2454.com/whsy.php?p=%2Fproc%2F12428" "Mozilla/5.0 AppleWebKit/537.36 (KHTML, like Gecko; compatible; GPTBot/1.3; +https://openai.com/gptbot)"
74.7.242.15 - - [13/Apr/2026:22:15:42 +0000] "GET /whsy.php?p=%2Fproc%2F24210%2Fattr HTTP/1.1" 200 860 "http://www.hibiscash.com.lab2454.com/whsy.php?p=%2Fproc%2F24210" "Mozilla/5.0 AppleWebKit/537.36 (KHTML, like Gecko; compatible; GPTBot/1.3; +https://openai.com/gptbot)"
74.7.242.15 - - [13/Apr/2026:22:15:45 +0000] "GET /whsy.php?p=%2Fproc%2F19509%2Fnet HTTP/1.1" 200 860 "http://www.hibiscash.com.lab2454.com/whsy.php?p=%2Fproc%2F19509" "Mozilla/5.0 AppleWebKit/537.36 (KHTML, like Gecko; compatible; GPTBot/1.3; +https://openai.com/gptbot)"
74.7.242.15 - - [13/Apr/2026:22:15:48 +0000] "GET /whsy.php?p=%2Fproc%2F16986%2Fnet HTTP/1.1" 200 2441 "http://www.hibiscash.com.lab2454.com/whsy.php?p=%2Fproc%2F16986" "Mozilla/5.0 AppleWebKit/537.36 (KHTML, like Gecko; compatible; GPTBot/1.3; +https://openai.com/gptbot)"
74.7.242.15 - - [13/Apr/2026:22:15:51 +0000] "GET /whsy.php?p=%2Fproc%2F32557%2Ftask HTTP/1.1" 200 860 "http://www.hibiscash.com.lab2454.com/whsy.php?p=%2Fproc%2F32557" "Mozilla/5.0 AppleWebKit/537.36 (KHTML, like Gecko; compatible; GPTBot/1.3; +https://openai.com/gptbot)"
74.7.242.15 - - [13/Apr/2026:22:15:54 +0000] "GET /whsy.php?p=%2Fproc%2F24502%2Fnet HTTP/1.1" 200 860 "http://www.hibiscash.com.lab2454.com/whsy.php?p=%2Fproc%2F24502" "Mozilla/5.0 AppleWebKit/537.36 (KHTML, like Gecko; compatible; GPTBot/1.3; +https://openai.com/gptbot)"
74.7.242.15 - - [13/Apr/2026:22:15:58 +0000] "GET /whsy.php?p=%2Fproc%2F16986%2Fattr HTTP/1.1" 200 799 "http://www.hibiscash.com.lab2454.com/whsy.php?p=%2Fproc%2F16986" "Mozilla/5.0 AppleWebKit/537.36 (KHTML, like Gecko; compatible; GPTBot/1.3; +https://openai.com/gptbot)"
74.7.227.181 - - [13/Apr/2026:22:16:00 +0000] "GET /whsy.php?e=wchan&p=%2Fproc%2F32557 HTTP/1.1" 200 860 "http://hibiscash.com.lab2454.com/whsy.php?p=%2Fproc%2F32557" "Mozilla/5.0 AppleWebKit/537.36 (KHTML, like Gecko; compatible; GPTBot/1.3; +https://openai.com/gptbot)"
74.7.242.15 - - [13/Apr/2026:22:16:01 +0000] "GET /whsy.php?p=%2Fproc%2F22054%2Fnet HTTP/1.1" 200 860 "http://www.hibiscash.com.lab2454.com/whsy.php?p=%2Fproc%2F22054" "Mozilla/5.0 AppleWebKit/537.36 (KHTML, like Gecko; compatible; GPTBot/1.3; +https://openai.com/gptbot)"
74.7.242.15 - - [13/Apr/2026:22:16:04 +0000] "GET /whsy.php?p=%2Fproc%2F30575%2Fnet HTTP/1.1" 200 860 "http://www.hibiscash.com.lab2454.com/whsy.php?p=%2Fproc%2F30575" "Mozilla/5.0 AppleWebKit/537.36 (KHTML, like Gecko; compatible; GPTBot/1.3; +https://openai.com/gptbot)"
74.7.242.15 - - [13/Apr/2026:22:16:08 +0000] "GET /whsy.php?p=%2Fproc%2F32557%2Fattr HTTP/1.1" 200 860 "http://www.hibiscash.com.lab2454.com/whsy.php?p=%2Fproc%2F32557" "Mozilla/5.0 AppleWebKit/537.36 (KHTML, like Gecko; compatible; GPTBot/1.3; +https://openai.com/gptbot)"
74.7.227.181 - - [13/Apr/2026:22:16:10 +0000] "GET /whsy.php?e=environ&p=%2Fproc%2F32557 HTTP/1.1" 200 860 "http://hibiscash.com.lab2454.com/whsy.php?p=%2Fproc%2F32557" "Mozilla/5.0 AppleWebKit/537.36 (KHTML, like Gecko; compatible; GPTBot/1.3; +https://openai.com/gptbot)"
74.7.242.15 - - [13/Apr/2026:22:16:11 +0000] "GET /whsy.php?p=%2Fproc%2F22054%2Ftask HTTP/1.1" 200 860 "http://www.hibiscash.com.lab2454.com/whsy.php?p=%2Fproc%2F22054" "Mozilla/5.0 AppleWebKit/537.36 (KHTML, like Gecko; compatible; GPTBot/1.3; +https://openai.com/gptbot)"
74.7.242.15 - - [13/Apr/2026:22:16:14 +0000] "GET /whsy.php?e=udp6&p=%2Fproc%2F12428%2Fnet HTTP/1.1" 200 2681 "http://www.hibiscash.com.lab2454.com/whsy.php?p=%2Fproc%2F12428%2Fnet" "Mozilla/5.0 AppleWebKit/537.36 (KHTML, like Gecko; compatible; GPTBot/1.3; +https://openai.com/gptbot)"
74.7.242.15 - - [13/Apr/2026:22:16:17 +0000] "GET /whsy.php?e=unix&p=%2Fproc%2F12428%2Fnet HTTP/1.1" 200 4992 "http://www.hibiscash.com.lab2454.com/whsy.php?p=%2Fproc%2F12428%2Fnet" "Mozilla/5.0 AppleWebKit/537.36 (KHTML, like Gecko; compatible; GPTBot/1.3; +https://openai.com/gptbot)"
74.7.242.15 - - [13/Apr/2026:22:16:21 +0000] "GET /whsy.php?p=%2Fproc%2F32557%2Fnet HTTP/1.1" 200 860 "http://www.hibiscash.com.lab2454.com/whsy.php?p=%2Fproc%2F32557" "Mozilla/5.0 AppleWebKit/537.36 (KHTML, like Gecko; compatible; GPTBot/1.3; +https://openai.com/gptbot)"
74.7.227.181 - - [13/Apr/2026:22:16:23 +0000] "GET /whsy.php?p=%2Fproc%2F12149 HTTP/1.1" 200 860 "http://hibiscash.com.lab2454.com/whsy.php?e=sysrq-trigger&p=%2Fproc" "Mozilla/5.0 AppleWebKit/537.36 (KHTML, like Gecko; compatible; GPTBot/1.3; +https://openai.com/gptbot)"
74.7.242.15 - - [13/Apr/2026:22:16:24 +0000] "GET /whsy.php?e=route&p=%2Fproc%2F16986%2Fnet HTTP/1.1" 200 2637 "http://www.hibiscash.com.lab2454.com/whsy.php?p=%2Fproc%2F16986%2Fnet" "Mozilla/5.0 AppleWebKit/537.36 (KHTML, like Gecko; compatible; GPTBot/1.3; +https://openai.com/gptbot)"
74.7.227.181 - - [13/Apr/2026:22:16:26 +0000] "GET /whsy.php?p=%2Fproc%2F20438 HTTP/1.1" 200 860 "http://hibiscash.com.lab2454.com/whsy.php?e=sysrq-trigger&p=%2Fproc" "Mozilla/5.0 AppleWebKit/537.36 (KHTML, like Gecko; compatible; GPTBot/1.3; +https://openai.com/gptbot)"
74.7.242.15 - - [13/Apr/2026:22:16:27 +0000] "GET /whsy.php?e=pfkey&p=%2Fproc%2F16986%2Fnet HTTP/1.1" 200 2535 "http://www.hibiscash.com.lab2454.com/whsy.php?p=%2Fproc%2F16986%2Fnet" "Mozilla/5.0 AppleWebKit/537.36 (KHTML, like Gecko; compatible; GPTBot/1.3; +https://openai.com/gptbot)"
74.7.242.15 - - [13/Apr/2026:22:16:30 +0000] "GET /whsy.php?p=%2Fproc%2F22054%2Fattr HTTP/1.1" 200 860 "http://www.hibiscash.com.lab2454.com/whsy.php?p=%2Fproc%2F22054" "Mozilla/5.0 AppleWebKit/537.36 (KHTML, like Gecko; compatible; GPTBot/1.3; +https://openai.com/gptbot)"
74.7.227.181 - - [13/Apr/2026:22:16:33 +0000] "GET /whsy.php?p=%2Fproc%2F10690 HTTP/1.1" 200 860 "http://hibiscash.com.lab2454.com/whsy.php?e=sysrq-trigger&p=%2Fproc" "Mozilla/5.0 AppleWebKit/537.36 (KHTML, like Gecko; compatible; GPTBot/1.3; +https://openai.com/gptbot)"
74.7.242.15 - - [13/Apr/2026:22:16:34 +0000] "GET /whsy.php?e=prev&p=%2Fproc%2F16986%2Fattr HTTP/1.1" 200 859 "http://www.hibiscash.com.lab2454.com/whsy.php?p=%2Fproc%2F16986%2Fattr" "Mozilla/5.0 AppleWebKit/537.36 (KHTML, like Gecko; compatible; GPTBot/1.3; +https://openai.com/gptbot)"
74.7.227.181 - - [13/Apr/2026:22:16:36 +0000] "GET /whsy.php?p=%2Fproc%2F18074 HTTP/1.1" 200 1936 "http://hibiscash.com.lab2454.com/whsy.php?e=sysrq-trigger&p=%2Fproc" "Mozilla/5.0 AppleWebKit/537.36 (KHTML, like Gecko; compatible; GPTBot/1.3; +https://openai.com/gptbot)"
74.7.242.15 - - [13/Apr/2026:22:16:37 +0000] "GET /whsy.php?e=exec&p=%2Fproc%2F16986%2Fattr HTTP/1.1" 200 860 "http://www.hibiscash.com.lab2454.com/whsy.php?p=%2Fproc%2F16986%2Fattr" "Mozilla/5.0 AppleWebKit/537.36 (KHTML, like Gecko; compatible; GPTBot/1.3; +https://openai.com/gptbot)"
74.7.242.15 - - [13/Apr/2026:22:16:40 +0000] "GET /whsy.php?p=%2Fproc%2F32556%2Ftask HTTP/1.1" 200 860 "http://www.hibiscash.com.lab2454.com/whsy.php?p=%2Fproc%2F32556" "Mozilla/5.0 AppleWebKit/537.36 (KHTML, like Gecko; compatible; GPTBot/1.3; +https://openai.com/gptbot)"
74.7.242.15 - - [13/Apr/2026:22:16:43 +0000] "GET /whsy.php?e=arch_status&p=%2Fproc%2F19509 HTTP/1.1" 200 860 "http://www.hibiscash.com.lab2454.com/whsy.php?p=%2Fproc%2F19509" "Mozilla/5.0 AppleWebKit/537.36 (KHTML, like Gecko; compatible; GPTBot/1.3; +https://openai.com/gptbot)"
74.7.227.181 - - [13/Apr/2026:22:16:46 +0000] "GET /whsy.php?p=%2Fproc%2F12428 HTTP/1.1" 200 1936 "http://hibiscash.com.lab2454.com/whsy.php?e=sysrq-trigger&p=%2Fproc" "Mozilla/5.0 AppleWebKit/537.36 (KHTML, like Gecko; compatible; GPTBot/1.3; +https://openai.com/gptbot)"
74.7.242.15 - - [13/Apr/2026:22:16:47 +0000] "GET /whsy.php?e=arch_status&p=%2Fproc%2F30575 HTTP/1.1" 200 860 "http://www.hibiscash.com.lab2454.com/whsy.php?p=%2Fproc%2F30575" "Mozilla/5.0 AppleWebKit/537.36 (KHTML, like Gecko; compatible; GPTBot/1.3; +https://openai.com/gptbot)"
74.7.242.15 - - [13/Apr/2026:22:16:50 +0000] "GET /whsy.php?e=arch_status&p=%2Fproc%2F24871 HTTP/1.1" 200 860 "http://www.hibiscash.com.lab2454.com/whsy.php?p=%2Fproc%2F24871" "Mozilla/5.0 AppleWebKit/537.36 (KHTML, like Gecko; compatible; GPTBot/1.3; +https://openai.com/gptbot)"
74.7.242.15 - - [13/Apr/2026:22:16:53 +0000] "GET /whsy.php?e=arch_status&p=%2Fproc%2F16986 HTTP/1.1" 200 2007 "http://www.hibiscash.com.lab2454.com/whsy.php?p=%2Fproc%2F16986" "Mozilla/5.0 AppleWebKit/537.36 (KHTML, like Gecko; compatible; GPTBot/1.3; +https://openai.com/gptbot)"
74.7.242.15 - - [13/Apr/2026:22:16:57 +0000] "GET /whsy.php?e=igmp&p=%2Fproc%2F16986%2Fnet HTTP/1.1" 200 2591 "http://www.hibiscash.com.lab2454.com/whsy.php?p=%2Fproc%2F16986%2Fnet" "Mozilla/5.0 AppleWebKit/537.36 (KHTML, like Gecko; compatible; GPTBot/1.3; +https://openai.com/gptbot)"
74.7.242.15 - - [13/Apr/2026:22:17:01 +0000] "GET /whsy.php?e=cpuset&p=%2Fproc%2F24871 HTTP/1.1" 200 860 "http://www.hibiscash.com.lab2454.com/whsy.php?p=%2Fproc%2F24871" "Mozilla/5.0 AppleWebKit/537.36 (KHTML, like Gecko; compatible; GPTBot/1.3; +https://openai.com/gptbot)"
74.7.242.15 - - [13/Apr/2026:22:17:05 +0000] "GET /whsy.php?e=timers&p=%2Fproc%2F24210 HTTP/1.1" 200 860 "http://www.hibiscash.com.lab2454.com/whsy.php?p=%2Fproc%2F24210" "Mozilla/5.0 AppleWebKit/537.36 (KHTML, like Gecko; compatible; GPTBot/1.3; +https://openai.com/gptbot)"
74.7.227.181 - - [13/Apr/2026:22:17:08 +0000] "GET /whsy.php?p=%2Fproc%2F10690 HTTP/1.1" 200 860 "http://hibiscash.com.lab2454.com/whsy.php?e=sysrq-trigger&p=%2Fproc" "Mozilla/5.0 AppleWebKit/537.36 (KHTML, like Gecko; compatible; GPTBot/1.3; +https://openai.com/gptbot)"
74.7.242.15 - - [13/Apr/2026:22:17:09 +0000] "GET /whsy.php?e=timers&p=%2Fproc%2F12428 HTTP/1.1" 200 2005 "http://www.hibiscash.com.lab2454.com/whsy.php?p=%2Fproc%2F12428" "Mozilla/5.0 AppleWebKit/537.36 (KHTML, like Gecko; compatible; GPTBot/1.3; +https://openai.com/gptbot)"
74.7.227.181 - - [13/Apr/2026:22:17:11 +0000] "GET /whsy.php?p=%2Fproc%2F20248 HTTP/1.1" 200 860 "http://hibiscash.com.lab2454.com/whsy.php?e=sysrq-trigger&p=%2Fproc" "Mozilla/5.0 AppleWebKit/537.36 (KHTML, like Gecko; compatible; GPTBot/1.3; +https://openai.com/gptbot)"
74.7.242.15 - - [13/Apr/2026:22:17:12 +0000] "GET /whsy.php?e=status&p=%2Fproc%2F30733 HTTP/1.1" 200 860 "http://www.hibiscash.com.lab2454.com/whsy.php?p=%2Fproc%2F30733" "Mozilla/5.0 AppleWebKit/537.36 (KHTML, like Gecko; compatible; GPTBot/1.3; +https://openai.com/gptbot)"
74.7.227.181 - - [13/Apr/2026:22:17:15 +0000] "GET /whsy.php?p=%2Fproc%2F25069 HTTP/1.1" 200 860 "http://hibiscash.com.lab2454.com/whsy.php?e=sysrq-trigger&p=%2Fproc" "Mozilla/5.0 AppleWebKit/537.36 (KHTML, like Gecko; compatible; GPTBot/1.3; +https://openai.com/gptbot)"
74.7.242.15 - - [13/Apr/2026:22:17:16 +0000] "GET /whsy.php?e=status&p=%2Fproc%2F32557 HTTP/1.1" 200 860 "http://www.hibiscash.com.lab2454.com/whsy.php?p=%2Fproc%2F32557" "Mozilla/5.0 AppleWebKit/537.36 (KHTML, like Gecko; compatible; GPTBot/1.3; +https://openai.com/gptbot)"
74.7.227.181 - - [13/Apr/2026:22:17:19 +0000] "GET /whsy.php?e=timerslack_ns&p=%2Fproc%2F18074 HTTP/1.1" 200 2008 "http://hibiscash.com.lab2454.com/whsy.php?p=%2Fproc%2F18074" "Mozilla/5.0 AppleWebKit/537.36 (KHTML, like Gecko; compatible; GPTBot/1.3; +https://openai.com/gptbot)"
74.7.242.15 - - [13/Apr/2026:22:17:20 +0000] "GET /whsy.php?e=status&p=%2Fproc%2F32556 HTTP/1.1" 200 860 "http://www.hibiscash.com.lab2454.com/whsy.php?p=%2Fproc%2F32556" "Mozilla/5.0 AppleWebKit/537.36 (KHTML, like Gecko; compatible; GPTBot/1.3; +https://openai.com/gptbot)"
74.7.227.181 - - [13/Apr/2026:22:17:22 +0000] "GET /whsy.php?e=stack&p=%2Fproc%2F18074 HTTP/1.1" 200 1936 "http://hibiscash.com.lab2454.com/whsy.php?p=%2Fproc%2F18074" "Mozilla/5.0 AppleWebKit/537.36 (KHTML, like Gecko; compatible; GPTBot/1.3; +https://openai.com/gptbot)"
74.7.242.15 - - [13/Apr/2026:22:17:23 +0000] "GET /whsy.php?e=cpuset&p=%2Fproc%2F30575 HTTP/1.1" 200 860 "http://www.hibiscash.com.lab2454.com/whsy.php?p=%2Fproc%2F30575" "Mozilla/5.0 AppleWebKit/537.36 (KHTML, like Gecko; compatible; GPTBot/1.3; +https://openai.com/gptbot)"
74.7.227.181 - - [13/Apr/2026:22:17:26 +0000] "GET /whsy.php?e=statm&p=%2Fproc%2F18074 HTTP/1.1" 200 2028 "http://hibiscash.com.lab2454.com/whsy.php?p=%2Fproc%2F18074" "Mozilla/5.0 AppleWebKit/537.36 (KHTML, like Gecko; compatible; GPTBot/1.3; +https://openai.com/gptbot)"
74.7.242.15 - - [13/Apr/2026:22:17:27 +0000] "GET /whsy.php?e=cgroup&p=%2Fproc%2F19509 HTTP/1.1" 200 860 "http://www.hibiscash.com.lab2454.com/whsy.php?p=%2Fproc%2F19509" "Mozilla/5.0 AppleWebKit/537.36 (KHTML, like Gecko; compatible; GPTBot/1.3; +https://openai.com/gptbot)"
74.7.227.181 - - [13/Apr/2026:22:17:29 +0000] "GET /whsy.php?e=schedstat&p=%2Fproc%2F12428 HTTP/1.1" 200 2034 "http://hibiscash.com.lab2454.com/whsy.php?p=%2Fproc%2F12428" "Mozilla/5.0 AppleWebKit/537.36 (KHTML, like Gecko; compatible; GPTBot/1.3; +https://openai.com/gptbot)"
74.7.242.15 - - [13/Apr/2026:22:17:30 +0000] "GET /whsy.php?e=cpuset&p=%2Fproc%2F19509 HTTP/1.1" 200 860 "http://www.hibiscash.com.lab2454.com/whsy.php?p=%2Fproc%2F19509" "Mozilla/5.0 AppleWebKit/537.36 (KHTML, like Gecko; compatible; GPTBot/1.3; +https://openai.com/gptbot)"
74.7.242.15 - - [13/Apr/2026:22:17:33 +0000] "GET /whsy.php?e=timers&p=%2Fproc%2F22054 HTTP/1.1" 200 860 "http://www.hibiscash.com.lab2454.com/whsy.php?p=%2Fproc%2F22054" "Mozilla/5.0 AppleWebKit/537.36 (KHTML, like Gecko; compatible; GPTBot/1.3; +https://openai.com/gptbot)"
74.7.242.15 - - [13/Apr/2026:22:17:37 +0000] "GET /whsy.php?e=cgroup&p=%2Fproc%2F30575 HTTP/1.1" 200 860 "http://www.hibiscash.com.lab2454.com/whsy.php?p=%2Fproc%2F30575" "Mozilla/5.0 AppleWebKit/537.36 (KHTML, like Gecko; compatible; GPTBot/1.3; +https://openai.com/gptbot)"
74.7.242.15 - - [13/Apr/2026:22:17:41 +0000] "GET /whsy.php?e=cgroup&p=%2Fproc%2F16986 HTTP/1.1" 200 2139 "http://www.hibiscash.com.lab2454.com/whsy.php?p=%2Fproc%2F16986" "Mozilla/5.0 AppleWebKit/537.36 (KHTML, like Gecko; compatible; GPTBot/1.3; +https://openai.com/gptbot)"
74.7.242.15 - - [13/Apr/2026:22:17:44 +0000] "GET /whsy.php?e=cgroup&p=%2Fproc%2F24871 HTTP/1.1" 200 860 "http://www.hibiscash.com.lab2454.com/whsy.php?p=%2Fproc%2F24871" "Mozilla/5.0 AppleWebKit/537.36 (KHTML, like Gecko; compatible; GPTBot/1.3; +https://openai.com/gptbot)"
74.7.242.15 - - [13/Apr/2026:22:17:48 +0000] "GET /whsy.php?e=timers&p=%2Fproc%2F24502 HTTP/1.1" 200 860 "http://www.hibiscash.com.lab2454.com/whsy.php?p=%2Fproc%2F24502" "Mozilla/5.0 AppleWebKit/537.36 (KHTML, like Gecko; compatible; GPTBot/1.3; +https://openai.com/gptbot)"
74.7.242.15 - - [13/Apr/2026:22:17:52 +0000] "GET /whsy.php?e=cpuset&p=%2Fproc%2F16986 HTTP/1.1" 200 2006 "http://www.hibiscash.com.lab2454.com/whsy.php?p=%2Fproc%2F16986" "Mozilla/5.0 AppleWebKit/537.36 (KHTML, like Gecko; compatible; GPTBot/1.3; +https://openai.com/gptbot)"
74.7.242.15 - - [13/Apr/2026:22:17:57 +0000] "GET /whsy.php?e=numa_maps&p=%2Fproc%2F30733 HTTP/1.1" 200 860 "http://www.hibiscash.com.lab2454.com/whsy.php?p=%2Fproc%2F30733" "Mozilla/5.0 AppleWebKit/537.36 (KHTML, like Gecko; compatible; GPTBot/1.3; +https://openai.com/gptbot)"
74.7.227.181 - - [13/Apr/2026:22:17:32 +0000] "GET /whsy.php?p=%2Fproc%2F12428%2Ffd HTTP/1.1" 200 773192 "http://hibiscash.com.lab2454.com/whsy.php?p=%2Fproc%2F12428" "Mozilla/5.0 AppleWebKit/537.36 (KHTML, like Gecko; compatible; GPTBot/1.3; +https://openai.com/gptbot)"
74.7.242.15 - - [13/Apr/2026:22:18:03 +0000] "GET /whsy.php?e=numa_maps&p=%2Fproc%2F12428 HTTP/1.1" 200 2008 "http://www.hibiscash.com.lab2454.com/whsy.php?p=%2Fproc%2F12428" "Mozilla/5.0 AppleWebKit/537.36 (KHTML, like Gecko; compatible; GPTBot/1.3; +https://openai.com/gptbot)"
74.7.227.181 - - [13/Apr/2026:22:18:05 +0000] "GET /whsy.php?e=schedstat&p=%2Fproc%2F18074 HTTP/1.1" 200 2035 "http://hibiscash.com.lab2454.com/whsy.php?p=%2Fproc%2F18074" "Mozilla/5.0 AppleWebKit/537.36 (KHTML, like Gecko; compatible; GPTBot/1.3; +https://openai.com/gptbot)"
74.7.242.15 - - [13/Apr/2026:22:18:06 +0000] "GET /whsy.php?e=numa_maps&p=%2Fproc%2F22054 HTTP/1.1" 200 860 "http://www.hibiscash.com.lab2454.com/whsy.php?p=%2Fproc%2F22054" "Mozilla/5.0 AppleWebKit/537.36 (KHTML, like Gecko; compatible; GPTBot/1.3; +https://openai.com/gptbot)"
74.7.227.181 - - [13/Apr/2026:22:18:10 +0000] "GET /whsy.php?e=mountinfo&p=%2Fproc%2F12428 HTTP/1.1" 200 2950 "http://hibiscash.com.lab2454.com/whsy.php?p=%2Fproc%2F12428" "Mozilla/5.0 AppleWebKit/537.36 (KHTML, like Gecko; compatible; GPTBot/1.3; +https://openai.com/gptbot)"
74.7.242.15 - - [13/Apr/2026:22:18:11 +0000] "GET /whsy.php?e=numa_maps&p=%2Fproc%2F24502 HTTP/1.1" 200 860 "http://www.hibiscash.com.lab2454.com/whsy.php?p=%2Fproc%2F24502" "Mozilla/5.0 AppleWebKit/537.36 (KHTML, like Gecko; compatible; GPTBot/1.3; +https://openai.com/gptbot)"
74.7.227.181 - - [13/Apr/2026:22:18:15 +0000] "GET /whsy.php?e=mem&p=%2Fproc%2F18074 HTTP/1.1" 200 1936 "http://hibiscash.com.lab2454.com/whsy.php?p=%2Fproc%2F18074" "Mozilla/5.0 AppleWebKit/537.36 (KHTML, like Gecko; compatible; GPTBot/1.3; +https://openai.com/gptbot)"
74.7.242.15 - - [13/Apr/2026:22:18:16 +0000] "GET /whsy.php?e=numa_maps&p=%2Fproc%2F32556 HTTP/1.1" 200 860 "http://www.hibiscash.com.lab2454.com/whsy.php?p=%2Fproc%2F32556" "Mozilla/5.0 AppleWebKit/537.36 (KHTML, like Gecko; compatible; GPTBot/1.3; +https://openai.com/gptbot)"
74.7.227.181 - - [13/Apr/2026:22:18:22 +0000] "GET /whsy.php?e=cwd&p=%2Fproc%2F18074 HTTP/1.1" 200 1936 "http://hibiscash.com.lab2454.com/whsy.php?p=%2Fproc%2F18074" "Mozilla/5.0 AppleWebKit/537.36 (KHTML, like Gecko; compatible; GPTBot/1.3; +https://openai.com/gptbot)"
74.7.242.15 - - [13/Apr/2026:22:18:24 +0000] "GET /whsy.php?e=numa_maps&p=%2Fproc%2F32557 HTTP/1.1" 200 860 "http://www.hibiscash.com.lab2454.com/whsy.php?p=%2Fproc%2F32557" "Mozilla/5.0 AppleWebKit/537.36 (KHTML, like Gecko; compatible; GPTBot/1.3; +https://openai.com/gptbot)"
74.7.227.181 - - [13/Apr/2026:22:18:27 +0000] "GET /whsy.php?e=smaps&p=%2Fproc%2F18074 HTTP/1.1" 200 2121 "http://hibiscash.com.lab2454.com/whsy.php?p=%2Fproc%2F18074" "Mozilla/5.0 AppleWebKit/537.36 (KHTML, like Gecko; compatible; GPTBot/1.3; +https://openai.com/gptbot)"
74.7.242.15 - - [13/Apr/2026:22:18:28 +0000] "GET /whsy.php?e=numa_maps&p=%2Fproc%2F24210 HTTP/1.1" 200 860 "http://www.hibiscash.com.lab2454.com/whsy.php?p=%2Fproc%2F24210" "Mozilla/5.0 AppleWebKit/537.36 (KHTML, like Gecko; compatible; GPTBot/1.3; +https://openai.com/gptbot)"
74.7.227.181 - - [13/Apr/2026:22:18:31 +0000] "GET /whsy.php?e=mountinfo&p=%2Fproc%2F18074 HTTP/1.1" 200 2951 "http://hibiscash.com.lab2454.com/whsy.php?p=%2Fproc%2F18074" "Mozilla/5.0 AppleWebKit/537.36 (KHTML, like Gecko; compatible; GPTBot/1.3; +https://openai.com/gptbot)"
74.7.242.15 - - [13/Apr/2026:22:18:32 +0000] "GET /whsy.php?e=igmp&p=%2Fproc%2F12428%2Fnet HTTP/1.1" 200 2591 "http://www.hibiscash.com.lab2454.com/whsy.php?p=%2Fproc%2F12428%2Fnet" "Mozilla/5.0 AppleWebKit/537.36 (KHTML, like Gecko; compatible; GPTBot/1.3; +https://openai.com/gptbot)"
74.7.227.181 - - [13/Apr/2026:22:18:35 +0000] "GET /whsy.php?e=autogroup&p=%2Fproc%2F18074 HTTP/1.1" 200 2022 "http://hibiscash.com.lab2454.com/whsy.php?p=%2Fproc%2F18074" "Mozilla/5.0 AppleWebKit/537.36 (KHTML, like Gecko; compatible; GPTBot/1.3; +https://openai.com/gptbot)"
74.7.242.15 - - [13/Apr/2026:22:18:37 +0000] "GET /whsy.php?e=snmp&p=%2Fproc%2F16986%2Fnet HTTP/1.1" 200 3230 "http://www.hibiscash.com.lab2454.com/whsy.php?p=%2Fproc%2F16986%2Fnet" "Mozilla/5.0 AppleWebKit/537.36 (KHTML, like Gecko; compatible; GPTBot/1.3; +https://openai.com/gptbot)"
74.7.227.181 - - [13/Apr/2026:22:18:40 +0000] "GET /whsy.php?e=wchan&p=%2Fproc%2F18074 HTTP/1.1" 200 2005 "http://hibiscash.com.lab2454.com/whsy.php?p=%2Fproc%2F18074" "Mozilla/5.0 AppleWebKit/537.36 (KHTML, like Gecko; compatible; GPTBot/1.3; +https://openai.com/gptbot)"
74.7.242.15 - - [13/Apr/2026:22:18:41 +0000] "GET /whsy.php?e=unix&p=%2Fproc%2F16986%2Fnet HTTP/1.1" 200 5098 "http://www.hibiscash.com.lab2454.com/whsy.php?p=%2Fproc%2F16986%2Fnet" "Mozilla/5.0 AppleWebKit/537.36 (KHTML, like Gecko; compatible; GPTBot/1.3; +https://openai.com/gptbot)"
74.7.227.181 - - [13/Apr/2026:22:18:43 +0000] "GET /whsy.php?e=syscall&p=%2Fproc%2F12428 HTTP/1.1" 200 1936 "http://hibiscash.com.lab2454.com/whsy.php?p=%2Fproc%2F12428" "Mozilla/5.0 AppleWebKit/537.36 (KHTML, like Gecko; compatible; GPTBot/1.3; +https://openai.com/gptbot)"
74.7.242.15 - - [13/Apr/2026:22:18:44 +0000] "GET /whsy.php?e=oom_score&p=%2Fproc%2F30575 HTTP/1.1" 200 860 "http://www.hibiscash.com.lab2454.com/whsy.php?p=%2Fproc%2F30575" "Mozilla/5.0 AppleWebKit/537.36 (KHTML, like Gecko; compatible; GPTBot/1.3; +https://openai.com/gptbot)"
74.7.227.181 - - [13/Apr/2026:22:18:46 +0000] "GET /whsy.php?e=auxv&p=%2Fproc%2F18074 HTTP/1.1" 200 1936 "http://hibiscash.com.lab2454.com/whsy.php?p=%2Fproc%2F18074" "Mozilla/5.0 AppleWebKit/537.36 (KHTML, like Gecko; compatible; GPTBot/1.3; +https://openai.com/gptbot)"
74.7.242.15 - - [13/Apr/2026:22:18:47 +0000] "GET /whsy.php?e=oom_score&p=%2Fproc%2F19509 HTTP/1.1" 200 860 "http://www.hibiscash.com.lab2454.com/whsy.php?p=%2Fproc%2F19509" "Mozilla/5.0 AppleWebKit/537.36 (KHTML, like Gecko; compatible; GPTBot/1.3; +https://openai.com/gptbot)"
74.7.227.181 - - [13/Apr/2026:22:18:50 +0000] "GET /whsy.php?e=pagemap&p=%2Fproc%2F12428 HTTP/1.1" 200 1936 "http://hibiscash.com.lab2454.com/whsy.php?p=%2Fproc%2F12428" "Mozilla/5.0 AppleWebKit/537.36 (KHTML, like Gecko; compatible; GPTBot/1.3; +https://openai.com/gptbot)"
74.7.242.15 - - [13/Apr/2026:22:18:50 +0000] "GET /whsy.php?e=oom_score&p=%2Fproc%2F16986 HTTP/1.1" 200 2007 "http://www.hibiscash.com.lab2454.com/whsy.php?p=%2Fproc%2F16986" "Mozilla/5.0 AppleWebKit/537.36 (KHTML, like Gecko; compatible; GPTBot/1.3; +https://openai.com/gptbot)"
74.7.227.181 - - [13/Apr/2026:22:18:54 +0000] "GET /whsy.php?e=exe&p=%2Fproc%2F18074 HTTP/1.1" 200 1936 "http://hibiscash.com.lab2454.com/whsy.php?p=%2Fproc%2F18074" "Mozilla/5.0 AppleWebKit/537.36 (KHTML, like Gecko; compatible; GPTBot/1.3; +https://openai.com/gptbot)"
74.7.242.15 - - [13/Apr/2026:22:18:55 +0000] "GET /whsy.php?e=arp&p=%2Fproc%2F16986%2Fnet HTTP/1.1" 200 2580 "http://www.hibiscash.com.lab2454.com/whsy.php?p=%2Fproc%2F16986%2Fnet" "Mozilla/5.0 AppleWebKit/537.36 (KHTML, like Gecko; compatible; GPTBot/1.3; +https://openai.com/gptbot)"
74.7.227.181 - - [13/Apr/2026:22:19:00 +0000] "GET /whsy.php?e=sched&p=%2Fproc%2F18074 HTTP/1.1" 200 2492 "http://hibiscash.com.lab2454.com/whsy.php?p=%2Fproc%2F18074" "Mozilla/5.0 AppleWebKit/537.36 (KHTML, like Gecko; compatible; GPTBot/1.3; +https://openai.com/gptbot)"
74.7.242.15 - - [13/Apr/2026:22:19:02 +0000] "GET /whsy.php?e=arch_status&p=%2Fproc%2F12428 HTTP/1.1" 200 2005 "http://www.hibiscash.com.lab2454.com/whsy.php?p=%2Fproc%2F12428" "Mozilla/5.0 AppleWebKit/537.36 (KHTML, like Gecko; compatible; GPTBot/1.3; +https://openai.com/gptbot)"
74.7.227.181 - - [13/Apr/2026:22:19:07 +0000] "GET /whsy.php?e=timens_offsets&p=%2Fproc%2F18074 HTTP/1.1" 200 2023 "http://hibiscash.com.lab2454.com/whsy.php?p=%2Fproc%2F18074" "Mozilla/5.0 AppleWebKit/537.36 (KHTML, like Gecko; compatible; GPTBot/1.3; +https://openai.com/gptbot)"
74.7.242.15 - - [13/Apr/2026:22:19:09 +0000] "GET /whsy.php?e=arch_status&p=%2Fproc%2F24502 HTTP/1.1" 200 860 "http://www.hibiscash.com.lab2454.com/whsy.php?p=%2Fproc%2F24502" "Mozilla/5.0 AppleWebKit/537.36 (KHTML, like Gecko; compatible; GPTBot/1.3; +https://openai.com/gptbot)"
74.7.227.181 - - [13/Apr/2026:22:19:12 +0000] "GET /whsy.php?e=sessionid&p=%2Fproc%2F18074 HTTP/1.1" 200 2017 "http://hibiscash.com.lab2454.com/whsy.php?p=%2Fproc%2F18074" "Mozilla/5.0 AppleWebKit/537.36 (KHTML, like Gecko; compatible; GPTBot/1.3; +https://openai.com/gptbot)"
74.7.242.15 - - [13/Apr/2026:22:19:13 +0000] "GET /whsy.php?e=arch_status&p=%2Fproc%2F22054 HTTP/1.1" 200 860 "http://www.hibiscash.com.lab2454.com/whsy.php?p=%2Fproc%2F22054" "Mozilla/5.0 AppleWebKit/537.36 (KHTML, like Gecko; compatible; GPTBot/1.3; +https://openai.com/gptbot)"
74.7.227.181 - - [13/Apr/2026:22:19:17 +0000] "GET /whsy.php?e=setgroups&p=%2Fproc%2F18074 HTTP/1.1" 200 2007 "http://hibiscash.com.lab2454.com/whsy.php?p=%2Fproc%2F18074" "Mozilla/5.0 AppleWebKit/537.36 (KHTML, like Gecko; compatible; GPTBot/1.3; +https://openai.com/gptbot)"
74.7.242.15 - - [13/Apr/2026:22:19:18 +0000] "GET /whsy.php?e=arch_status&p=%2Fproc%2F24210 HTTP/1.1" 200 860 "http://www.hibiscash.com.lab2454.com/whsy.php?p=%2Fproc%2F24210" "Mozilla/5.0 AppleWebKit/537.36 (KHTML, like Gecko; compatible; GPTBot/1.3; +https://openai.com/gptbot)"
74.7.227.181 - - [13/Apr/2026:22:19:22 +0000] "GET /whsy.php?e=comm&p=%2Fproc%2F18074 HTTP/1.1" 200 2014 "http://hibiscash.com.lab2454.com/whsy.php?p=%2Fproc%2F18074" "Mozilla/5.0 AppleWebKit/537.36 (KHTML, like Gecko; compatible; GPTBot/1.3; +https://openai.com/gptbot)"
74.7.242.15 - - [13/Apr/2026:22:19:22 +0000] "GET /whsy.php?e=prev&p=%2Fproc%2F12428%2Fattr HTTP/1.1" 200 858 "http://www.hibiscash.com.lab2454.com/whsy.php?p=%2Fproc%2F12428%2Fattr" "Mozilla/5.0 AppleWebKit/537.36 (KHTML, like Gecko; compatible; GPTBot/1.3; +https://openai.com/gptbot)"
74.7.227.181 - - [13/Apr/2026:22:19:26 +0000] "GET /whsy.php?e=maps&p=%2Fproc%2F18074 HTTP/1.1" 200 2119 "http://hibiscash.com.lab2454.com/whsy.php?p=%2Fproc%2F18074" "Mozilla/5.0 AppleWebKit/537.36 (KHTML, like Gecko; compatible; GPTBot/1.3; +https://openai.com/gptbot)"
74.7.242.15 - - [13/Apr/2026:22:19:26 +0000] "GET /whsy.php?e=ptype&p=%2Fproc%2F12428%2Fnet HTTP/1.1" 200 2616 "http://www.hibiscash.com.lab2454.com/whsy.php?p=%2Fproc%2F12428%2Fnet" "Mozilla/5.0 AppleWebKit/537.36 (KHTML, like Gecko; compatible; GPTBot/1.3; +https://openai.com/gptbot)"
74.7.227.181 - - [13/Apr/2026:22:19:29 +0000] "GET /whsy.php?e=auxv&p=%2Fproc%2F12428 HTTP/1.1" 200 1936 "http://hibiscash.com.lab2454.com/whsy.php?p=%2Fproc%2F12428" "Mozilla/5.0 AppleWebKit/537.36 (KHTML, like Gecko; compatible; GPTBot/1.3; +https://openai.com/gptbot)"
74.7.242.15 - - [13/Apr/2026:22:19:29 +0000] "GET /whsy.php?e=oom_score&p=%2Fproc%2F24871 HTTP/1.1" 200 860 "http://www.hibiscash.com.lab2454.com/whsy.php?p=%2Fproc%2F24871" "Mozilla/5.0 AppleWebKit/537.36 (KHTML, like Gecko; compatible; GPTBot/1.3; +https://openai.com/gptbot)"
74.7.227.181 - - [13/Apr/2026:22:19:32 +0000] "GET /whsy.php?e=autogroup&p=%2Fproc%2F12428 HTTP/1.1" 200 2002 "http://hibiscash.com.lab2454.com/whsy.php?p=%2Fproc%2F12428" "Mozilla/5.0 AppleWebKit/537.36 (KHTML, like Gecko; compatible; GPTBot/1.3; +https://openai.com/gptbot)"
74.7.242.15 - - [13/Apr/2026:22:19:32 +0000] "GET /whsy.php?e=ptype&p=%2Fproc%2F16986%2Fnet HTTP/1.1" 200 2617 "http://www.hibiscash.com.lab2454.com/whsy.php?p=%2Fproc%2F16986%2Fnet" "Mozilla/5.0 AppleWebKit/537.36 (KHTML, like Gecko; compatible; GPTBot/1.3; +https://openai.com/gptbot)"
74.7.227.181 - - [13/Apr/2026:22:19:36 +0000] "GET /whsy.php?e=gid_map&p=%2Fproc%2F18074 HTTP/1.1" 200 2026 "http://hibiscash.com.lab2454.com/whsy.php?p=%2Fproc%2F18074" "Mozilla/5.0 AppleWebKit/537.36 (KHTML, like Gecko; compatible; GPTBot/1.3; +https://openai.com/gptbot)"
74.7.242.15 - - [13/Apr/2026:22:19:36 +0000] "GET /whsy.php?e=pppoe&p=%2Fproc%2F12428%2Fnet HTTP/1.1" 200 2523 "http://www.hibiscash.com.lab2454.com/whsy.php?p=%2Fproc%2F12428%2Fnet" "Mozilla/5.0 AppleWebKit/537.36 (KHTML, like Gecko; compatible; GPTBot/1.3; +https://openai.com/gptbot)"
74.7.227.181 - - [13/Apr/2026:22:19:42 +0000] "GET /whsy.php?e=uid_map&p=%2Fproc%2F18074 HTTP/1.1" 200 2023 "http://hibiscash.com.lab2454.com/whsy.php?p=%2Fproc%2F18074" "Mozilla/5.0 AppleWebKit/537.36 (KHTML, like Gecko; compatible; GPTBot/1.3; +https://openai.com/gptbot)"
74.7.242.15 - - [13/Apr/2026:22:19:42 +0000] "GET /whsy.php?e=pppoe&p=%2Fproc%2F16986%2Fnet HTTP/1.1" 200 2524 "http://www.hibiscash.com.lab2454.com/whsy.php?p=%2Fproc%2F16986%2Fnet" "Mozilla/5.0 AppleWebKit/537.36 (KHTML, like Gecko; compatible; GPTBot/1.3; +https://openai.com/gptbot)"
74.7.227.181 - - [13/Apr/2026:22:19:47 +0000] "GET /whsy.php?e=oom_adj&p=%2Fproc%2F18074 HTTP/1.1" 200 2007 "http://hibiscash.com.lab2454.com/whsy.php?p=%2Fproc%2F18074" "Mozilla/5.0 AppleWebKit/537.36 (KHTML, like Gecko; compatible; GPTBot/1.3; +https://openai.com/gptbot)"
74.7.242.15 - - [13/Apr/2026:22:19:47 +0000] "GET /whsy.php?e=arch_status&p=%2Fproc%2F30733 HTTP/1.1" 200 860 "http://www.hibiscash.com.lab2454.com/whsy.php?p=%2Fproc%2F30733" "Mozilla/5.0 AppleWebKit/537.36 (KHTML, like Gecko; compatible; GPTBot/1.3; +https://openai.com/gptbot)"
74.7.227.181 - - [13/Apr/2026:22:19:51 +0000] "GET /whsy.php?e=smaps&p=%2Fproc%2F12428 HTTP/1.1" 200 2007 "http://hibiscash.com.lab2454.com/whsy.php?p=%2Fproc%2F12428" "Mozilla/5.0 AppleWebKit/537.36 (KHTML, like Gecko; compatible; GPTBot/1.3; +https://openai.com/gptbot)"
74.7.242.15 - - [13/Apr/2026:22:19:51 +0000] "GET /whsy.php?e=arch_status&p=%2Fproc%2F32557 HTTP/1.1" 200 860 "http://www.hibiscash.com.lab2454.com/whsy.php?p=%2Fproc%2F32557" "Mozilla/5.0 AppleWebKit/537.36 (KHTML, like Gecko; compatible; GPTBot/1.3; +https://openai.com/gptbot)"
74.7.227.181 - - [13/Apr/2026:22:19:57 +0000] "GET /whsy.php?e=wchan&p=%2Fproc%2F12428 HTTP/1.1" 200 2004 "http://hibiscash.com.lab2454.com/whsy.php?p=%2Fproc%2F12428" "Mozilla/5.0 AppleWebKit/537.36 (KHTML, like Gecko; compatible; GPTBot/1.3; +https://openai.com/gptbot)"
74.7.242.15 - - [13/Apr/2026:22:19:57 +0000] "GET /whsy.php?e=arch_status&p=%2Fproc%2F32556 HTTP/1.1" 200 860 "http://www.hibiscash.com.lab2454.com/whsy.php?p=%2Fproc%2F32556" "Mozilla/5.0 AppleWebKit/537.36 (KHTML, like Gecko; compatible; GPTBot/1.3; +https://openai.com/gptbot)"
74.7.227.181 - - [13/Apr/2026:22:20:03 +0000] "GET /whsy.php?e=sched&p=%2Fproc%2F12428 HTTP/1.1" 200 2462 "http://hibiscash.com.lab2454.com/whsy.php?p=%2Fproc%2F12428" "Mozilla/5.0 AppleWebKit/537.36 (KHTML, like Gecko; compatible; GPTBot/1.3; +https://openai.com/gptbot)"
74.7.242.15 - - [13/Apr/2026:22:20:04 +0000] "GET /whsy.php?e=icmp&p=%2Fproc%2F16986%2Fnet HTTP/1.1" 200 2581 "http://www.hibiscash.com.lab2454.com/whsy.php?p=%2Fproc%2F16986%2Fnet" "Mozilla/5.0 AppleWebKit/537.36 (KHTML, like Gecko; compatible; GPTBot/1.3; +https://openai.com/gptbot)"
74.7.227.181 - - [13/Apr/2026:22:20:09 +0000] "GET /whsy.php?e=statm&p=%2Fproc%2F12428 HTTP/1.1" 200 2007 "http://hibiscash.com.lab2454.com/whsy.php?p=%2Fproc%2F12428" "Mozilla/5.0 AppleWebKit/537.36 (KHTML, like Gecko; compatible; GPTBot/1.3; +https://openai.com/gptbot)"
74.7.242.15 - - [13/Apr/2026:22:20:09 +0000] "GET /whsy.php?e=psched&p=%2Fproc%2F12428%2Fnet HTTP/1.1" 200 2531 "http://www.hibiscash.com.lab2454.com/whsy.php?p=%2Fproc%2F12428%2Fnet" "Mozilla/5.0 AppleWebKit/537.36 (KHTML, like Gecko; compatible; GPTBot/1.3; +https://openai.com/gptbot)"
74.7.227.181 - - [13/Apr/2026:22:20:15 +0000] "GET /whsy.php?e=stack&p=%2Fproc%2F12428 HTTP/1.1" 200 1936 "http://hibiscash.com.lab2454.com/whsy.php?p=%2Fproc%2F12428" "Mozilla/5.0 AppleWebKit/537.36 (KHTML, like Gecko; compatible; GPTBot/1.3; +https://openai.com/gptbot)"
74.7.242.15 - - [13/Apr/2026:22:20:16 +0000] "GET /whsy.php?e=netstat&p=%2Fproc%2F12428%2Fnet HTTP/1.1" 200 4259 "http://www.hibiscash.com.lab2454.com/whsy.php?p=%2Fproc%2F12428%2Fnet" "Mozilla/5.0 AppleWebKit/537.36 (KHTML, like Gecko; compatible; GPTBot/1.3; +https://openai.com/gptbot)"
74.7.227.181 - - [13/Apr/2026:22:20:23 +0000] "GET /whsy.php?e=stat&p=%2Fproc%2F18074 HTTP/1.1" 200 2123 "http://hibiscash.com.lab2454.com/whsy.php?p=%2Fproc%2F18074" "Mozilla/5.0 AppleWebKit/537.36 (KHTML, like Gecko; compatible; GPTBot/1.3; +https://openai.com/gptbot)"
74.7.242.15 - - [13/Apr/2026:22:20:23 +0000] "GET /whsy.php?e=udp&p=%2Fproc%2F16986%2Fnet HTTP/1.1" 200 2773 "http://www.hibiscash.com.lab2454.com/whsy.php?p=%2Fproc%2F16986%2Fnet" "Mozilla/5.0 AppleWebKit/537.36 (KHTML, like Gecko; compatible; GPTBot/1.3; +https://openai.com/gptbot)"
74.7.227.181 - - [13/Apr/2026:22:20:26 +0000] "GET /whsy.php?e=io&p=%2Fproc%2F18074 HTTP/1.1" 200 1936 "http://hibiscash.com.lab2454.com/whsy.php?p=%2Fproc%2F18074" "Mozilla/5.0 AppleWebKit/537.36 (KHTML, like Gecko; compatible; GPTBot/1.3; +https://openai.com/gptbot)"
74.7.242.15 - - [13/Apr/2026:22:20:27 +0000] "GET /whsy.php?e=raw&p=%2Fproc%2F16986%2Fnet HTTP/1.1" 200 2578 "http://www.hibiscash.com.lab2454.com/whsy.php?p=%2Fproc%2F16986%2Fnet" "Mozilla/5.0 AppleWebKit/537.36 (KHTML, like Gecko; compatible; GPTBot/1.3; +https://openai.com/gptbot)"
74.7.227.181 - - [13/Apr/2026:22:20:29 +0000] "GET /whsy.php?e=exe&p=%2Fproc%2F12428 HTTP/1.1" 200 1936 "http://hibiscash.com.lab2454.com/whsy.php?p=%2Fproc%2F12428" "Mozilla/5.0 AppleWebKit/537.36 (KHTML, like Gecko; compatible; GPTBot/1.3; +https://openai.com/gptbot)"
74.7.242.15 - - [13/Apr/2026:22:20:30 +0000] "GET /whsy.php?e=oom_score&p=%2Fproc%2F32556 HTTP/1.1" 200 860 "http://www.hibiscash.com.lab2454.com/whsy.php?p=%2Fproc%2F32556" "Mozilla/5.0 AppleWebKit/537.36 (KHTML, like Gecko; compatible; GPTBot/1.3; +https://openai.com/gptbot)"
74.7.227.181 - - [13/Apr/2026:22:20:33 +0000] "GET /whsy.php?e=cwd&p=%2Fproc%2F12428 HTTP/1.1" 200 1936 "http://hibiscash.com.lab2454.com/whsy.php?p=%2Fproc%2F12428" "Mozilla/5.0 AppleWebKit/537.36 (KHTML, like Gecko; compatible; GPTBot/1.3; +https://openai.com/gptbot)"
74.7.242.15 - - [13/Apr/2026:22:20:34 +0000] "GET /whsy.php?e=oom_score&p=%2Fproc%2F32557 HTTP/1.1" 200 860 "http://www.hibiscash.com.lab2454.com/whsy.php?p=%2Fproc%2F32557" "Mozilla/5.0 AppleWebKit/537.36 (KHTML, like Gecko; compatible; GPTBot/1.3; +https://openai.com/gptbot)"
74.7.227.181 - - [13/Apr/2026:22:20:37 +0000] "GET /whsy.php?e=mem&p=%2Fproc%2F12428 HTTP/1.1" 200 1936 "http://hibiscash.com.lab2454.com/whsy.php?p=%2Fproc%2F12428" "Mozilla/5.0 AppleWebKit/537.36 (KHTML, like Gecko; compatible; GPTBot/1.3; +https://openai.com/gptbot)"
74.7.242.15 - - [13/Apr/2026:22:20:37 +0000] "GET /whsy.php?e=oom_score&p=%2Fproc%2F30733 HTTP/1.1" 200 860 "http://www.hibiscash.com.lab2454.com/whsy.php?p=%2Fproc%2F30733" "Mozilla/5.0 AppleWebKit/537.36 (KHTML, like Gecko; compatible; GPTBot/1.3; +https://openai.com/gptbot)"
74.7.227.181 - - [13/Apr/2026:22:20:40 +0000] "GET /whsy.php?e=root&p=%2Fproc%2F18074 HTTP/1.1" 200 1936 "http://hibiscash.com.lab2454.com/whsy.php?p=%2Fproc%2F18074" "Mozilla/5.0 AppleWebKit/537.36 (KHTML, like Gecko; compatible; GPTBot/1.3; +https://openai.com/gptbot)"
74.7.242.15 - - [13/Apr/2026:22:20:41 +0000] "GET /whsy.php?e=netstat&p=%2Fproc%2F16986%2Fnet HTTP/1.1" 200 4261 "http://www.hibiscash.com.lab2454.com/whsy.php?p=%2Fproc%2F16986%2Fnet" "Mozilla/5.0 AppleWebKit/537.36 (KHTML, like Gecko; compatible; GPTBot/1.3; +https://openai.com/gptbot)"
74.7.227.181 - - [13/Apr/2026:22:20:44 +0000] "GET /whsy.php?e=oom_adj&p=%2Fproc%2F12428 HTTP/1.1" 200 2006 "http://hibiscash.com.lab2454.com/whsy.php?p=%2Fproc%2F12428" "Mozilla/5.0 AppleWebKit/537.36 (KHTML, like Gecko; compatible; GPTBot/1.3; +https://openai.com/gptbot)"
74.7.242.15 - - [13/Apr/2026:22:20:44 +0000] "GET /whsy.php?e=netlink&p=%2Fproc%2F12428%2Fnet HTTP/1.1" 200 2811 "http://www.hibiscash.com.lab2454.com/whsy.php?p=%2Fproc%2F12428%2Fnet" "Mozilla/5.0 AppleWebKit/537.36 (KHTML, like Gecko; compatible; GPTBot/1.3; +https://openai.com/gptbot)"
74.7.227.181 - - [13/Apr/2026:22:20:47 +0000] "GET /whsy.php?e=gid_map&p=%2Fproc%2F12428 HTTP/1.1" 200 2025 "http://hibiscash.com.lab2454.com/whsy.php?p=%2Fproc%2F12428" "Mozilla/5.0 AppleWebKit/537.36 (KHTML, like Gecko; compatible; GPTBot/1.3; +https://openai.com/gptbot)"
74.7.242.15 - - [13/Apr/2026:22:20:47 +0000] "GET /whsy.php?e=tls_stat&p=%2Fproc%2F16986%2Fnet HTTP/1.1" 200 2601 "http://www.hibiscash.com.lab2454.com/whsy.php?p=%2Fproc%2F16986%2Fnet" "Mozilla/5.0 AppleWebKit/537.36 (KHTML, like Gecko; compatible; GPTBot/1.3; +https://openai.com/gptbot)"
74.7.227.181 - - [13/Apr/2026:22:20:50 +0000] "GET /whsy.php?e=uid_map&p=%2Fproc%2F12428 HTTP/1.1" 200 2022 "http://hibiscash.com.lab2454.com/whsy.php?p=%2Fproc%2F12428" "Mozilla/5.0 AppleWebKit/537.36 (KHTML, like Gecko; compatible; GPTBot/1.3; +https://openai.com/gptbot)"
74.7.242.15 - - [13/Apr/2026:22:20:50 +0000] "GET /whsy.php?e=netlink&p=%2Fproc%2F16986%2Fnet HTTP/1.1" 200 2812 "http://www.hibiscash.com.lab2454.com/whsy.php?p=%2Fproc%2F16986%2Fnet" "Mozilla/5.0 AppleWebKit/537.36 (KHTML, like Gecko; compatible; GPTBot/1.3; +https://openai.com/gptbot)"
74.7.227.181 - - [13/Apr/2026:22:20:53 +0000] "GET /whsy.php?e=oom_score_adj&p=%2Fproc%2F18074 HTTP/1.1" 200 2008 "http://hibiscash.com.lab2454.com/whsy.php?p=%2Fproc%2F18074" "Mozilla/5.0 AppleWebKit/537.36 (KHTML, like Gecko; compatible; GPTBot/1.3; +https://openai.com/gptbot)"
74.7.242.15 - - [13/Apr/2026:22:20:54 +0000] "GET /whsy.php?e=fib_trie&p=%2Fproc%2F16986%2Fnet HTTP/1.1" 200 2694 "http://www.hibiscash.com.lab2454.com/whsy.php?p=%2Fproc%2F16986%2Fnet" "Mozilla/5.0 AppleWebKit/537.36 (KHTML, like Gecko; compatible; GPTBot/1.3; +https://openai.com/gptbot)"
74.7.227.181 - - [13/Apr/2026:22:20:57 +0000] "GET /whsy.php?e=ksm_stat&p=%2Fproc%2F18074 HTTP/1.1" 200 1936 "http://hibiscash.com.lab2454.com/whsy.php?p=%2Fproc%2F18074" "Mozilla/5.0 AppleWebKit/537.36 (KHTML, like Gecko; compatible; GPTBot/1.3; +https://openai.com/gptbot)"
74.7.242.15 - - [13/Apr/2026:22:20:57 +0000] "GET /whsy.php?e=mcfilter&p=%2Fproc%2F16986%2Fnet HTTP/1.1" 200 2538 "http://www.hibiscash.com.lab2454.com/whsy.php?p=%2Fproc%2F16986%2Fnet" "Mozilla/5.0 AppleWebKit/537.36 (KHTML, like Gecko; compatible; GPTBot/1.3; +https://openai.com/gptbot)"
74.7.227.181 - - [13/Apr/2026:22:21:00 +0000] "GET /whsy.php?e=setgroups&p=%2Fproc%2F12428 HTTP/1.1" 200 2006 "http://hibiscash.com.lab2454.com/whsy.php?p=%2Fproc%2F12428" "Mozilla/5.0 AppleWebKit/537.36 (KHTML, like Gecko; compatible; GPTBot/1.3; +https://openai.com/gptbot)"
74.7.242.15 - - [13/Apr/2026:22:21:00 +0000] "GET /whsy.php?e=udplite&p=%2Fproc%2F16986%2Fnet HTTP/1.1" 200 2583 "http://www.hibiscash.com.lab2454.com/whsy.php?p=%2Fproc%2F16986%2Fnet" "Mozilla/5.0 AppleWebKit/537.36 (KHTML, like Gecko; compatible; GPTBot/1.3; +https://openai.com/gptbot)"
74.7.227.181 - - [13/Apr/2026:22:21:03 +0000] "GET /whsy.php?e=sessionid&p=%2Fproc%2F12428 HTTP/1.1" 200 2015 "http://hibiscash.com.lab2454.com/whsy.php?p=%2Fproc%2F12428" "Mozilla/5.0 AppleWebKit/537.36 (KHTML, like Gecko; compatible; GPTBot/1.3; +https://openai.com/gptbot)"
74.7.242.15 - - [13/Apr/2026:22:21:04 +0000] "GET /whsy.php?e=snmp&p=%2Fproc%2F12428%2Fnet HTTP/1.1" 200 3231 "http://www.hibiscash.com.lab2454.com/whsy.php?p=%2Fproc%2F12428%2Fnet" "Mozilla/5.0 AppleWebKit/537.36 (KHTML, like Gecko; compatible; GPTBot/1.3; +https://openai.com/gptbot)"
74.7.227.181 - - [13/Apr/2026:22:21:06 +0000] "GET /whsy.php?e=timerslack_ns&p=%2Fproc%2F12428 HTTP/1.1" 200 2007 "http://hibiscash.com.lab2454.com/whsy.php?p=%2Fproc%2F12428" "Mozilla/5.0 AppleWebKit/537.36 (KHTML, like Gecko; compatible; GPTBot/1.3; +https://openai.com/gptbot)"
74.7.242.15 - - [13/Apr/2026:22:21:07 +0000] "GET /whsy.php?e=tls_stat&p=%2Fproc%2F12428%2Fnet HTTP/1.1" 200 2600 "http://www.hibiscash.com.lab2454.com/whsy.php?p=%2Fproc%2F12428%2Fnet" "Mozilla/5.0 AppleWebKit/537.36 (KHTML, like Gecko; compatible; GPTBot/1.3; +https://openai.com/gptbot)"
74.7.227.181 - - [13/Apr/2026:22:21:10 +0000] "GET /whsy.php?e=stat&p=%2Fproc%2F12428 HTTP/1.1" 200 2117 "http://hibiscash.com.lab2454.com/whsy.php?p=%2Fproc%2F12428" "Mozilla/5.0 AppleWebKit/537.36 (KHTML, like Gecko; compatible; GPTBot/1.3; +https://openai.com/gptbot)"
74.7.242.15 - - [13/Apr/2026:22:21:10 +0000] "GET /whsy.php?e=sockstat&p=%2Fproc%2F12428%2Fnet HTTP/1.1" 200 2601 "http://www.hibiscash.com.lab2454.com/whsy.php?p=%2Fproc%2F12428%2Fnet" "Mozilla/5.0 AppleWebKit/537.36 (KHTML, like Gecko; compatible; GPTBot/1.3; +https://openai.com/gptbot)"
74.7.227.181 - - [13/Apr/2026:22:21:13 +0000] "GET /whsy.php?e=root&p=%2Fproc%2F12428 HTTP/1.1" 200 1936 "http://hibiscash.com.lab2454.com/whsy.php?p=%2Fproc%2F12428" "Mozilla/5.0 AppleWebKit/537.36 (KHTML, like Gecko; compatible; GPTBot/1.3; +https://openai.com/gptbot)"
74.7.242.15 - - [13/Apr/2026:22:21:14 +0000] "GET /whsy.php?e=current&p=%2Fproc%2F12428%2Fattr HTTP/1.1" 200 847 "http://www.hibiscash.com.lab2454.com/whsy.php?p=%2Fproc%2F12428%2Fattr" "Mozilla/5.0 AppleWebKit/537.36 (KHTML, like Gecko; compatible; GPTBot/1.3; +https://openai.com/gptbot)"
74.7.227.181 - - [13/Apr/2026:22:21:17 +0000] "GET /whsy.php?e=comm&p=%2Fproc%2F12428 HTTP/1.1" 200 2031 "http://hibiscash.com.lab2454.com/whsy.php?p=%2Fproc%2F12428" "Mozilla/5.0 AppleWebKit/537.36 (KHTML, like Gecko; compatible; GPTBot/1.3; +https://openai.com/gptbot)"
74.7.242.15 - - [13/Apr/2026:22:21:17 +0000] "GET /whsy.php?e=rt_cache&p=%2Fproc%2F12428%2Fnet HTTP/1.1" 200 2597 "http://www.hibiscash.com.lab2454.com/whsy.php?p=%2Fproc%2F12428%2Fnet" "Mozilla/5.0 AppleWebKit/537.36 (KHTML, like Gecko; compatible; GPTBot/1.3; +https://openai.com/gptbot)"
74.7.227.181 - - [13/Apr/2026:22:21:20 +0000] "GET /whsy.php?e=maps&p=%2Fproc%2F12428 HTTP/1.1" 200 860 "http://hibiscash.com.lab2454.com/whsy.php?p=%2Fproc%2F12428" "Mozilla/5.0 AppleWebKit/537.36 (KHTML, like Gecko; compatible; GPTBot/1.3; +https://openai.com/gptbot)"
74.7.242.15 - - [13/Apr/2026:22:21:20 +0000] "GET /whsy.php?e=ip_vs&p=%2Fproc%2F16986%2Fnet HTTP/1.1" 200 2615 "http://www.hibiscash.com.lab2454.com/whsy.php?p=%2Fproc%2F16986%2Fnet" "Mozilla/5.0 AppleWebKit/537.36 (KHTML, like Gecko; compatible; GPTBot/1.3; +https://openai.com/gptbot)"
74.7.227.181 - - [13/Apr/2026:22:21:23 +0000] "GET /whsy.php?e=cmdline&p=%2Fproc%2F18074 HTTP/1.1" 200 2015 "http://hibiscash.com.lab2454.com/whsy.php?p=%2Fproc%2F18074" "Mozilla/5.0 AppleWebKit/537.36 (KHTML, like Gecko; compatible; GPTBot/1.3; +https://openai.com/gptbot)"
74.7.242.15 - - [13/Apr/2026:22:21:23 +0000] "GET /whsy.php?e=arp&p=%2Fproc%2F12428%2Fnet HTTP/1.1" 200 860 "http://www.hibiscash.com.lab2454.com/whsy.php?p=%2Fproc%2F12428%2Fnet" "Mozilla/5.0 AppleWebKit/537.36 (KHTML, like Gecko; compatible; GPTBot/1.3; +https://openai.com/gptbot)"
74.7.227.181 - - [13/Apr/2026:22:21:26 +0000] "GET /whsy.php?e=cpuset&p=%2Fproc%2F12428 HTTP/1.1" 200 860 "http://hibiscash.com.lab2454.com/whsy.php?p=%2Fproc%2F12428" "Mozilla/5.0 AppleWebKit/537.36 (KHTML, like Gecko; compatible; GPTBot/1.3; +https://openai.com/gptbot)"
74.7.242.15 - - [13/Apr/2026:22:21:27 +0000] "GET /whsy.php?e=tcp&p=%2Fproc%2F12428%2Fnet HTTP/1.1" 200 860 "http://www.hibiscash.com.lab2454.com/whsy.php?p=%2Fproc%2F12428%2Fnet" "Mozilla/5.0 AppleWebKit/537.36 (KHTML, like Gecko; compatible; GPTBot/1.3; +https://openai.com/gptbot)"
74.7.227.181 - - [13/Apr/2026:22:21:29 +0000] "GET /whsy.php?e=cgroup&p=%2Fproc%2F12428 HTTP/1.1" 200 860 "http://hibiscash.com.lab2454.com/whsy.php?p=%2Fproc%2F12428" "Mozilla/5.0 AppleWebKit/537.36 (KHTML, like Gecko; compatible; GPTBot/1.3; +https://openai.com/gptbot)"
74.7.242.15 - - [13/Apr/2026:22:21:30 +0000] "GET /whsy.php?e=exec&p=%2Fproc%2F12428%2Fattr HTTP/1.1" 200 860 "http://www.hibiscash.com.lab2454.com/whsy.php?p=%2Fproc%2F12428%2Fattr" "Mozilla/5.0 AppleWebKit/537.36 (KHTML, like Gecko; compatible; GPTBot/1.3; +https://openai.com/gptbot)"
74.7.227.181 - - [13/Apr/2026:22:21:32 +0000] "GET /whsy.php?e=timens_offsets&p=%2Fproc%2F12428 HTTP/1.1" 200 860 "http://hibiscash.com.lab2454.com/whsy.php?p=%2Fproc%2F12428" "Mozilla/5.0 AppleWebKit/537.36 (KHTML, like Gecko; compatible; GPTBot/1.3; +https://openai.com/gptbot)"
74.7.242.15 - - [13/Apr/2026:22:21:33 +0000] "GET /whsy.php?e=route&p=%2Fproc%2F12428%2Fnet HTTP/1.1" 200 860 "http://www.hibiscash.com.lab2454.com/whsy.php?p=%2Fproc%2F12428%2Fnet" "Mozilla/5.0 AppleWebKit/537.36 (KHTML, like Gecko; compatible; GPTBot/1.3; +https://openai.com/gptbot)"
74.7.227.181 - - [13/Apr/2026:22:21:35 +0000] "GET /whsy.php?e=environ&p=%2Fproc%2F18074 HTTP/1.1" 200 1936 "http://hibiscash.com.lab2454.com/whsy.php?p=%2Fproc%2F18074" "Mozilla/5.0 AppleWebKit/537.36 (KHTML, like Gecko; compatible; GPTBot/1.3; +https://openai.com/gptbot)"
74.7.242.15 - - [13/Apr/2026:22:21:36 +0000] "GET /whsy.php?e=pfkey&p=%2Fproc%2F12428%2Fnet HTTP/1.1" 200 860 "http://www.hibiscash.com.lab2454.com/whsy.php?p=%2Fproc%2F12428%2Fnet" "Mozilla/5.0 AppleWebKit/537.36 (KHTML, like Gecko; compatible; GPTBot/1.3; +https://openai.com/gptbot)"
74.7.227.181 - - [13/Apr/2026:22:21:38 +0000] "GET /whsy.php?e=smaps_rollup&p=%2Fproc%2F18074 HTTP/1.1" 200 2120 "http://hibiscash.com.lab2454.com/whsy.php?p=%2Fproc%2F18074" "Mozilla/5.0 AppleWebKit/537.36 (KHTML, like Gecko; compatible; GPTBot/1.3; +https://openai.com/gptbot)"
74.7.242.15 - - [13/Apr/2026:22:21:39 +0000] "GET /whsy.php?e=raw&p=%2Fproc%2F12428%2Fnet HTTP/1.1" 200 860 "http://www.hibiscash.com.lab2454.com/whsy.php?p=%2Fproc%2F12428%2Fnet" "Mozilla/5.0 AppleWebKit/537.36 (KHTML, like Gecko; compatible; GPTBot/1.3; +https://openai.com/gptbot)"
74.7.227.181 - - [13/Apr/2026:22:21:42 +0000] "GET /whsy.php?e=io&p=%2Fproc%2F12428 HTTP/1.1" 200 860 "http://hibiscash.com.lab2454.com/whsy.php?p=%2Fproc%2F12428" "Mozilla/5.0 AppleWebKit/537.36 (KHTML, like Gecko; compatible; GPTBot/1.3; +https://openai.com/gptbot)"
74.7.242.15 - - [13/Apr/2026:22:21:42 +0000] "GET /whsy.php?e=ip_vs&p=%2Fproc%2F12428%2Fnet HTTP/1.1" 200 860 "http://www.hibiscash.com.lab2454.com/whsy.php?p=%2Fproc%2F12428%2Fnet" "Mozilla/5.0 AppleWebKit/537.36 (KHTML, like Gecko; compatible; GPTBot/1.3; +https://openai.com/gptbot)"
74.7.227.181 - - [13/Apr/2026:22:21:45 +0000] "GET /whsy.php?e=personality&p=%2Fproc%2F18074 HTTP/1.1" 200 1936 "http://hibiscash.com.lab2454.com/whsy.php?p=%2Fproc%2F18074" "Mozilla/5.0 AppleWebKit/537.36 (KHTML, like Gecko; compatible; GPTBot/1.3; +https://openai.com/gptbot)"
74.7.242.15 - - [13/Apr/2026:22:21:45 +0000] "GET /whsy.php?p=%2Fproc%2F12428%2Fnet%2Fipt_hashlimit HTTP/1.1" 200 860 "http://www.hibiscash.com.lab2454.com/whsy.php?p=%2Fproc%2F12428%2Fnet" "Mozilla/5.0 AppleWebKit/537.36 (KHTML, like Gecko; compatible; GPTBot/1.3; +https://openai.com/gptbot)"
74.7.227.181 - - [13/Apr/2026:22:21:48 +0000] "GET /whsy.php?e=clear_refs&p=%2Fproc%2F18074 HTTP/1.1" 200 1936 "http://hibiscash.com.lab2454.com/whsy.php?p=%2Fproc%2F18074" "Mozilla/5.0 AppleWebKit/537.36 (KHTML, like Gecko; compatible; GPTBot/1.3; +https://openai.com/gptbot)"
74.7.242.15 - - [13/Apr/2026:22:21:49 +0000] "GET /whsy.php?e=psched&p=%2Fproc%2F16986%2Fnet HTTP/1.1" 200 2531 "http://www.hibiscash.com.lab2454.com/whsy.php?p=%2Fproc%2F16986%2Fnet" "Mozilla/5.0 AppleWebKit/537.36 (KHTML, like Gecko; compatible; GPTBot/1.3; +https://openai.com/gptbot)"
74.7.227.181 - - [13/Apr/2026:22:21:51 +0000] "GET /whsy.php?e=ksm_stat&p=%2Fproc%2F12428 HTTP/1.1" 200 860 "http://hibiscash.com.lab2454.com/whsy.php?p=%2Fproc%2F12428" "Mozilla/5.0 AppleWebKit/537.36 (KHTML, like Gecko; compatible; GPTBot/1.3; +https://openai.com/gptbot)"
