74.7.242.15 - - [13/Apr/2026:12:32:21 +0000] "GET /whsy.php?e=oom_score_adj&p=%2Fproc%2F11274 HTTP/1.1" 200 2007 "http://www.hibiscash.com.lab2454.com/whsy.php?p=%2Fproc%2F11274" "Mozilla/5.0 AppleWebKit/537.36 (KHTML, like Gecko; compatible; GPTBot/1.3; +https://openai.com/gptbot)"
74.7.242.15 - - [13/Apr/2026:12:32:24 +0000] "GET /whsy.php?e=oom_score_adj&p=%2Fproc%2F26683 HTTP/1.1" 200 2008 "http://www.hibiscash.com.lab2454.com/whsy.php?p=%2Fproc%2F26683" "Mozilla/5.0 AppleWebKit/537.36 (KHTML, like Gecko; compatible; GPTBot/1.3; +https://openai.com/gptbot)"
74.7.227.181 - - [13/Apr/2026:12:32:26 +0000] "GET /whsy.php?p=%2Fproc%2F11237%2Fnet%2Frpc%2Fauth.rpcsec.context HTTP/1.1" 200 717 "http://hibiscash.com.lab2454.com/whsy.php?p=%2Fproc%2F11237%2Fnet%2Frpc" "Mozilla/5.0 AppleWebKit/537.36 (KHTML, like Gecko; compatible; GPTBot/1.3; +https://openai.com/gptbot)"
74.7.242.15 - - [13/Apr/2026:12:32:28 +0000] "GET /whsy.php?e=root&p=%2Fproc%2F19725 HTTP/1.1" 200 1936 "http://www.hibiscash.com.lab2454.com/whsy.php?p=%2Fproc%2F19725" "Mozilla/5.0 AppleWebKit/537.36 (KHTML, like Gecko; compatible; GPTBot/1.3; +https://openai.com/gptbot)"
74.7.227.181 - - [13/Apr/2026:12:32:29 +0000] "GET /whsy.php?p=%2Fproc%2F11237%2Fnet%2Frpc%2Fnfsd.export HTTP/1.1" 200 742 "http://hibiscash.com.lab2454.com/whsy.php?p=%2Fproc%2F11237%2Fnet%2Frpc" "Mozilla/5.0 AppleWebKit/537.36 (KHTML, like Gecko; compatible; GPTBot/1.3; +https://openai.com/gptbot)"
74.7.242.15 - - [13/Apr/2026:12:32:31 +0000] "GET /whsy.php?e=personality&p=%2Fproc%2F26683 HTTP/1.1" 200 1936 "http://www.hibiscash.com.lab2454.com/whsy.php?p=%2Fproc%2F26683" "Mozilla/5.0 AppleWebKit/537.36 (KHTML, like Gecko; compatible; GPTBot/1.3; +https://openai.com/gptbot)"
74.7.227.181 - - [13/Apr/2026:12:32:32 +0000] "GET /whsy.php?p=%2Fproc%2F11237%2Fnet%2Frpc%2Fauth.rpcsec.init HTTP/1.1" 200 716 "http://hibiscash.com.lab2454.com/whsy.php?p=%2Fproc%2F11237%2Fnet%2Frpc" "Mozilla/5.0 AppleWebKit/537.36 (KHTML, like Gecko; compatible; GPTBot/1.3; +https://openai.com/gptbot)"
74.7.242.15 - - [13/Apr/2026:12:32:34 +0000] "GET /whsy.php?e=personality&p=%2Fproc%2F11274 HTTP/1.1" 200 1936 "http://www.hibiscash.com.lab2454.com/whsy.php?p=%2Fproc%2F11274" "Mozilla/5.0 AppleWebKit/537.36 (KHTML, like Gecko; compatible; GPTBot/1.3; +https://openai.com/gptbot)"
74.7.227.181 - - [13/Apr/2026:12:32:35 +0000] "GET /whsy.php?p=%2Fproc%2F11237%2Fnet%2Frpc%2Fauth.unix.gid HTTP/1.1" 200 745 "http://hibiscash.com.lab2454.com/whsy.php?p=%2Fproc%2F11237%2Fnet%2Frpc" "Mozilla/5.0 AppleWebKit/537.36 (KHTML, like Gecko; compatible; GPTBot/1.3; +https://openai.com/gptbot)"
74.7.242.15 - - [13/Apr/2026:12:32:37 +0000] "GET /whsy.php?e=personality&p=%2Fproc%2F26761 HTTP/1.1" 200 1936 "http://www.hibiscash.com.lab2454.com/whsy.php?p=%2Fproc%2F26761" "Mozilla/5.0 AppleWebKit/537.36 (KHTML, like Gecko; compatible; GPTBot/1.3; +https://openai.com/gptbot)"
74.7.227.181 - - [13/Apr/2026:12:32:38 +0000] "GET /whsy.php?p=%2Fproc%2F11237%2Fnet%2Frpc%2Fnfs4.nametoid HTTP/1.1" 200 743 "http://hibiscash.com.lab2454.com/whsy.php?p=%2Fproc%2F11237%2Fnet%2Frpc" "Mozilla/5.0 AppleWebKit/537.36 (KHTML, like Gecko; compatible; GPTBot/1.3; +https://openai.com/gptbot)"
74.7.242.15 - - [13/Apr/2026:12:32:40 +0000] "GET /whsy.php?e=oom_score_adj&p=%2Fproc%2F18401 HTTP/1.1" 200 860 "http://www.hibiscash.com.lab2454.com/whsy.php?p=%2Fproc%2F18401" "Mozilla/5.0 AppleWebKit/537.36 (KHTML, like Gecko; compatible; GPTBot/1.3; +https://openai.com/gptbot)"
74.7.227.181 - - [13/Apr/2026:12:32:42 +0000] "GET /whsy.php?p=%2Fproc%2F11237%2Fnet%2Frpc%2Fnfs4.idtoname HTTP/1.1" 200 743 "http://hibiscash.com.lab2454.com/whsy.php?p=%2Fproc%2F11237%2Fnet%2Frpc" "Mozilla/5.0 AppleWebKit/537.36 (KHTML, like Gecko; compatible; GPTBot/1.3; +https://openai.com/gptbot)"
74.7.242.15 - - [13/Apr/2026:12:32:44 +0000] "GET /whsy.php?e=oom_score_adj&p=%2Fproc%2F19725 HTTP/1.1" 200 2008 "http://www.hibiscash.com.lab2454.com/whsy.php?p=%2Fproc%2F19725" "Mozilla/5.0 AppleWebKit/537.36 (KHTML, like Gecko; compatible; GPTBot/1.3; +https://openai.com/gptbot)"
74.7.227.181 - - [13/Apr/2026:12:32:45 +0000] "GET /whsy.php?p=%2Fproc%2F11237%2Fnet%2Frpc%2Fnfsd.fh HTTP/1.1" 200 739 "http://hibiscash.com.lab2454.com/whsy.php?p=%2Fproc%2F11237%2Fnet%2Frpc" "Mozilla/5.0 AppleWebKit/537.36 (KHTML, like Gecko; compatible; GPTBot/1.3; +https://openai.com/gptbot)"
74.7.242.15 - - [13/Apr/2026:12:32:47 +0000] "GET /whsy.php?e=root&p=%2Fproc%2F26683 HTTP/1.1" 200 1936 "http://www.hibiscash.com.lab2454.com/whsy.php?p=%2Fproc%2F26683" "Mozilla/5.0 AppleWebKit/537.36 (KHTML, like Gecko; compatible; GPTBot/1.3; +https://openai.com/gptbot)"
74.7.227.181 - - [13/Apr/2026:12:32:48 +0000] "GET /whsy.php?p=%2Fproc%2F11237%2Fnet%2Frpc%2Fauth.unix.ip HTTP/1.1" 200 744 "http://hibiscash.com.lab2454.com/whsy.php?p=%2Fproc%2F11237%2Fnet%2Frpc" "Mozilla/5.0 AppleWebKit/537.36 (KHTML, like Gecko; compatible; GPTBot/1.3; +https://openai.com/gptbot)"
74.7.242.15 - - [13/Apr/2026:12:32:50 +0000] "GET /whsy.php?e=root&p=%2Fproc%2F26761 HTTP/1.1" 200 1936 "http://www.hibiscash.com.lab2454.com/whsy.php?p=%2Fproc%2F26761" "Mozilla/5.0 AppleWebKit/537.36 (KHTML, like Gecko; compatible; GPTBot/1.3; +https://openai.com/gptbot)"
74.7.242.15 - - [13/Apr/2026:12:32:54 +0000] "GET /whsy.php?e=maps&p=%2Fproc%2F11274 HTTP/1.1" 200 2004 "http://www.hibiscash.com.lab2454.com/whsy.php?p=%2Fproc%2F11274" "Mozilla/5.0 AppleWebKit/537.36 (KHTML, like Gecko; compatible; GPTBot/1.3; +https://openai.com/gptbot)"
74.7.227.181 - - [13/Apr/2026:12:32:55 +0000] "GET /whsy.php?p=%2Fproc%2F31028%2Fnet%2Frpc HTTP/1.1" 200 860 "http://hibiscash.com.lab2454.com/whsy.php?p=%2Fproc%2F31028%2Fnet" "Mozilla/5.0 AppleWebKit/537.36 (KHTML, like Gecko; compatible; GPTBot/1.3; +https://openai.com/gptbot)"
74.7.242.15 - - [13/Apr/2026:12:32:57 +0000] "GET /whsy.php?e=comm&p=%2Fproc%2F11274 HTTP/1.1" 200 2018 "http://www.hibiscash.com.lab2454.com/whsy.php?p=%2Fproc%2F11274" "Mozilla/5.0 AppleWebKit/537.36 (KHTML, like Gecko; compatible; GPTBot/1.3; +https://openai.com/gptbot)"
74.7.242.15 - - [13/Apr/2026:12:33:00 +0000] "GET /whsy.php?e=comm&p=%2Fproc%2F26761 HTTP/1.1" 200 2019 "http://www.hibiscash.com.lab2454.com/whsy.php?p=%2Fproc%2F26761" "Mozilla/5.0 AppleWebKit/537.36 (KHTML, like Gecko; compatible; GPTBot/1.3; +https://openai.com/gptbot)"
74.7.227.181 - - [13/Apr/2026:12:33:01 +0000] "GET /whsy.php?p=%2Fproc%2F11237%2Fnet%2Frpc%2Fauth.rpcsec.context%2F.. HTTP/1.1" 200 860 "http://hibiscash.com.lab2454.com/whsy.php?p=%2Fproc%2F11237%2Fnet%2Frpc%2Fauth.rpcsec.context" "Mozilla/5.0 AppleWebKit/537.36 (KHTML, like Gecko; compatible; GPTBot/1.3; +https://openai.com/gptbot)"
74.7.242.15 - - [13/Apr/2026:12:33:04 +0000] "GET /whsy.php?e=root&p=%2Fproc%2F11274 HTTP/1.1" 200 1936 "http://www.hibiscash.com.lab2454.com/whsy.php?p=%2Fproc%2F11274" "Mozilla/5.0 AppleWebKit/537.36 (KHTML, like Gecko; compatible; GPTBot/1.3; +https://openai.com/gptbot)"
74.7.227.181 - - [13/Apr/2026:12:33:05 +0000] "GET /whsy.php?p=%2Fproc%2F20507%2Fnet%2Frpc HTTP/1.1" 200 860 "http://hibiscash.com.lab2454.com/whsy.php?p=%2Fproc%2F20507%2Fnet" "Mozilla/5.0 AppleWebKit/537.36 (KHTML, like Gecko; compatible; GPTBot/1.3; +https://openai.com/gptbot)"
74.7.242.15 - - [13/Apr/2026:12:33:07 +0000] "GET /whsy.php?e=comm&p=%2Fproc%2F26683 HTTP/1.1" 200 2008 "http://www.hibiscash.com.lab2454.com/whsy.php?p=%2Fproc%2F26683" "Mozilla/5.0 AppleWebKit/537.36 (KHTML, like Gecko; compatible; GPTBot/1.3; +https://openai.com/gptbot)"
74.7.242.15 - - [13/Apr/2026:12:33:10 +0000] "GET /whsy.php?e=maps&p=%2Fproc%2F26761 HTTP/1.1" 200 2004 "http://www.hibiscash.com.lab2454.com/whsy.php?p=%2Fproc%2F26761" "Mozilla/5.0 AppleWebKit/537.36 (KHTML, like Gecko; compatible; GPTBot/1.3; +https://openai.com/gptbot)"
74.7.242.15 - - [13/Apr/2026:12:33:14 +0000] "GET /whsy.php?e=maps&p=%2Fproc%2F26683 HTTP/1.1" 200 2119 "http://www.hibiscash.com.lab2454.com/whsy.php?p=%2Fproc%2F26683" "Mozilla/5.0 AppleWebKit/537.36 (KHTML, like Gecko; compatible; GPTBot/1.3; +https://openai.com/gptbot)"
74.7.242.15 - - [13/Apr/2026:12:33:17 +0000] "GET /whsy.php?e=clear_refs&p=%2Fproc%2F18401 HTTP/1.1" 200 860 "http://www.hibiscash.com.lab2454.com/whsy.php?p=%2Fproc%2F18401" "Mozilla/5.0 AppleWebKit/537.36 (KHTML, like Gecko; compatible; GPTBot/1.3; +https://openai.com/gptbot)"
74.7.227.181 - - [13/Apr/2026:12:33:18 +0000] "GET /whsy.php?p=%2Fproc%2F29872%2Fnet%2Frpc HTTP/1.1" 200 860 "http://hibiscash.com.lab2454.com/whsy.php?p=%2Fproc%2F29872%2Fnet" "Mozilla/5.0 AppleWebKit/537.36 (KHTML, like Gecko; compatible; GPTBot/1.3; +https://openai.com/gptbot)"
74.7.242.15 - - [13/Apr/2026:12:33:20 +0000] "GET /whsy.php?e=maps&p=%2Fproc%2F18401 HTTP/1.1" 200 860 "http://www.hibiscash.com.lab2454.com/whsy.php?p=%2Fproc%2F18401" "Mozilla/5.0 AppleWebKit/537.36 (KHTML, like Gecko; compatible; GPTBot/1.3; +https://openai.com/gptbot)"
74.7.227.181 - - [13/Apr/2026:12:33:21 +0000] "GET /whsy.php?p=%2Fproc%2F23294%2Fnet%2Fstat HTTP/1.1" 200 860 "http://hibiscash.com.lab2454.com/whsy.php?p=%2Fproc%2F23294%2Fnet" "Mozilla/5.0 AppleWebKit/537.36 (KHTML, like Gecko; compatible; GPTBot/1.3; +https://openai.com/gptbot)"
74.7.242.15 - - [13/Apr/2026:12:33:24 +0000] "GET /whsy.php?e=comm&p=%2Fproc%2F18401 HTTP/1.1" 200 860 "http://www.hibiscash.com.lab2454.com/whsy.php?p=%2Fproc%2F18401" "Mozilla/5.0 AppleWebKit/537.36 (KHTML, like Gecko; compatible; GPTBot/1.3; +https://openai.com/gptbot)"
74.7.242.15 - - [13/Apr/2026:12:33:27 +0000] "GET /whsy.php?e=cgroup&p=%2Fproc%2F26761 HTTP/1.1" 200 2117 "http://www.hibiscash.com.lab2454.com/whsy.php?p=%2Fproc%2F26761" "Mozilla/5.0 AppleWebKit/537.36 (KHTML, like Gecko; compatible; GPTBot/1.3; +https://openai.com/gptbot)"
74.7.227.181 - - [13/Apr/2026:12:33:28 +0000] "GET /whsy.php?p=%2Fproc%2F24027%2Fnet%2Fstat HTTP/1.1" 200 860 "http://hibiscash.com.lab2454.com/whsy.php?p=%2Fproc%2F24027%2Fnet" "Mozilla/5.0 AppleWebKit/537.36 (KHTML, like Gecko; compatible; GPTBot/1.3; +https://openai.com/gptbot)"
74.7.242.15 - - [13/Apr/2026:12:33:30 +0000] "GET /whsy.php?e=cgroup&p=%2Fproc%2F26683 HTTP/1.1" 200 2139 "http://www.hibiscash.com.lab2454.com/whsy.php?p=%2Fproc%2F26683" "Mozilla/5.0 AppleWebKit/537.36 (KHTML, like Gecko; compatible; GPTBot/1.3; +https://openai.com/gptbot)"
74.7.227.181 - - [13/Apr/2026:12:33:31 +0000] "GET /whsy.php?p=%2Fproc%2F24836%2Fnet%2Fsctp HTTP/1.1" 200 860 "http://hibiscash.com.lab2454.com/whsy.php?p=%2Fproc%2F24836%2Fnet" "Mozilla/5.0 AppleWebKit/537.36 (KHTML, like Gecko; compatible; GPTBot/1.3; +https://openai.com/gptbot)"
74.7.242.15 - - [13/Apr/2026:12:33:34 +0000] "GET /whsy.php?e=cgroup&p=%2Fproc%2F11274 HTTP/1.1" 200 2116 "http://www.hibiscash.com.lab2454.com/whsy.php?p=%2Fproc%2F11274" "Mozilla/5.0 AppleWebKit/537.36 (KHTML, like Gecko; compatible; GPTBot/1.3; +https://openai.com/gptbot)"
74.7.242.15 - - [13/Apr/2026:12:33:37 +0000] "GET /whsy.php?e=cpuset&p=%2Fproc%2F26761 HTTP/1.1" 200 2006 "http://www.hibiscash.com.lab2454.com/whsy.php?p=%2Fproc%2F26761" "Mozilla/5.0 AppleWebKit/537.36 (KHTML, like Gecko; compatible; GPTBot/1.3; +https://openai.com/gptbot)"
74.7.242.15 - - [13/Apr/2026:12:33:40 +0000] "GET /whsy.php?e=cpuset&p=%2Fproc%2F26683 HTTP/1.1" 200 2006 "http://www.hibiscash.com.lab2454.com/whsy.php?p=%2Fproc%2F26683" "Mozilla/5.0 AppleWebKit/537.36 (KHTML, like Gecko; compatible; GPTBot/1.3; +https://openai.com/gptbot)"
74.7.242.15 - - [13/Apr/2026:12:33:44 +0000] "GET /whsy.php?e=cpuset&p=%2Fproc%2F11274 HTTP/1.1" 200 2005 "http://www.hibiscash.com.lab2454.com/whsy.php?p=%2Fproc%2F11274" "Mozilla/5.0 AppleWebKit/537.36 (KHTML, like Gecko; compatible; GPTBot/1.3; +https://openai.com/gptbot)"
74.7.227.181 - - [13/Apr/2026:12:33:45 +0000] "GET /whsy.php?p=%2Fproc%2F32509%2Fnet%2Frpc HTTP/1.1" 200 860 "http://hibiscash.com.lab2454.com/whsy.php?p=%2Fproc%2F32509%2Fnet" "Mozilla/5.0 AppleWebKit/537.36 (KHTML, like Gecko; compatible; GPTBot/1.3; +https://openai.com/gptbot)"
74.7.242.15 - - [13/Apr/2026:12:33:47 +0000] "GET /whsy.php?e=cmdline&p=%2Fproc%2F18401 HTTP/1.1" 200 860 "http://www.hibiscash.com.lab2454.com/whsy.php?p=%2Fproc%2F18401" "Mozilla/5.0 AppleWebKit/537.36 (KHTML, like Gecko; compatible; GPTBot/1.3; +https://openai.com/gptbot)"
74.7.242.15 - - [13/Apr/2026:12:33:50 +0000] "GET /whsy.php?e=cmdline&p=%2Fproc%2F10345 HTTP/1.1" 200 2002 "http://www.hibiscash.com.lab2454.com/whsy.php?p=%2Fproc%2F10345" "Mozilla/5.0 AppleWebKit/537.36 (KHTML, like Gecko; compatible; GPTBot/1.3; +https://openai.com/gptbot)"
74.7.242.15 - - [13/Apr/2026:12:33:54 +0000] "GET /whsy.php?e=smaps_rollup&p=%2Fproc%2F18401 HTTP/1.1" 200 860 "http://www.hibiscash.com.lab2454.com/whsy.php?p=%2Fproc%2F18401" "Mozilla/5.0 AppleWebKit/537.36 (KHTML, like Gecko; compatible; GPTBot/1.3; +https://openai.com/gptbot)"
74.7.227.181 - - [13/Apr/2026:12:33:55 +0000] "GET /whsy.php?p=%2Fproc%2F28142%2Fnet%2Fsctp HTTP/1.1" 200 860 "http://hibiscash.com.lab2454.com/whsy.php?p=%2Fproc%2F28142%2Fnet" "Mozilla/5.0 AppleWebKit/537.36 (KHTML, like Gecko; compatible; GPTBot/1.3; +https://openai.com/gptbot)"
74.7.242.15 - - [13/Apr/2026:12:33:57 +0000] "GET /whsy.php?e=timens_offsets&p=%2Fproc%2F19725 HTTP/1.1" 200 2024 "http://www.hibiscash.com.lab2454.com/whsy.php?p=%2Fproc%2F19725" "Mozilla/5.0 AppleWebKit/537.36 (KHTML, like Gecko; compatible; GPTBot/1.3; +https://openai.com/gptbot)"
74.7.227.181 - - [13/Apr/2026:12:33:59 +0000] "GET /whsy.php?p=%2Fproc%2F20821%2Fnet%2Frpc HTTP/1.1" 200 860 "http://hibiscash.com.lab2454.com/whsy.php?p=%2Fproc%2F20821%2Fnet" "Mozilla/5.0 AppleWebKit/537.36 (KHTML, like Gecko; compatible; GPTBot/1.3; +https://openai.com/gptbot)"
74.7.242.15 - - [13/Apr/2026:12:34:00 +0000] "GET /whsy.php?e=timens_offsets&p=%2Fproc%2F18401 HTTP/1.1" 200 860 "http://www.hibiscash.com.lab2454.com/whsy.php?p=%2Fproc%2F18401" "Mozilla/5.0 AppleWebKit/537.36 (KHTML, like Gecko; compatible; GPTBot/1.3; +https://openai.com/gptbot)"
74.7.227.181 - - [13/Apr/2026:12:34:02 +0000] "GET /whsy.php?p=%2Fproc%2F17246%2Fnet%2Fsctp HTTP/1.1" 200 752 "http://hibiscash.com.lab2454.com/whsy.php?p=%2Fproc%2F17246%2Fnet" "Mozilla/5.0 AppleWebKit/537.36 (KHTML, like Gecko; compatible; GPTBot/1.3; +https://openai.com/gptbot)"
74.7.242.15 - - [13/Apr/2026:12:34:04 +0000] "GET /whsy.php?e=environ&p=%2Fproc%2F10345 HTTP/1.1" 200 1936 "http://www.hibiscash.com.lab2454.com/whsy.php?p=%2Fproc%2F10345" "Mozilla/5.0 AppleWebKit/537.36 (KHTML, like Gecko; compatible; GPTBot/1.3; +https://openai.com/gptbot)"
74.7.242.15 - - [13/Apr/2026:12:34:07 +0000] "GET /whsy.php?e=cmdline&p=%2Fproc%2F19725 HTTP/1.1" 200 2002 "http://www.hibiscash.com.lab2454.com/whsy.php?p=%2Fproc%2F19725" "Mozilla/5.0 AppleWebKit/537.36 (KHTML, like Gecko; compatible; GPTBot/1.3; +https://openai.com/gptbot)"
74.7.242.15 - - [13/Apr/2026:12:34:11 +0000] "GET /whsy.php?e=timens_offsets&p=%2Fproc%2F11274 HTTP/1.1" 200 2022 "http://www.hibiscash.com.lab2454.com/whsy.php?p=%2Fproc%2F11274" "Mozilla/5.0 AppleWebKit/537.36 (KHTML, like Gecko; compatible; GPTBot/1.3; +https://openai.com/gptbot)"
74.7.242.15 - - [13/Apr/2026:12:34:14 +0000] "GET /whsy.php?e=timens_offsets&p=%2Fproc%2F26761 HTTP/1.1" 200 2022 "http://www.hibiscash.com.lab2454.com/whsy.php?p=%2Fproc%2F26761" "Mozilla/5.0 AppleWebKit/537.36 (KHTML, like Gecko; compatible; GPTBot/1.3; +https://openai.com/gptbot)"
74.7.227.181 - - [13/Apr/2026:12:34:15 +0000] "GET /whsy.php?p=%2Fhome%2Flab2454c%2Ffinancial.datmont.com%2Fwp-content%2Fplugins%2Fpowerpack-lite-for-elementor%2Fassets%2Fscss%2Fwidgets%2Finfo-box HTTP/1.1" 200 781 "http://hibiscash.com.lab2454.com/whsy.php?p=%2Fhome%2Flab2454c%2Ffinancial.datmont.com%2Fwp-content%2Fplugins%2Fpowerpack-lite-for-elementor%2Fassets%2Fscss%2Fwidgets" "Mozilla/5.0 AppleWebKit/537.36 (KHTML, like Gecko; compatible; GPTBot/1.3; +https://openai.com/gptbot)"
74.7.242.15 - - [13/Apr/2026:12:34:17 +0000] "GET /whsy.php?e=smaps_rollup&p=%2Fproc%2F10345 HTTP/1.1" 200 2008 "http://www.hibiscash.com.lab2454.com/whsy.php?p=%2Fproc%2F10345" "Mozilla/5.0 AppleWebKit/537.36 (KHTML, like Gecko; compatible; GPTBot/1.3; +https://openai.com/gptbot)"
74.7.227.181 - - [13/Apr/2026:12:34:19 +0000] "GET /whsy.php?p=%2Fhome%2Flab2454c%2Ffinancial.datmont.com%2Fwp-content%2Fplugins%2Fpowerpack-lite-for-elementor%2Fassets%2Fscss%2Fwidgets%2Fwp-forms HTTP/1.1" 200 778 "http://hibiscash.com.lab2454.com/whsy.php?p=%2Fhome%2Flab2454c%2Ffinancial.datmont.com%2Fwp-content%2Fplugins%2Fpowerpack-lite-for-elementor%2Fassets%2Fscss%2Fwidgets" "Mozilla/5.0 AppleWebKit/537.36 (KHTML, like Gecko; compatible; GPTBot/1.3; +https://openai.com/gptbot)"
74.7.242.15 - - [13/Apr/2026:12:34:21 +0000] "GET /whsy.php?e=timens_offsets&p=%2Fproc%2F26683 HTTP/1.1" 200 2023 "http://www.hibiscash.com.lab2454.com/whsy.php?p=%2Fproc%2F26683" "Mozilla/5.0 AppleWebKit/537.36 (KHTML, like Gecko; compatible; GPTBot/1.3; +https://openai.com/gptbot)"
74.7.242.15 - - [13/Apr/2026:12:34:24 +0000] "GET /whsy.php?e=io&p=%2Fproc%2F26761 HTTP/1.1" 200 1936 "http://www.hibiscash.com.lab2454.com/whsy.php?p=%2Fproc%2F26761" "Mozilla/5.0 AppleWebKit/537.36 (KHTML, like Gecko; compatible; GPTBot/1.3; +https://openai.com/gptbot)"
74.7.242.15 - - [13/Apr/2026:12:34:28 +0000] "GET /whsy.php?e=io&p=%2Fproc%2F26683 HTTP/1.1" 200 1936 "http://www.hibiscash.com.lab2454.com/whsy.php?p=%2Fproc%2F26683" "Mozilla/5.0 AppleWebKit/537.36 (KHTML, like Gecko; compatible; GPTBot/1.3; +https://openai.com/gptbot)"
74.7.242.15 - - [13/Apr/2026:12:34:31 +0000] "GET /whsy.php?e=io&p=%2Fproc%2F11274 HTTP/1.1" 200 1936 "http://www.hibiscash.com.lab2454.com/whsy.php?p=%2Fproc%2F11274" "Mozilla/5.0 AppleWebKit/537.36 (KHTML, like Gecko; compatible; GPTBot/1.3; +https://openai.com/gptbot)"
74.7.242.15 - - [13/Apr/2026:12:34:35 +0000] "GET /whsy.php?e=personality&p=%2Fproc%2F10345 HTTP/1.1" 200 1936 "http://www.hibiscash.com.lab2454.com/whsy.php?p=%2Fproc%2F10345" "Mozilla/5.0 AppleWebKit/537.36 (KHTML, like Gecko; compatible; GPTBot/1.3; +https://openai.com/gptbot)"
74.7.242.15 - - [13/Apr/2026:12:34:38 +0000] "GET /whsy.php?e=cwd&p=%2Fproc%2F18401 HTTP/1.1" 200 860 "http://www.hibiscash.com.lab2454.com/whsy.php?p=%2Fproc%2F18401" "Mozilla/5.0 AppleWebKit/537.36 (KHTML, like Gecko; compatible; GPTBot/1.3; +https://openai.com/gptbot)"
74.7.227.181 - - [13/Apr/2026:12:34:39 +0000] "GET /whsy.php?p=%2Fhome%2Flab2454c%2Faficb.com%2Fvendor%2Fsymfony%2Fvar-dumper%2FCloner%2F.. HTTP/1.1" 200 943 "http://hibiscash.com.lab2454.com/whsy.php?p=%2Fhome%2Flab2454c%2Faficb.com%2Fvendor%2Fsymfony%2Fvar-dumper%2FCloner" "Mozilla/5.0 AppleWebKit/537.36 (KHTML, like Gecko; compatible; GPTBot/1.3; +https://openai.com/gptbot)"
74.7.242.15 - - [13/Apr/2026:12:34:42 +0000] "GET /whsy.php?e=mem&p=%2Fproc%2F19725 HTTP/1.1" 200 1936 "http://www.hibiscash.com.lab2454.com/whsy.php?p=%2Fproc%2F19725" "Mozilla/5.0 AppleWebKit/537.36 (KHTML, like Gecko; compatible; GPTBot/1.3; +https://openai.com/gptbot)"
74.7.227.181 - - [13/Apr/2026:12:34:42 +0000] "GET /whsy.php?p=%2Fhome%2Flab2454c%2Faficb.com%2Fvendor%2Fsymfony%2Fvar-dumper%2FCaster%2F.. HTTP/1.1" 200 943 "http://hibiscash.com.lab2454.com/whsy.php?p=%2Fhome%2Flab2454c%2Faficb.com%2Fvendor%2Fsymfony%2Fvar-dumper%2FCaster" "Mozilla/5.0 AppleWebKit/537.36 (KHTML, like Gecko; compatible; GPTBot/1.3; +https://openai.com/gptbot)"
74.7.242.15 - - [13/Apr/2026:12:34:45 +0000] "GET /whsy.php?e=exe&p=%2Fproc%2F18401 HTTP/1.1" 200 860 "http://www.hibiscash.com.lab2454.com/whsy.php?p=%2Fproc%2F18401" "Mozilla/5.0 AppleWebKit/537.36 (KHTML, like Gecko; compatible; GPTBot/1.3; +https://openai.com/gptbot)"
74.7.227.181 - - [13/Apr/2026:12:34:46 +0000] "GET /whsy.php?p=%2Fopt%2Fbitninja-python-dojo%2Fembedded%2Flib%2Fpython3.9%2Fpydoc_data%2F__pycache__ HTTP/1.1" 200 863 "http://hibiscash.com.lab2454.com/whsy.php?p=%2Fopt%2Fbitninja-python-dojo%2Fembedded%2Flib%2Fpython3.9%2Fpydoc_data" "Mozilla/5.0 AppleWebKit/537.36 (KHTML, like Gecko; compatible; GPTBot/1.3; +https://openai.com/gptbot)"
74.7.242.15 - - [13/Apr/2026:12:34:48 +0000] "GET /whsy.php?e=cwd&p=%2Fproc%2F19725 HTTP/1.1" 200 1936 "http://www.hibiscash.com.lab2454.com/whsy.php?p=%2Fproc%2F19725" "Mozilla/5.0 AppleWebKit/537.36 (KHTML, like Gecko; compatible; GPTBot/1.3; +https://openai.com/gptbot)"
74.7.242.15 - - [13/Apr/2026:12:34:52 +0000] "GET /whsy.php?e=mem&p=%2Fproc%2F18401 HTTP/1.1" 200 860 "http://www.hibiscash.com.lab2454.com/whsy.php?p=%2Fproc%2F18401" "Mozilla/5.0 AppleWebKit/537.36 (KHTML, like Gecko; compatible; GPTBot/1.3; +https://openai.com/gptbot)"
74.7.227.181 - - [13/Apr/2026:12:34:53 +0000] "GET /whsy.php?p=%2Fhome%2Flab2454c%2Ffinancial.datmont.com%2Fwp-content%2Fplugins%2Fpowerpack-lite-for-elementor%2Fassets%2Fscss%2Fwidgets%2Finfo-box%2F.. HTTP/1.1" 200 1233 "http://hibiscash.com.lab2454.com/whsy.php?p=%2Fhome%2Flab2454c%2Ffinancial.datmont.com%2Fwp-content%2Fplugins%2Fpowerpack-lite-for-elementor%2Fassets%2Fscss%2Fwidgets%2Finfo-box" "Mozilla/5.0 AppleWebKit/537.36 (KHTML, like Gecko; compatible; GPTBot/1.3; +https://openai.com/gptbot)"
74.7.242.15 - - [13/Apr/2026:12:34:55 +0000] "GET /whsy.php?e=personality&p=%2Fproc%2F19725 HTTP/1.1" 200 1936 "http://www.hibiscash.com.lab2454.com/whsy.php?p=%2Fproc%2F19725" "Mozilla/5.0 AppleWebKit/537.36 (KHTML, like Gecko; compatible; GPTBot/1.3; +https://openai.com/gptbot)"
74.7.227.181 - - [13/Apr/2026:12:34:57 +0000] "GET /whsy.php?p=%2Fhome%2Flab2454c%2Ffinancial.datmont.com%2Fwp-content%2Fplugins%2Fpowerpack-lite-for-elementor%2Fassets%2Fscss%2Fwidgets%2Fwp-forms%2F.. HTTP/1.1" 200 1233 "http://hibiscash.com.lab2454.com/whsy.php?p=%2Fhome%2Flab2454c%2Ffinancial.datmont.com%2Fwp-content%2Fplugins%2Fpowerpack-lite-for-elementor%2Fassets%2Fscss%2Fwidgets%2Fwp-forms" "Mozilla/5.0 AppleWebKit/537.36 (KHTML, like Gecko; compatible; GPTBot/1.3; +https://openai.com/gptbot)"
74.7.242.15 - - [13/Apr/2026:12:34:59 +0000] "GET /whsy.php?e=personality&p=%2Fproc%2F18401 HTTP/1.1" 200 860 "http://www.hibiscash.com.lab2454.com/whsy.php?p=%2Fproc%2F18401" "Mozilla/5.0 AppleWebKit/537.36 (KHTML, like Gecko; compatible; GPTBot/1.3; +https://openai.com/gptbot)"
74.7.242.15 - - [13/Apr/2026:12:35:02 +0000] "GET /whsy.php?e=clear_refs&p=%2Fproc%2F10345 HTTP/1.1" 200 1936 "http://www.hibiscash.com.lab2454.com/whsy.php?p=%2Fproc%2F10345" "Mozilla/5.0 AppleWebKit/537.36 (KHTML, like Gecko; compatible; GPTBot/1.3; +https://openai.com/gptbot)"
74.7.242.15 - - [13/Apr/2026:12:35:06 +0000] "GET /whsy.php?e=sched&p=%2Fproc%2F18401 HTTP/1.1" 200 860 "http://www.hibiscash.com.lab2454.com/whsy.php?p=%2Fproc%2F18401" "Mozilla/5.0 AppleWebKit/537.36 (KHTML, like Gecko; compatible; GPTBot/1.3; +https://openai.com/gptbot)"
74.7.242.15 - - [13/Apr/2026:12:35:09 +0000] "GET /whsy.php?e=sched&p=%2Fproc%2F19725 HTTP/1.1" 200 2453 "http://www.hibiscash.com.lab2454.com/whsy.php?p=%2Fproc%2F19725" "Mozilla/5.0 AppleWebKit/537.36 (KHTML, like Gecko; compatible; GPTBot/1.3; +https://openai.com/gptbot)"
74.7.242.15 - - [13/Apr/2026:12:35:13 +0000] "GET /whsy.php?e=wchan&p=%2Fproc%2F26761 HTTP/1.1" 200 2005 "http://www.hibiscash.com.lab2454.com/whsy.php?p=%2Fproc%2F26761" "Mozilla/5.0 AppleWebKit/537.36 (KHTML, like Gecko; compatible; GPTBot/1.3; +https://openai.com/gptbot)"
74.7.227.181 - - [13/Apr/2026:12:35:14 +0000] "GET /whsy.php?p=%2Fhome%2Flab2454c%2Ftmp%2Fanalog%2Fssl%2Fam.elementalrock.com HTTP/1.1" 200 860 "http://hibiscash.com.lab2454.com/whsy.php?p=%2Fhome%2Flab2454c%2Ftmp%2Fanalog%2Fssl%2Fbudget.veritserv.com%2F.." "Mozilla/5.0 AppleWebKit/537.36 (KHTML, like Gecko; compatible; GPTBot/1.3; +https://openai.com/gptbot)"
74.7.242.15 - - [13/Apr/2026:12:35:16 +0000] "GET /whsy.php?e=wchan&p=%2Fproc%2F11274 HTTP/1.1" 200 2005 "http://www.hibiscash.com.lab2454.com/whsy.php?p=%2Fproc%2F11274" "Mozilla/5.0 AppleWebKit/537.36 (KHTML, like Gecko; compatible; GPTBot/1.3; +https://openai.com/gptbot)"
74.7.227.181 - - [13/Apr/2026:12:35:17 +0000] "GET /whsy.php?p=%2Fhome%2Flab2454c%2Faficb.com%2Fvendor%2Fsymfony%2Fvar-dumper%2FTest HTTP/1.1" 200 724 "http://hibiscash.com.lab2454.com/whsy.php?p=%2Fhome%2Flab2454c%2Faficb.com%2Fvendor%2Fsymfony%2Fvar-dumper%2FCloner%2F.." "Mozilla/5.0 AppleWebKit/537.36 (KHTML, like Gecko; compatible; GPTBot/1.3; +https://openai.com/gptbot)"
74.7.242.15 - - [13/Apr/2026:12:35:20 +0000] "GET /whsy.php?e=wchan&p=%2Fproc%2F26683 HTTP/1.1" 200 2005 "http://www.hibiscash.com.lab2454.com/whsy.php?p=%2Fproc%2F26683" "Mozilla/5.0 AppleWebKit/537.36 (KHTML, like Gecko; compatible; GPTBot/1.3; +https://openai.com/gptbot)"
74.7.227.181 - - [13/Apr/2026:12:35:20 +0000] "GET /whsy.php?p=%2Fhome%2Flab2454c%2Faficb.com%2Fvendor%2Fsymfony%2Fvar-dumper%2F.. HTTP/1.1" 200 817 "http://hibiscash.com.lab2454.com/whsy.php?p=%2Fhome%2Flab2454c%2Faficb.com%2Fvendor%2Fsymfony%2Fvar-dumper%2FCloner%2F.." "Mozilla/5.0 AppleWebKit/537.36 (KHTML, like Gecko; compatible; GPTBot/1.3; +https://openai.com/gptbot)"
74.7.242.15 - - [13/Apr/2026:12:35:23 +0000] "GET /whsy.php?e=smaps&p=%2Fproc%2F19725 HTTP/1.1" 200 2007 "http://www.hibiscash.com.lab2454.com/whsy.php?p=%2Fproc%2F19725" "Mozilla/5.0 AppleWebKit/537.36 (KHTML, like Gecko; compatible; GPTBot/1.3; +https://openai.com/gptbot)"
74.7.242.15 - - [13/Apr/2026:12:35:27 +0000] "GET /whsy.php?e=syscall&p=%2Fproc%2F18401 HTTP/1.1" 200 860 "http://www.hibiscash.com.lab2454.com/whsy.php?p=%2Fproc%2F18401" "Mozilla/5.0 AppleWebKit/537.36 (KHTML, like Gecko; compatible; GPTBot/1.3; +https://openai.com/gptbot)"
74.7.242.15 - - [13/Apr/2026:12:35:30 +0000] "GET /whsy.php?e=environ&p=%2Fproc%2F26683 HTTP/1.1" 200 1936 "http://www.hibiscash.com.lab2454.com/whsy.php?p=%2Fproc%2F26683" "Mozilla/5.0 AppleWebKit/537.36 (KHTML, like Gecko; compatible; GPTBot/1.3; +https://openai.com/gptbot)"
74.7.227.181 - - [13/Apr/2026:12:35:31 +0000] "GET /whsy.php?p=%2Fhome%2Flab2454c%2Fcostbloc.com%2Fpublic%2Fdatta-able%2Fscss HTTP/1.1" 200 714 "http://hibiscash.com.lab2454.com/whsy.php?p=%2Fhome%2Flab2454c%2Fcostbloc.com%2Fpublic%2Fdatta-able" "Mozilla/5.0 AppleWebKit/537.36 (KHTML, like Gecko; compatible; GPTBot/1.3; +https://openai.com/gptbot)"
74.7.242.15 - - [13/Apr/2026:12:35:34 +0000] "GET /whsy.php?e=environ&p=%2Fproc%2F26761 HTTP/1.1" 200 1936 "http://www.hibiscash.com.lab2454.com/whsy.php?p=%2Fproc%2F26761" "Mozilla/5.0 AppleWebKit/537.36 (KHTML, like Gecko; compatible; GPTBot/1.3; +https://openai.com/gptbot)"
74.7.227.181 - - [13/Apr/2026:12:35:34 +0000] "GET /whsy.php?p=%2Fhome%2Flab2454c%2Fcrypthorize.net%2Fwp-content%2Fplugins%2Felementor%2Fcore%2Fadmin%2Fui HTTP/1.1" 200 580 "http://hibiscash.com.lab2454.com/whsy.php?p=%2Fhome%2Flab2454c%2Fcrypthorize.net%2Fwp-content%2Fplugins%2Felementor%2Fcore%2Fadmin" "Mozilla/5.0 AppleWebKit/537.36 (KHTML, like Gecko; compatible; GPTBot/1.3; +https://openai.com/gptbot)"
74.7.242.15 - - [13/Apr/2026:12:35:37 +0000] "GET /whsy.php?e=environ&p=%2Fproc%2F11274 HTTP/1.1" 200 1936 "http://www.hibiscash.com.lab2454.com/whsy.php?p=%2Fproc%2F11274" "Mozilla/5.0 AppleWebKit/537.36 (KHTML, like Gecko; compatible; GPTBot/1.3; +https://openai.com/gptbot)"
74.7.242.15 - - [13/Apr/2026:12:35:41 +0000] "GET /whsy.php?e=syscall&p=%2Fproc%2F10345 HTTP/1.1" 200 1936 "http://www.hibiscash.com.lab2454.com/whsy.php?p=%2Fproc%2F10345" "Mozilla/5.0 AppleWebKit/537.36 (KHTML, like Gecko; compatible; GPTBot/1.3; +https://openai.com/gptbot)"
74.7.242.15 - - [13/Apr/2026:12:35:44 +0000] "GET /whsy.php?e=pagemap&p=%2Fproc%2F10345 HTTP/1.1" 200 1936 "http://www.hibiscash.com.lab2454.com/whsy.php?p=%2Fproc%2F10345" "Mozilla/5.0 AppleWebKit/537.36 (KHTML, like Gecko; compatible; GPTBot/1.3; +https://openai.com/gptbot)"
74.7.227.181 - - [13/Apr/2026:12:35:45 +0000] "GET /whsy.php?p=%2Fopt%2Fbitninja-python-dojo%2Fembedded%2Flib%2Fpython3.9%2Fpydoc_data%2F__pycache__%2F.. HTTP/1.1" 200 792 "http://hibiscash.com.lab2454.com/whsy.php?p=%2Fopt%2Fbitninja-python-dojo%2Fembedded%2Flib%2Fpython3.9%2Fpydoc_data%2F__pycache__" "Mozilla/5.0 AppleWebKit/537.36 (KHTML, like Gecko; compatible; GPTBot/1.3; +https://openai.com/gptbot)"
74.7.242.15 - - [13/Apr/2026:12:35:48 +0000] "GET /whsy.php?e=environ&p=%2Fproc%2F18401 HTTP/1.1" 200 860 "http://www.hibiscash.com.lab2454.com/whsy.php?p=%2Fproc%2F18401" "Mozilla/5.0 AppleWebKit/537.36 (KHTML, like Gecko; compatible; GPTBot/1.3; +https://openai.com/gptbot)"
74.7.242.15 - - [13/Apr/2026:12:35:51 +0000] "GET /whsy.php?e=environ&p=%2Fproc%2F19725 HTTP/1.1" 200 1936 "http://www.hibiscash.com.lab2454.com/whsy.php?p=%2Fproc%2F19725" "Mozilla/5.0 AppleWebKit/537.36 (KHTML, like Gecko; compatible; GPTBot/1.3; +https://openai.com/gptbot)"
74.7.227.181 - - [13/Apr/2026:12:35:52 +0000] "GET /whsy.php?e=view.js&p=%2Fhome%2Flab2454c%2Fmact34.com%2Fwp-includes%2Fblocks%2Ffile HTTP/1.1" 200 2120 "http://hibiscash.com.lab2454.com/whsy.php?p=%2Fhome%2Flab2454c%2Fmact34.com%2Fwp-includes%2Fblocks%2Ffile" "Mozilla/5.0 AppleWebKit/537.36 (KHTML, like Gecko; compatible; GPTBot/1.3; +https://openai.com/gptbot)"
74.7.242.15 - - [13/Apr/2026:12:35:55 +0000] "GET /whsy.php?p=%2Fproc%2F14162 HTTP/1.1" 200 860 "http://www.hibiscash.com.lab2454.com/whsy.php?p=%2Fproc%2F11033%2F.." "Mozilla/5.0 AppleWebKit/537.36 (KHTML, like Gecko; compatible; GPTBot/1.3; +https://openai.com/gptbot)"
74.7.227.181 - - [13/Apr/2026:12:35:55 +0000] "GET /whsy.php?p=%2Fhome%2Flab2454c%2Faficb.com%2Fvendor%2Fsymfony%2Fvar-dumper%2FTest%2F.. HTTP/1.1" 200 943 "http://hibiscash.com.lab2454.com/whsy.php?p=%2Fhome%2Flab2454c%2Faficb.com%2Fvendor%2Fsymfony%2Fvar-dumper%2FTest" "Mozilla/5.0 AppleWebKit/537.36 (KHTML, like Gecko; compatible; GPTBot/1.3; +https://openai.com/gptbot)"
74.7.242.15 - - [13/Apr/2026:12:35:59 +0000] "GET /whsy.php?p=%2Fproc%2F21642 HTTP/1.1" 200 860 "http://www.hibiscash.com.lab2454.com/whsy.php?p=%2Fproc%2F11033%2F.." "Mozilla/5.0 AppleWebKit/537.36 (KHTML, like Gecko; compatible; GPTBot/1.3; +https://openai.com/gptbot)"
74.7.242.15 - - [13/Apr/2026:12:36:02 +0000] "GET /whsy.php?p=%2Fproc%2F27456 HTTP/1.1" 200 860 "http://www.hibiscash.com.lab2454.com/whsy.php?p=%2Fproc%2F11033%2F.." "Mozilla/5.0 AppleWebKit/537.36 (KHTML, like Gecko; compatible; GPTBot/1.3; +https://openai.com/gptbot)"
74.7.227.181 - - [13/Apr/2026:12:36:03 +0000] "GET /whsy.php?p=%2Fhome%2Flab2454c%2Fadenbic.com%2Fwp-content%2Fplugins%2Felementor-pro%2Fmodules%2Fpopup%2Fassets%2Fimages%2F.. HTTP/1.1" 200 583 "http://hibiscash.com.lab2454.com/whsy.php?p=%2Fhome%2Flab2454c%2Fadenbic.com%2Fwp-content%2Fplugins%2Felementor-pro%2Fmodules%2Fpopup%2Fassets%2Fimages" "Mozilla/5.0 AppleWebKit/537.36 (KHTML, like Gecko; compatible; GPTBot/1.3; +https://openai.com/gptbot)"
74.7.242.15 - - [13/Apr/2026:12:36:05 +0000] "GET /whsy.php?p=%2Fproc%2F16594 HTTP/1.1" 200 1936 "http://www.hibiscash.com.lab2454.com/whsy.php?p=%2Fproc%2F11033%2F.." "Mozilla/5.0 AppleWebKit/537.36 (KHTML, like Gecko; compatible; GPTBot/1.3; +https://openai.com/gptbot)"
74.7.242.15 - - [13/Apr/2026:12:36:09 +0000] "GET /whsy.php?p=%2Fproc%2F13619 HTTP/1.1" 200 860 "http://www.hibiscash.com.lab2454.com/whsy.php?p=%2Fproc%2F11033%2F.." "Mozilla/5.0 AppleWebKit/537.36 (KHTML, like Gecko; compatible; GPTBot/1.3; +https://openai.com/gptbot)"
74.7.227.181 - - [13/Apr/2026:12:36:09 +0000] "GET /whsy.php?p=%2Fhome%2Flab2454c%2Fcostbloc.com%2Fpublic%2Fdatta-able%2Fscss%2F.. HTTP/1.1" 200 575 "http://hibiscash.com.lab2454.com/whsy.php?p=%2Fhome%2Flab2454c%2Fcostbloc.com%2Fpublic%2Fdatta-able%2Fscss" "Mozilla/5.0 AppleWebKit/537.36 (KHTML, like Gecko; compatible; GPTBot/1.3; +https://openai.com/gptbot)"
74.7.242.15 - - [13/Apr/2026:12:36:12 +0000] "GET /whsy.php?p=%2Fproc%2F14379 HTTP/1.1" 200 860 "http://www.hibiscash.com.lab2454.com/whsy.php?p=%2Fproc%2F11033%2F.." "Mozilla/5.0 AppleWebKit/537.36 (KHTML, like Gecko; compatible; GPTBot/1.3; +https://openai.com/gptbot)"
74.7.227.181 - - [13/Apr/2026:12:36:13 +0000] "GET /whsy.php?p=%2Fhome%2Flab2454c%2Fcrypthorize.net%2Fwp-content%2Fplugins%2Felementor%2Fcore%2Fadmin%2Fui%2F.. HTTP/1.1" 200 861 "http://hibiscash.com.lab2454.com/whsy.php?p=%2Fhome%2Flab2454c%2Fcrypthorize.net%2Fwp-content%2Fplugins%2Felementor%2Fcore%2Fadmin%2Fui" "Mozilla/5.0 AppleWebKit/537.36 (KHTML, like Gecko; compatible; GPTBot/1.3; +https://openai.com/gptbot)"
74.7.242.15 - - [13/Apr/2026:12:36:15 +0000] "GET /whsy.php?p=%2Fproc%2F14736 HTTP/1.1" 200 1936 "http://www.hibiscash.com.lab2454.com/whsy.php?p=%2Fproc%2F11033%2F.." "Mozilla/5.0 AppleWebKit/537.36 (KHTML, like Gecko; compatible; GPTBot/1.3; +https://openai.com/gptbot)"
74.7.242.15 - - [13/Apr/2026:12:36:19 +0000] "GET /whsy.php?e=mountstats&p=%2Fproc%2F10345 HTTP/1.1" 200 1936 "http://www.hibiscash.com.lab2454.com/whsy.php?p=%2Fproc%2F10345" "Mozilla/5.0 AppleWebKit/537.36 (KHTML, like Gecko; compatible; GPTBot/1.3; +https://openai.com/gptbot)"
74.7.242.15 - - [13/Apr/2026:12:36:22 +0000] "GET /whsy.php?e=loginuid&p=%2Fproc%2F18401 HTTP/1.1" 200 860 "http://www.hibiscash.com.lab2454.com/whsy.php?p=%2Fproc%2F18401" "Mozilla/5.0 AppleWebKit/537.36 (KHTML, like Gecko; compatible; GPTBot/1.3; +https://openai.com/gptbot)"
74.7.227.181 - - [13/Apr/2026:12:36:23 +0000] "GET /whsy.php?p=%2Fhome%2Flab2454c%2Fpublic_html%2Fwp-content%2Fplugins%2Felementor-pro%2Fmodules%2Fpopup%2Fassets%2Fimages%2F.. HTTP/1.1" 200 583 "http://hibiscash.com.lab2454.com/whsy.php?p=%2Fhome%2Flab2454c%2Fpublic_html%2Fwp-content%2Fplugins%2Felementor-pro%2Fmodules%2Fpopup%2Fassets%2Fimages" "Mozilla/5.0 AppleWebKit/537.36 (KHTML, like Gecko; compatible; GPTBot/1.3; +https://openai.com/gptbot)"
74.7.242.15 - - [13/Apr/2026:12:36:26 +0000] "GET /whsy.php?e=loginuid&p=%2Fproc%2F19725 HTTP/1.1" 200 2012 "http://www.hibiscash.com.lab2454.com/whsy.php?p=%2Fproc%2F19725" "Mozilla/5.0 AppleWebKit/537.36 (KHTML, like Gecko; compatible; GPTBot/1.3; +https://openai.com/gptbot)"
74.7.242.15 - - [13/Apr/2026:12:36:29 +0000] "GET /whsy.php?e=loginuid&p=%2Fproc%2F10345 HTTP/1.1" 200 2012 "http://www.hibiscash.com.lab2454.com/whsy.php?p=%2Fproc%2F10345" "Mozilla/5.0 AppleWebKit/537.36 (KHTML, like Gecko; compatible; GPTBot/1.3; +https://openai.com/gptbot)"
74.7.227.181 - - [13/Apr/2026:12:36:30 +0000] "GET /whsy.php?p=%2Fhome%2Flab2454c%2Fmact34.com%2Fwp-includes%2Fblocks%2Ffile%2F.. HTTP/1.1" 200 3795 "http://hibiscash.com.lab2454.com/whsy.php?e=view.js&p=%2Fhome%2Flab2454c%2Fmact34.com%2Fwp-includes%2Fblocks%2Ffile" "Mozilla/5.0 AppleWebKit/537.36 (KHTML, like Gecko; compatible; GPTBot/1.3; +https://openai.com/gptbot)"
74.7.242.15 - - [13/Apr/2026:12:36:32 +0000] "GET /whsy.php?e=mountstats&p=%2Fproc%2F19725 HTTP/1.1" 200 1936 "http://www.hibiscash.com.lab2454.com/whsy.php?p=%2Fproc%2F19725" "Mozilla/5.0 AppleWebKit/537.36 (KHTML, like Gecko; compatible; GPTBot/1.3; +https://openai.com/gptbot)"
74.7.227.181 - - [13/Apr/2026:12:36:33 +0000] "GET /whsy.php?p=%2Fproc%2F23638%2Fnet%2Fvlan HTTP/1.1" 200 860 "http://hibiscash.com.lab2454.com/whsy.php?p=%2Fproc%2F23638%2Fnet" "Mozilla/5.0 AppleWebKit/537.36 (KHTML, like Gecko; compatible; GPTBot/1.3; +https://openai.com/gptbot)"
74.7.242.15 - - [13/Apr/2026:12:36:36 +0000] "GET /whsy.php?e=mountstats&p=%2Fproc%2F18401 HTTP/1.1" 200 860 "http://www.hibiscash.com.lab2454.com/whsy.php?p=%2Fproc%2F18401" "Mozilla/5.0 AppleWebKit/537.36 (KHTML, like Gecko; compatible; GPTBot/1.3; +https://openai.com/gptbot)"
74.7.242.15 - - [13/Apr/2026:12:36:39 +0000] "GET /whsy.php?p=%2Fproc%2F12210 HTTP/1.1" 200 1935 "http://www.hibiscash.com.lab2454.com/whsy.php?p=%2Fproc%2F11033%2F.." "Mozilla/5.0 AppleWebKit/537.36 (KHTML, like Gecko; compatible; GPTBot/1.3; +https://openai.com/gptbot)"
74.7.227.181 - - [13/Apr/2026:12:36:40 +0000] "GET /whsy.php?p=%2Fproc%2F13291%2Fnet%2Fvlan HTTP/1.1" 200 860 "http://hibiscash.com.lab2454.com/whsy.php?p=%2Fproc%2F13291%2Fnet" "Mozilla/5.0 AppleWebKit/537.36 (KHTML, like Gecko; compatible; GPTBot/1.3; +https://openai.com/gptbot)"
74.7.242.15 - - [13/Apr/2026:12:36:43 +0000] "GET /whsy.php?e=timerslack_ns&p=%2Fproc%2F16594 HTTP/1.1" 200 2008 "http://www.hibiscash.com.lab2454.com/whsy.php?p=%2Fproc%2F16594" "Mozilla/5.0 AppleWebKit/537.36 (KHTML, like Gecko; compatible; GPTBot/1.3; +https://openai.com/gptbot)"
74.7.227.181 - - [13/Apr/2026:12:36:44 +0000] "GET /whsy.php?p=%2Fproc%2F12194%2Fnet%2Fvlan HTTP/1.1" 200 860 "http://hibiscash.com.lab2454.com/whsy.php?p=%2Fproc%2F12194%2Fnet" "Mozilla/5.0 AppleWebKit/537.36 (KHTML, like Gecko; compatible; GPTBot/1.3; +https://openai.com/gptbot)"
74.7.242.15 - - [13/Apr/2026:12:36:46 +0000] "GET /whsy.php?e=stack&p=%2Fproc%2F16594 HTTP/1.1" 200 1936 "http://www.hibiscash.com.lab2454.com/whsy.php?p=%2Fproc%2F16594" "Mozilla/5.0 AppleWebKit/537.36 (KHTML, like Gecko; compatible; GPTBot/1.3; +https://openai.com/gptbot)"
74.7.242.15 - - [13/Apr/2026:12:36:49 +0000] "GET /whsy.php?e=statm&p=%2Fproc%2F16594 HTTP/1.1" 200 2008 "http://www.hibiscash.com.lab2454.com/whsy.php?p=%2Fproc%2F16594" "Mozilla/5.0 AppleWebKit/537.36 (KHTML, like Gecko; compatible; GPTBot/1.3; +https://openai.com/gptbot)"
74.7.242.15 - - [13/Apr/2026:12:36:53 +0000] "GET /whsy.php?e=comm&p=%2Fproc%2F14736 HTTP/1.1" 200 2019 "http://www.hibiscash.com.lab2454.com/whsy.php?p=%2Fproc%2F14736" "Mozilla/5.0 AppleWebKit/537.36 (KHTML, like Gecko; compatible; GPTBot/1.3; +https://openai.com/gptbot)"
74.7.242.15 - - [13/Apr/2026:12:36:56 +0000] "GET /whsy.php?e=timerslack_ns&p=%2Fproc%2F14736 HTTP/1.1" 200 2008 "http://www.hibiscash.com.lab2454.com/whsy.php?p=%2Fproc%2F14736" "Mozilla/5.0 AppleWebKit/537.36 (KHTML, like Gecko; compatible; GPTBot/1.3; +https://openai.com/gptbot)"
74.7.242.15 - - [13/Apr/2026:12:37:00 +0000] "GET /whsy.php?e=statm&p=%2Fproc%2F14736 HTTP/1.1" 200 2008 "http://www.hibiscash.com.lab2454.com/whsy.php?p=%2Fproc%2F14736" "Mozilla/5.0 AppleWebKit/537.36 (KHTML, like Gecko; compatible; GPTBot/1.3; +https://openai.com/gptbot)"
74.7.227.181 - - [13/Apr/2026:12:37:01 +0000] "GET /whsy.php?p=%2Fproc%2F21066%2Fnet%2Fvlan HTTP/1.1" 200 860 "http://hibiscash.com.lab2454.com/whsy.php?p=%2Fproc%2F21066%2Fnet" "Mozilla/5.0 AppleWebKit/537.36 (KHTML, like Gecko; compatible; GPTBot/1.3; +https://openai.com/gptbot)"
74.7.242.15 - - [13/Apr/2026:12:37:04 +0000] "GET /whsy.php?e=stack&p=%2Fproc%2F14736 HTTP/1.1" 200 1936 "http://www.hibiscash.com.lab2454.com/whsy.php?p=%2Fproc%2F14736" "Mozilla/5.0 AppleWebKit/537.36 (KHTML, like Gecko; compatible; GPTBot/1.3; +https://openai.com/gptbot)"
74.7.227.181 - - [13/Apr/2026:12:37:04 +0000] "GET /whsy.php?p=%2Fproc%2F12451%2Fnet%2Fvlan HTTP/1.1" 200 860 "http://hibiscash.com.lab2454.com/whsy.php?p=%2Fproc%2F12451%2Fnet" "Mozilla/5.0 AppleWebKit/537.36 (KHTML, like Gecko; compatible; GPTBot/1.3; +https://openai.com/gptbot)"
74.7.242.15 - - [13/Apr/2026:12:37:07 +0000] "GET /whsy.php?e=schedstat&p=%2Fproc%2F14736 HTTP/1.1" 200 2032 "http://www.hibiscash.com.lab2454.com/whsy.php?p=%2Fproc%2F14736" "Mozilla/5.0 AppleWebKit/537.36 (KHTML, like Gecko; compatible; GPTBot/1.3; +https://openai.com/gptbot)"
74.7.227.181 - - [13/Apr/2026:12:37:08 +0000] "GET /whsy.php?p=%2Fproc%2F30209%2Fnet%2Fvlan HTTP/1.1" 200 860 "http://hibiscash.com.lab2454.com/whsy.php?p=%2Fproc%2F30209%2Fnet" "Mozilla/5.0 AppleWebKit/537.36 (KHTML, like Gecko; compatible; GPTBot/1.3; +https://openai.com/gptbot)"
74.7.242.15 - - [13/Apr/2026:12:37:10 +0000] "GET /whsy.php?e=schedstat&p=%2Fproc%2F16594 HTTP/1.1" 200 2032 "http://www.hibiscash.com.lab2454.com/whsy.php?p=%2Fproc%2F16594" "Mozilla/5.0 AppleWebKit/537.36 (KHTML, like Gecko; compatible; GPTBot/1.3; +https://openai.com/gptbot)"
74.7.227.181 - - [13/Apr/2026:12:37:11 +0000] "GET /whsy.php?p=%2Fproc%2F13172%2Fnet%2Fvlan HTTP/1.1" 200 662 "http://hibiscash.com.lab2454.com/whsy.php?e=connector&p=%2Fproc%2F13172%2Fnet" "Mozilla/5.0 AppleWebKit/537.36 (KHTML, like Gecko; compatible; GPTBot/1.3; +https://openai.com/gptbot)"
74.7.242.15 - - [13/Apr/2026:12:37:14 +0000] "GET /whsy.php?e=cwd&p=%2Fproc%2F14736 HTTP/1.1" 200 1936 "http://www.hibiscash.com.lab2454.com/whsy.php?p=%2Fproc%2F14736" "Mozilla/5.0 AppleWebKit/537.36 (KHTML, like Gecko; compatible; GPTBot/1.3; +https://openai.com/gptbot)"
74.7.242.15 - - [13/Apr/2026:12:37:17 +0000] "GET /whsy.php?e=sessionid&p=%2Fproc%2F12210 HTTP/1.1" 200 2015 "http://www.hibiscash.com.lab2454.com/whsy.php?p=%2Fproc%2F12210" "Mozilla/5.0 AppleWebKit/537.36 (KHTML, like Gecko; compatible; GPTBot/1.3; +https://openai.com/gptbot)"
74.7.242.15 - - [13/Apr/2026:12:37:22 +0000] "GET /whsy.php?e=schedstat&p=%2Fproc%2F12210 HTTP/1.1" 200 2030 "http://www.hibiscash.com.lab2454.com/whsy.php?p=%2Fproc%2F12210" "Mozilla/5.0 AppleWebKit/537.36 (KHTML, like Gecko; compatible; GPTBot/1.3; +https://openai.com/gptbot)"
74.7.242.15 - - [13/Apr/2026:12:37:25 +0000] "GET /whsy.php?e=setgroups&p=%2Fproc%2F12210 HTTP/1.1" 200 2006 "http://www.hibiscash.com.lab2454.com/whsy.php?p=%2Fproc%2F12210" "Mozilla/5.0 AppleWebKit/537.36 (KHTML, like Gecko; compatible; GPTBot/1.3; +https://openai.com/gptbot)"
74.7.227.181 - - [13/Apr/2026:12:37:26 +0000] "GET /whsy.php?p=%2Fproc%2F11237%2Fnet%2Fvlan HTTP/1.1" 200 662 "http://hibiscash.com.lab2454.com/whsy.php?e=connector&p=%2Fproc%2F11237%2Fnet" "Mozilla/5.0 AppleWebKit/537.36 (KHTML, like Gecko; compatible; GPTBot/1.3; +https://openai.com/gptbot)"
74.7.242.15 - - [13/Apr/2026:12:37:29 +0000] "GET /whsy.php?e=mem&p=%2Fproc%2F16594 HTTP/1.1" 200 1936 "http://www.hibiscash.com.lab2454.com/whsy.php?p=%2Fproc%2F16594" "Mozilla/5.0 AppleWebKit/537.36 (KHTML, like Gecko; compatible; GPTBot/1.3; +https://openai.com/gptbot)"
74.7.242.15 - - [13/Apr/2026:12:37:32 +0000] "GET /whsy.php?e=cwd&p=%2Fproc%2F16594 HTTP/1.1" 200 1936 "http://www.hibiscash.com.lab2454.com/whsy.php?p=%2Fproc%2F16594" "Mozilla/5.0 AppleWebKit/537.36 (KHTML, like Gecko; compatible; GPTBot/1.3; +https://openai.com/gptbot)"
74.7.242.15 - - [13/Apr/2026:12:37:36 +0000] "GET /whsy.php?e=mem&p=%2Fproc%2F14736 HTTP/1.1" 200 1936 "http://www.hibiscash.com.lab2454.com/whsy.php?p=%2Fproc%2F14736" "Mozilla/5.0 AppleWebKit/537.36 (KHTML, like Gecko; compatible; GPTBot/1.3; +https://openai.com/gptbot)"
74.7.227.181 - - [13/Apr/2026:12:37:36 +0000] "GET /whsy.php?p=%2Fproc%2F12383%2Fnet%2Fvlan HTTP/1.1" 200 860 "http://hibiscash.com.lab2454.com/whsy.php?p=%2Fproc%2F12383%2Fnet" "Mozilla/5.0 AppleWebKit/537.36 (KHTML, like Gecko; compatible; GPTBot/1.3; +https://openai.com/gptbot)"
74.7.242.15 - - [13/Apr/2026:12:37:39 +0000] "GET /whsy.php?e=smaps&p=%2Fproc%2F16594 HTTP/1.1" 200 2007 "http://www.hibiscash.com.lab2454.com/whsy.php?p=%2Fproc%2F16594" "Mozilla/5.0 AppleWebKit/537.36 (KHTML, like Gecko; compatible; GPTBot/1.3; +https://openai.com/gptbot)"
74.7.227.181 - - [13/Apr/2026:12:37:40 +0000] "GET /whsy.php?p=%2Fproc%2F14342%2Fnet%2Fvlan HTTP/1.1" 200 860 "http://hibiscash.com.lab2454.com/whsy.php?p=%2Fproc%2F14342%2Fnet" "Mozilla/5.0 AppleWebKit/537.36 (KHTML, like Gecko; compatible; GPTBot/1.3; +https://openai.com/gptbot)"
74.7.242.15 - - [13/Apr/2026:12:37:43 +0000] "GET /whsy.php?e=smaps&p=%2Fproc%2F14736 HTTP/1.1" 200 2007 "http://www.hibiscash.com.lab2454.com/whsy.php?p=%2Fproc%2F14736" "Mozilla/5.0 AppleWebKit/537.36 (KHTML, like Gecko; compatible; GPTBot/1.3; +https://openai.com/gptbot)"
74.7.227.181 - - [13/Apr/2026:12:37:43 +0000] "GET /whsy.php?p=%2Fproc%2F32050%2Fnet%2Fvlan HTTP/1.1" 200 860 "http://hibiscash.com.lab2454.com/whsy.php?p=%2Fproc%2F32050%2Fnet" "Mozilla/5.0 AppleWebKit/537.36 (KHTML, like Gecko; compatible; GPTBot/1.3; +https://openai.com/gptbot)"
74.7.242.15 - - [13/Apr/2026:12:37:46 +0000] "GET /whsy.php?e=mountinfo&p=%2Fproc%2F16594 HTTP/1.1" 200 2950 "http://www.hibiscash.com.lab2454.com/whsy.php?p=%2Fproc%2F16594" "Mozilla/5.0 AppleWebKit/537.36 (KHTML, like Gecko; compatible; GPTBot/1.3; +https://openai.com/gptbot)"
74.7.242.15 - - [13/Apr/2026:12:37:49 +0000] "GET /whsy.php?e=mountinfo&p=%2Fproc%2F14736 HTTP/1.1" 200 2951 "http://www.hibiscash.com.lab2454.com/whsy.php?p=%2Fproc%2F14736" "Mozilla/5.0 AppleWebKit/537.36 (KHTML, like Gecko; compatible; GPTBot/1.3; +https://openai.com/gptbot)"
74.7.242.15 - - [13/Apr/2026:12:37:52 +0000] "GET /whsy.php?e=autogroup&p=%2Fproc%2F14736 HTTP/1.1" 200 2003 "http://www.hibiscash.com.lab2454.com/whsy.php?p=%2Fproc%2F14736" "Mozilla/5.0 AppleWebKit/537.36 (KHTML, like Gecko; compatible; GPTBot/1.3; +https://openai.com/gptbot)"
74.7.227.181 - - [13/Apr/2026:12:37:53 +0000] "GET /whsy.php?p=%2Fproc%2F20466%2Fnet%2Fvlan HTTP/1.1" 200 860 "http://hibiscash.com.lab2454.com/whsy.php?p=%2Fproc%2F20466%2Fnet" "Mozilla/5.0 AppleWebKit/537.36 (KHTML, like Gecko; compatible; GPTBot/1.3; +https://openai.com/gptbot)"
74.7.242.15 - - [13/Apr/2026:12:37:56 +0000] "GET /whsy.php?e=autogroup&p=%2Fproc%2F16594 HTTP/1.1" 200 2003 "http://www.hibiscash.com.lab2454.com/whsy.php?p=%2Fproc%2F16594" "Mozilla/5.0 AppleWebKit/537.36 (KHTML, like Gecko; compatible; GPTBot/1.3; +https://openai.com/gptbot)"
74.7.227.181 - - [13/Apr/2026:12:37:56 +0000] "GET /whsy.php?p=%2Fproc%2F20776%2Fnet%2Fvlan HTTP/1.1" 200 860 "http://hibiscash.com.lab2454.com/whsy.php?p=%2Fproc%2F20776%2Fnet" "Mozilla/5.0 AppleWebKit/537.36 (KHTML, like Gecko; compatible; GPTBot/1.3; +https://openai.com/gptbot)"
74.7.242.15 - - [13/Apr/2026:12:37:59 +0000] "GET /whsy.php?e=wchan&p=%2Fproc%2F14736 HTTP/1.1" 200 2005 "http://www.hibiscash.com.lab2454.com/whsy.php?p=%2Fproc%2F14736" "Mozilla/5.0 AppleWebKit/537.36 (KHTML, like Gecko; compatible; GPTBot/1.3; +https://openai.com/gptbot)"
74.7.227.181 - - [13/Apr/2026:12:38:00 +0000] "GET /whsy.php?p=%2Fproc%2F21995%2Fnet%2Fvlan HTTP/1.1" 200 860 "http://hibiscash.com.lab2454.com/whsy.php?p=%2Fproc%2F21995%2Fnet" "Mozilla/5.0 AppleWebKit/537.36 (KHTML, like Gecko; compatible; GPTBot/1.3; +https://openai.com/gptbot)"
74.7.242.15 - - [13/Apr/2026:12:38:03 +0000] "GET /whsy.php?e=wchan&p=%2Fproc%2F16594 HTTP/1.1" 200 2005 "http://www.hibiscash.com.lab2454.com/whsy.php?p=%2Fproc%2F16594" "Mozilla/5.0 AppleWebKit/537.36 (KHTML, like Gecko; compatible; GPTBot/1.3; +https://openai.com/gptbot)"
74.7.227.181 - - [13/Apr/2026:12:38:04 +0000] "GET /whsy.php?p=%2Fproc%2F11302%2Fnet%2Fvlan HTTP/1.1" 200 661 "http://hibiscash.com.lab2454.com/whsy.php?e=connector&p=%2Fproc%2F11302%2Fnet" "Mozilla/5.0 AppleWebKit/537.36 (KHTML, like Gecko; compatible; GPTBot/1.3; +https://openai.com/gptbot)"
74.7.242.15 - - [13/Apr/2026:12:38:06 +0000] "GET /whsy.php?e=auxv&p=%2Fproc%2F14736 HTTP/1.1" 200 1936 "http://www.hibiscash.com.lab2454.com/whsy.php?p=%2Fproc%2F14736" "Mozilla/5.0 AppleWebKit/537.36 (KHTML, like Gecko; compatible; GPTBot/1.3; +https://openai.com/gptbot)"
74.7.227.181 - - [13/Apr/2026:12:38:07 +0000] "GET /whsy.php?p=%2Fproc%2F12817%2Fnet%2Fvlan HTTP/1.1" 200 860 "http://hibiscash.com.lab2454.com/whsy.php?p=%2Fproc%2F12817%2Fnet" "Mozilla/5.0 AppleWebKit/537.36 (KHTML, like Gecko; compatible; GPTBot/1.3; +https://openai.com/gptbot)"
74.7.242.15 - - [13/Apr/2026:12:38:10 +0000] "GET /whsy.php?e=auxv&p=%2Fproc%2F16594 HTTP/1.1" 200 1936 "http://www.hibiscash.com.lab2454.com/whsy.php?p=%2Fproc%2F16594" "Mozilla/5.0 AppleWebKit/537.36 (KHTML, like Gecko; compatible; GPTBot/1.3; +https://openai.com/gptbot)"
74.7.227.181 - - [13/Apr/2026:12:38:10 +0000] "GET /whsy.php?p=%2Fproc%2F11328%2Fnet%2Fvlan HTTP/1.1" 200 661 "http://hibiscash.com.lab2454.com/whsy.php?e=connector&p=%2Fproc%2F11328%2Fnet" "Mozilla/5.0 AppleWebKit/537.36 (KHTML, like Gecko; compatible; GPTBot/1.3; +https://openai.com/gptbot)"
74.7.242.15 - - [13/Apr/2026:12:38:13 +0000] "GET /whsy.php?e=pagemap&p=%2Fproc%2F12210 HTTP/1.1" 200 1935 "http://www.hibiscash.com.lab2454.com/whsy.php?p=%2Fproc%2F12210" "Mozilla/5.0 AppleWebKit/537.36 (KHTML, like Gecko; compatible; GPTBot/1.3; +https://openai.com/gptbot)"
74.7.227.181 - - [13/Apr/2026:12:38:14 +0000] "GET /whsy.php?p=%2Fproc%2F32384%2Fnet%2Fvlan HTTP/1.1" 200 860 "http://hibiscash.com.lab2454.com/whsy.php?p=%2Fproc%2F32384%2Fnet" "Mozilla/5.0 AppleWebKit/537.36 (KHTML, like Gecko; compatible; GPTBot/1.3; +https://openai.com/gptbot)"
74.7.242.15 - - [13/Apr/2026:12:38:17 +0000] "GET /whsy.php?e=syscall&p=%2Fproc%2F12210 HTTP/1.1" 200 1935 "http://www.hibiscash.com.lab2454.com/whsy.php?p=%2Fproc%2F12210" "Mozilla/5.0 AppleWebKit/537.36 (KHTML, like Gecko; compatible; GPTBot/1.3; +https://openai.com/gptbot)"
74.7.242.15 - - [13/Apr/2026:12:38:20 +0000] "GET /whsy.php?e=exe&p=%2Fproc%2F14736 HTTP/1.1" 200 1936 "http://www.hibiscash.com.lab2454.com/whsy.php?p=%2Fproc%2F14736" "Mozilla/5.0 AppleWebKit/537.36 (KHTML, like Gecko; compatible; GPTBot/1.3; +https://openai.com/gptbot)"
74.7.227.181 - - [13/Apr/2026:12:38:21 +0000] "GET /whsy.php?p=%2Fproc%2F17291%2Fnet%2Fvlan HTTP/1.1" 200 860 "http://hibiscash.com.lab2454.com/whsy.php?p=%2Fproc%2F17291%2Fnet" "Mozilla/5.0 AppleWebKit/537.36 (KHTML, like Gecko; compatible; GPTBot/1.3; +https://openai.com/gptbot)"
74.7.242.15 - - [13/Apr/2026:12:38:24 +0000] "GET /whsy.php?e=exe&p=%2Fproc%2F16594 HTTP/1.1" 200 1936 "http://www.hibiscash.com.lab2454.com/whsy.php?p=%2Fproc%2F16594" "Mozilla/5.0 AppleWebKit/537.36 (KHTML, like Gecko; compatible; GPTBot/1.3; +https://openai.com/gptbot)"
74.7.227.181 - - [13/Apr/2026:12:38:24 +0000] "GET /whsy.php?p=%2Fproc%2F31127%2Fnet%2Fvlan HTTP/1.1" 200 860 "http://hibiscash.com.lab2454.com/whsy.php?p=%2Fproc%2F31127%2Fnet" "Mozilla/5.0 AppleWebKit/537.36 (KHTML, like Gecko; compatible; GPTBot/1.3; +https://openai.com/gptbot)"
74.7.242.15 - - [13/Apr/2026:12:38:27 +0000] "GET /whsy.php?e=sched&p=%2Fproc%2F16594 HTTP/1.1" 200 2456 "http://www.hibiscash.com.lab2454.com/whsy.php?p=%2Fproc%2F16594" "Mozilla/5.0 AppleWebKit/537.36 (KHTML, like Gecko; compatible; GPTBot/1.3; +https://openai.com/gptbot)"
74.7.227.181 - - [13/Apr/2026:12:38:28 +0000] "GET /whsy.php?p=%2Fproc%2F32395%2Fnet%2Fvlan HTTP/1.1" 200 860 "http://hibiscash.com.lab2454.com/whsy.php?p=%2Fproc%2F32395%2Fnet" "Mozilla/5.0 AppleWebKit/537.36 (KHTML, like Gecko; compatible; GPTBot/1.3; +https://openai.com/gptbot)"
