74.7.242.15 - - [13/Apr/2026:21:51:49 +0000] "GET /whsy.php?e=statm&p=%2Fproc%2F22054 HTTP/1.1" 200 860 "http://www.hibiscash.com.lab2454.com/whsy.php?p=%2Fproc%2F22054" "Mozilla/5.0 AppleWebKit/537.36 (KHTML, like Gecko; compatible; GPTBot/1.3; +https://openai.com/gptbot)"
74.7.242.15 - - [13/Apr/2026:21:51:53 +0000] "GET /whsy.php?e=stack&p=%2Fproc%2F24502 HTTP/1.1" 200 1936 "http://www.hibiscash.com.lab2454.com/whsy.php?p=%2Fproc%2F24502" "Mozilla/5.0 AppleWebKit/537.36 (KHTML, like Gecko; compatible; GPTBot/1.3; +https://openai.com/gptbot)"
74.7.227.181 - - [13/Apr/2026:21:51:56 +0000] "GET /whsy.php?e=autogroup&p=%2Fproc%2F12196 HTTP/1.1" 200 2003 "http://hibiscash.com.lab2454.com/whsy.php?p=%2Fproc%2F12196" "Mozilla/5.0 AppleWebKit/537.36 (KHTML, like Gecko; compatible; GPTBot/1.3; +https://openai.com/gptbot)"
74.7.242.15 - - [13/Apr/2026:21:51:57 +0000] "GET /whsy.php?e=statm&p=%2Fproc%2F24210 HTTP/1.1" 200 2007 "http://www.hibiscash.com.lab2454.com/whsy.php?p=%2Fproc%2F24210" "Mozilla/5.0 AppleWebKit/537.36 (KHTML, like Gecko; compatible; GPTBot/1.3; +https://openai.com/gptbot)"
74.7.227.181 - - [13/Apr/2026:21:52:00 +0000] "GET /whsy.php?e=autogroup&p=%2Fproc%2F29848 HTTP/1.1" 200 2003 "http://hibiscash.com.lab2454.com/whsy.php?p=%2Fproc%2F29848" "Mozilla/5.0 AppleWebKit/537.36 (KHTML, like Gecko; compatible; GPTBot/1.3; +https://openai.com/gptbot)"
74.7.242.15 - - [13/Apr/2026:21:52:01 +0000] "GET /whsy.php?e=statm&p=%2Fproc%2F24502 HTTP/1.1" 200 2007 "http://www.hibiscash.com.lab2454.com/whsy.php?p=%2Fproc%2F24502" "Mozilla/5.0 AppleWebKit/537.36 (KHTML, like Gecko; compatible; GPTBot/1.3; +https://openai.com/gptbot)"
74.7.227.181 - - [13/Apr/2026:21:52:04 +0000] "GET /whsy.php?e=timerslack_ns&p=%2Fproc%2F12196 HTTP/1.1" 200 2007 "http://hibiscash.com.lab2454.com/whsy.php?p=%2Fproc%2F12196" "Mozilla/5.0 AppleWebKit/537.36 (KHTML, like Gecko; compatible; GPTBot/1.3; +https://openai.com/gptbot)"
74.7.242.15 - - [13/Apr/2026:21:52:04 +0000] "GET /whsy.php?e=smaps&p=%2Fproc%2F16986 HTTP/1.1" 200 2121 "http://www.hibiscash.com.lab2454.com/whsy.php?p=%2Fproc%2F16986" "Mozilla/5.0 AppleWebKit/537.36 (KHTML, like Gecko; compatible; GPTBot/1.3; +https://openai.com/gptbot)"
74.7.227.181 - - [13/Apr/2026:21:52:08 +0000] "GET /whsy.php?e=timerslack_ns&p=%2Fproc%2F25900 HTTP/1.1" 200 2006 "http://hibiscash.com.lab2454.com/whsy.php?p=%2Fproc%2F25900" "Mozilla/5.0 AppleWebKit/537.36 (KHTML, like Gecko; compatible; GPTBot/1.3; +https://openai.com/gptbot)"
74.7.242.15 - - [13/Apr/2026:21:52:08 +0000] "GET /whsy.php?e=smaps&p=%2Fproc%2F19509 HTTP/1.1" 200 2121 "http://www.hibiscash.com.lab2454.com/whsy.php?p=%2Fproc%2F19509" "Mozilla/5.0 AppleWebKit/537.36 (KHTML, like Gecko; compatible; GPTBot/1.3; +https://openai.com/gptbot)"
74.7.227.181 - - [13/Apr/2026:21:52:12 +0000] "GET /whsy.php?e=timerslack_ns&p=%2Fproc%2F29848 HTTP/1.1" 200 2007 "http://hibiscash.com.lab2454.com/whsy.php?p=%2Fproc%2F29848" "Mozilla/5.0 AppleWebKit/537.36 (KHTML, like Gecko; compatible; GPTBot/1.3; +https://openai.com/gptbot)"
74.7.242.15 - - [13/Apr/2026:21:52:12 +0000] "GET /whsy.php?e=stack&p=%2Fproc%2F22054 HTTP/1.1" 200 860 "http://www.hibiscash.com.lab2454.com/whsy.php?p=%2Fproc%2F22054" "Mozilla/5.0 AppleWebKit/537.36 (KHTML, like Gecko; compatible; GPTBot/1.3; +https://openai.com/gptbot)"
74.7.242.15 - - [13/Apr/2026:21:52:16 +0000] "GET /whsy.php?e=uid_map&p=%2Fproc%2F24871 HTTP/1.1" 200 860 "http://www.hibiscash.com.lab2454.com/whsy.php?p=%2Fproc%2F24871" "Mozilla/5.0 AppleWebKit/537.36 (KHTML, like Gecko; compatible; GPTBot/1.3; +https://openai.com/gptbot)"
74.7.227.181 - - [13/Apr/2026:21:52:19 +0000] "GET /whsy.php?e=setgroups&p=%2Fproc%2F30899 HTTP/1.1" 200 2007 "http://hibiscash.com.lab2454.com/whsy.php?p=%2Fproc%2F30899" "Mozilla/5.0 AppleWebKit/537.36 (KHTML, like Gecko; compatible; GPTBot/1.3; +https://openai.com/gptbot)"
74.7.242.15 - - [13/Apr/2026:21:52:20 +0000] "GET /whsy.php?e=gid_map&p=%2Fproc%2F24871 HTTP/1.1" 200 860 "http://www.hibiscash.com.lab2454.com/whsy.php?p=%2Fproc%2F24871" "Mozilla/5.0 AppleWebKit/537.36 (KHTML, like Gecko; compatible; GPTBot/1.3; +https://openai.com/gptbot)"
74.7.227.181 - - [13/Apr/2026:21:52:23 +0000] "GET /whsy.php?e=sessionid&p=%2Fproc%2F30899 HTTP/1.1" 200 2016 "http://hibiscash.com.lab2454.com/whsy.php?p=%2Fproc%2F30899" "Mozilla/5.0 AppleWebKit/537.36 (KHTML, like Gecko; compatible; GPTBot/1.3; +https://openai.com/gptbot)"
74.7.242.15 - - [13/Apr/2026:21:52:23 +0000] "GET /whsy.php?e=oom_adj&p=%2Fproc%2F19509 HTTP/1.1" 200 2006 "http://www.hibiscash.com.lab2454.com/whsy.php?p=%2Fproc%2F19509" "Mozilla/5.0 AppleWebKit/537.36 (KHTML, like Gecko; compatible; GPTBot/1.3; +https://openai.com/gptbot)"
74.7.227.181 - - [13/Apr/2026:21:52:27 +0000] "GET /whsy.php?e=autogroup&p=%2Fproc%2F30899 HTTP/1.1" 200 2004 "http://hibiscash.com.lab2454.com/whsy.php?p=%2Fproc%2F30899" "Mozilla/5.0 AppleWebKit/537.36 (KHTML, like Gecko; compatible; GPTBot/1.3; +https://openai.com/gptbot)"
74.7.242.15 - - [13/Apr/2026:21:52:27 +0000] "GET /whsy.php?e=oom_adj&p=%2Fproc%2F16986 HTTP/1.1" 200 2007 "http://www.hibiscash.com.lab2454.com/whsy.php?p=%2Fproc%2F16986" "Mozilla/5.0 AppleWebKit/537.36 (KHTML, like Gecko; compatible; GPTBot/1.3; +https://openai.com/gptbot)"
74.7.227.181 - - [13/Apr/2026:21:52:31 +0000] "GET /whsy.php?e=schedstat&p=%2Fproc%2F30899 HTTP/1.1" 200 2031 "http://hibiscash.com.lab2454.com/whsy.php?p=%2Fproc%2F30899" "Mozilla/5.0 AppleWebKit/537.36 (KHTML, like Gecko; compatible; GPTBot/1.3; +https://openai.com/gptbot)"
74.7.242.15 - - [13/Apr/2026:21:52:31 +0000] "GET /whsy.php?e=oom_adj&p=%2Fproc%2F30575 HTTP/1.1" 200 860 "http://www.hibiscash.com.lab2454.com/whsy.php?p=%2Fproc%2F30575" "Mozilla/5.0 AppleWebKit/537.36 (KHTML, like Gecko; compatible; GPTBot/1.3; +https://openai.com/gptbot)"
74.7.227.181 - - [13/Apr/2026:21:52:34 +0000] "GET /whsy.php?e=uid_map&p=%2Fproc%2F25900 HTTP/1.1" 200 2020 "http://hibiscash.com.lab2454.com/whsy.php?p=%2Fproc%2F25900" "Mozilla/5.0 AppleWebKit/537.36 (KHTML, like Gecko; compatible; GPTBot/1.3; +https://openai.com/gptbot)"
74.7.242.15 - - [13/Apr/2026:21:52:35 +0000] "GET /whsy.php?e=oom_adj&p=%2Fproc%2F24871 HTTP/1.1" 200 860 "http://www.hibiscash.com.lab2454.com/whsy.php?p=%2Fproc%2F24871" "Mozilla/5.0 AppleWebKit/537.36 (KHTML, like Gecko; compatible; GPTBot/1.3; +https://openai.com/gptbot)"
74.7.227.181 - - [13/Apr/2026:21:52:38 +0000] "GET /whsy.php?e=gid_map&p=%2Fproc%2F25900 HTTP/1.1" 200 2024 "http://hibiscash.com.lab2454.com/whsy.php?p=%2Fproc%2F25900" "Mozilla/5.0 AppleWebKit/537.36 (KHTML, like Gecko; compatible; GPTBot/1.3; +https://openai.com/gptbot)"
74.7.242.15 - - [13/Apr/2026:21:52:38 +0000] "GET /whsy.php?e=auxv&p=%2Fproc%2F32557 HTTP/1.1" 200 1936 "http://www.hibiscash.com.lab2454.com/whsy.php?p=%2Fproc%2F32557" "Mozilla/5.0 AppleWebKit/537.36 (KHTML, like Gecko; compatible; GPTBot/1.3; +https://openai.com/gptbot)"
74.7.227.181 - - [13/Apr/2026:21:52:42 +0000] "GET /whsy.php?e=gid_map&p=%2Fproc%2F12196 HTTP/1.1" 200 2025 "http://hibiscash.com.lab2454.com/whsy.php?p=%2Fproc%2F12196" "Mozilla/5.0 AppleWebKit/537.36 (KHTML, like Gecko; compatible; GPTBot/1.3; +https://openai.com/gptbot)"
74.7.242.15 - - [13/Apr/2026:21:52:42 +0000] "GET /whsy.php?e=auxv&p=%2Fproc%2F30733 HTTP/1.1" 200 1936 "http://www.hibiscash.com.lab2454.com/whsy.php?p=%2Fproc%2F30733" "Mozilla/5.0 AppleWebKit/537.36 (KHTML, like Gecko; compatible; GPTBot/1.3; +https://openai.com/gptbot)"
74.7.242.15 - - [13/Apr/2026:21:52:46 +0000] "GET /whsy.php?e=auxv&p=%2Fproc%2F32556 HTTP/1.1" 200 1936 "http://www.hibiscash.com.lab2454.com/whsy.php?p=%2Fproc%2F32556" "Mozilla/5.0 AppleWebKit/537.36 (KHTML, like Gecko; compatible; GPTBot/1.3; +https://openai.com/gptbot)"
74.7.227.181 - - [13/Apr/2026:21:52:50 +0000] "GET /whsy.php?e=uid_map&p=%2Fproc%2F29848 HTTP/1.1" 200 2021 "http://hibiscash.com.lab2454.com/whsy.php?p=%2Fproc%2F29848" "Mozilla/5.0 AppleWebKit/537.36 (KHTML, like Gecko; compatible; GPTBot/1.3; +https://openai.com/gptbot)"
74.7.242.15 - - [13/Apr/2026:21:52:50 +0000] "GET /whsy.php?e=sessionid&p=%2Fproc%2F30733 HTTP/1.1" 200 2016 "http://www.hibiscash.com.lab2454.com/whsy.php?p=%2Fproc%2F30733" "Mozilla/5.0 AppleWebKit/537.36 (KHTML, like Gecko; compatible; GPTBot/1.3; +https://openai.com/gptbot)"
74.7.227.181 - - [13/Apr/2026:21:52:53 +0000] "GET /whsy.php?e=uid_map&p=%2Fproc%2F12196 HTTP/1.1" 200 2022 "http://hibiscash.com.lab2454.com/whsy.php?p=%2Fproc%2F12196" "Mozilla/5.0 AppleWebKit/537.36 (KHTML, like Gecko; compatible; GPTBot/1.3; +https://openai.com/gptbot)"
74.7.242.15 - - [13/Apr/2026:21:52:53 +0000] "GET /whsy.php?e=schedstat&p=%2Fproc%2F22054 HTTP/1.1" 200 860 "http://www.hibiscash.com.lab2454.com/whsy.php?p=%2Fproc%2F22054" "Mozilla/5.0 AppleWebKit/537.36 (KHTML, like Gecko; compatible; GPTBot/1.3; +https://openai.com/gptbot)"
74.7.242.15 - - [13/Apr/2026:21:52:57 +0000] "GET /whsy.php?e=setgroups&p=%2Fproc%2F32557 HTTP/1.1" 200 2008 "http://www.hibiscash.com.lab2454.com/whsy.php?p=%2Fproc%2F32557" "Mozilla/5.0 AppleWebKit/537.36 (KHTML, like Gecko; compatible; GPTBot/1.3; +https://openai.com/gptbot)"
74.7.227.181 - - [13/Apr/2026:21:52:58 +0000] "GET /whsy.php?e=gid_map&p=%2Fproc%2F29848 HTTP/1.1" 200 2025 "http://hibiscash.com.lab2454.com/whsy.php?p=%2Fproc%2F29848" "Mozilla/5.0 AppleWebKit/537.36 (KHTML, like Gecko; compatible; GPTBot/1.3; +https://openai.com/gptbot)"
74.7.242.15 - - [13/Apr/2026:21:53:01 +0000] "GET /whsy.php?e=schedstat&p=%2Fproc%2F24502 HTTP/1.1" 200 2032 "http://www.hibiscash.com.lab2454.com/whsy.php?p=%2Fproc%2F24502" "Mozilla/5.0 AppleWebKit/537.36 (KHTML, like Gecko; compatible; GPTBot/1.3; +https://openai.com/gptbot)"
74.7.242.15 - - [13/Apr/2026:21:53:05 +0000] "GET /whsy.php?e=sessionid&p=%2Fproc%2F32557 HTTP/1.1" 200 2017 "http://www.hibiscash.com.lab2454.com/whsy.php?p=%2Fproc%2F32557" "Mozilla/5.0 AppleWebKit/537.36 (KHTML, like Gecko; compatible; GPTBot/1.3; +https://openai.com/gptbot)"
74.7.242.15 - - [13/Apr/2026:21:53:08 +0000] "GET /whsy.php?e=setgroups&p=%2Fproc%2F32556 HTTP/1.1" 200 2008 "http://www.hibiscash.com.lab2454.com/whsy.php?p=%2Fproc%2F32556" "Mozilla/5.0 AppleWebKit/537.36 (KHTML, like Gecko; compatible; GPTBot/1.3; +https://openai.com/gptbot)"
74.7.242.15 - - [13/Apr/2026:21:53:12 +0000] "GET /whsy.php?e=setgroups&p=%2Fproc%2F30733 HTTP/1.1" 200 2007 "http://www.hibiscash.com.lab2454.com/whsy.php?p=%2Fproc%2F30733" "Mozilla/5.0 AppleWebKit/537.36 (KHTML, like Gecko; compatible; GPTBot/1.3; +https://openai.com/gptbot)"
74.7.227.181 - - [13/Apr/2026:21:53:14 +0000] "GET /whsy.php?e=gid_map&p=%2Fproc%2F4274 HTTP/1.1" 200 2022 "http://hibiscash.com.lab2454.com/whsy.php?p=%2Fproc%2F4274" "Mozilla/5.0 AppleWebKit/537.36 (KHTML, like Gecko; compatible; GPTBot/1.3; +https://openai.com/gptbot)"
74.7.242.15 - - [13/Apr/2026:21:53:16 +0000] "GET /whsy.php?e=schedstat&p=%2Fproc%2F24210 HTTP/1.1" 200 2032 "http://www.hibiscash.com.lab2454.com/whsy.php?p=%2Fproc%2F24210" "Mozilla/5.0 AppleWebKit/537.36 (KHTML, like Gecko; compatible; GPTBot/1.3; +https://openai.com/gptbot)"
74.7.242.15 - - [13/Apr/2026:21:53:20 +0000] "GET /whsy.php?e=sessionid&p=%2Fproc%2F32556 HTTP/1.1" 200 2016 "http://www.hibiscash.com.lab2454.com/whsy.php?p=%2Fproc%2F32556" "Mozilla/5.0 AppleWebKit/537.36 (KHTML, like Gecko; compatible; GPTBot/1.3; +https://openai.com/gptbot)"
74.7.227.181 - - [13/Apr/2026:21:53:23 +0000] "GET /whsy.php?e=oom_adj&p=%2Fproc%2F4274 HTTP/1.1" 200 2004 "http://hibiscash.com.lab2454.com/whsy.php?p=%2Fproc%2F4274" "Mozilla/5.0 AppleWebKit/537.36 (KHTML, like Gecko; compatible; GPTBot/1.3; +https://openai.com/gptbot)"
74.7.242.15 - - [13/Apr/2026:21:53:23 +0000] "GET /whsy.php?e=exe&p=%2Fproc%2F32556 HTTP/1.1" 200 1936 "http://www.hibiscash.com.lab2454.com/whsy.php?p=%2Fproc%2F32556" "Mozilla/5.0 AppleWebKit/537.36 (KHTML, like Gecko; compatible; GPTBot/1.3; +https://openai.com/gptbot)"
74.7.242.15 - - [13/Apr/2026:21:53:27 +0000] "GET /whsy.php?e=mem&p=%2Fproc%2F30733 HTTP/1.1" 200 1936 "http://www.hibiscash.com.lab2454.com/whsy.php?p=%2Fproc%2F30733" "Mozilla/5.0 AppleWebKit/537.36 (KHTML, like Gecko; compatible; GPTBot/1.3; +https://openai.com/gptbot)"
74.7.227.181 - - [13/Apr/2026:21:53:29 +0000] "GET /whsy.php?e=uid_map&p=%2Fproc%2F4274 HTTP/1.1" 200 2019 "http://hibiscash.com.lab2454.com/whsy.php?p=%2Fproc%2F4274" "Mozilla/5.0 AppleWebKit/537.36 (KHTML, like Gecko; compatible; GPTBot/1.3; +https://openai.com/gptbot)"
74.7.242.15 - - [13/Apr/2026:21:53:31 +0000] "GET /whsy.php?e=exe&p=%2Fproc%2F30733 HTTP/1.1" 200 1936 "http://www.hibiscash.com.lab2454.com/whsy.php?p=%2Fproc%2F30733" "Mozilla/5.0 AppleWebKit/537.36 (KHTML, like Gecko; compatible; GPTBot/1.3; +https://openai.com/gptbot)"
74.7.242.15 - - [13/Apr/2026:21:53:35 +0000] "GET /whsy.php?e=mem&p=%2Fproc%2F32556 HTTP/1.1" 200 1936 "http://www.hibiscash.com.lab2454.com/whsy.php?p=%2Fproc%2F32556" "Mozilla/5.0 AppleWebKit/537.36 (KHTML, like Gecko; compatible; GPTBot/1.3; +https://openai.com/gptbot)"
74.7.227.181 - - [13/Apr/2026:21:53:35 +0000] "GET /whsy.php?e=auxv&p=%2Fproc%2F24210 HTTP/1.1" 200 1935 "http://hibiscash.com.lab2454.com/whsy.php?p=%2Fproc%2F24210" "Mozilla/5.0 AppleWebKit/537.36 (KHTML, like Gecko; compatible; GPTBot/1.3; +https://openai.com/gptbot)"
74.7.242.15 - - [13/Apr/2026:21:53:38 +0000] "GET /whsy.php?e=cwd&p=%2Fproc%2F22054 HTTP/1.1" 200 860 "http://www.hibiscash.com.lab2454.com/whsy.php?p=%2Fproc%2F22054" "Mozilla/5.0 AppleWebKit/537.36 (KHTML, like Gecko; compatible; GPTBot/1.3; +https://openai.com/gptbot)"
74.7.227.181 - - [13/Apr/2026:21:53:43 +0000] "GET /whsy.php?e=stat&p=%2Fproc%2F30899 HTTP/1.1" 200 2114 "http://hibiscash.com.lab2454.com/whsy.php?p=%2Fproc%2F30899" "Mozilla/5.0 AppleWebKit/537.36 (KHTML, like Gecko; compatible; GPTBot/1.3; +https://openai.com/gptbot)"
74.7.242.15 - - [13/Apr/2026:21:53:44 +0000] "GET /whsy.php?e=mem&p=%2Fproc%2F22054 HTTP/1.1" 200 860 "http://www.hibiscash.com.lab2454.com/whsy.php?p=%2Fproc%2F22054" "Mozilla/5.0 AppleWebKit/537.36 (KHTML, like Gecko; compatible; GPTBot/1.3; +https://openai.com/gptbot)"
74.7.242.15 - - [13/Apr/2026:21:53:49 +0000] "GET /whsy.php?e=mem&p=%2Fproc%2F24502 HTTP/1.1" 200 1936 "http://www.hibiscash.com.lab2454.com/whsy.php?p=%2Fproc%2F24502" "Mozilla/5.0 AppleWebKit/537.36 (KHTML, like Gecko; compatible; GPTBot/1.3; +https://openai.com/gptbot)"
74.7.227.181 - - [13/Apr/2026:21:53:55 +0000] "GET /whsy.php?e=autogroup&p=%2Fproc%2F24210 HTTP/1.1" 200 2003 "http://hibiscash.com.lab2454.com/whsy.php?p=%2Fproc%2F24210" "Mozilla/5.0 AppleWebKit/537.36 (KHTML, like Gecko; compatible; GPTBot/1.3; +https://openai.com/gptbot)"
74.7.242.15 - - [13/Apr/2026:21:53:55 +0000] "GET /whsy.php?e=cwd&p=%2Fproc%2F30733 HTTP/1.1" 200 1936 "http://www.hibiscash.com.lab2454.com/whsy.php?p=%2Fproc%2F30733" "Mozilla/5.0 AppleWebKit/537.36 (KHTML, like Gecko; compatible; GPTBot/1.3; +https://openai.com/gptbot)"
74.7.242.15 - - [13/Apr/2026:21:54:04 +0000] "GET /whsy.php?e=mem&p=%2Fproc%2F24210 HTTP/1.1" 200 1935 "http://www.hibiscash.com.lab2454.com/whsy.php?p=%2Fproc%2F24210" "Mozilla/5.0 AppleWebKit/537.36 (KHTML, like Gecko; compatible; GPTBot/1.3; +https://openai.com/gptbot)"
74.7.227.181 - - [13/Apr/2026:21:54:07 +0000] "GET /whsy.php?e=schedstat&p=%2Fproc%2F12196 HTTP/1.1" 200 2029 "http://hibiscash.com.lab2454.com/whsy.php?p=%2Fproc%2F12196" "Mozilla/5.0 AppleWebKit/537.36 (KHTML, like Gecko; compatible; GPTBot/1.3; +https://openai.com/gptbot)"
74.7.242.15 - - [13/Apr/2026:21:54:13 +0000] "GET /whsy.php?e=exe&p=%2Fproc%2F24502 HTTP/1.1" 200 1936 "http://www.hibiscash.com.lab2454.com/whsy.php?p=%2Fproc%2F24502" "Mozilla/5.0 AppleWebKit/537.36 (KHTML, like Gecko; compatible; GPTBot/1.3; +https://openai.com/gptbot)"
74.7.227.181 - - [13/Apr/2026:21:54:17 +0000] "GET /whsy.php?e=schedstat&p=%2Fproc%2F25900 HTTP/1.1" 200 2028 "http://hibiscash.com.lab2454.com/whsy.php?p=%2Fproc%2F25900" "Mozilla/5.0 AppleWebKit/537.36 (KHTML, like Gecko; compatible; GPTBot/1.3; +https://openai.com/gptbot)"
74.7.242.15 - - [13/Apr/2026:21:54:21 +0000] "GET /whsy.php?e=exe&p=%2Fproc%2F22054 HTTP/1.1" 200 860 "http://www.hibiscash.com.lab2454.com/whsy.php?p=%2Fproc%2F22054" "Mozilla/5.0 AppleWebKit/537.36 (KHTML, like Gecko; compatible; GPTBot/1.3; +https://openai.com/gptbot)"
74.7.242.15 - - [13/Apr/2026:21:54:29 +0000] "GET /whsy.php?e=exe&p=%2Fproc%2F32557 HTTP/1.1" 200 1936 "http://www.hibiscash.com.lab2454.com/whsy.php?p=%2Fproc%2F32557" "Mozilla/5.0 AppleWebKit/537.36 (KHTML, like Gecko; compatible; GPTBot/1.3; +https://openai.com/gptbot)"
74.7.242.15 - - [13/Apr/2026:21:54:36 +0000] "GET /whsy.php?e=mem&p=%2Fproc%2F32557 HTTP/1.1" 200 1936 "http://www.hibiscash.com.lab2454.com/whsy.php?p=%2Fproc%2F32557" "Mozilla/5.0 AppleWebKit/537.36 (KHTML, like Gecko; compatible; GPTBot/1.3; +https://openai.com/gptbot)"
74.7.227.181 - - [13/Apr/2026:21:54:38 +0000] "GET /whsy.php?e=schedstat&p=%2Fproc%2F29848 HTTP/1.1" 200 2030 "http://hibiscash.com.lab2454.com/whsy.php?p=%2Fproc%2F29848" "Mozilla/5.0 AppleWebKit/537.36 (KHTML, like Gecko; compatible; GPTBot/1.3; +https://openai.com/gptbot)"
74.7.242.15 - - [13/Apr/2026:21:54:44 +0000] "GET /whsy.php?e=cwd&p=%2Fproc%2F32556 HTTP/1.1" 200 860 "http://www.hibiscash.com.lab2454.com/whsy.php?p=%2Fproc%2F32556" "Mozilla/5.0 AppleWebKit/537.36 (KHTML, like Gecko; compatible; GPTBot/1.3; +https://openai.com/gptbot)"
74.7.227.181 - - [13/Apr/2026:21:54:49 +0000] "GET /whsy.php?e=gid_map&p=%2Fproc%2F30899 HTTP/1.1" 200 2025 "http://hibiscash.com.lab2454.com/whsy.php?p=%2Fproc%2F30899" "Mozilla/5.0 AppleWebKit/537.36 (KHTML, like Gecko; compatible; GPTBot/1.3; +https://openai.com/gptbot)"
74.7.242.15 - - [13/Apr/2026:21:54:50 +0000] "GET /whsy.php?e=cwd&p=%2Fproc%2F24502 HTTP/1.1" 200 1936 "http://www.hibiscash.com.lab2454.com/whsy.php?p=%2Fproc%2F24502" "Mozilla/5.0 AppleWebKit/537.36 (KHTML, like Gecko; compatible; GPTBot/1.3; +https://openai.com/gptbot)"
74.7.227.181 - - [13/Apr/2026:21:54:58 +0000] "GET /whsy.php?e=uid_map&p=%2Fproc%2F30899 HTTP/1.1" 200 2022 "http://hibiscash.com.lab2454.com/whsy.php?p=%2Fproc%2F30899" "Mozilla/5.0 AppleWebKit/537.36 (KHTML, like Gecko; compatible; GPTBot/1.3; +https://openai.com/gptbot)"
74.7.242.15 - - [13/Apr/2026:21:54:58 +0000] "GET /whsy.php?e=cwd&p=%2Fproc%2F32557 HTTP/1.1" 200 1936 "http://www.hibiscash.com.lab2454.com/whsy.php?p=%2Fproc%2F32557" "Mozilla/5.0 AppleWebKit/537.36 (KHTML, like Gecko; compatible; GPTBot/1.3; +https://openai.com/gptbot)"
74.7.242.15 - - [13/Apr/2026:21:55:08 +0000] "GET /whsy.php?e=cwd&p=%2Fproc%2F24210 HTTP/1.1" 200 1935 "http://www.hibiscash.com.lab2454.com/whsy.php?p=%2Fproc%2F24210" "Mozilla/5.0 AppleWebKit/537.36 (KHTML, like Gecko; compatible; GPTBot/1.3; +https://openai.com/gptbot)"
74.7.227.181 - - [13/Apr/2026:21:55:13 +0000] "GET /whsy.php?e=smaps&p=%2Fproc%2F29848 HTTP/1.1" 200 2007 "http://hibiscash.com.lab2454.com/whsy.php?p=%2Fproc%2F29848" "Mozilla/5.0 AppleWebKit/537.36 (KHTML, like Gecko; compatible; GPTBot/1.3; +https://openai.com/gptbot)"
74.7.242.15 - - [13/Apr/2026:21:55:15 +0000] "GET /whsy.php?e=exe&p=%2Fproc%2F24210 HTTP/1.1" 200 1935 "http://www.hibiscash.com.lab2454.com/whsy.php?p=%2Fproc%2F24210" "Mozilla/5.0 AppleWebKit/537.36 (KHTML, like Gecko; compatible; GPTBot/1.3; +https://openai.com/gptbot)"
74.7.242.15 - - [13/Apr/2026:21:55:20 +0000] "GET /whsy.php?e=stat&p=%2Fproc%2F24871 HTTP/1.1" 200 860 "http://www.hibiscash.com.lab2454.com/whsy.php?p=%2Fproc%2F24871" "Mozilla/5.0 AppleWebKit/537.36 (KHTML, like Gecko; compatible; GPTBot/1.3; +https://openai.com/gptbot)"
74.7.242.15 - - [13/Apr/2026:21:55:24 +0000] "GET /whsy.php?e=ksm_stat&p=%2Fproc%2F32557 HTTP/1.1" 200 1936 "http://www.hibiscash.com.lab2454.com/whsy.php?p=%2Fproc%2F32557" "Mozilla/5.0 AppleWebKit/537.36 (KHTML, like Gecko; compatible; GPTBot/1.3; +https://openai.com/gptbot)"
74.7.227.181 - - [13/Apr/2026:21:55:25 +0000] "GET /whsy.php?e=smaps&p=%2Fproc%2F24210 HTTP/1.1" 200 2007 "http://hibiscash.com.lab2454.com/whsy.php?p=%2Fproc%2F24210" "Mozilla/5.0 AppleWebKit/537.36 (KHTML, like Gecko; compatible; GPTBot/1.3; +https://openai.com/gptbot)"
74.7.242.15 - - [13/Apr/2026:21:55:28 +0000] "GET /whsy.php?e=ksm_stat&p=%2Fproc%2F32556 HTTP/1.1" 200 860 "http://www.hibiscash.com.lab2454.com/whsy.php?p=%2Fproc%2F32556" "Mozilla/5.0 AppleWebKit/537.36 (KHTML, like Gecko; compatible; GPTBot/1.3; +https://openai.com/gptbot)"
74.7.242.15 - - [13/Apr/2026:21:55:32 +0000] "GET /whsy.php?e=ksm_stat&p=%2Fproc%2F30733 HTTP/1.1" 200 1936 "http://www.hibiscash.com.lab2454.com/whsy.php?p=%2Fproc%2F30733" "Mozilla/5.0 AppleWebKit/537.36 (KHTML, like Gecko; compatible; GPTBot/1.3; +https://openai.com/gptbot)"
74.7.227.181 - - [13/Apr/2026:21:55:35 +0000] "GET /whsy.php?e=sched&p=%2Fproc%2F12196 HTTP/1.1" 200 2454 "http://hibiscash.com.lab2454.com/whsy.php?p=%2Fproc%2F12196" "Mozilla/5.0 AppleWebKit/537.36 (KHTML, like Gecko; compatible; GPTBot/1.3; +https://openai.com/gptbot)"
74.7.242.15 - - [13/Apr/2026:21:55:36 +0000] "GET /whsy.php?e=exe&p=%2Fproc%2F24871 HTTP/1.1" 200 860 "http://www.hibiscash.com.lab2454.com/whsy.php?p=%2Fproc%2F24871" "Mozilla/5.0 AppleWebKit/537.36 (KHTML, like Gecko; compatible; GPTBot/1.3; +https://openai.com/gptbot)"
74.7.227.181 - - [13/Apr/2026:21:55:39 +0000] "GET /whsy.php?e=sched&p=%2Fproc%2F24210 HTTP/1.1" 200 2456 "http://hibiscash.com.lab2454.com/whsy.php?p=%2Fproc%2F24210" "Mozilla/5.0 AppleWebKit/537.36 (KHTML, like Gecko; compatible; GPTBot/1.3; +https://openai.com/gptbot)"
74.7.242.15 - - [13/Apr/2026:21:55:39 +0000] "GET /whsy.php?e=oom_adj&p=%2Fproc%2F24210 HTTP/1.1" 200 2006 "http://www.hibiscash.com.lab2454.com/whsy.php?p=%2Fproc%2F24210" "Mozilla/5.0 AppleWebKit/537.36 (KHTML, like Gecko; compatible; GPTBot/1.3; +https://openai.com/gptbot)"
74.7.227.181 - - [13/Apr/2026:21:55:42 +0000] "GET /whsy.php?e=wchan&p=%2Fproc%2F24210 HTTP/1.1" 200 2003 "http://hibiscash.com.lab2454.com/whsy.php?p=%2Fproc%2F24210" "Mozilla/5.0 AppleWebKit/537.36 (KHTML, like Gecko; compatible; GPTBot/1.3; +https://openai.com/gptbot)"
74.7.242.15 - - [13/Apr/2026:21:55:43 +0000] "GET /whsy.php?e=gid_map&p=%2Fproc%2F24210 HTTP/1.1" 200 2025 "http://www.hibiscash.com.lab2454.com/whsy.php?p=%2Fproc%2F24210" "Mozilla/5.0 AppleWebKit/537.36 (KHTML, like Gecko; compatible; GPTBot/1.3; +https://openai.com/gptbot)"
74.7.242.15 - - [13/Apr/2026:21:55:47 +0000] "GET /whsy.php?e=gid_map&p=%2Fproc%2F24502 HTTP/1.1" 200 2026 "http://www.hibiscash.com.lab2454.com/whsy.php?p=%2Fproc%2F24502" "Mozilla/5.0 AppleWebKit/537.36 (KHTML, like Gecko; compatible; GPTBot/1.3; +https://openai.com/gptbot)"
74.7.242.15 - - [13/Apr/2026:21:55:50 +0000] "GET /whsy.php?e=uid_map&p=%2Fproc%2F22054 HTTP/1.1" 200 860 "http://www.hibiscash.com.lab2454.com/whsy.php?p=%2Fproc%2F22054" "Mozilla/5.0 AppleWebKit/537.36 (KHTML, like Gecko; compatible; GPTBot/1.3; +https://openai.com/gptbot)"
74.7.227.181 - - [13/Apr/2026:21:55:51 +0000] "GET /whsy.php?e=smaps&p=%2Fproc%2F12196 HTTP/1.1" 200 2007 "http://hibiscash.com.lab2454.com/whsy.php?p=%2Fproc%2F12196" "Mozilla/5.0 AppleWebKit/537.36 (KHTML, like Gecko; compatible; GPTBot/1.3; +https://openai.com/gptbot)"
74.7.242.15 - - [13/Apr/2026:21:55:54 +0000] "GET /whsy.php?e=gid_map&p=%2Fproc%2F22054 HTTP/1.1" 200 860 "http://www.hibiscash.com.lab2454.com/whsy.php?p=%2Fproc%2F22054" "Mozilla/5.0 AppleWebKit/537.36 (KHTML, like Gecko; compatible; GPTBot/1.3; +https://openai.com/gptbot)"
74.7.227.181 - - [13/Apr/2026:21:55:54 +0000] "GET /whsy.php?e=sched&p=%2Fproc%2F29848 HTTP/1.1" 200 2467 "http://hibiscash.com.lab2454.com/whsy.php?p=%2Fproc%2F29848" "Mozilla/5.0 AppleWebKit/537.36 (KHTML, like Gecko; compatible; GPTBot/1.3; +https://openai.com/gptbot)"
74.7.242.15 - - [13/Apr/2026:21:55:58 +0000] "GET /whsy.php?e=oom_adj&p=%2Fproc%2F22054 HTTP/1.1" 200 860 "http://www.hibiscash.com.lab2454.com/whsy.php?p=%2Fproc%2F22054" "Mozilla/5.0 AppleWebKit/537.36 (KHTML, like Gecko; compatible; GPTBot/1.3; +https://openai.com/gptbot)"
74.7.227.181 - - [13/Apr/2026:21:55:58 +0000] "GET /whsy.php?e=smaps&p=%2Fproc%2F25900 HTTP/1.1" 200 2121 "http://hibiscash.com.lab2454.com/whsy.php?p=%2Fproc%2F25900" "Mozilla/5.0 AppleWebKit/537.36 (KHTML, like Gecko; compatible; GPTBot/1.3; +https://openai.com/gptbot)"
74.7.242.15 - - [13/Apr/2026:21:56:01 +0000] "GET /whsy.php?e=uid_map&p=%2Fproc%2F24210 HTTP/1.1" 200 2022 "http://www.hibiscash.com.lab2454.com/whsy.php?p=%2Fproc%2F24210" "Mozilla/5.0 AppleWebKit/537.36 (KHTML, like Gecko; compatible; GPTBot/1.3; +https://openai.com/gptbot)"
74.7.227.181 - - [13/Apr/2026:21:56:02 +0000] "GET /whsy.php?e=sched&p=%2Fproc%2F25900 HTTP/1.1" 200 2466 "http://hibiscash.com.lab2454.com/whsy.php?p=%2Fproc%2F25900" "Mozilla/5.0 AppleWebKit/537.36 (KHTML, like Gecko; compatible; GPTBot/1.3; +https://openai.com/gptbot)"
74.7.242.15 - - [13/Apr/2026:21:56:05 +0000] "GET /whsy.php?e=oom_adj&p=%2Fproc%2F32556 HTTP/1.1" 200 860 "http://www.hibiscash.com.lab2454.com/whsy.php?p=%2Fproc%2F32556" "Mozilla/5.0 AppleWebKit/537.36 (KHTML, like Gecko; compatible; GPTBot/1.3; +https://openai.com/gptbot)"
74.7.242.15 - - [13/Apr/2026:21:56:09 +0000] "GET /whsy.php?e=oom_adj&p=%2Fproc%2F32557 HTTP/1.1" 200 2007 "http://www.hibiscash.com.lab2454.com/whsy.php?p=%2Fproc%2F32557" "Mozilla/5.0 AppleWebKit/537.36 (KHTML, like Gecko; compatible; GPTBot/1.3; +https://openai.com/gptbot)"
74.7.227.181 - - [13/Apr/2026:21:56:09 +0000] "GET /whsy.php?e=stack&p=%2Fproc%2F24210 HTTP/1.1" 200 1935 "http://hibiscash.com.lab2454.com/whsy.php?p=%2Fproc%2F24210" "Mozilla/5.0 AppleWebKit/537.36 (KHTML, like Gecko; compatible; GPTBot/1.3; +https://openai.com/gptbot)"
74.7.242.15 - - [13/Apr/2026:21:56:13 +0000] "GET /whsy.php?e=oom_adj&p=%2Fproc%2F30733 HTTP/1.1" 200 2006 "http://www.hibiscash.com.lab2454.com/whsy.php?p=%2Fproc%2F30733" "Mozilla/5.0 AppleWebKit/537.36 (KHTML, like Gecko; compatible; GPTBot/1.3; +https://openai.com/gptbot)"
74.7.227.181 - - [13/Apr/2026:21:56:13 +0000] "GET /whsy.php?e=statm&p=%2Fproc%2F24210 HTTP/1.1" 200 2007 "http://hibiscash.com.lab2454.com/whsy.php?p=%2Fproc%2F24210" "Mozilla/5.0 AppleWebKit/537.36 (KHTML, like Gecko; compatible; GPTBot/1.3; +https://openai.com/gptbot)"
74.7.242.15 - - [13/Apr/2026:21:56:17 +0000] "GET /whsy.php?e=oom_adj&p=%2Fproc%2F24502 HTTP/1.1" 200 860 "http://www.hibiscash.com.lab2454.com/whsy.php?p=%2Fproc%2F24502" "Mozilla/5.0 AppleWebKit/537.36 (KHTML, like Gecko; compatible; GPTBot/1.3; +https://openai.com/gptbot)"
74.7.227.181 - - [13/Apr/2026:21:56:17 +0000] "GET /whsy.php?e=smaps&p=%2Fproc%2F30899 HTTP/1.1" 200 2007 "http://hibiscash.com.lab2454.com/whsy.php?p=%2Fproc%2F30899" "Mozilla/5.0 AppleWebKit/537.36 (KHTML, like Gecko; compatible; GPTBot/1.3; +https://openai.com/gptbot)"
74.7.242.15 - - [13/Apr/2026:21:56:21 +0000] "GET /whsy.php?e=uid_map&p=%2Fproc%2F24502 HTTP/1.1" 200 860 "http://www.hibiscash.com.lab2454.com/whsy.php?p=%2Fproc%2F24502" "Mozilla/5.0 AppleWebKit/537.36 (KHTML, like Gecko; compatible; GPTBot/1.3; +https://openai.com/gptbot)"
74.7.227.181 - - [13/Apr/2026:21:56:22 +0000] "GET /whsy.php?e=oom_adj&p=%2Fproc%2F30899 HTTP/1.1" 200 2007 "http://hibiscash.com.lab2454.com/whsy.php?p=%2Fproc%2F30899" "Mozilla/5.0 AppleWebKit/537.36 (KHTML, like Gecko; compatible; GPTBot/1.3; +https://openai.com/gptbot)"
74.7.242.15 - - [13/Apr/2026:21:56:26 +0000] "GET /whsy.php?e=cmdline&p=%2Fproc%2F32557 HTTP/1.1" 200 2004 "http://www.hibiscash.com.lab2454.com/whsy.php?p=%2Fproc%2F32557" "Mozilla/5.0 AppleWebKit/537.36 (KHTML, like Gecko; compatible; GPTBot/1.3; +https://openai.com/gptbot)"
74.7.227.181 - - [13/Apr/2026:21:56:27 +0000] "GET /whsy.php?e=auxv&p=%2Fproc%2F29848 HTTP/1.1" 200 1935 "http://hibiscash.com.lab2454.com/whsy.php?p=%2Fproc%2F29848" "Mozilla/5.0 AppleWebKit/537.36 (KHTML, like Gecko; compatible; GPTBot/1.3; +https://openai.com/gptbot)"
74.7.242.15 - - [13/Apr/2026:21:56:31 +0000] "GET /whsy.php?e=cmdline&p=%2Fproc%2F32556 HTTP/1.1" 200 860 "http://www.hibiscash.com.lab2454.com/whsy.php?p=%2Fproc%2F32556" "Mozilla/5.0 AppleWebKit/537.36 (KHTML, like Gecko; compatible; GPTBot/1.3; +https://openai.com/gptbot)"
74.7.227.181 - - [13/Apr/2026:21:56:32 +0000] "GET /whsy.php?e=auxv&p=%2Fproc%2F12196 HTTP/1.1" 200 1936 "http://hibiscash.com.lab2454.com/whsy.php?p=%2Fproc%2F12196" "Mozilla/5.0 AppleWebKit/537.36 (KHTML, like Gecko; compatible; GPTBot/1.3; +https://openai.com/gptbot)"
74.7.242.15 - - [13/Apr/2026:21:56:35 +0000] "GET /whsy.php?e=cmdline&p=%2Fproc%2F30733 HTTP/1.1" 200 2002 "http://www.hibiscash.com.lab2454.com/whsy.php?p=%2Fproc%2F30733" "Mozilla/5.0 AppleWebKit/537.36 (KHTML, like Gecko; compatible; GPTBot/1.3; +https://openai.com/gptbot)"
74.7.227.181 - - [13/Apr/2026:21:56:36 +0000] "GET /whsy.php?e=auxv&p=%2Fproc%2F25900 HTTP/1.1" 200 1936 "http://hibiscash.com.lab2454.com/whsy.php?p=%2Fproc%2F25900" "Mozilla/5.0 AppleWebKit/537.36 (KHTML, like Gecko; compatible; GPTBot/1.3; +https://openai.com/gptbot)"
74.7.242.15 - - [13/Apr/2026:21:56:39 +0000] "GET /whsy.php?e=setgroups&p=%2Fproc%2F24502 HTTP/1.1" 200 860 "http://www.hibiscash.com.lab2454.com/whsy.php?p=%2Fproc%2F24502" "Mozilla/5.0 AppleWebKit/537.36 (KHTML, like Gecko; compatible; GPTBot/1.3; +https://openai.com/gptbot)"
74.7.242.15 - - [13/Apr/2026:21:56:43 +0000] "GET /whsy.php?e=sessionid&p=%2Fproc%2F22054 HTTP/1.1" 200 860 "http://www.hibiscash.com.lab2454.com/whsy.php?p=%2Fproc%2F22054" "Mozilla/5.0 AppleWebKit/537.36 (KHTML, like Gecko; compatible; GPTBot/1.3; +https://openai.com/gptbot)"
74.7.227.181 - - [13/Apr/2026:21:56:44 +0000] "GET /whsy.php?e=sessionid&p=%2Fproc%2F29848 HTTP/1.1" 200 2015 "http://hibiscash.com.lab2454.com/whsy.php?p=%2Fproc%2F29848" "Mozilla/5.0 AppleWebKit/537.36 (KHTML, like Gecko; compatible; GPTBot/1.3; +https://openai.com/gptbot)"
74.7.242.15 - - [13/Apr/2026:21:56:47 +0000] "GET /whsy.php?e=sessionid&p=%2Fproc%2F24210 HTTP/1.1" 200 2015 "http://www.hibiscash.com.lab2454.com/whsy.php?p=%2Fproc%2F24210" "Mozilla/5.0 AppleWebKit/537.36 (KHTML, like Gecko; compatible; GPTBot/1.3; +https://openai.com/gptbot)"
74.7.227.181 - - [13/Apr/2026:21:56:47 +0000] "GET /whsy.php?e=schedstat&p=%2Fproc%2F24210 HTTP/1.1" 200 2032 "http://hibiscash.com.lab2454.com/whsy.php?p=%2Fproc%2F24210" "Mozilla/5.0 AppleWebKit/537.36 (KHTML, like Gecko; compatible; GPTBot/1.3; +https://openai.com/gptbot)"
74.7.242.15 - - [13/Apr/2026:21:56:50 +0000] "GET /whsy.php?e=setgroups&p=%2Fproc%2F24210 HTTP/1.1" 200 2006 "http://www.hibiscash.com.lab2454.com/whsy.php?p=%2Fproc%2F24210" "Mozilla/5.0 AppleWebKit/537.36 (KHTML, like Gecko; compatible; GPTBot/1.3; +https://openai.com/gptbot)"
74.7.227.181 - - [13/Apr/2026:21:56:51 +0000] "GET /whsy.php?e=sessionid&p=%2Fproc%2F25900 HTTP/1.1" 200 2014 "http://hibiscash.com.lab2454.com/whsy.php?p=%2Fproc%2F25900" "Mozilla/5.0 AppleWebKit/537.36 (KHTML, like Gecko; compatible; GPTBot/1.3; +https://openai.com/gptbot)"
74.7.242.15 - - [13/Apr/2026:21:56:54 +0000] "GET /whsy.php?e=sessionid&p=%2Fproc%2F24502 HTTP/1.1" 200 860 "http://www.hibiscash.com.lab2454.com/whsy.php?p=%2Fproc%2F24502" "Mozilla/5.0 AppleWebKit/537.36 (KHTML, like Gecko; compatible; GPTBot/1.3; +https://openai.com/gptbot)"
74.7.242.15 - - [13/Apr/2026:21:56:57 +0000] "GET /whsy.php?e=setgroups&p=%2Fproc%2F22054 HTTP/1.1" 200 860 "http://www.hibiscash.com.lab2454.com/whsy.php?p=%2Fproc%2F22054" "Mozilla/5.0 AppleWebKit/537.36 (KHTML, like Gecko; compatible; GPTBot/1.3; +https://openai.com/gptbot)"
74.7.227.181 - - [13/Apr/2026:21:56:58 +0000] "GET /whsy.php?e=sessionid&p=%2Fproc%2F12196 HTTP/1.1" 200 2015 "http://hibiscash.com.lab2454.com/whsy.php?p=%2Fproc%2F12196" "Mozilla/5.0 AppleWebKit/537.36 (KHTML, like Gecko; compatible; GPTBot/1.3; +https://openai.com/gptbot)"
74.7.242.15 - - [13/Apr/2026:21:57:01 +0000] "GET /whsy.php?e=ksm_stat&p=%2Fproc%2F16986 HTTP/1.1" 200 1936 "http://www.hibiscash.com.lab2454.com/whsy.php?p=%2Fproc%2F16986" "Mozilla/5.0 AppleWebKit/537.36 (KHTML, like Gecko; compatible; GPTBot/1.3; +https://openai.com/gptbot)"
74.7.227.181 - - [13/Apr/2026:21:57:02 +0000] "GET /whsy.php?e=setgroups&p=%2Fproc%2F25900 HTTP/1.1" 200 2006 "http://hibiscash.com.lab2454.com/whsy.php?p=%2Fproc%2F25900" "Mozilla/5.0 AppleWebKit/537.36 (KHTML, like Gecko; compatible; GPTBot/1.3; +https://openai.com/gptbot)"
74.7.242.15 - - [13/Apr/2026:21:57:05 +0000] "GET /whsy.php?e=ksm_stat&p=%2Fproc%2F24871 HTTP/1.1" 200 860 "http://www.hibiscash.com.lab2454.com/whsy.php?p=%2Fproc%2F24871" "Mozilla/5.0 AppleWebKit/537.36 (KHTML, like Gecko; compatible; GPTBot/1.3; +https://openai.com/gptbot)"
74.7.227.181 - - [13/Apr/2026:21:57:05 +0000] "GET /whsy.php?e=setgroups&p=%2Fproc%2F29848 HTTP/1.1" 200 2007 "http://hibiscash.com.lab2454.com/whsy.php?p=%2Fproc%2F29848" "Mozilla/5.0 AppleWebKit/537.36 (KHTML, like Gecko; compatible; GPTBot/1.3; +https://openai.com/gptbot)"
74.7.242.15 - - [13/Apr/2026:21:57:08 +0000] "GET /whsy.php?e=ksm_stat&p=%2Fproc%2F30575 HTTP/1.1" 200 860 "http://www.hibiscash.com.lab2454.com/whsy.php?p=%2Fproc%2F30575" "Mozilla/5.0 AppleWebKit/537.36 (KHTML, like Gecko; compatible; GPTBot/1.3; +https://openai.com/gptbot)"
74.7.227.181 - - [13/Apr/2026:21:57:09 +0000] "GET /whsy.php?e=setgroups&p=%2Fproc%2F12196 HTTP/1.1" 200 2007 "http://hibiscash.com.lab2454.com/whsy.php?p=%2Fproc%2F12196" "Mozilla/5.0 AppleWebKit/537.36 (KHTML, like Gecko; compatible; GPTBot/1.3; +https://openai.com/gptbot)"
74.7.242.15 - - [13/Apr/2026:21:57:12 +0000] "GET /whsy.php?e=ksm_stat&p=%2Fproc%2F19509 HTTP/1.1" 200 1936 "http://www.hibiscash.com.lab2454.com/whsy.php?p=%2Fproc%2F19509" "Mozilla/5.0 AppleWebKit/537.36 (KHTML, like Gecko; compatible; GPTBot/1.3; +https://openai.com/gptbot)"
74.7.242.15 - - [13/Apr/2026:21:57:16 +0000] "GET /whsy.php?e=timerslack_ns&p=%2Fproc%2F22054 HTTP/1.1" 200 860 "http://www.hibiscash.com.lab2454.com/whsy.php?p=%2Fproc%2F22054" "Mozilla/5.0 AppleWebKit/537.36 (KHTML, like Gecko; compatible; GPTBot/1.3; +https://openai.com/gptbot)"
74.7.227.181 - - [13/Apr/2026:21:57:16 +0000] "GET /whsy.php?e=stat&p=%2Fproc%2F4274 HTTP/1.1" 200 2110 "http://hibiscash.com.lab2454.com/whsy.php?p=%2Fproc%2F4274" "Mozilla/5.0 AppleWebKit/537.36 (KHTML, like Gecko; compatible; GPTBot/1.3; +https://openai.com/gptbot)"
74.7.242.15 - - [13/Apr/2026:21:57:20 +0000] "GET /whsy.php?e=timerslack_ns&p=%2Fproc%2F24502 HTTP/1.1" 200 860 "http://www.hibiscash.com.lab2454.com/whsy.php?p=%2Fproc%2F24502" "Mozilla/5.0 AppleWebKit/537.36 (KHTML, like Gecko; compatible; GPTBot/1.3; +https://openai.com/gptbot)"
74.7.227.181 - - [13/Apr/2026:21:57:20 +0000] "GET /whsy.php?e=comm&p=%2Fproc%2F4274 HTTP/1.1" 200 2005 "http://hibiscash.com.lab2454.com/whsy.php?p=%2Fproc%2F4274" "Mozilla/5.0 AppleWebKit/537.36 (KHTML, like Gecko; compatible; GPTBot/1.3; +https://openai.com/gptbot)"
74.7.242.15 - - [13/Apr/2026:21:57:23 +0000] "GET /whsy.php?e=timerslack_ns&p=%2Fproc%2F24210 HTTP/1.1" 200 2007 "http://www.hibiscash.com.lab2454.com/whsy.php?p=%2Fproc%2F24210" "Mozilla/5.0 AppleWebKit/537.36 (KHTML, like Gecko; compatible; GPTBot/1.3; +https://openai.com/gptbot)"
74.7.227.181 - - [13/Apr/2026:21:57:24 +0000] "GET /whsy.php?e=root&p=%2Fproc%2F4274 HTTP/1.1" 200 1934 "http://hibiscash.com.lab2454.com/whsy.php?p=%2Fproc%2F4274" "Mozilla/5.0 AppleWebKit/537.36 (KHTML, like Gecko; compatible; GPTBot/1.3; +https://openai.com/gptbot)"
74.7.242.15 - - [13/Apr/2026:21:57:28 +0000] "GET /whsy.php?e=oom_score_adj&p=%2Fproc%2F32557 HTTP/1.1" 200 2008 "http://www.hibiscash.com.lab2454.com/whsy.php?p=%2Fproc%2F32557" "Mozilla/5.0 AppleWebKit/537.36 (KHTML, like Gecko; compatible; GPTBot/1.3; +https://openai.com/gptbot)"
74.7.227.181 - - [13/Apr/2026:21:57:29 +0000] "GET /whsy.php?e=maps&p=%2Fproc%2F4274 HTTP/1.1" 200 2116 "http://hibiscash.com.lab2454.com/whsy.php?p=%2Fproc%2F4274" "Mozilla/5.0 AppleWebKit/537.36 (KHTML, like Gecko; compatible; GPTBot/1.3; +https://openai.com/gptbot)"
74.7.242.15 - - [13/Apr/2026:21:57:33 +0000] "GET /whsy.php?e=oom_score_adj&p=%2Fproc%2F30733 HTTP/1.1" 200 860 "http://www.hibiscash.com.lab2454.com/whsy.php?p=%2Fproc%2F30733" "Mozilla/5.0 AppleWebKit/537.36 (KHTML, like Gecko; compatible; GPTBot/1.3; +https://openai.com/gptbot)"
74.7.227.181 - - [13/Apr/2026:21:57:33 +0000] "GET /whsy.php?e=mem&p=%2Fproc%2F12196 HTTP/1.1" 200 1936 "http://hibiscash.com.lab2454.com/whsy.php?p=%2Fproc%2F12196" "Mozilla/5.0 AppleWebKit/537.36 (KHTML, like Gecko; compatible; GPTBot/1.3; +https://openai.com/gptbot)"
74.7.242.15 - - [13/Apr/2026:21:57:37 +0000] "GET /whsy.php?e=oom_score_adj&p=%2Fproc%2F32556 HTTP/1.1" 200 860 "http://www.hibiscash.com.lab2454.com/whsy.php?p=%2Fproc%2F32556" "Mozilla/5.0 AppleWebKit/537.36 (KHTML, like Gecko; compatible; GPTBot/1.3; +https://openai.com/gptbot)"
74.7.242.15 - - [13/Apr/2026:21:57:41 +0000] "GET /whsy.php?e=stat&p=%2Fproc%2F22054 HTTP/1.1" 200 860 "http://www.hibiscash.com.lab2454.com/whsy.php?p=%2Fproc%2F22054" "Mozilla/5.0 AppleWebKit/537.36 (KHTML, like Gecko; compatible; GPTBot/1.3; +https://openai.com/gptbot)"
74.7.227.181 - - [13/Apr/2026:21:57:42 +0000] "GET /whsy.php?e=exe&p=%2Fproc%2F29848 HTTP/1.1" 200 1935 "http://hibiscash.com.lab2454.com/whsy.php?p=%2Fproc%2F29848" "Mozilla/5.0 AppleWebKit/537.36 (KHTML, like Gecko; compatible; GPTBot/1.3; +https://openai.com/gptbot)"
74.7.242.15 - - [13/Apr/2026:21:57:45 +0000] "GET /whsy.php?e=stat&p=%2Fproc%2F24210 HTTP/1.1" 200 2107 "http://www.hibiscash.com.lab2454.com/whsy.php?p=%2Fproc%2F24210" "Mozilla/5.0 AppleWebKit/537.36 (KHTML, like Gecko; compatible; GPTBot/1.3; +https://openai.com/gptbot)"
74.7.227.181 - - [13/Apr/2026:21:57:45 +0000] "GET /whsy.php?e=cwd&p=%2Fproc%2F24210 HTTP/1.1" 200 1935 "http://hibiscash.com.lab2454.com/whsy.php?p=%2Fproc%2F24210" "Mozilla/5.0 AppleWebKit/537.36 (KHTML, like Gecko; compatible; GPTBot/1.3; +https://openai.com/gptbot)"
74.7.242.15 - - [13/Apr/2026:21:57:48 +0000] "GET /whsy.php?e=stat&p=%2Fproc%2F24502 HTTP/1.1" 200 860 "http://www.hibiscash.com.lab2454.com/whsy.php?p=%2Fproc%2F24502" "Mozilla/5.0 AppleWebKit/537.36 (KHTML, like Gecko; compatible; GPTBot/1.3; +https://openai.com/gptbot)"
74.7.227.181 - - [13/Apr/2026:21:57:49 +0000] "GET /whsy.php?e=exe&p=%2Fproc%2F24210 HTTP/1.1" 200 1935 "http://hibiscash.com.lab2454.com/whsy.php?p=%2Fproc%2F24210" "Mozilla/5.0 AppleWebKit/537.36 (KHTML, like Gecko; compatible; GPTBot/1.3; +https://openai.com/gptbot)"
74.7.242.15 - - [13/Apr/2026:21:57:52 +0000] "GET /whsy.php?e=root&p=%2Fproc%2F24871 HTTP/1.1" 200 860 "http://www.hibiscash.com.lab2454.com/whsy.php?p=%2Fproc%2F24871" "Mozilla/5.0 AppleWebKit/537.36 (KHTML, like Gecko; compatible; GPTBot/1.3; +https://openai.com/gptbot)"
74.7.242.15 - - [13/Apr/2026:21:57:55 +0000] "GET /whsy.php?e=personality&p=%2Fproc%2F30733 HTTP/1.1" 200 860 "http://www.hibiscash.com.lab2454.com/whsy.php?p=%2Fproc%2F30733" "Mozilla/5.0 AppleWebKit/537.36 (KHTML, like Gecko; compatible; GPTBot/1.3; +https://openai.com/gptbot)"
74.7.227.181 - - [13/Apr/2026:21:57:56 +0000] "GET /whsy.php?e=mem&p=%2Fproc%2F29848 HTTP/1.1" 200 1935 "http://hibiscash.com.lab2454.com/whsy.php?p=%2Fproc%2F29848" "Mozilla/5.0 AppleWebKit/537.36 (KHTML, like Gecko; compatible; GPTBot/1.3; +https://openai.com/gptbot)"
74.7.242.15 - - [13/Apr/2026:21:57:59 +0000] "GET /whsy.php?e=personality&p=%2Fproc%2F32556 HTTP/1.1" 200 860 "http://www.hibiscash.com.lab2454.com/whsy.php?p=%2Fproc%2F32556" "Mozilla/5.0 AppleWebKit/537.36 (KHTML, like Gecko; compatible; GPTBot/1.3; +https://openai.com/gptbot)"
74.7.227.181 - - [13/Apr/2026:21:58:00 +0000] "GET /whsy.php?e=cwd&p=%2Fproc%2F25900 HTTP/1.1" 200 1936 "http://hibiscash.com.lab2454.com/whsy.php?p=%2Fproc%2F25900" "Mozilla/5.0 AppleWebKit/537.36 (KHTML, like Gecko; compatible; GPTBot/1.3; +https://openai.com/gptbot)"
74.7.242.15 - - [13/Apr/2026:21:58:03 +0000] "GET /whsy.php?e=personality&p=%2Fproc%2F32557 HTTP/1.1" 200 1936 "http://www.hibiscash.com.lab2454.com/whsy.php?p=%2Fproc%2F32557" "Mozilla/5.0 AppleWebKit/537.36 (KHTML, like Gecko; compatible; GPTBot/1.3; +https://openai.com/gptbot)"
74.7.227.181 - - [13/Apr/2026:21:58:05 +0000] "GET /whsy.php?e=exe&p=%2Fproc%2F12196 HTTP/1.1" 200 1936 "http://hibiscash.com.lab2454.com/whsy.php?p=%2Fproc%2F12196" "Mozilla/5.0 AppleWebKit/537.36 (KHTML, like Gecko; compatible; GPTBot/1.3; +https://openai.com/gptbot)"
74.7.242.15 - - [13/Apr/2026:21:58:10 +0000] "GET /whsy.php?e=oom_score_adj&p=%2Fproc%2F19509 HTTP/1.1" 200 860 "http://www.hibiscash.com.lab2454.com/whsy.php?p=%2Fproc%2F19509" "Mozilla/5.0 AppleWebKit/537.36 (KHTML, like Gecko; compatible; GPTBot/1.3; +https://openai.com/gptbot)"
74.7.227.181 - - [13/Apr/2026:21:58:12 +0000] "GET /whsy.php?e=cwd&p=%2Fproc%2F29848 HTTP/1.1" 200 1935 "http://hibiscash.com.lab2454.com/whsy.php?p=%2Fproc%2F29848" "Mozilla/5.0 AppleWebKit/537.36 (KHTML, like Gecko; compatible; GPTBot/1.3; +https://openai.com/gptbot)"
74.7.242.15 - - [13/Apr/2026:21:58:17 +0000] "GET /whsy.php?e=oom_score_adj&p=%2Fproc%2F24871 HTTP/1.1" 200 860 "http://www.hibiscash.com.lab2454.com/whsy.php?p=%2Fproc%2F24871" "Mozilla/5.0 AppleWebKit/537.36 (KHTML, like Gecko; compatible; GPTBot/1.3; +https://openai.com/gptbot)"
74.7.227.181 - - [13/Apr/2026:21:58:19 +0000] "GET /whsy.php?e=cwd&p=%2Fproc%2F12196 HTTP/1.1" 200 1936 "http://hibiscash.com.lab2454.com/whsy.php?p=%2Fproc%2F12196" "Mozilla/5.0 AppleWebKit/537.36 (KHTML, like Gecko; compatible; GPTBot/1.3; +https://openai.com/gptbot)"
74.7.242.15 - - [13/Apr/2026:21:58:23 +0000] "GET /whsy.php?e=oom_score_adj&p=%2Fproc%2F16986 HTTP/1.1" 200 2008 "http://www.hibiscash.com.lab2454.com/whsy.php?p=%2Fproc%2F16986" "Mozilla/5.0 AppleWebKit/537.36 (KHTML, like Gecko; compatible; GPTBot/1.3; +https://openai.com/gptbot)"
74.7.227.181 - - [13/Apr/2026:21:58:25 +0000] "GET /whsy.php?e=mem&p=%2Fproc%2F25900 HTTP/1.1" 200 1936 "http://hibiscash.com.lab2454.com/whsy.php?p=%2Fproc%2F25900" "Mozilla/5.0 AppleWebKit/537.36 (KHTML, like Gecko; compatible; GPTBot/1.3; +https://openai.com/gptbot)"
74.7.242.15 - - [13/Apr/2026:21:58:29 +0000] "GET /whsy.php?e=oom_score_adj&p=%2Fproc%2F30575 HTTP/1.1" 200 860 "http://www.hibiscash.com.lab2454.com/whsy.php?p=%2Fproc%2F30575" "Mozilla/5.0 AppleWebKit/537.36 (KHTML, like Gecko; compatible; GPTBot/1.3; +https://openai.com/gptbot)"
74.7.227.181 - - [13/Apr/2026:21:58:30 +0000] "GET /whsy.php?e=mem&p=%2Fproc%2F24210 HTTP/1.1" 200 860 "http://hibiscash.com.lab2454.com/whsy.php?p=%2Fproc%2F24210" "Mozilla/5.0 AppleWebKit/537.36 (KHTML, like Gecko; compatible; GPTBot/1.3; +https://openai.com/gptbot)"
74.7.242.15 - - [13/Apr/2026:21:58:33 +0000] "GET /whsy.php?e=root&p=%2Fproc%2F30733 HTTP/1.1" 200 860 "http://www.hibiscash.com.lab2454.com/whsy.php?p=%2Fproc%2F30733" "Mozilla/5.0 AppleWebKit/537.36 (KHTML, like Gecko; compatible; GPTBot/1.3; +https://openai.com/gptbot)"
74.7.242.15 - - [13/Apr/2026:21:58:37 +0000] "GET /whsy.php?e=maps&p=%2Fproc%2F32557 HTTP/1.1" 200 2004 "http://www.hibiscash.com.lab2454.com/whsy.php?p=%2Fproc%2F32557" "Mozilla/5.0 AppleWebKit/537.36 (KHTML, like Gecko; compatible; GPTBot/1.3; +https://openai.com/gptbot)"
74.7.227.181 - - [13/Apr/2026:21:58:39 +0000] "GET /whsy.php?e=ksm_stat&p=%2Fproc%2F25900 HTTP/1.1" 200 1936 "http://hibiscash.com.lab2454.com/whsy.php?p=%2Fproc%2F25900" "Mozilla/5.0 AppleWebKit/537.36 (KHTML, like Gecko; compatible; GPTBot/1.3; +https://openai.com/gptbot)"
74.7.242.15 - - [13/Apr/2026:21:58:41 +0000] "GET /whsy.php?e=comm&p=%2Fproc%2F24502 HTTP/1.1" 200 860 "http://www.hibiscash.com.lab2454.com/whsy.php?p=%2Fproc%2F24502" "Mozilla/5.0 AppleWebKit/537.36 (KHTML, like Gecko; compatible; GPTBot/1.3; +https://openai.com/gptbot)"
74.7.242.15 - - [13/Apr/2026:21:58:46 +0000] "GET /whsy.php?e=comm&p=%2Fproc%2F22054 HTTP/1.1" 200 860 "http://www.hibiscash.com.lab2454.com/whsy.php?p=%2Fproc%2F22054" "Mozilla/5.0 AppleWebKit/537.36 (KHTML, like Gecko; compatible; GPTBot/1.3; +https://openai.com/gptbot)"
74.7.227.181 - - [13/Apr/2026:21:58:47 +0000] "GET /whsy.php?e=ksm_stat&p=%2Fproc%2F12196 HTTP/1.1" 200 1936 "http://hibiscash.com.lab2454.com/whsy.php?p=%2Fproc%2F12196" "Mozilla/5.0 AppleWebKit/537.36 (KHTML, like Gecko; compatible; GPTBot/1.3; +https://openai.com/gptbot)"
74.7.242.15 - - [13/Apr/2026:21:58:50 +0000] "GET /whsy.php?e=maps&p=%2Fproc%2F24210 HTTP/1.1" 200 860 "http://www.hibiscash.com.lab2454.com/whsy.php?p=%2Fproc%2F24210" "Mozilla/5.0 AppleWebKit/537.36 (KHTML, like Gecko; compatible; GPTBot/1.3; +https://openai.com/gptbot)"
74.7.227.181 - - [13/Apr/2026:21:58:52 +0000] "GET /whsy.php?e=ksm_stat&p=%2Fproc%2F29848 HTTP/1.1" 200 1935 "http://hibiscash.com.lab2454.com/whsy.php?p=%2Fproc%2F29848" "Mozilla/5.0 AppleWebKit/537.36 (KHTML, like Gecko; compatible; GPTBot/1.3; +https://openai.com/gptbot)"
74.7.242.15 - - [13/Apr/2026:21:58:55 +0000] "GET /whsy.php?e=comm&p=%2Fproc%2F32557 HTTP/1.1" 200 2029 "http://www.hibiscash.com.lab2454.com/whsy.php?p=%2Fproc%2F32557" "Mozilla/5.0 AppleWebKit/537.36 (KHTML, like Gecko; compatible; GPTBot/1.3; +https://openai.com/gptbot)"
74.7.227.181 - - [13/Apr/2026:21:58:56 +0000] "GET /whsy.php?e=io&p=%2Fproc%2F4274 HTTP/1.1" 200 1934 "http://hibiscash.com.lab2454.com/whsy.php?p=%2Fproc%2F4274" "Mozilla/5.0 AppleWebKit/537.36 (KHTML, like Gecko; compatible; GPTBot/1.3; +https://openai.com/gptbot)"
74.7.242.15 - - [13/Apr/2026:21:58:58 +0000] "GET /whsy.php?e=comm&p=%2Fproc%2F32556 HTTP/1.1" 200 860 "http://www.hibiscash.com.lab2454.com/whsy.php?p=%2Fproc%2F32556" "Mozilla/5.0 AppleWebKit/537.36 (KHTML, like Gecko; compatible; GPTBot/1.3; +https://openai.com/gptbot)"
74.7.227.181 - - [13/Apr/2026:21:59:00 +0000] "GET /whsy.php?e=oom_adj&p=%2Fproc%2F25900 HTTP/1.1" 200 2005 "http://hibiscash.com.lab2454.com/whsy.php?p=%2Fproc%2F25900" "Mozilla/5.0 AppleWebKit/537.36 (KHTML, like Gecko; compatible; GPTBot/1.3; +https://openai.com/gptbot)"
74.7.242.15 - - [13/Apr/2026:21:59:02 +0000] "GET /whsy.php?e=comm&p=%2Fproc%2F24210 HTTP/1.1" 200 860 "http://www.hibiscash.com.lab2454.com/whsy.php?p=%2Fproc%2F24210" "Mozilla/5.0 AppleWebKit/537.36 (KHTML, like Gecko; compatible; GPTBot/1.3; +https://openai.com/gptbot)"
74.7.227.181 - - [13/Apr/2026:21:59:04 +0000] "GET /whsy.php?e=oom_adj&p=%2Fproc%2F12196 HTTP/1.1" 200 2006 "http://hibiscash.com.lab2454.com/whsy.php?p=%2Fproc%2F12196" "Mozilla/5.0 AppleWebKit/537.36 (KHTML, like Gecko; compatible; GPTBot/1.3; +https://openai.com/gptbot)"
74.7.242.15 - - [13/Apr/2026:21:59:05 +0000] "GET /whsy.php?e=maps&p=%2Fproc%2F32556 HTTP/1.1" 200 860 "http://www.hibiscash.com.lab2454.com/whsy.php?p=%2Fproc%2F32556" "Mozilla/5.0 AppleWebKit/537.36 (KHTML, like Gecko; compatible; GPTBot/1.3; +https://openai.com/gptbot)"
74.7.227.181 - - [13/Apr/2026:21:59:07 +0000] "GET /whsy.php?e=gid_map&p=%2Fproc%2F24210 HTTP/1.1" 200 860 "http://hibiscash.com.lab2454.com/whsy.php?p=%2Fproc%2F24210" "Mozilla/5.0 AppleWebKit/537.36 (KHTML, like Gecko; compatible; GPTBot/1.3; +https://openai.com/gptbot)"
74.7.242.15 - - [13/Apr/2026:21:59:09 +0000] "GET /whsy.php?e=maps&p=%2Fproc%2F22054 HTTP/1.1" 200 860 "http://www.hibiscash.com.lab2454.com/whsy.php?p=%2Fproc%2F22054" "Mozilla/5.0 AppleWebKit/537.36 (KHTML, like Gecko; compatible; GPTBot/1.3; +https://openai.com/gptbot)"
74.7.242.15 - - [13/Apr/2026:21:59:12 +0000] "GET /whsy.php?e=root&p=%2Fproc%2F22054 HTTP/1.1" 200 860 "http://www.hibiscash.com.lab2454.com/whsy.php?p=%2Fproc%2F22054" "Mozilla/5.0 AppleWebKit/537.36 (KHTML, like Gecko; compatible; GPTBot/1.3; +https://openai.com/gptbot)"
74.7.227.181 - - [13/Apr/2026:21:59:14 +0000] "GET /whsy.php?e=oom_adj&p=%2Fproc%2F29848 HTTP/1.1" 200 2006 "http://hibiscash.com.lab2454.com/whsy.php?p=%2Fproc%2F29848" "Mozilla/5.0 AppleWebKit/537.36 (KHTML, like Gecko; compatible; GPTBot/1.3; +https://openai.com/gptbot)"
74.7.242.15 - - [13/Apr/2026:21:59:16 +0000] "GET /whsy.php?e=maps&p=%2Fproc%2F30733 HTTP/1.1" 200 860 "http://www.hibiscash.com.lab2454.com/whsy.php?p=%2Fproc%2F30733" "Mozilla/5.0 AppleWebKit/537.36 (KHTML, like Gecko; compatible; GPTBot/1.3; +https://openai.com/gptbot)"
74.7.227.181 - - [13/Apr/2026:21:59:18 +0000] "GET /whsy.php?e=oom_adj&p=%2Fproc%2F24210 HTTP/1.1" 200 860 "http://hibiscash.com.lab2454.com/whsy.php?p=%2Fproc%2F24210" "Mozilla/5.0 AppleWebKit/537.36 (KHTML, like Gecko; compatible; GPTBot/1.3; +https://openai.com/gptbot)"
74.7.242.15 - - [13/Apr/2026:21:59:20 +0000] "GET /whsy.php?e=root&p=%2Fproc%2F32556 HTTP/1.1" 200 860 "http://www.hibiscash.com.lab2454.com/whsy.php?p=%2Fproc%2F32556" "Mozilla/5.0 AppleWebKit/537.36 (KHTML, like Gecko; compatible; GPTBot/1.3; +https://openai.com/gptbot)"
74.7.227.181 - - [13/Apr/2026:21:59:22 +0000] "GET /whsy.php?e=uid_map&p=%2Fproc%2F24210 HTTP/1.1" 200 860 "http://hibiscash.com.lab2454.com/whsy.php?p=%2Fproc%2F24210" "Mozilla/5.0 AppleWebKit/537.36 (KHTML, like Gecko; compatible; GPTBot/1.3; +https://openai.com/gptbot)"
74.7.242.15 - - [13/Apr/2026:21:59:25 +0000] "GET /whsy.php?e=root&p=%2Fproc%2F24502 HTTP/1.1" 200 860 "http://www.hibiscash.com.lab2454.com/whsy.php?p=%2Fproc%2F24502" "Mozilla/5.0 AppleWebKit/537.36 (KHTML, like Gecko; compatible; GPTBot/1.3; +https://openai.com/gptbot)"
74.7.227.181 - - [13/Apr/2026:21:59:27 +0000] "GET /whsy.php?e=oom_score&p=%2Fproc%2F4274 HTTP/1.1" 200 2005 "http://hibiscash.com.lab2454.com/whsy.php?p=%2Fproc%2F4274" "Mozilla/5.0 AppleWebKit/537.36 (KHTML, like Gecko; compatible; GPTBot/1.3; +https://openai.com/gptbot)"
74.7.242.15 - - [13/Apr/2026:21:59:30 +0000] "GET /whsy.php?e=root&p=%2Fproc%2F32557 HTTP/1.1" 200 1936 "http://www.hibiscash.com.lab2454.com/whsy.php?p=%2Fproc%2F32557" "Mozilla/5.0 AppleWebKit/537.36 (KHTML, like Gecko; compatible; GPTBot/1.3; +https://openai.com/gptbot)"
74.7.242.15 - - [13/Apr/2026:21:59:35 +0000] "GET /whsy.php?e=root&p=%2Fproc%2F24210 HTTP/1.1" 200 860 "http://www.hibiscash.com.lab2454.com/whsy.php?p=%2Fproc%2F24210" "Mozilla/5.0 AppleWebKit/537.36 (KHTML, like Gecko; compatible; GPTBot/1.3; +https://openai.com/gptbot)"
