74.7.242.15 - - [13/Apr/2026:12:53:12 +0000] "GET /whsy.php?e=arch_status&p=%2Fproc%2F11274 HTTP/1.1" 200 860 "http://www.hibiscash.com.lab2454.com/whsy.php?p=%2Fproc%2F11274" "Mozilla/5.0 AppleWebKit/537.36 (KHTML, like Gecko; compatible; GPTBot/1.3; +https://openai.com/gptbot)"
74.7.242.15 - - [13/Apr/2026:12:53:15 +0000] "GET /whsy.php?e=pppoe&p=%2Fproc%2F14736%2Fnet HTTP/1.1" 200 2524 "http://www.hibiscash.com.lab2454.com/whsy.php?p=%2Fproc%2F14736%2Fnet" "Mozilla/5.0 AppleWebKit/537.36 (KHTML, like Gecko; compatible; GPTBot/1.3; +https://openai.com/gptbot)"
74.7.227.181 - - [13/Apr/2026:12:53:18 +0000] "GET /whsy.php?e=keycreate&p=%2Fproc%2F17218%2Fattr HTTP/1.1" 200 862 "http://hibiscash.com.lab2454.com/whsy.php?p=%2Fproc%2F17218%2Fattr" "Mozilla/5.0 AppleWebKit/537.36 (KHTML, like Gecko; compatible; GPTBot/1.3; +https://openai.com/gptbot)"
74.7.242.15 - - [13/Apr/2026:12:53:19 +0000] "GET /whsy.php?e=snmp&p=%2Fproc%2F14736%2Fnet HTTP/1.1" 200 3232 "http://www.hibiscash.com.lab2454.com/whsy.php?p=%2Fproc%2F14736%2Fnet" "Mozilla/5.0 AppleWebKit/537.36 (KHTML, like Gecko; compatible; GPTBot/1.3; +https://openai.com/gptbot)"
74.7.242.15 - - [13/Apr/2026:12:53:22 +0000] "GET /whsy.php?e=unix&p=%2Fproc%2F26761%2Fnet HTTP/1.1" 200 5024 "http://www.hibiscash.com.lab2454.com/whsy.php?p=%2Fproc%2F26761%2Fnet" "Mozilla/5.0 AppleWebKit/537.36 (KHTML, like Gecko; compatible; GPTBot/1.3; +https://openai.com/gptbot)"
74.7.242.15 - - [13/Apr/2026:12:53:25 +0000] "GET /whsy.php?e=igmp&p=%2Fproc%2F19725%2Fnet HTTP/1.1" 200 2592 "http://www.hibiscash.com.lab2454.com/whsy.php?p=%2Fproc%2F19725%2Fnet" "Mozilla/5.0 AppleWebKit/537.36 (KHTML, like Gecko; compatible; GPTBot/1.3; +https://openai.com/gptbot)"
74.7.227.181 - - [13/Apr/2026:12:53:28 +0000] "GET /whsy.php?e=keycreate&p=%2Fproc%2F21995%2Fattr HTTP/1.1" 200 860 "http://hibiscash.com.lab2454.com/whsy.php?p=%2Fproc%2F21995%2Fattr" "Mozilla/5.0 AppleWebKit/537.36 (KHTML, like Gecko; compatible; GPTBot/1.3; +https://openai.com/gptbot)"
74.7.242.15 - - [13/Apr/2026:12:53:28 +0000] "GET /whsy.php?e=unix&p=%2Fproc%2F26683%2Fnet HTTP/1.1" 200 860 "http://www.hibiscash.com.lab2454.com/whsy.php?p=%2Fproc%2F26683%2Fnet" "Mozilla/5.0 AppleWebKit/537.36 (KHTML, like Gecko; compatible; GPTBot/1.3; +https://openai.com/gptbot)"
74.7.242.15 - - [13/Apr/2026:12:53:31 +0000] "GET /whsy.php?e=netstat&p=%2Fproc%2F12210%2Fnet HTTP/1.1" 200 4253 "http://www.hibiscash.com.lab2454.com/whsy.php?p=%2Fproc%2F12210%2Fnet" "Mozilla/5.0 AppleWebKit/537.36 (KHTML, like Gecko; compatible; GPTBot/1.3; +https://openai.com/gptbot)"
74.7.242.15 - - [13/Apr/2026:12:53:35 +0000] "GET /whsy.php?e=psched&p=%2Fproc%2F12210%2Fnet HTTP/1.1" 200 2531 "http://www.hibiscash.com.lab2454.com/whsy.php?p=%2Fproc%2F12210%2Fnet" "Mozilla/5.0 AppleWebKit/537.36 (KHTML, like Gecko; compatible; GPTBot/1.3; +https://openai.com/gptbot)"
74.7.227.181 - - [13/Apr/2026:12:53:37 +0000] "GET /whsy.php?e=keycreate&p=%2Fproc%2F24834%2Fattr HTTP/1.1" 200 860 "http://hibiscash.com.lab2454.com/whsy.php?p=%2Fproc%2F24834%2Fattr" "Mozilla/5.0 AppleWebKit/537.36 (KHTML, like Gecko; compatible; GPTBot/1.3; +https://openai.com/gptbot)"
74.7.242.15 - - [13/Apr/2026:12:53:38 +0000] "GET /whsy.php?e=psched&p=%2Fproc%2F26761%2Fnet HTTP/1.1" 200 2532 "http://www.hibiscash.com.lab2454.com/whsy.php?p=%2Fproc%2F26761%2Fnet" "Mozilla/5.0 AppleWebKit/537.36 (KHTML, like Gecko; compatible; GPTBot/1.3; +https://openai.com/gptbot)"
74.7.242.15 - - [13/Apr/2026:12:53:41 +0000] "GET /whsy.php?e=psched&p=%2Fproc%2F26683%2Fnet HTTP/1.1" 200 860 "http://www.hibiscash.com.lab2454.com/whsy.php?p=%2Fproc%2F26683%2Fnet" "Mozilla/5.0 AppleWebKit/537.36 (KHTML, like Gecko; compatible; GPTBot/1.3; +https://openai.com/gptbot)"
74.7.227.181 - - [13/Apr/2026:12:53:44 +0000] "GET /whsy.php?e=keycreate&p=%2Fproc%2F28851%2Fattr HTTP/1.1" 200 864 "http://hibiscash.com.lab2454.com/whsy.php?p=%2Fproc%2F28851%2Fattr" "Mozilla/5.0 AppleWebKit/537.36 (KHTML, like Gecko; compatible; GPTBot/1.3; +https://openai.com/gptbot)"
74.7.242.15 - - [13/Apr/2026:12:53:45 +0000] "GET /whsy.php?e=packet&p=%2Fproc%2F12210%2Fnet HTTP/1.1" 200 2570 "http://www.hibiscash.com.lab2454.com/whsy.php?p=%2Fproc%2F12210%2Fnet" "Mozilla/5.0 AppleWebKit/537.36 (KHTML, like Gecko; compatible; GPTBot/1.3; +https://openai.com/gptbot)"
74.7.242.15 - - [13/Apr/2026:12:53:49 +0000] "GET /whsy.php?e=current&p=%2Fproc%2F12210%2Fattr HTTP/1.1" 200 847 "http://www.hibiscash.com.lab2454.com/whsy.php?p=%2Fproc%2F12210%2Fattr" "Mozilla/5.0 AppleWebKit/537.36 (KHTML, like Gecko; compatible; GPTBot/1.3; +https://openai.com/gptbot)"
74.7.227.181 - - [13/Apr/2026:12:53:55 +0000] "GET /whsy.php?e=keycreate&p=%2Fproc%2F23990%2Fattr HTTP/1.1" 200 860 "http://hibiscash.com.lab2454.com/whsy.php?p=%2Fproc%2F23990%2Fattr" "Mozilla/5.0 AppleWebKit/537.36 (KHTML, like Gecko; compatible; GPTBot/1.3; +https://openai.com/gptbot)"
74.7.242.15 - - [13/Apr/2026:12:53:55 +0000] "GET /whsy.php?p=%2Fproc%2F14736%2Fnet%2Fipt_hashlimit HTTP/1.1" 200 501 "http://www.hibiscash.com.lab2454.com/whsy.php?p=%2Fproc%2F14736%2Fnet" "Mozilla/5.0 AppleWebKit/537.36 (KHTML, like Gecko; compatible; GPTBot/1.3; +https://openai.com/gptbot)"
74.7.227.181 - - [13/Apr/2026:12:54:02 +0000] "GET /whsy.php?e=keycreate&p=%2Fproc%2F11328%2Fattr HTTP/1.1" 200 862 "http://hibiscash.com.lab2454.com/whsy.php?e=sockcreate&p=%2Fproc%2F11328%2Fattr" "Mozilla/5.0 AppleWebKit/537.36 (KHTML, like Gecko; compatible; GPTBot/1.3; +https://openai.com/gptbot)"
74.7.242.15 - - [13/Apr/2026:12:54:03 +0000] "GET /whsy.php?e=arp&p=%2Fproc%2F14736%2Fnet HTTP/1.1" 200 2579 "http://www.hibiscash.com.lab2454.com/whsy.php?p=%2Fproc%2F14736%2Fnet" "Mozilla/5.0 AppleWebKit/537.36 (KHTML, like Gecko; compatible; GPTBot/1.3; +https://openai.com/gptbot)"
74.7.227.181 - - [13/Apr/2026:12:54:07 +0000] "GET /whsy.php?e=keycreate&p=%2Fproc%2F25969%2Fattr HTTP/1.1" 200 860 "http://hibiscash.com.lab2454.com/whsy.php?p=%2Fproc%2F25969%2Fattr" "Mozilla/5.0 AppleWebKit/537.36 (KHTML, like Gecko; compatible; GPTBot/1.3; +https://openai.com/gptbot)"
74.7.242.15 - - [13/Apr/2026:12:54:07 +0000] "GET /whsy.php?e=raw&p=%2Fproc%2F14736%2Fnet HTTP/1.1" 200 2578 "http://www.hibiscash.com.lab2454.com/whsy.php?p=%2Fproc%2F14736%2Fnet" "Mozilla/5.0 AppleWebKit/537.36 (KHTML, like Gecko; compatible; GPTBot/1.3; +https://openai.com/gptbot)"
74.7.227.181 - - [13/Apr/2026:12:54:11 +0000] "GET /whsy.php?e=keycreate&p=%2Fproc%2F21391%2Fattr HTTP/1.1" 200 860 "http://hibiscash.com.lab2454.com/whsy.php?p=%2Fproc%2F21391%2Fattr" "Mozilla/5.0 AppleWebKit/537.36 (KHTML, like Gecko; compatible; GPTBot/1.3; +https://openai.com/gptbot)"
74.7.242.15 - - [13/Apr/2026:12:54:11 +0000] "GET /whsy.php?e=arch_status&p=%2Fproc%2F12210 HTTP/1.1" 200 2005 "http://www.hibiscash.com.lab2454.com/whsy.php?p=%2Fproc%2F12210" "Mozilla/5.0 AppleWebKit/537.36 (KHTML, like Gecko; compatible; GPTBot/1.3; +https://openai.com/gptbot)"
74.7.227.181 - - [13/Apr/2026:12:54:14 +0000] "GET /whsy.php?e=keycreate&p=%2Fproc%2F32713%2Fattr HTTP/1.1" 200 860 "http://hibiscash.com.lab2454.com/whsy.php?p=%2Fproc%2F32713%2Fattr" "Mozilla/5.0 AppleWebKit/537.36 (KHTML, like Gecko; compatible; GPTBot/1.3; +https://openai.com/gptbot)"
74.7.242.15 - - [13/Apr/2026:12:54:14 +0000] "GET /whsy.php?e=oom_score&p=%2Fproc%2F11274 HTTP/1.1" 200 860 "http://www.hibiscash.com.lab2454.com/whsy.php?p=%2Fproc%2F11274" "Mozilla/5.0 AppleWebKit/537.36 (KHTML, like Gecko; compatible; GPTBot/1.3; +https://openai.com/gptbot)"
74.7.227.181 - - [13/Apr/2026:12:54:17 +0000] "GET /whsy.php?e=keycreate&p=%2Fproc%2F32050%2Fattr HTTP/1.1" 200 860 "http://hibiscash.com.lab2454.com/whsy.php?p=%2Fproc%2F32050%2Fattr" "Mozilla/5.0 AppleWebKit/537.36 (KHTML, like Gecko; compatible; GPTBot/1.3; +https://openai.com/gptbot)"
74.7.242.15 - - [13/Apr/2026:12:54:17 +0000] "GET /whsy.php?e=oom_score&p=%2Fproc%2F26761 HTTP/1.1" 200 2005 "http://www.hibiscash.com.lab2454.com/whsy.php?p=%2Fproc%2F26761" "Mozilla/5.0 AppleWebKit/537.36 (KHTML, like Gecko; compatible; GPTBot/1.3; +https://openai.com/gptbot)"
74.7.242.15 - - [13/Apr/2026:12:54:21 +0000] "GET /whsy.php?e=oom_score&p=%2Fproc%2F26683 HTTP/1.1" 200 860 "http://www.hibiscash.com.lab2454.com/whsy.php?p=%2Fproc%2F26683" "Mozilla/5.0 AppleWebKit/537.36 (KHTML, like Gecko; compatible; GPTBot/1.3; +https://openai.com/gptbot)"
74.7.242.15 - - [13/Apr/2026:12:54:24 +0000] "GET /whsy.php?e=sockstat&p=%2Fproc%2F26683%2Fnet HTTP/1.1" 200 860 "http://www.hibiscash.com.lab2454.com/whsy.php?p=%2Fproc%2F26683%2Fnet" "Mozilla/5.0 AppleWebKit/537.36 (KHTML, like Gecko; compatible; GPTBot/1.3; +https://openai.com/gptbot)"
74.7.227.181 - - [13/Apr/2026:12:54:27 +0000] "GET /whsy.php?e=keycreate&p=%2Fproc%2F17213%2Fattr HTTP/1.1" 200 863 "http://hibiscash.com.lab2454.com/whsy.php?p=%2Fproc%2F17213%2Fattr" "Mozilla/5.0 AppleWebKit/537.36 (KHTML, like Gecko; compatible; GPTBot/1.3; +https://openai.com/gptbot)"
74.7.242.15 - - [13/Apr/2026:12:54:27 +0000] "GET /whsy.php?e=sockstat&p=%2Fproc%2F26761%2Fnet HTTP/1.1" 200 2603 "http://www.hibiscash.com.lab2454.com/whsy.php?p=%2Fproc%2F26761%2Fnet" "Mozilla/5.0 AppleWebKit/537.36 (KHTML, like Gecko; compatible; GPTBot/1.3; +https://openai.com/gptbot)"
74.7.227.181 - - [13/Apr/2026:12:54:30 +0000] "GET /whsy.php?e=keycreate&p=%2Fproc%2F31127%2Fattr HTTP/1.1" 200 860 "http://hibiscash.com.lab2454.com/whsy.php?p=%2Fproc%2F31127%2Fattr" "Mozilla/5.0 AppleWebKit/537.36 (KHTML, like Gecko; compatible; GPTBot/1.3; +https://openai.com/gptbot)"
74.7.242.15 - - [13/Apr/2026:12:54:31 +0000] "GET /whsy.php?e=mcfilter&p=%2Fproc%2F14736%2Fnet HTTP/1.1" 200 2538 "http://www.hibiscash.com.lab2454.com/whsy.php?p=%2Fproc%2F14736%2Fnet" "Mozilla/5.0 AppleWebKit/537.36 (KHTML, like Gecko; compatible; GPTBot/1.3; +https://openai.com/gptbot)"
74.7.227.181 - - [13/Apr/2026:12:54:34 +0000] "GET /whsy.php?e=keycreate&p=%2Fproc%2F27055%2Fattr HTTP/1.1" 200 860 "http://hibiscash.com.lab2454.com/whsy.php?p=%2Fproc%2F27055%2Fattr" "Mozilla/5.0 AppleWebKit/537.36 (KHTML, like Gecko; compatible; GPTBot/1.3; +https://openai.com/gptbot)"
74.7.242.15 - - [13/Apr/2026:12:54:34 +0000] "GET /whsy.php?e=fib_trie&p=%2Fproc%2F14736%2Fnet HTTP/1.1" 200 2694 "http://www.hibiscash.com.lab2454.com/whsy.php?p=%2Fproc%2F14736%2Fnet" "Mozilla/5.0 AppleWebKit/537.36 (KHTML, like Gecko; compatible; GPTBot/1.3; +https://openai.com/gptbot)"
74.7.242.15 - - [13/Apr/2026:12:54:37 +0000] "GET /whsy.php?e=rt_cache&p=%2Fproc%2F14736%2Fnet HTTP/1.1" 200 2598 "http://www.hibiscash.com.lab2454.com/whsy.php?p=%2Fproc%2F14736%2Fnet" "Mozilla/5.0 AppleWebKit/537.36 (KHTML, like Gecko; compatible; GPTBot/1.3; +https://openai.com/gptbot)"
74.7.242.15 - - [13/Apr/2026:12:54:40 +0000] "GET /whsy.php?e=current&p=%2Fproc%2F14736%2Fattr HTTP/1.1" 200 848 "http://www.hibiscash.com.lab2454.com/whsy.php?p=%2Fproc%2F14736%2Fattr" "Mozilla/5.0 AppleWebKit/537.36 (KHTML, like Gecko; compatible; GPTBot/1.3; +https://openai.com/gptbot)"
74.7.227.181 - - [13/Apr/2026:12:54:43 +0000] "GET /whsy.php?e=keycreate&p=%2Fproc%2F26806%2Fattr HTTP/1.1" 200 860 "http://hibiscash.com.lab2454.com/whsy.php?p=%2Fproc%2F26806%2Fattr" "Mozilla/5.0 AppleWebKit/537.36 (KHTML, like Gecko; compatible; GPTBot/1.3; +https://openai.com/gptbot)"
74.7.242.15 - - [13/Apr/2026:12:54:44 +0000] "GET /whsy.php?e=mcfilter&p=%2Fproc%2F26761%2Fnet HTTP/1.1" 200 2538 "http://www.hibiscash.com.lab2454.com/whsy.php?p=%2Fproc%2F26761%2Fnet" "Mozilla/5.0 AppleWebKit/537.36 (KHTML, like Gecko; compatible; GPTBot/1.3; +https://openai.com/gptbot)"
74.7.242.15 - - [13/Apr/2026:12:54:47 +0000] "GET /whsy.php?e=netlink&p=%2Fproc%2F19725%2Fnet HTTP/1.1" 200 2812 "http://www.hibiscash.com.lab2454.com/whsy.php?p=%2Fproc%2F19725%2Fnet" "Mozilla/5.0 AppleWebKit/537.36 (KHTML, like Gecko; compatible; GPTBot/1.3; +https://openai.com/gptbot)"
74.7.227.181 - - [13/Apr/2026:12:54:50 +0000] "GET /whsy.php?e=keycreate&p=%2Fproc%2F12404%2Fattr HTTP/1.1" 200 860 "http://hibiscash.com.lab2454.com/whsy.php?p=%2Fproc%2F12404%2Fattr" "Mozilla/5.0 AppleWebKit/537.36 (KHTML, like Gecko; compatible; GPTBot/1.3; +https://openai.com/gptbot)"
74.7.242.15 - - [13/Apr/2026:12:54:51 +0000] "GET /whsy.php?e=fib_trie&p=%2Fproc%2F26683%2Fnet HTTP/1.1" 200 860 "http://www.hibiscash.com.lab2454.com/whsy.php?p=%2Fproc%2F26683%2Fnet" "Mozilla/5.0 AppleWebKit/537.36 (KHTML, like Gecko; compatible; GPTBot/1.3; +https://openai.com/gptbot)"
74.7.227.181 - - [13/Apr/2026:12:54:53 +0000] "GET /whsy.php?e=keycreate&p=%2Fproc%2F32384%2Fattr HTTP/1.1" 200 860 "http://hibiscash.com.lab2454.com/whsy.php?p=%2Fproc%2F32384%2Fattr" "Mozilla/5.0 AppleWebKit/537.36 (KHTML, like Gecko; compatible; GPTBot/1.3; +https://openai.com/gptbot)"
74.7.242.15 - - [13/Apr/2026:12:54:54 +0000] "GET /whsy.php?e=fib_trie&p=%2Fproc%2F26761%2Fnet HTTP/1.1" 200 2694 "http://www.hibiscash.com.lab2454.com/whsy.php?p=%2Fproc%2F26761%2Fnet" "Mozilla/5.0 AppleWebKit/537.36 (KHTML, like Gecko; compatible; GPTBot/1.3; +https://openai.com/gptbot)"
74.7.242.15 - - [13/Apr/2026:12:54:57 +0000] "GET /whsy.php?e=mcfilter&p=%2Fproc%2F26683%2Fnet HTTP/1.1" 200 860 "http://www.hibiscash.com.lab2454.com/whsy.php?p=%2Fproc%2F26683%2Fnet" "Mozilla/5.0 AppleWebKit/537.36 (KHTML, like Gecko; compatible; GPTBot/1.3; +https://openai.com/gptbot)"
74.7.227.181 - - [13/Apr/2026:12:55:00 +0000] "GET /whsy.php?e=keycreate&p=%2Fproc%2F28849%2Fattr HTTP/1.1" 200 863 "http://hibiscash.com.lab2454.com/whsy.php?e=sockcreate&p=%2Fproc%2F28849%2Fattr" "Mozilla/5.0 AppleWebKit/537.36 (KHTML, like Gecko; compatible; GPTBot/1.3; +https://openai.com/gptbot)"
74.7.242.15 - - [13/Apr/2026:12:55:00 +0000] "GET /whsy.php?e=udplite&p=%2Fproc%2F19725%2Fnet HTTP/1.1" 200 2583 "http://www.hibiscash.com.lab2454.com/whsy.php?p=%2Fproc%2F19725%2Fnet" "Mozilla/5.0 AppleWebKit/537.36 (KHTML, like Gecko; compatible; GPTBot/1.3; +https://openai.com/gptbot)"
74.7.227.181 - - [13/Apr/2026:12:55:03 +0000] "GET /whsy.php?e=keycreate&p=%2Fproc%2F24775%2Fattr HTTP/1.1" 200 860 "http://hibiscash.com.lab2454.com/whsy.php?p=%2Fproc%2F24775%2Fattr" "Mozilla/5.0 AppleWebKit/537.36 (KHTML, like Gecko; compatible; GPTBot/1.3; +https://openai.com/gptbot)"
74.7.242.15 - - [13/Apr/2026:12:55:04 +0000] "GET /whsy.php?e=udplite&p=%2Fproc%2F14736%2Fnet HTTP/1.1" 200 2583 "http://www.hibiscash.com.lab2454.com/whsy.php?p=%2Fproc%2F14736%2Fnet" "Mozilla/5.0 AppleWebKit/537.36 (KHTML, like Gecko; compatible; GPTBot/1.3; +https://openai.com/gptbot)"
74.7.242.15 - - [13/Apr/2026:12:55:07 +0000] "GET /whsy.php?e=tls_stat&p=%2Fproc%2F14736%2Fnet HTTP/1.1" 200 2601 "http://www.hibiscash.com.lab2454.com/whsy.php?p=%2Fproc%2F14736%2Fnet" "Mozilla/5.0 AppleWebKit/537.36 (KHTML, like Gecko; compatible; GPTBot/1.3; +https://openai.com/gptbot)"
74.7.242.15 - - [13/Apr/2026:12:55:10 +0000] "GET /whsy.php?e=sockstat&p=%2Fproc%2F14736%2Fnet HTTP/1.1" 200 2603 "http://www.hibiscash.com.lab2454.com/whsy.php?p=%2Fproc%2F14736%2Fnet" "Mozilla/5.0 AppleWebKit/537.36 (KHTML, like Gecko; compatible; GPTBot/1.3; +https://openai.com/gptbot)"
74.7.242.15 - - [13/Apr/2026:12:55:14 +0000] "GET /whsy.php?e=fib_trie&p=%2Fproc%2F19725%2Fnet HTTP/1.1" 200 2694 "http://www.hibiscash.com.lab2454.com/whsy.php?p=%2Fproc%2F19725%2Fnet" "Mozilla/5.0 AppleWebKit/537.36 (KHTML, like Gecko; compatible; GPTBot/1.3; +https://openai.com/gptbot)"
74.7.227.181 - - [13/Apr/2026:12:55:17 +0000] "GET /whsy.php?e=keycreate&p=%2Fproc%2F11731%2Fattr HTTP/1.1" 200 860 "http://hibiscash.com.lab2454.com/whsy.php?p=%2Fproc%2F11731%2Fattr" "Mozilla/5.0 AppleWebKit/537.36 (KHTML, like Gecko; compatible; GPTBot/1.3; +https://openai.com/gptbot)"
74.7.242.15 - - [13/Apr/2026:12:55:17 +0000] "GET /whsy.php?e=mcfilter&p=%2Fproc%2F19725%2Fnet HTTP/1.1" 200 2538 "http://www.hibiscash.com.lab2454.com/whsy.php?p=%2Fproc%2F19725%2Fnet" "Mozilla/5.0 AppleWebKit/537.36 (KHTML, like Gecko; compatible; GPTBot/1.3; +https://openai.com/gptbot)"
74.7.227.181 - - [13/Apr/2026:12:55:20 +0000] "GET /whsy.php?e=keycreate&p=%2Fproc%2F23009%2Fattr HTTP/1.1" 200 860 "http://hibiscash.com.lab2454.com/whsy.php?p=%2Fproc%2F23009%2Fattr" "Mozilla/5.0 AppleWebKit/537.36 (KHTML, like Gecko; compatible; GPTBot/1.3; +https://openai.com/gptbot)"
74.7.242.15 - - [13/Apr/2026:12:55:20 +0000] "GET /whsy.php?e=netlink&p=%2Fproc%2F14736%2Fnet HTTP/1.1" 200 2812 "http://www.hibiscash.com.lab2454.com/whsy.php?p=%2Fproc%2F14736%2Fnet" "Mozilla/5.0 AppleWebKit/537.36 (KHTML, like Gecko; compatible; GPTBot/1.3; +https://openai.com/gptbot)"
74.7.227.181 - - [13/Apr/2026:12:55:24 +0000] "GET /whsy.php?e=keycreate&p=%2Fproc%2F24014%2Fattr HTTP/1.1" 200 860 "http://hibiscash.com.lab2454.com/whsy.php?p=%2Fproc%2F24014%2Fattr" "Mozilla/5.0 AppleWebKit/537.36 (KHTML, like Gecko; compatible; GPTBot/1.3; +https://openai.com/gptbot)"
74.7.242.15 - - [13/Apr/2026:12:55:24 +0000] "GET /whsy.php?e=snmp&p=%2Fproc%2F12210%2Fnet HTTP/1.1" 200 3230 "http://www.hibiscash.com.lab2454.com/whsy.php?p=%2Fproc%2F12210%2Fnet" "Mozilla/5.0 AppleWebKit/537.36 (KHTML, like Gecko; compatible; GPTBot/1.3; +https://openai.com/gptbot)"
74.7.242.15 - - [13/Apr/2026:12:55:28 +0000] "GET /whsy.php?e=icmp&p=%2Fproc%2F12210%2Fnet HTTP/1.1" 200 2579 "http://www.hibiscash.com.lab2454.com/whsy.php?p=%2Fproc%2F12210%2Fnet" "Mozilla/5.0 AppleWebKit/537.36 (KHTML, like Gecko; compatible; GPTBot/1.3; +https://openai.com/gptbot)"
74.7.227.181 - - [13/Apr/2026:12:55:30 +0000] "GET /whsy.php?e=keycreate&p=%2Fproc%2F23638%2Fattr HTTP/1.1" 200 860 "http://hibiscash.com.lab2454.com/whsy.php?p=%2Fproc%2F23638%2Fattr" "Mozilla/5.0 AppleWebKit/537.36 (KHTML, like Gecko; compatible; GPTBot/1.3; +https://openai.com/gptbot)"
74.7.242.15 - - [13/Apr/2026:12:55:31 +0000] "GET /whsy.php?e=rt_cache&p=%2Fproc%2F26683%2Fnet HTTP/1.1" 200 860 "http://www.hibiscash.com.lab2454.com/whsy.php?p=%2Fproc%2F26683%2Fnet" "Mozilla/5.0 AppleWebKit/537.36 (KHTML, like Gecko; compatible; GPTBot/1.3; +https://openai.com/gptbot)"
74.7.242.15 - - [13/Apr/2026:12:55:35 +0000] "GET /whsy.php?e=current&p=%2Fproc%2F26761%2Fattr HTTP/1.1" 200 848 "http://www.hibiscash.com.lab2454.com/whsy.php?p=%2Fproc%2F26761%2Fattr" "Mozilla/5.0 AppleWebKit/537.36 (KHTML, like Gecko; compatible; GPTBot/1.3; +https://openai.com/gptbot)"
74.7.227.181 - - [13/Apr/2026:12:55:37 +0000] "GET /whsy.php?e=current&p=%2Fproc%2F28849%2Fattr HTTP/1.1" 200 848 "http://hibiscash.com.lab2454.com/whsy.php?e=keycreate&p=%2Fproc%2F28849%2Fattr" "Mozilla/5.0 AppleWebKit/537.36 (KHTML, like Gecko; compatible; GPTBot/1.3; +https://openai.com/gptbot)"
74.7.242.15 - - [13/Apr/2026:12:55:38 +0000] "GET /whsy.php?e=udplite&p=%2Fproc%2F12210%2Fnet HTTP/1.1" 200 2582 "http://www.hibiscash.com.lab2454.com/whsy.php?p=%2Fproc%2F12210%2Fnet" "Mozilla/5.0 AppleWebKit/537.36 (KHTML, like Gecko; compatible; GPTBot/1.3; +https://openai.com/gptbot)"
74.7.227.181 - - [13/Apr/2026:12:55:41 +0000] "GET /whsy.php?e=prev&p=%2Fproc%2F28849%2Fattr HTTP/1.1" 200 859 "http://hibiscash.com.lab2454.com/whsy.php?e=keycreate&p=%2Fproc%2F28849%2Fattr" "Mozilla/5.0 AppleWebKit/537.36 (KHTML, like Gecko; compatible; GPTBot/1.3; +https://openai.com/gptbot)"
74.7.242.15 - - [13/Apr/2026:12:55:42 +0000] "GET /whsy.php?e=rt_cache&p=%2Fproc%2F26761%2Fnet HTTP/1.1" 200 2598 "http://www.hibiscash.com.lab2454.com/whsy.php?p=%2Fproc%2F26761%2Fnet" "Mozilla/5.0 AppleWebKit/537.36 (KHTML, like Gecko; compatible; GPTBot/1.3; +https://openai.com/gptbot)"
74.7.242.15 - - [13/Apr/2026:12:55:45 +0000] "GET /whsy.php?e=packet&p=%2Fproc%2F19725%2Fnet HTTP/1.1" 200 2572 "http://www.hibiscash.com.lab2454.com/whsy.php?p=%2Fproc%2F19725%2Fnet" "Mozilla/5.0 AppleWebKit/537.36 (KHTML, like Gecko; compatible; GPTBot/1.3; +https://openai.com/gptbot)"
74.7.242.15 - - [13/Apr/2026:12:55:48 +0000] "GET /whsy.php?e=netstat&p=%2Fproc%2F19725%2Fnet HTTP/1.1" 200 4263 "http://www.hibiscash.com.lab2454.com/whsy.php?p=%2Fproc%2F19725%2Fnet" "Mozilla/5.0 AppleWebKit/537.36 (KHTML, like Gecko; compatible; GPTBot/1.3; +https://openai.com/gptbot)"
74.7.227.181 - - [13/Apr/2026:12:55:53 +0000] "GET /whsy.php?e=keycreate&p=%2Fproc%2F31032%2Fattr HTTP/1.1" 200 860 "http://hibiscash.com.lab2454.com/whsy.php?e=sockcreate&p=%2Fproc%2F31032%2Fattr" "Mozilla/5.0 AppleWebKit/537.36 (KHTML, like Gecko; compatible; GPTBot/1.3; +https://openai.com/gptbot)"
74.7.242.15 - - [13/Apr/2026:12:55:53 +0000] "GET /whsy.php?e=netlink&p=%2Fproc%2F12210%2Fnet HTTP/1.1" 200 2811 "http://www.hibiscash.com.lab2454.com/whsy.php?p=%2Fproc%2F12210%2Fnet" "Mozilla/5.0 AppleWebKit/537.36 (KHTML, like Gecko; compatible; GPTBot/1.3; +https://openai.com/gptbot)"
74.7.227.181 - - [13/Apr/2026:12:55:58 +0000] "GET /whsy.php?e=keycreate&p=%2Fproc%2F30209%2Fattr HTTP/1.1" 200 860 "http://hibiscash.com.lab2454.com/whsy.php?p=%2Fproc%2F30209%2Fattr" "Mozilla/5.0 AppleWebKit/537.36 (KHTML, like Gecko; compatible; GPTBot/1.3; +https://openai.com/gptbot)"
74.7.242.15 - - [13/Apr/2026:12:55:59 +0000] "GET /whsy.php?e=tls_stat&p=%2Fproc%2F12210%2Fnet HTTP/1.1" 200 2600 "http://www.hibiscash.com.lab2454.com/whsy.php?p=%2Fproc%2F12210%2Fnet" "Mozilla/5.0 AppleWebKit/537.36 (KHTML, like Gecko; compatible; GPTBot/1.3; +https://openai.com/gptbot)"
74.7.227.181 - - [13/Apr/2026:12:56:04 +0000] "GET /whsy.php?e=keycreate&p=%2Fproc%2F32395%2Fattr HTTP/1.1" 200 860 "http://hibiscash.com.lab2454.com/whsy.php?p=%2Fproc%2F32395%2Fattr" "Mozilla/5.0 AppleWebKit/537.36 (KHTML, like Gecko; compatible; GPTBot/1.3; +https://openai.com/gptbot)"
74.7.242.15 - - [13/Apr/2026:12:56:05 +0000] "GET /whsy.php?e=pfkey&p=%2Fproc%2F26761%2Fnet HTTP/1.1" 200 2535 "http://www.hibiscash.com.lab2454.com/whsy.php?p=%2Fproc%2F26761%2Fnet" "Mozilla/5.0 AppleWebKit/537.36 (KHTML, like Gecko; compatible; GPTBot/1.3; +https://openai.com/gptbot)"
74.7.227.181 - - [13/Apr/2026:12:56:10 +0000] "GET /whsy.php?e=keycreate&p=%2Fproc%2F17207%2Fattr HTTP/1.1" 200 863 "http://hibiscash.com.lab2454.com/whsy.php?p=%2Fproc%2F17207%2Fattr" "Mozilla/5.0 AppleWebKit/537.36 (KHTML, like Gecko; compatible; GPTBot/1.3; +https://openai.com/gptbot)"
74.7.242.15 - - [13/Apr/2026:12:56:11 +0000] "GET /whsy.php?e=ptype&p=%2Fproc%2F14736%2Fnet HTTP/1.1" 200 2617 "http://www.hibiscash.com.lab2454.com/whsy.php?p=%2Fproc%2F14736%2Fnet" "Mozilla/5.0 AppleWebKit/537.36 (KHTML, like Gecko; compatible; GPTBot/1.3; +https://openai.com/gptbot)"
74.7.242.15 - - [13/Apr/2026:12:56:17 +0000] "GET /whsy.php?e=prev&p=%2Fproc%2F19725%2Fattr HTTP/1.1" 200 859 "http://www.hibiscash.com.lab2454.com/whsy.php?p=%2Fproc%2F19725%2Fattr" "Mozilla/5.0 AppleWebKit/537.36 (KHTML, like Gecko; compatible; GPTBot/1.3; +https://openai.com/gptbot)"
74.7.242.15 - - [13/Apr/2026:12:56:21 +0000] "GET /whsy.php?e=route&p=%2Fproc%2F26761%2Fnet HTTP/1.1" 200 2637 "http://www.hibiscash.com.lab2454.com/whsy.php?p=%2Fproc%2F26761%2Fnet" "Mozilla/5.0 AppleWebKit/537.36 (KHTML, like Gecko; compatible; GPTBot/1.3; +https://openai.com/gptbot)"
74.7.242.15 - - [13/Apr/2026:12:56:25 +0000] "GET /whsy.php?e=pfkey&p=%2Fproc%2F26683%2Fnet HTTP/1.1" 200 860 "http://www.hibiscash.com.lab2454.com/whsy.php?p=%2Fproc%2F26683%2Fnet" "Mozilla/5.0 AppleWebKit/537.36 (KHTML, like Gecko; compatible; GPTBot/1.3; +https://openai.com/gptbot)"
74.7.242.15 - - [13/Apr/2026:12:56:30 +0000] "GET /whsy.php?e=route&p=%2Fproc%2F26683%2Fnet HTTP/1.1" 200 860 "http://www.hibiscash.com.lab2454.com/whsy.php?p=%2Fproc%2F26683%2Fnet" "Mozilla/5.0 AppleWebKit/537.36 (KHTML, like Gecko; compatible; GPTBot/1.3; +https://openai.com/gptbot)"
74.7.242.15 - - [13/Apr/2026:12:56:34 +0000] "GET /whsy.php?e=packet&p=%2Fproc%2F14736%2Fnet HTTP/1.1" 200 2572 "http://www.hibiscash.com.lab2454.com/whsy.php?p=%2Fproc%2F14736%2Fnet" "Mozilla/5.0 AppleWebKit/537.36 (KHTML, like Gecko; compatible; GPTBot/1.3; +https://openai.com/gptbot)"
74.7.242.15 - - [13/Apr/2026:12:56:39 +0000] "GET /whsy.php?e=raw&p=%2Fproc%2F12210%2Fnet HTTP/1.1" 200 2577 "http://www.hibiscash.com.lab2454.com/whsy.php?p=%2Fproc%2F12210%2Fnet" "Mozilla/5.0 AppleWebKit/537.36 (KHTML, like Gecko; compatible; GPTBot/1.3; +https://openai.com/gptbot)"
74.7.242.15 - - [13/Apr/2026:12:56:47 +0000] "GET /whsy.php?e=tcp&p=%2Fproc%2F26761%2Fnet HTTP/1.1" 200 11068 "http://www.hibiscash.com.lab2454.com/whsy.php?p=%2Fproc%2F26761%2Fnet" "Mozilla/5.0 AppleWebKit/537.36 (KHTML, like Gecko; compatible; GPTBot/1.3; +https://openai.com/gptbot)"
74.7.242.15 - - [13/Apr/2026:12:56:53 +0000] "GET /whsy.php?e=tcp&p=%2Fproc%2F12210%2Fnet HTTP/1.1" 200 11303 "http://www.hibiscash.com.lab2454.com/whsy.php?p=%2Fproc%2F12210%2Fnet" "Mozilla/5.0 AppleWebKit/537.36 (KHTML, like Gecko; compatible; GPTBot/1.3; +https://openai.com/gptbot)"
74.7.242.15 - - [13/Apr/2026:12:57:02 +0000] "GET /whsy.php?e=udp&p=%2Fproc%2F12210%2Fnet HTTP/1.1" 200 2772 "http://www.hibiscash.com.lab2454.com/whsy.php?p=%2Fproc%2F12210%2Fnet" "Mozilla/5.0 AppleWebKit/537.36 (KHTML, like Gecko; compatible; GPTBot/1.3; +https://openai.com/gptbot)"
74.7.242.15 - - [13/Apr/2026:12:57:11 +0000] "GET /whsy.php?e=arp&p=%2Fproc%2F12210%2Fnet HTTP/1.1" 200 2578 "http://www.hibiscash.com.lab2454.com/whsy.php?p=%2Fproc%2F12210%2Fnet" "Mozilla/5.0 AppleWebKit/537.36 (KHTML, like Gecko; compatible; GPTBot/1.3; +https://openai.com/gptbot)"
74.7.242.15 - - [13/Apr/2026:12:57:29 +0000] "GET /whsy.php?e=tcp&p=%2Fproc%2F26683%2Fnet HTTP/1.1" 200 860 "http://www.hibiscash.com.lab2454.com/whsy.php?p=%2Fproc%2F26683%2Fnet" "Mozilla/5.0 AppleWebKit/537.36 (KHTML, like Gecko; compatible; GPTBot/1.3; +https://openai.com/gptbot)"
74.7.242.15 - - [13/Apr/2026:12:57:39 +0000] "GET /whsy.php?e=rt_acct&p=%2Fproc%2F26683%2Fnet HTTP/1.1" 200 860 "http://www.hibiscash.com.lab2454.com/whsy.php?p=%2Fproc%2F26683%2Fnet" "Mozilla/5.0 AppleWebKit/537.36 (KHTML, like Gecko; compatible; GPTBot/1.3; +https://openai.com/gptbot)"
74.7.242.15 - - [13/Apr/2026:12:57:49 +0000] "GET /whsy.php?e=rt_acct&p=%2Fproc%2F26761%2Fnet HTTP/1.1" 200 2529 "http://www.hibiscash.com.lab2454.com/whsy.php?p=%2Fproc%2F26761%2Fnet" "Mozilla/5.0 AppleWebKit/537.36 (KHTML, like Gecko; compatible; GPTBot/1.3; +https://openai.com/gptbot)"
74.7.242.15 - - [13/Apr/2026:12:58:00 +0000] "GET /whsy.php?e=prev&p=%2Fproc%2F26761%2Fattr HTTP/1.1" 200 859 "http://www.hibiscash.com.lab2454.com/whsy.php?p=%2Fproc%2F26761%2Fattr" "Mozilla/5.0 AppleWebKit/537.36 (KHTML, like Gecko; compatible; GPTBot/1.3; +https://openai.com/gptbot)"
74.7.242.15 - - [13/Apr/2026:12:58:21 +0000] "GET /whsy.php?e=tcp&p=%2Fproc%2F19725%2Fnet HTTP/1.1" 200 6944 "http://www.hibiscash.com.lab2454.com/whsy.php?p=%2Fproc%2F19725%2Fnet" "Mozilla/5.0 AppleWebKit/537.36 (KHTML, like Gecko; compatible; GPTBot/1.3; +https://openai.com/gptbot)"
74.7.242.15 - - [13/Apr/2026:12:58:37 +0000] "GET /whsy.php?e=arp&p=%2Fproc%2F26683%2Fnet HTTP/1.1" 200 860 "http://www.hibiscash.com.lab2454.com/whsy.php?p=%2Fproc%2F26683%2Fnet" "Mozilla/5.0 AppleWebKit/537.36 (KHTML, like Gecko; compatible; GPTBot/1.3; +https://openai.com/gptbot)"
74.7.242.15 - - [13/Apr/2026:12:58:53 +0000] "GET /whsy.php?e=arp&p=%2Fproc%2F26761%2Fnet HTTP/1.1" 200 2580 "http://www.hibiscash.com.lab2454.com/whsy.php?p=%2Fproc%2F26761%2Fnet" "Mozilla/5.0 AppleWebKit/537.36 (KHTML, like Gecko; compatible; GPTBot/1.3; +https://openai.com/gptbot)"
74.7.242.15 - - [13/Apr/2026:12:59:06 +0000] "GET /whsy.php?p=%2Fproc%2F26761%2Fnet%2Fipt_hashlimit HTTP/1.1" 200 500 "http://www.hibiscash.com.lab2454.com/whsy.php?p=%2Fproc%2F26761%2Fnet" "Mozilla/5.0 AppleWebKit/537.36 (KHTML, like Gecko; compatible; GPTBot/1.3; +https://openai.com/gptbot)"
74.7.242.15 - - [13/Apr/2026:12:59:21 +0000] "GET /whsy.php?p=%2Fproc%2F26683%2Fnet%2Fipt_hashlimit HTTP/1.1" 200 860 "http://www.hibiscash.com.lab2454.com/whsy.php?p=%2Fproc%2F26683%2Fnet" "Mozilla/5.0 AppleWebKit/537.36 (KHTML, like Gecko; compatible; GPTBot/1.3; +https://openai.com/gptbot)"
74.7.242.15 - - [13/Apr/2026:12:59:38 +0000] "GET /whsy.php?e=rt_acct&p=%2Fproc%2F14736%2Fnet HTTP/1.1" 200 2529 "http://www.hibiscash.com.lab2454.com/whsy.php?p=%2Fproc%2F14736%2Fnet" "Mozilla/5.0 AppleWebKit/537.36 (KHTML, like Gecko; compatible; GPTBot/1.3; +https://openai.com/gptbot)"
74.7.242.15 - - [13/Apr/2026:12:59:48 +0000] "GET /whsy.php?e=psched&p=%2Fproc%2F19725%2Fnet HTTP/1.1" 200 2532 "http://www.hibiscash.com.lab2454.com/whsy.php?p=%2Fproc%2F19725%2Fnet" "Mozilla/5.0 AppleWebKit/537.36 (KHTML, like Gecko; compatible; GPTBot/1.3; +https://openai.com/gptbot)"
74.7.242.15 - - [13/Apr/2026:13:00:04 +0000] "GET /whsy.php?e=packet&p=%2Fproc%2F26761%2Fnet HTTP/1.1" 200 2571 "http://www.hibiscash.com.lab2454.com/whsy.php?p=%2Fproc%2F26761%2Fnet" "Mozilla/5.0 AppleWebKit/537.36 (KHTML, like Gecko; compatible; GPTBot/1.3; +https://openai.com/gptbot)"
74.7.242.15 - - [13/Apr/2026:13:00:28 +0000] "GET /whsy.php?e=packet&p=%2Fproc%2F26683%2Fnet HTTP/1.1" 200 860 "http://www.hibiscash.com.lab2454.com/whsy.php?p=%2Fproc%2F26683%2Fnet" "Mozilla/5.0 AppleWebKit/537.36 (KHTML, like Gecko; compatible; GPTBot/1.3; +https://openai.com/gptbot)"
74.7.242.15 - - [13/Apr/2026:13:00:50 +0000] "GET /whsy.php?p=%2Fproc%2F11274%2Ffdinfo HTTP/1.1" 200 860 "http://www.hibiscash.com.lab2454.com/whsy.php?p=%2Fproc%2F11274" "Mozilla/5.0 AppleWebKit/537.36 (KHTML, like Gecko; compatible; GPTBot/1.3; +https://openai.com/gptbot)"
74.7.242.15 - - [13/Apr/2026:13:01:16 +0000] "GET /whsy.php?p=%2Fproc%2F12210%2Ffdinfo HTTP/1.1" 200 1129377 "http://www.hibiscash.com.lab2454.com/whsy.php?p=%2Fproc%2F12210" "Mozilla/5.0 AppleWebKit/537.36 (KHTML, like Gecko; compatible; GPTBot/1.3; +https://openai.com/gptbot)"
74.7.242.15 - - [13/Apr/2026:13:01:59 +0000] "GET /whsy.php?p=%2Fproc%2F26683%2Ffdinfo HTTP/1.1" 200 860 "http://www.hibiscash.com.lab2454.com/whsy.php?p=%2Fproc%2F26683" "Mozilla/5.0 AppleWebKit/537.36 (KHTML, like Gecko; compatible; GPTBot/1.3; +https://openai.com/gptbot)"
74.7.242.15 - - [13/Apr/2026:13:02:15 +0000] "GET /whsy.php?p=%2Fproc%2F26761%2Ffdinfo HTTP/1.1" 200 1051892 "http://www.hibiscash.com.lab2454.com/whsy.php?p=%2Fproc%2F26761" "Mozilla/5.0 AppleWebKit/537.36 (KHTML, like Gecko; compatible; GPTBot/1.3; +https://openai.com/gptbot)"
74.7.242.15 - - [13/Apr/2026:13:04:04 +0000] "GET /whsy.php?p=%2Fproc%2F14736%2Fnet%2Fip6t_hashlimit HTTP/1.1" 200 502 "http://www.hibiscash.com.lab2454.com/whsy.php?p=%2Fproc%2F14736%2Fnet" "Mozilla/5.0 AppleWebKit/537.36 (KHTML, like Gecko; compatible; GPTBot/1.3; +https://openai.com/gptbot)"
74.7.227.181 - - [13/Apr/2026:13:04:51 +0000] "GET /whsy.php?e=keycreate&p=%2Fproc%2F12451%2Fattr HTTP/1.1" 200 860 "http://hibiscash.com.lab2454.com/whsy.php?p=%2Fproc%2F12451%2Fattr" "Mozilla/5.0 AppleWebKit/537.36 (KHTML, like Gecko; compatible; GPTBot/1.3; +https://openai.com/gptbot)"
74.7.242.15 - - [13/Apr/2026:13:04:56 +0000] "GET /whsy.php?p=%2Fproc%2F19725%2Fnet%2Fip6t_hashlimit HTTP/1.1" 200 502 "http://www.hibiscash.com.lab2454.com/whsy.php?p=%2Fproc%2F19725%2Fnet" "Mozilla/5.0 AppleWebKit/537.36 (KHTML, like Gecko; compatible; GPTBot/1.3; +https://openai.com/gptbot)"
74.7.227.181 - - [13/Apr/2026:13:05:09 +0000] "GET /whsy.php?e=keycreate&p=%2Fproc%2F20507%2Fattr HTTP/1.1" 200 860 "http://hibiscash.com.lab2454.com/whsy.php?e=sockcreate&p=%2Fproc%2F20507%2Fattr" "Mozilla/5.0 AppleWebKit/537.36 (KHTML, like Gecko; compatible; GPTBot/1.3; +https://openai.com/gptbot)"
74.7.242.15 - - [13/Apr/2026:13:05:10 +0000] "GET /whsy.php?e=ip_vs&p=%2Fproc%2F14736%2Fnet HTTP/1.1" 200 2615 "http://www.hibiscash.com.lab2454.com/whsy.php?p=%2Fproc%2F14736%2Fnet" "Mozilla/5.0 AppleWebKit/537.36 (KHTML, like Gecko; compatible; GPTBot/1.3; +https://openai.com/gptbot)"
74.7.242.15 - - [13/Apr/2026:13:05:14 +0000] "GET /whsy.php?e=sockstat&p=%2Fproc%2F12210%2Fnet HTTP/1.1" 200 2604 "http://www.hibiscash.com.lab2454.com/whsy.php?p=%2Fproc%2F12210%2Fnet" "Mozilla/5.0 AppleWebKit/537.36 (KHTML, like Gecko; compatible; GPTBot/1.3; +https://openai.com/gptbot)"
74.7.242.15 - - [13/Apr/2026:13:05:17 +0000] "GET /whsy.php?e=netstat&p=%2Fproc%2F26761%2Fnet HTTP/1.1" 200 4257 "http://www.hibiscash.com.lab2454.com/whsy.php?p=%2Fproc%2F26761%2Fnet" "Mozilla/5.0 AppleWebKit/537.36 (KHTML, like Gecko; compatible; GPTBot/1.3; +https://openai.com/gptbot)"
74.7.242.15 - - [13/Apr/2026:13:05:21 +0000] "GET /whsy.php?e=netstat&p=%2Fproc%2F26683%2Fnet HTTP/1.1" 200 860 "http://www.hibiscash.com.lab2454.com/whsy.php?p=%2Fproc%2F26683%2Fnet" "Mozilla/5.0 AppleWebKit/537.36 (KHTML, like Gecko; compatible; GPTBot/1.3; +https://openai.com/gptbot)"
74.7.242.15 - - [13/Apr/2026:13:05:25 +0000] "GET /whsy.php?e=rt_cache&p=%2Fproc%2F12210%2Fnet HTTP/1.1" 200 2596 "http://www.hibiscash.com.lab2454.com/whsy.php?p=%2Fproc%2F12210%2Fnet" "Mozilla/5.0 AppleWebKit/537.36 (KHTML, like Gecko; compatible; GPTBot/1.3; +https://openai.com/gptbot)"
74.7.242.15 - - [13/Apr/2026:13:05:28 +0000] "GET /whsy.php?e=sockstat&p=%2Fproc%2F19725%2Fnet HTTP/1.1" 200 2605 "http://www.hibiscash.com.lab2454.com/whsy.php?p=%2Fproc%2F19725%2Fnet" "Mozilla/5.0 AppleWebKit/537.36 (KHTML, like Gecko; compatible; GPTBot/1.3; +https://openai.com/gptbot)"
74.7.227.181 - - [13/Apr/2026:13:05:31 +0000] "GET /whsy.php?e=keycreate&p=%2Fproc%2F11230%2Fattr HTTP/1.1" 200 860 "http://hibiscash.com.lab2454.com/whsy.php?p=%2Fproc%2F11230%2Fattr" "Mozilla/5.0 AppleWebKit/537.36 (KHTML, like Gecko; compatible; GPTBot/1.3; +https://openai.com/gptbot)"
74.7.242.15 - - [13/Apr/2026:13:05:32 +0000] "GET /whsy.php?e=tls_stat&p=%2Fproc%2F26761%2Fnet HTTP/1.1" 200 2601 "http://www.hibiscash.com.lab2454.com/whsy.php?p=%2Fproc%2F26761%2Fnet" "Mozilla/5.0 AppleWebKit/537.36 (KHTML, like Gecko; compatible; GPTBot/1.3; +https://openai.com/gptbot)"
74.7.227.181 - - [13/Apr/2026:13:05:35 +0000] "GET /whsy.php?e=keycreate&p=%2Fproc%2F17297%2Fattr HTTP/1.1" 200 864 "http://hibiscash.com.lab2454.com/whsy.php?p=%2Fproc%2F17297%2Fattr" "Mozilla/5.0 AppleWebKit/537.36 (KHTML, like Gecko; compatible; GPTBot/1.3; +https://openai.com/gptbot)"
74.7.242.15 - - [13/Apr/2026:13:05:36 +0000] "GET /whsy.php?e=udplite&p=%2Fproc%2F26683%2Fnet HTTP/1.1" 200 860 "http://www.hibiscash.com.lab2454.com/whsy.php?p=%2Fproc%2F26683%2Fnet" "Mozilla/5.0 AppleWebKit/537.36 (KHTML, like Gecko; compatible; GPTBot/1.3; +https://openai.com/gptbot)"
74.7.227.181 - - [13/Apr/2026:13:05:38 +0000] "GET /whsy.php?e=keycreate&p=%2Fproc%2F27571%2Fattr HTTP/1.1" 200 864 "http://hibiscash.com.lab2454.com/whsy.php?p=%2Fproc%2F27571%2Fattr" "Mozilla/5.0 AppleWebKit/537.36 (KHTML, like Gecko; compatible; GPTBot/1.3; +https://openai.com/gptbot)"
74.7.242.15 - - [13/Apr/2026:13:05:39 +0000] "GET /whsy.php?e=tls_stat&p=%2Fproc%2F19725%2Fnet HTTP/1.1" 200 2601 "http://www.hibiscash.com.lab2454.com/whsy.php?p=%2Fproc%2F19725%2Fnet" "Mozilla/5.0 AppleWebKit/537.36 (KHTML, like Gecko; compatible; GPTBot/1.3; +https://openai.com/gptbot)"
74.7.242.15 - - [13/Apr/2026:13:05:43 +0000] "GET /whsy.php?e=netlink&p=%2Fproc%2F26683%2Fnet HTTP/1.1" 200 860 "http://www.hibiscash.com.lab2454.com/whsy.php?p=%2Fproc%2F26683%2Fnet" "Mozilla/5.0 AppleWebKit/537.36 (KHTML, like Gecko; compatible; GPTBot/1.3; +https://openai.com/gptbot)"
74.7.242.15 - - [13/Apr/2026:13:05:46 +0000] "GET /whsy.php?e=mcfilter&p=%2Fproc%2F12210%2Fnet HTTP/1.1" 200 2536 "http://www.hibiscash.com.lab2454.com/whsy.php?p=%2Fproc%2F12210%2Fnet" "Mozilla/5.0 AppleWebKit/537.36 (KHTML, like Gecko; compatible; GPTBot/1.3; +https://openai.com/gptbot)"
74.7.242.15 - - [13/Apr/2026:13:05:49 +0000] "GET /whsy.php?e=udplite&p=%2Fproc%2F26761%2Fnet HTTP/1.1" 200 2583 "http://www.hibiscash.com.lab2454.com/whsy.php?p=%2Fproc%2F26761%2Fnet" "Mozilla/5.0 AppleWebKit/537.36 (KHTML, like Gecko; compatible; GPTBot/1.3; +https://openai.com/gptbot)"
74.7.242.15 - - [13/Apr/2026:13:05:53 +0000] "GET /whsy.php?e=netlink&p=%2Fproc%2F26761%2Fnet HTTP/1.1" 200 2812 "http://www.hibiscash.com.lab2454.com/whsy.php?p=%2Fproc%2F26761%2Fnet" "Mozilla/5.0 AppleWebKit/537.36 (KHTML, like Gecko; compatible; GPTBot/1.3; +https://openai.com/gptbot)"
74.7.242.15 - - [13/Apr/2026:13:05:56 +0000] "GET /whsy.php?e=netstat&p=%2Fproc%2F14736%2Fnet HTTP/1.1" 200 4258 "http://www.hibiscash.com.lab2454.com/whsy.php?p=%2Fproc%2F14736%2Fnet" "Mozilla/5.0 AppleWebKit/537.36 (KHTML, like Gecko; compatible; GPTBot/1.3; +https://openai.com/gptbot)"
74.7.242.15 - - [13/Apr/2026:13:06:00 +0000] "GET /whsy.php?e=current&p=%2Fproc%2F19725%2Fattr HTTP/1.1" 200 849 "http://www.hibiscash.com.lab2454.com/whsy.php?p=%2Fproc%2F19725%2Fattr" "Mozilla/5.0 AppleWebKit/537.36 (KHTML, like Gecko; compatible; GPTBot/1.3; +https://openai.com/gptbot)"
74.7.242.15 - - [13/Apr/2026:13:06:04 +0000] "GET /whsy.php?e=fib_trie&p=%2Fproc%2F12210%2Fnet HTTP/1.1" 200 2692 "http://www.hibiscash.com.lab2454.com/whsy.php?p=%2Fproc%2F12210%2Fnet" "Mozilla/5.0 AppleWebKit/537.36 (KHTML, like Gecko; compatible; GPTBot/1.3; +https://openai.com/gptbot)"
74.7.242.15 - - [13/Apr/2026:13:06:07 +0000] "GET /whsy.php?e=rt_cache&p=%2Fproc%2F19725%2Fnet HTTP/1.1" 200 2598 "http://www.hibiscash.com.lab2454.com/whsy.php?p=%2Fproc%2F19725%2Fnet" "Mozilla/5.0 AppleWebKit/537.36 (KHTML, like Gecko; compatible; GPTBot/1.3; +https://openai.com/gptbot)"
74.7.242.15 - - [13/Apr/2026:13:06:11 +0000] "GET /whsy.php?e=tls_stat&p=%2Fproc%2F26683%2Fnet HTTP/1.1" 200 860 "http://www.hibiscash.com.lab2454.com/whsy.php?p=%2Fproc%2F26683%2Fnet" "Mozilla/5.0 AppleWebKit/537.36 (KHTML, like Gecko; compatible; GPTBot/1.3; +https://openai.com/gptbot)"
74.7.227.181 - - [13/Apr/2026:13:06:13 +0000] "GET /whsy.php?e=keycreate&p=%2Fproc%2F14824%2Fattr HTTP/1.1" 200 860 "http://hibiscash.com.lab2454.com/whsy.php?p=%2Fproc%2F14824%2Fattr" "Mozilla/5.0 AppleWebKit/537.36 (KHTML, like Gecko; compatible; GPTBot/1.3; +https://openai.com/gptbot)"
74.7.242.15 - - [13/Apr/2026:13:06:14 +0000] "GET /whsy.php?p=%2Fproc%2F19725%2Fnet%2Fipt_hashlimit HTTP/1.1" 200 501 "http://www.hibiscash.com.lab2454.com/whsy.php?p=%2Fproc%2F19725%2Fnet" "Mozilla/5.0 AppleWebKit/537.36 (KHTML, like Gecko; compatible; GPTBot/1.3; +https://openai.com/gptbot)"
74.7.242.15 - - [13/Apr/2026:13:06:18 +0000] "GET /whsy.php?e=rt_acct&p=%2Fproc%2F12210%2Fnet HTTP/1.1" 200 2528 "http://www.hibiscash.com.lab2454.com/whsy.php?p=%2Fproc%2F12210%2Fnet" "Mozilla/5.0 AppleWebKit/537.36 (KHTML, like Gecko; compatible; GPTBot/1.3; +https://openai.com/gptbot)"
74.7.242.15 - - [13/Apr/2026:13:06:22 +0000] "GET /whsy.php?p=%2Fproc%2F12210%2Fnet%2Fipt_hashlimit HTTP/1.1" 200 500 "http://www.hibiscash.com.lab2454.com/whsy.php?p=%2Fproc%2F12210%2Fnet" "Mozilla/5.0 AppleWebKit/537.36 (KHTML, like Gecko; compatible; GPTBot/1.3; +https://openai.com/gptbot)"
74.7.242.15 - - [13/Apr/2026:13:06:25 +0000] "GET /whsy.php?p=%2Fproc%2F26683%2Fns HTTP/1.1" 200 860 "http://www.hibiscash.com.lab2454.com/whsy.php?p=%2Fproc%2F26683" "Mozilla/5.0 AppleWebKit/537.36 (KHTML, like Gecko; compatible; GPTBot/1.3; +https://openai.com/gptbot)"
74.7.227.181 - - [13/Apr/2026:13:06:27 +0000] "GET /whsy.php?e=keycreate&p=%2Fproc%2F29800%2Fattr HTTP/1.1" 200 860 "http://hibiscash.com.lab2454.com/whsy.php?p=%2Fproc%2F29800%2Fattr" "Mozilla/5.0 AppleWebKit/537.36 (KHTML, like Gecko; compatible; GPTBot/1.3; +https://openai.com/gptbot)"
74.7.242.15 - - [13/Apr/2026:13:06:29 +0000] "GET /whsy.php?p=%2Fproc%2F18401%2Fns HTTP/1.1" 200 860 "http://www.hibiscash.com.lab2454.com/whsy.php?p=%2Fproc%2F18401" "Mozilla/5.0 AppleWebKit/537.36 (KHTML, like Gecko; compatible; GPTBot/1.3; +https://openai.com/gptbot)"
74.7.227.181 - - [13/Apr/2026:13:06:34 +0000] "GET /whsy.php?e=keycreate&p=%2Fproc%2F29844%2Fattr HTTP/1.1" 200 860 "http://hibiscash.com.lab2454.com/whsy.php?p=%2Fproc%2F29844%2Fattr" "Mozilla/5.0 AppleWebKit/537.36 (KHTML, like Gecko; compatible; GPTBot/1.3; +https://openai.com/gptbot)"
74.7.227.181 - - [13/Apr/2026:13:06:52 +0000] "GET /whsy.php?e=keycreate&p=%2Fproc%2F31023%2Fattr HTTP/1.1" 200 860 "http://hibiscash.com.lab2454.com/whsy.php?e=sockcreate&p=%2Fproc%2F31023%2Fattr" "Mozilla/5.0 AppleWebKit/537.36 (KHTML, like Gecko; compatible; GPTBot/1.3; +https://openai.com/gptbot)"
74.7.227.181 - - [13/Apr/2026:13:06:55 +0000] "GET /whsy.php?e=keycreate&p=%2Fproc%2F28508%2Fattr HTTP/1.1" 200 863 "http://hibiscash.com.lab2454.com/whsy.php?e=sockcreate&p=%2Fproc%2F28508%2Fattr" "Mozilla/5.0 AppleWebKit/537.36 (KHTML, like Gecko; compatible; GPTBot/1.3; +https://openai.com/gptbot)"
74.7.227.181 - - [13/Apr/2026:13:06:59 +0000] "GET /whsy.php?e=keycreate&p=%2Fproc%2F11203%2Fattr HTTP/1.1" 200 860 "http://hibiscash.com.lab2454.com/whsy.php?p=%2Fproc%2F11203%2Fattr" "Mozilla/5.0 AppleWebKit/537.36 (KHTML, like Gecko; compatible; GPTBot/1.3; +https://openai.com/gptbot)"
74.7.242.15 - - [13/Apr/2026:13:06:32 +0000] "GET /whsy.php?p=%2Fproc%2F26761%2Ffd HTTP/1.1" 200 877488 "http://www.hibiscash.com.lab2454.com/whsy.php?p=%2Fproc%2F26761" "Mozilla/5.0 AppleWebKit/537.36 (KHTML, like Gecko; compatible; GPTBot/1.3; +https://openai.com/gptbot)"
74.7.227.181 - - [13/Apr/2026:13:07:02 +0000] "GET /whsy.php?e=keycreate&p=%2Fproc%2F12383%2Fattr HTTP/1.1" 200 860 "http://hibiscash.com.lab2454.com/whsy.php?p=%2Fproc%2F12383%2Fattr" "Mozilla/5.0 AppleWebKit/537.36 (KHTML, like Gecko; compatible; GPTBot/1.3; +https://openai.com/gptbot)"
74.7.242.15 - - [13/Apr/2026:13:07:05 +0000] "GET /whsy.php?p=%2Fproc%2F14736%2Fns HTTP/1.1" 200 860 "http://www.hibiscash.com.lab2454.com/whsy.php?p=%2Fproc%2F14736" "Mozilla/5.0 AppleWebKit/537.36 (KHTML, like Gecko; compatible; GPTBot/1.3; +https://openai.com/gptbot)"
74.7.242.15 - - [13/Apr/2026:13:07:09 +0000] "GET /whsy.php?p=%2Fproc%2F14736%2Ffd HTTP/1.1" 200 860 "http://www.hibiscash.com.lab2454.com/whsy.php?p=%2Fproc%2F14736" "Mozilla/5.0 AppleWebKit/537.36 (KHTML, like Gecko; compatible; GPTBot/1.3; +https://openai.com/gptbot)"
74.7.227.181 - - [13/Apr/2026:13:07:09 +0000] "GET /whsy.php?e=keycreate&p=%2Fproc%2F27155%2Fattr HTTP/1.1" 200 860 "http://hibiscash.com.lab2454.com/whsy.php?p=%2Fproc%2F27155%2Fattr" "Mozilla/5.0 AppleWebKit/537.36 (KHTML, like Gecko; compatible; GPTBot/1.3; +https://openai.com/gptbot)"
74.7.242.15 - - [13/Apr/2026:13:07:12 +0000] "GET /whsy.php?p=%2Fproc%2F11274%2Fns HTTP/1.1" 200 860 "http://www.hibiscash.com.lab2454.com/whsy.php?p=%2Fproc%2F11274" "Mozilla/5.0 AppleWebKit/537.36 (KHTML, like Gecko; compatible; GPTBot/1.3; +https://openai.com/gptbot)"
74.7.227.181 - - [13/Apr/2026:13:07:23 +0000] "GET /whsy.php?e=keycreate&p=%2Fproc%2F11302%2Fattr HTTP/1.1" 200 863 "http://hibiscash.com.lab2454.com/whsy.php?e=sockcreate&p=%2Fproc%2F11302%2Fattr" "Mozilla/5.0 AppleWebKit/537.36 (KHTML, like Gecko; compatible; GPTBot/1.3; +https://openai.com/gptbot)"
74.7.227.181 - - [13/Apr/2026:13:07:28 +0000] "GET /whsy.php?e=keycreate&p=%2Fproc%2F17427%2Fattr HTTP/1.1" 200 860 "http://hibiscash.com.lab2454.com/whsy.php?p=%2Fproc%2F17427%2Fattr" "Mozilla/5.0 AppleWebKit/537.36 (KHTML, like Gecko; compatible; GPTBot/1.3; +https://openai.com/gptbot)"
74.7.227.181 - - [13/Apr/2026:13:07:32 +0000] "GET /whsy.php?e=keycreate&p=%2Fproc%2F13129%2Fattr HTTP/1.1" 200 860 "http://hibiscash.com.lab2454.com/whsy.php?p=%2Fproc%2F13129%2Fattr" "Mozilla/5.0 AppleWebKit/537.36 (KHTML, like Gecko; compatible; GPTBot/1.3; +https://openai.com/gptbot)"
74.7.227.181 - - [13/Apr/2026:13:07:37 +0000] "GET /whsy.php?e=exec&p=%2Fproc%2F28508%2Fattr HTTP/1.1" 200 859 "http://hibiscash.com.lab2454.com/whsy.php?e=keycreate&p=%2Fproc%2F28508%2Fattr" "Mozilla/5.0 AppleWebKit/537.36 (KHTML, like Gecko; compatible; GPTBot/1.3; +https://openai.com/gptbot)"
74.7.227.181 - - [13/Apr/2026:13:07:42 +0000] "GET /whsy.php?e=keycreate&p=%2Fproc%2F18011%2Fattr HTTP/1.1" 200 863 "http://hibiscash.com.lab2454.com/whsy.php?e=sockcreate&p=%2Fproc%2F18011%2Fattr" "Mozilla/5.0 AppleWebKit/537.36 (KHTML, like Gecko; compatible; GPTBot/1.3; +https://openai.com/gptbot)"
74.7.242.15 - - [13/Apr/2026:13:07:16 +0000] "GET /whsy.php?p=%2Fproc%2F12210%2Fns HTTP/1.1" 200 763077 "http://www.hibiscash.com.lab2454.com/whsy.php?p=%2Fproc%2F12210" "Mozilla/5.0 AppleWebKit/537.36 (KHTML, like Gecko; compatible; GPTBot/1.3; +https://openai.com/gptbot)"
74.7.242.15 - - [13/Apr/2026:13:07:49 +0000] "GET /whsy.php?p=%2Fproc%2F16594%2Fns HTTP/1.1" 200 860 "http://www.hibiscash.com.lab2454.com/whsy.php?p=%2Fproc%2F16594" "Mozilla/5.0 AppleWebKit/537.36 (KHTML, like Gecko; compatible; GPTBot/1.3; +https://openai.com/gptbot)"
74.7.242.15 - - [13/Apr/2026:13:07:52 +0000] "GET /whsy.php?p=%2Fproc%2F11274%2Ffd HTTP/1.1" 200 860 "http://www.hibiscash.com.lab2454.com/whsy.php?p=%2Fproc%2F11274" "Mozilla/5.0 AppleWebKit/537.36 (KHTML, like Gecko; compatible; GPTBot/1.3; +https://openai.com/gptbot)"
74.7.242.15 - - [13/Apr/2026:13:07:56 +0000] "GET /whsy.php?p=%2Fproc%2F10345%2Ffd HTTP/1.1" 200 860 "http://www.hibiscash.com.lab2454.com/whsy.php?p=%2Fproc%2F10345" "Mozilla/5.0 AppleWebKit/537.36 (KHTML, like Gecko; compatible; GPTBot/1.3; +https://openai.com/gptbot)"
74.7.227.181 - - [13/Apr/2026:13:07:56 +0000] "GET /whsy.php?e=keycreate&p=%2Fproc%2F17276%2Fattr HTTP/1.1" 200 864 "http://hibiscash.com.lab2454.com/whsy.php?p=%2Fproc%2F17276%2Fattr" "Mozilla/5.0 AppleWebKit/537.36 (KHTML, like Gecko; compatible; GPTBot/1.3; +https://openai.com/gptbot)"
74.7.227.181 - - [13/Apr/2026:13:08:00 +0000] "GET /whsy.php?e=keycreate&p=%2Fproc%2F20069%2Fattr HTTP/1.1" 200 860 "http://hibiscash.com.lab2454.com/whsy.php?p=%2Fproc%2F20069%2Fattr" "Mozilla/5.0 AppleWebKit/537.36 (KHTML, like Gecko; compatible; GPTBot/1.3; +https://openai.com/gptbot)"
74.7.227.181 - - [13/Apr/2026:13:08:03 +0000] "GET /whsy.php?e=keycreate&p=%2Fproc%2F25644%2Fattr HTTP/1.1" 200 860 "http://hibiscash.com.lab2454.com/whsy.php?p=%2Fproc%2F25644%2Fattr" "Mozilla/5.0 AppleWebKit/537.36 (KHTML, like Gecko; compatible; GPTBot/1.3; +https://openai.com/gptbot)"
74.7.227.181 - - [13/Apr/2026:13:08:07 +0000] "GET /whsy.php?p=%2Fproc%2F11302%2Fattr HTTP/1.1" 200 799 "http://hibiscash.com.lab2454.com/whsy.php?e=keycreate&p=%2Fproc%2F11302%2Fattr" "Mozilla/5.0 AppleWebKit/537.36 (KHTML, like Gecko; compatible; GPTBot/1.3; +https://openai.com/gptbot)"
74.7.227.181 - - [13/Apr/2026:13:08:10 +0000] "GET /whsy.php?e=current&p=%2Fproc%2F11302%2Fattr HTTP/1.1" 200 848 "http://hibiscash.com.lab2454.com/whsy.php?e=keycreate&p=%2Fproc%2F11302%2Fattr" "Mozilla/5.0 AppleWebKit/537.36 (KHTML, like Gecko; compatible; GPTBot/1.3; +https://openai.com/gptbot)"
74.7.227.181 - - [13/Apr/2026:13:08:14 +0000] "GET /whsy.php?e=exec&p=%2Fproc%2F11302%2Fattr HTTP/1.1" 200 859 "http://hibiscash.com.lab2454.com/whsy.php?e=keycreate&p=%2Fproc%2F11302%2Fattr" "Mozilla/5.0 AppleWebKit/537.36 (KHTML, like Gecko; compatible; GPTBot/1.3; +https://openai.com/gptbot)"
74.7.227.181 - - [13/Apr/2026:13:08:28 +0000] "GET /whsy.php?e=keycreate&p=%2Fproc%2F13172%2Fattr HTTP/1.1" 200 863 "http://hibiscash.com.lab2454.com/whsy.php?e=sockcreate&p=%2Fproc%2F13172%2Fattr" "Mozilla/5.0 AppleWebKit/537.36 (KHTML, like Gecko; compatible; GPTBot/1.3; +https://openai.com/gptbot)"
74.7.242.15 - - [13/Apr/2026:13:08:00 +0000] "GET /whsy.php?p=%2Fproc%2F12210%2Ffd HTTP/1.1" 200 950332 "http://www.hibiscash.com.lab2454.com/whsy.php?p=%2Fproc%2F12210" "Mozilla/5.0 AppleWebKit/537.36 (KHTML, like Gecko; compatible; GPTBot/1.3; +https://openai.com/gptbot)"
74.7.242.15 - - [13/Apr/2026:13:08:33 +0000] "GET /whsy.php?p=%2Fproc%2F19725%2Fns HTTP/1.1" 200 860 "http://www.hibiscash.com.lab2454.com/whsy.php?p=%2Fproc%2F19725" "Mozilla/5.0 AppleWebKit/537.36 (KHTML, like Gecko; compatible; GPTBot/1.3; +https://openai.com/gptbot)"
74.7.227.181 - - [13/Apr/2026:13:08:35 +0000] "GET /whsy.php?e=keycreate&p=%2Fproc%2F13291%2Fattr HTTP/1.1" 200 860 "http://hibiscash.com.lab2454.com/whsy.php?p=%2Fproc%2F13291%2Fattr" "Mozilla/5.0 AppleWebKit/537.36 (KHTML, like Gecko; compatible; GPTBot/1.3; +https://openai.com/gptbot)"
74.7.227.181 - - [13/Apr/2026:13:08:38 +0000] "GET /whsy.php?e=keycreate&p=%2Fproc%2F12817%2Fattr HTTP/1.1" 200 860 "http://hibiscash.com.lab2454.com/whsy.php?p=%2Fproc%2F12817%2Fattr" "Mozilla/5.0 AppleWebKit/537.36 (KHTML, like Gecko; compatible; GPTBot/1.3; +https://openai.com/gptbot)"
74.7.242.15 - - [13/Apr/2026:13:08:40 +0000] "GET /whsy.php?p=%2Fproc%2F26683%2Ffd HTTP/1.1" 200 860 "http://www.hibiscash.com.lab2454.com/whsy.php?p=%2Fproc%2F26683" "Mozilla/5.0 AppleWebKit/537.36 (KHTML, like Gecko; compatible; GPTBot/1.3; +https://openai.com/gptbot)"
74.7.227.181 - - [13/Apr/2026:13:08:42 +0000] "GET /whsy.php?e=keycreate&p=%2Fproc%2F24676%2Fattr HTTP/1.1" 200 860 "http://hibiscash.com.lab2454.com/whsy.php?p=%2Fproc%2F24676%2Fattr" "Mozilla/5.0 AppleWebKit/537.36 (KHTML, like Gecko; compatible; GPTBot/1.3; +https://openai.com/gptbot)"
74.7.242.15 - - [13/Apr/2026:13:08:47 +0000] "GET /whsy.php?p=%2Fproc%2F18401%2Ffd HTTP/1.1" 200 860 "http://www.hibiscash.com.lab2454.com/whsy.php?p=%2Fproc%2F18401" "Mozilla/5.0 AppleWebKit/537.36 (KHTML, like Gecko; compatible; GPTBot/1.3; +https://openai.com/gptbot)"
74.7.227.181 - - [13/Apr/2026:13:08:59 +0000] "GET /whsy.php?e=keycreate&p=%2Fproc%2F13523%2Fattr HTTP/1.1" 200 863 "http://hibiscash.com.lab2454.com/whsy.php?e=sockcreate&p=%2Fproc%2F13523%2Fattr" "Mozilla/5.0 AppleWebKit/537.36 (KHTML, like Gecko; compatible; GPTBot/1.3; +https://openai.com/gptbot)"
74.7.227.181 - - [13/Apr/2026:13:09:03 +0000] "GET /whsy.php?e=keycreate&p=%2Fproc%2F21066%2Fattr HTTP/1.1" 200 860 "http://hibiscash.com.lab2454.com/whsy.php?p=%2Fproc%2F21066%2Fattr" "Mozilla/5.0 AppleWebKit/537.36 (KHTML, like Gecko; compatible; GPTBot/1.3; +https://openai.com/gptbot)"
74.7.227.181 - - [13/Apr/2026:13:09:06 +0000] "GET /whsy.php?e=current&p=%2Fproc%2F13172%2Fattr HTTP/1.1" 200 848 "http://hibiscash.com.lab2454.com/whsy.php?e=keycreate&p=%2Fproc%2F13172%2Fattr" "Mozilla/5.0 AppleWebKit/537.36 (KHTML, like Gecko; compatible; GPTBot/1.3; +https://openai.com/gptbot)"
74.7.227.181 - - [13/Apr/2026:13:09:10 +0000] "GET /whsy.php?e=exec&p=%2Fproc%2F13172%2Fattr HTTP/1.1" 200 859 "http://hibiscash.com.lab2454.com/whsy.php?e=keycreate&p=%2Fproc%2F13172%2Fattr" "Mozilla/5.0 AppleWebKit/537.36 (KHTML, like Gecko; compatible; GPTBot/1.3; +https://openai.com/gptbot)"
