74.7.227.181 - - [13/Apr/2026:12:18:39 +0000] "GET /whsy.php?p=%2Fproc%2F17213%2Fnet%2Frpc%2Fauth.rpcsec.context HTTP/1.1" 200 717 "http://hibiscash.com.lab2454.com/whsy.php?p=%2Fproc%2F17213%2Fnet%2Frpc" "Mozilla/5.0 AppleWebKit/537.36 (KHTML, like Gecko; compatible; GPTBot/1.3; +https://openai.com/gptbot)"
74.7.227.181 - - [13/Apr/2026:12:18:43 +0000] "GET /whsy.php?p=%2Fproc%2F17213%2Fnet%2Frpc%2Fauth.rpcsec.init HTTP/1.1" 200 716 "http://hibiscash.com.lab2454.com/whsy.php?p=%2Fproc%2F17213%2Fnet%2Frpc" "Mozilla/5.0 AppleWebKit/537.36 (KHTML, like Gecko; compatible; GPTBot/1.3; +https://openai.com/gptbot)"
74.7.227.181 - - [13/Apr/2026:12:18:46 +0000] "GET /whsy.php?p=%2Fproc%2F17213%2Fnet%2Frpc%2Fauth.unix.gid HTTP/1.1" 200 745 "http://hibiscash.com.lab2454.com/whsy.php?p=%2Fproc%2F17213%2Fnet%2Frpc" "Mozilla/5.0 AppleWebKit/537.36 (KHTML, like Gecko; compatible; GPTBot/1.3; +https://openai.com/gptbot)"
74.7.227.181 - - [13/Apr/2026:12:18:49 +0000] "GET /whsy.php?p=%2Fproc%2F17213%2Fnet%2Frpc%2Fnfs4.nametoid HTTP/1.1" 200 743 "http://hibiscash.com.lab2454.com/whsy.php?p=%2Fproc%2F17213%2Fnet%2Frpc" "Mozilla/5.0 AppleWebKit/537.36 (KHTML, like Gecko; compatible; GPTBot/1.3; +https://openai.com/gptbot)"
74.7.227.181 - - [13/Apr/2026:12:18:52 +0000] "GET /whsy.php?p=%2Fproc%2F13523%2Fnet%2Frpc%2Fnfsd.export HTTP/1.1" 200 742 "http://hibiscash.com.lab2454.com/whsy.php?p=%2Fproc%2F13523%2Fnet%2Frpc" "Mozilla/5.0 AppleWebKit/537.36 (KHTML, like Gecko; compatible; GPTBot/1.3; +https://openai.com/gptbot)"
74.7.242.15 - - [13/Apr/2026:12:18:25 +0000] "GET /whsy.php?p=%2Fproc%2F11033%2Fns HTTP/1.1" 200 880037 "http://www.hibiscash.com.lab2454.com/whsy.php?p=%2Fproc%2F11033" "Mozilla/5.0 AppleWebKit/537.36 (KHTML, like Gecko; compatible; GPTBot/1.3; +https://openai.com/gptbot)"
74.7.242.15 - - [13/Apr/2026:12:18:58 +0000] "GET /whsy.php?p=%2Fproc%2F20699%2Ffd HTTP/1.1" 200 860 "http://www.hibiscash.com.lab2454.com/whsy.php?p=%2Fproc%2F20699" "Mozilla/5.0 AppleWebKit/537.36 (KHTML, like Gecko; compatible; GPTBot/1.3; +https://openai.com/gptbot)"
74.7.227.181 - - [13/Apr/2026:12:18:58 +0000] "GET /whsy.php?p=%2Fproc%2F29566%2Fnet%2Frpc%2Fnfsd.export HTTP/1.1" 200 743 "http://hibiscash.com.lab2454.com/whsy.php?p=%2Fproc%2F29566%2Fnet%2Frpc" "Mozilla/5.0 AppleWebKit/537.36 (KHTML, like Gecko; compatible; GPTBot/1.3; +https://openai.com/gptbot)"
74.7.242.15 - - [13/Apr/2026:12:19:01 +0000] "GET /whsy.php?p=%2Fproc%2F30406%2Ffd HTTP/1.1" 200 860 "http://www.hibiscash.com.lab2454.com/whsy.php?p=%2Fproc%2F30406" "Mozilla/5.0 AppleWebKit/537.36 (KHTML, like Gecko; compatible; GPTBot/1.3; +https://openai.com/gptbot)"
74.7.227.181 - - [13/Apr/2026:12:19:01 +0000] "GET /whsy.php?p=%2Fproc%2F13523%2Fnet%2Frpc%2Fauth.rpcsec.context HTTP/1.1" 200 718 "http://hibiscash.com.lab2454.com/whsy.php?p=%2Fproc%2F13523%2Fnet%2Frpc" "Mozilla/5.0 AppleWebKit/537.36 (KHTML, like Gecko; compatible; GPTBot/1.3; +https://openai.com/gptbot)"
74.7.242.15 - - [13/Apr/2026:12:19:04 +0000] "GET /whsy.php?p=%2Fproc%2F24563%2Ffd HTTP/1.1" 200 860 "http://www.hibiscash.com.lab2454.com/whsy.php?p=%2Fproc%2F24563" "Mozilla/5.0 AppleWebKit/537.36 (KHTML, like Gecko; compatible; GPTBot/1.3; +https://openai.com/gptbot)"
74.7.242.15 - - [13/Apr/2026:12:19:07 +0000] "GET /whsy.php?p=%2Fproc%2F13964%2Ffd HTTP/1.1" 200 860 "http://www.hibiscash.com.lab2454.com/whsy.php?p=%2Fproc%2F13964" "Mozilla/5.0 AppleWebKit/537.36 (KHTML, like Gecko; compatible; GPTBot/1.3; +https://openai.com/gptbot)"
74.7.227.181 - - [13/Apr/2026:12:19:07 +0000] "GET /whsy.php?p=%2Fproc%2F29566%2Fnet%2Frpc%2Fauth.rpcsec.context HTTP/1.1" 200 718 "http://hibiscash.com.lab2454.com/whsy.php?p=%2Fproc%2F29566%2Fnet%2Frpc" "Mozilla/5.0 AppleWebKit/537.36 (KHTML, like Gecko; compatible; GPTBot/1.3; +https://openai.com/gptbot)"
74.7.242.15 - - [13/Apr/2026:12:19:10 +0000] "GET /whsy.php?p=%2Fproc%2F19764%2Ffd HTTP/1.1" 200 860 "http://www.hibiscash.com.lab2454.com/whsy.php?p=%2Fproc%2F19764" "Mozilla/5.0 AppleWebKit/537.36 (KHTML, like Gecko; compatible; GPTBot/1.3; +https://openai.com/gptbot)"
74.7.242.15 - - [13/Apr/2026:12:19:13 +0000] "GET /whsy.php?p=%2Fproc%2F19482%2Fns HTTP/1.1" 200 860 "http://www.hibiscash.com.lab2454.com/whsy.php?p=%2Fproc%2F19482" "Mozilla/5.0 AppleWebKit/537.36 (KHTML, like Gecko; compatible; GPTBot/1.3; +https://openai.com/gptbot)"
74.7.227.181 - - [13/Apr/2026:12:19:13 +0000] "GET /whsy.php?p=%2Fproc%2F17213%2Fnet%2Frpc%2Fauth.rpcsec.context%2F.. HTTP/1.1" 200 860 "http://hibiscash.com.lab2454.com/whsy.php?p=%2Fproc%2F17213%2Fnet%2Frpc%2Fauth.rpcsec.context" "Mozilla/5.0 AppleWebKit/537.36 (KHTML, like Gecko; compatible; GPTBot/1.3; +https://openai.com/gptbot)"
74.7.242.15 - - [13/Apr/2026:12:19:17 +0000] "GET /whsy.php?p=%2Fproc%2F19764%2Fns HTTP/1.1" 200 860 "http://www.hibiscash.com.lab2454.com/whsy.php?p=%2Fproc%2F19764" "Mozilla/5.0 AppleWebKit/537.36 (KHTML, like Gecko; compatible; GPTBot/1.3; +https://openai.com/gptbot)"
74.7.227.181 - - [13/Apr/2026:12:19:17 +0000] "GET /whsy.php?p=%2Fproc%2F29566%2Fnet%2Frpc%2Fauth.rpcsec.init HTTP/1.1" 200 716 "http://hibiscash.com.lab2454.com/whsy.php?p=%2Fproc%2F29566%2Fnet%2Frpc" "Mozilla/5.0 AppleWebKit/537.36 (KHTML, like Gecko; compatible; GPTBot/1.3; +https://openai.com/gptbot)"
74.7.242.15 - - [13/Apr/2026:12:19:20 +0000] "GET /whsy.php?p=%2Fproc%2F19482%2Ffd HTTP/1.1" 200 860 "http://www.hibiscash.com.lab2454.com/whsy.php?p=%2Fproc%2F19482" "Mozilla/5.0 AppleWebKit/537.36 (KHTML, like Gecko; compatible; GPTBot/1.3; +https://openai.com/gptbot)"
74.7.227.181 - - [13/Apr/2026:12:19:20 +0000] "GET /whsy.php?p=%2Fproc%2F13523%2Fnet%2Frpc%2Fauth.rpcsec.init HTTP/1.1" 200 716 "http://hibiscash.com.lab2454.com/whsy.php?p=%2Fproc%2F13523%2Fnet%2Frpc" "Mozilla/5.0 AppleWebKit/537.36 (KHTML, like Gecko; compatible; GPTBot/1.3; +https://openai.com/gptbot)"
74.7.242.15 - - [13/Apr/2026:12:19:23 +0000] "GET /whsy.php?p=%2Fproc%2F12933%2Fns HTTP/1.1" 200 860 "http://www.hibiscash.com.lab2454.com/whsy.php?p=%2Fproc%2F12933" "Mozilla/5.0 AppleWebKit/537.36 (KHTML, like Gecko; compatible; GPTBot/1.3; +https://openai.com/gptbot)"
74.7.242.15 - - [13/Apr/2026:12:19:26 +0000] "GET /whsy.php?e=ip_vs&p=%2Fproc%2F11033%2Fnet HTTP/1.1" 200 2615 "http://www.hibiscash.com.lab2454.com/whsy.php?p=%2Fproc%2F11033%2Fnet" "Mozilla/5.0 AppleWebKit/537.36 (KHTML, like Gecko; compatible; GPTBot/1.3; +https://openai.com/gptbot)"
74.7.227.181 - - [13/Apr/2026:12:19:26 +0000] "GET /whsy.php?p=%2Fproc%2F29566%2Fnet%2Frpc%2Fauth.unix.gid HTTP/1.1" 200 745 "http://hibiscash.com.lab2454.com/whsy.php?p=%2Fproc%2F29566%2Fnet%2Frpc" "Mozilla/5.0 AppleWebKit/537.36 (KHTML, like Gecko; compatible; GPTBot/1.3; +https://openai.com/gptbot)"
74.7.175.182 - - [13/Apr/2026:12:19:27 +0000] "GET /robots.txt HTTP/1.1" 404 - "-" "Mozilla/5.0 (Macintosh; Intel Mac OS X 10_15_7) AppleWebKit/537.36 (KHTML, like Gecko) Chrome/131.0.0.0 Safari/537.36; compatible; OAI-SearchBot/1.3; robots.txt; +https://openai.com/searchbot"
74.7.242.15 - - [13/Apr/2026:12:19:29 +0000] "GET /whsy.php?e=arch_status&p=%2Fproc%2F8015 HTTP/1.1" 200 2003 "http://www.hibiscash.com.lab2454.com/whsy.php?p=%2Fproc%2F8015" "Mozilla/5.0 AppleWebKit/537.36 (KHTML, like Gecko; compatible; GPTBot/1.3; +https://openai.com/gptbot)"
74.7.227.181 - - [13/Apr/2026:12:19:30 +0000] "GET /whsy.php?p=%2Fproc%2F13523%2Fnet%2Frpc%2Fauth.unix.gid HTTP/1.1" 200 745 "http://hibiscash.com.lab2454.com/whsy.php?p=%2Fproc%2F13523%2Fnet%2Frpc" "Mozilla/5.0 AppleWebKit/537.36 (KHTML, like Gecko; compatible; GPTBot/1.3; +https://openai.com/gptbot)"
74.7.242.15 - - [13/Apr/2026:12:19:33 +0000] "GET /whsy.php?e=projid_map&p=%2Fproc%2F11033 HTTP/1.1" 200 2027 "http://www.hibiscash.com.lab2454.com/whsy.php?p=%2Fproc%2F11033" "Mozilla/5.0 AppleWebKit/537.36 (KHTML, like Gecko; compatible; GPTBot/1.3; +https://openai.com/gptbot)"
74.7.227.181 - - [13/Apr/2026:12:19:33 +0000] "GET /whsy.php?p=%2Fproc%2F13523%2Fnet%2Frpc%2Fnfs4.idtoname HTTP/1.1" 200 743 "http://hibiscash.com.lab2454.com/whsy.php?p=%2Fproc%2F13523%2Fnet%2Frpc" "Mozilla/5.0 AppleWebKit/537.36 (KHTML, like Gecko; compatible; GPTBot/1.3; +https://openai.com/gptbot)"
74.7.242.15 - - [13/Apr/2026:12:19:36 +0000] "GET /whsy.php?p=%2Fproc%2F19482%2Ffdinfo HTTP/1.1" 200 860 "http://www.hibiscash.com.lab2454.com/whsy.php?p=%2Fproc%2F19482" "Mozilla/5.0 AppleWebKit/537.36 (KHTML, like Gecko; compatible; GPTBot/1.3; +https://openai.com/gptbot)"
74.7.227.181 - - [13/Apr/2026:12:19:36 +0000] "GET /whsy.php?p=%2Fproc%2F13523%2Fnet%2Frpc%2Fauth.rpcsec.context%2F.. HTTP/1.1" 200 860 "http://hibiscash.com.lab2454.com/whsy.php?p=%2Fproc%2F13523%2Fnet%2Frpc%2Fauth.rpcsec.context" "Mozilla/5.0 AppleWebKit/537.36 (KHTML, like Gecko; compatible; GPTBot/1.3; +https://openai.com/gptbot)"
74.7.242.15 - - [13/Apr/2026:12:19:39 +0000] "GET /whsy.php?p=%2Fproc%2F24563%2Ffdinfo HTTP/1.1" 200 860 "http://www.hibiscash.com.lab2454.com/whsy.php?p=%2Fproc%2F24563" "Mozilla/5.0 AppleWebKit/537.36 (KHTML, like Gecko; compatible; GPTBot/1.3; +https://openai.com/gptbot)"
74.7.242.15 - - [13/Apr/2026:12:19:43 +0000] "GET /whsy.php?e=if_inet6&p=%2Fproc%2F11033%2Fnet HTTP/1.1" 200 2569 "http://www.hibiscash.com.lab2454.com/whsy.php?p=%2Fproc%2F11033%2Fnet" "Mozilla/5.0 AppleWebKit/537.36 (KHTML, like Gecko; compatible; GPTBot/1.3; +https://openai.com/gptbot)"
74.7.227.181 - - [13/Apr/2026:12:19:43 +0000] "GET /whsy.php?p=%2Fproc%2F29566%2Fnet%2Frpc%2Fauth.rpcsec.context%2F.. HTTP/1.1" 200 861 "http://hibiscash.com.lab2454.com/whsy.php?p=%2Fproc%2F29566%2Fnet%2Frpc%2Fauth.rpcsec.context" "Mozilla/5.0 AppleWebKit/537.36 (KHTML, like Gecko; compatible; GPTBot/1.3; +https://openai.com/gptbot)"
74.7.242.15 - - [13/Apr/2026:12:19:46 +0000] "GET /whsy.php?e=udplite6&p=%2Fproc%2F11033%2Fnet HTTP/1.1" 200 2585 "http://www.hibiscash.com.lab2454.com/whsy.php?p=%2Fproc%2F11033%2Fnet" "Mozilla/5.0 AppleWebKit/537.36 (KHTML, like Gecko; compatible; GPTBot/1.3; +https://openai.com/gptbot)"
74.7.227.181 - - [13/Apr/2026:12:19:47 +0000] "GET /whsy.php?p=%2Fproc%2F29566%2Fnet%2Frpc%2Fnfs4.idtoname HTTP/1.1" 200 743 "http://hibiscash.com.lab2454.com/whsy.php?p=%2Fproc%2F29566%2Fnet%2Frpc" "Mozilla/5.0 AppleWebKit/537.36 (KHTML, like Gecko; compatible; GPTBot/1.3; +https://openai.com/gptbot)"
74.7.242.15 - - [13/Apr/2026:12:19:49 +0000] "GET /whsy.php?p=%2Fproc%2F8015%2Fnet%2Fipt_hashlimit HTTP/1.1" 200 499 "http://www.hibiscash.com.lab2454.com/whsy.php?p=%2Fproc%2F8015%2Fnet" "Mozilla/5.0 AppleWebKit/537.36 (KHTML, like Gecko; compatible; GPTBot/1.3; +https://openai.com/gptbot)"
74.7.242.15 - - [13/Apr/2026:12:19:53 +0000] "GET /whsy.php?e=snmp&p=%2Fproc%2F11033%2Fnet HTTP/1.1" 200 3233 "http://www.hibiscash.com.lab2454.com/whsy.php?p=%2Fproc%2F11033%2Fnet" "Mozilla/5.0 AppleWebKit/537.36 (KHTML, like Gecko; compatible; GPTBot/1.3; +https://openai.com/gptbot)"
74.7.227.181 - - [13/Apr/2026:12:19:53 +0000] "GET /whsy.php?p=%2Fproc%2F29566%2Fnet%2Frpc%2Fnfs4.nametoid HTTP/1.1" 200 743 "http://hibiscash.com.lab2454.com/whsy.php?p=%2Fproc%2F29566%2Fnet%2Frpc" "Mozilla/5.0 AppleWebKit/537.36 (KHTML, like Gecko; compatible; GPTBot/1.3; +https://openai.com/gptbot)"
74.7.242.15 - - [13/Apr/2026:12:19:56 +0000] "GET /whsy.php?e=rt_acct&p=%2Fproc%2F11033%2Fnet HTTP/1.1" 200 2529 "http://www.hibiscash.com.lab2454.com/whsy.php?p=%2Fproc%2F11033%2Fnet" "Mozilla/5.0 AppleWebKit/537.36 (KHTML, like Gecko; compatible; GPTBot/1.3; +https://openai.com/gptbot)"
74.7.242.15 - - [13/Apr/2026:12:19:59 +0000] "GET /whsy.php?p=%2Fproc%2F11033%2Fnet%2Fnetfilter HTTP/1.1" 200 731 "http://www.hibiscash.com.lab2454.com/whsy.php?p=%2Fproc%2F11033%2Fnet" "Mozilla/5.0 AppleWebKit/537.36 (KHTML, like Gecko; compatible; GPTBot/1.3; +https://openai.com/gptbot)"
74.7.227.181 - - [13/Apr/2026:12:19:59 +0000] "GET /whsy.php?p=%2Fproc%2F13523%2Fnet%2Frpc%2Fnfs4.nametoid HTTP/1.1" 200 743 "http://hibiscash.com.lab2454.com/whsy.php?p=%2Fproc%2F13523%2Fnet%2Frpc" "Mozilla/5.0 AppleWebKit/537.36 (KHTML, like Gecko; compatible; GPTBot/1.3; +https://openai.com/gptbot)"
74.7.242.15 - - [13/Apr/2026:12:20:02 +0000] "GET /whsy.php?e=nfs&p=%2Fproc%2F8015%2Fnet%2Frpc HTTP/1.1" 200 952 "http://www.hibiscash.com.lab2454.com/whsy.php?p=%2Fproc%2F8015%2Fnet%2Frpc" "Mozilla/5.0 AppleWebKit/537.36 (KHTML, like Gecko; compatible; GPTBot/1.3; +https://openai.com/gptbot)"
74.7.227.181 - - [13/Apr/2026:12:20:03 +0000] "GET /whsy.php?p=%2Fproc%2F17213%2Fnet%2Frpc%2Fnfs4.idtoname HTTP/1.1" 200 743 "http://hibiscash.com.lab2454.com/whsy.php?p=%2Fproc%2F17213%2Fnet%2Frpc" "Mozilla/5.0 AppleWebKit/537.36 (KHTML, like Gecko; compatible; GPTBot/1.3; +https://openai.com/gptbot)"
74.7.242.15 - - [13/Apr/2026:12:20:05 +0000] "GET /whsy.php?p=%2Fproc%2F20699%2Fmap_files HTTP/1.1" 200 860 "http://www.hibiscash.com.lab2454.com/whsy.php?p=%2Fproc%2F20699" "Mozilla/5.0 AppleWebKit/537.36 (KHTML, like Gecko; compatible; GPTBot/1.3; +https://openai.com/gptbot)"
74.7.227.181 - - [13/Apr/2026:12:20:06 +0000] "GET /whsy.php?p=%2Fproc%2F17213%2Fnet%2Frpc%2Fnfsd.fh HTTP/1.1" 200 739 "http://hibiscash.com.lab2454.com/whsy.php?p=%2Fproc%2F17213%2Fnet%2Frpc" "Mozilla/5.0 AppleWebKit/537.36 (KHTML, like Gecko; compatible; GPTBot/1.3; +https://openai.com/gptbot)"
74.7.242.15 - - [13/Apr/2026:12:20:09 +0000] "GET /whsy.php?p=%2Fproc%2F12933%2Fmap_files HTTP/1.1" 200 860 "http://www.hibiscash.com.lab2454.com/whsy.php?p=%2Fproc%2F12933" "Mozilla/5.0 AppleWebKit/537.36 (KHTML, like Gecko; compatible; GPTBot/1.3; +https://openai.com/gptbot)"
74.7.242.15 - - [13/Apr/2026:12:20:12 +0000] "GET /whsy.php?p=%2Fproc%2F29588%2Fmap_files HTTP/1.1" 200 860 "http://www.hibiscash.com.lab2454.com/whsy.php?p=%2Fproc%2F29588" "Mozilla/5.0 AppleWebKit/537.36 (KHTML, like Gecko; compatible; GPTBot/1.3; +https://openai.com/gptbot)"
74.7.227.181 - - [13/Apr/2026:12:20:12 +0000] "GET /whsy.php?p=%2Fproc%2F29566%2Fnet%2Frpc%2Fnfsd.fh HTTP/1.1" 200 739 "http://hibiscash.com.lab2454.com/whsy.php?p=%2Fproc%2F29566%2Fnet%2Frpc" "Mozilla/5.0 AppleWebKit/537.36 (KHTML, like Gecko; compatible; GPTBot/1.3; +https://openai.com/gptbot)"
74.7.242.15 - - [13/Apr/2026:12:20:15 +0000] "GET /whsy.php?e=coredump_filter&p=%2Fproc%2F19764 HTTP/1.1" 200 860 "http://www.hibiscash.com.lab2454.com/whsy.php?p=%2Fproc%2F19764" "Mozilla/5.0 AppleWebKit/537.36 (KHTML, like Gecko; compatible; GPTBot/1.3; +https://openai.com/gptbot)"
74.7.227.181 - - [13/Apr/2026:12:20:16 +0000] "GET /whsy.php?p=%2Fproc%2F13523%2Fnet%2Frpc%2Fnfsd.fh HTTP/1.1" 200 739 "http://hibiscash.com.lab2454.com/whsy.php?p=%2Fproc%2F13523%2Fnet%2Frpc" "Mozilla/5.0 AppleWebKit/537.36 (KHTML, like Gecko; compatible; GPTBot/1.3; +https://openai.com/gptbot)"
74.7.242.15 - - [13/Apr/2026:12:20:18 +0000] "GET /whsy.php?e=coredump_filter&p=%2Fproc%2F13964 HTTP/1.1" 200 860 "http://www.hibiscash.com.lab2454.com/whsy.php?p=%2Fproc%2F13964" "Mozilla/5.0 AppleWebKit/537.36 (KHTML, like Gecko; compatible; GPTBot/1.3; +https://openai.com/gptbot)"
74.7.227.181 - - [13/Apr/2026:12:20:19 +0000] "GET /whsy.php?p=%2Fproc%2F17213%2Fnet%2Frpc%2Fauth.unix.ip HTTP/1.1" 200 744 "http://hibiscash.com.lab2454.com/whsy.php?p=%2Fproc%2F17213%2Fnet%2Frpc" "Mozilla/5.0 AppleWebKit/537.36 (KHTML, like Gecko; compatible; GPTBot/1.3; +https://openai.com/gptbot)"
74.7.242.15 - - [13/Apr/2026:12:20:21 +0000] "GET /whsy.php?p=%2Fproc%2F31116%2Fmap_files HTTP/1.1" 200 860 "http://www.hibiscash.com.lab2454.com/whsy.php?p=%2Fproc%2F31116" "Mozilla/5.0 AppleWebKit/537.36 (KHTML, like Gecko; compatible; GPTBot/1.3; +https://openai.com/gptbot)"
74.7.227.181 - - [13/Apr/2026:12:20:22 +0000] "GET /whsy.php?p=%2Fproc%2F13523%2Fnet%2Frpc%2Fauth.unix.ip HTTP/1.1" 200 744 "http://hibiscash.com.lab2454.com/whsy.php?p=%2Fproc%2F13523%2Fnet%2Frpc" "Mozilla/5.0 AppleWebKit/537.36 (KHTML, like Gecko; compatible; GPTBot/1.3; +https://openai.com/gptbot)"
74.7.242.15 - - [13/Apr/2026:12:20:25 +0000] "GET /whsy.php?e=projid_map&p=%2Fproc%2F13964 HTTP/1.1" 200 860 "http://www.hibiscash.com.lab2454.com/whsy.php?p=%2Fproc%2F13964" "Mozilla/5.0 AppleWebKit/537.36 (KHTML, like Gecko; compatible; GPTBot/1.3; +https://openai.com/gptbot)"
74.7.242.15 - - [13/Apr/2026:12:20:28 +0000] "GET /whsy.php?e=projid_map&p=%2Fproc%2F19764 HTTP/1.1" 200 860 "http://www.hibiscash.com.lab2454.com/whsy.php?p=%2Fproc%2F19764" "Mozilla/5.0 AppleWebKit/537.36 (KHTML, like Gecko; compatible; GPTBot/1.3; +https://openai.com/gptbot)"
74.7.227.181 - - [13/Apr/2026:12:20:28 +0000] "GET /whsy.php?p=%2Fproc%2F29566%2Fnet%2Frpc%2Fauth.unix.ip HTTP/1.1" 200 744 "http://hibiscash.com.lab2454.com/whsy.php?p=%2Fproc%2F29566%2Fnet%2Frpc" "Mozilla/5.0 AppleWebKit/537.36 (KHTML, like Gecko; compatible; GPTBot/1.3; +https://openai.com/gptbot)"
74.7.242.15 - - [13/Apr/2026:12:20:31 +0000] "GET /whsy.php?p=%2Fproc%2F27942%2Fmap_files HTTP/1.1" 200 860 "http://www.hibiscash.com.lab2454.com/whsy.php?p=%2Fproc%2F27942" "Mozilla/5.0 AppleWebKit/537.36 (KHTML, like Gecko; compatible; GPTBot/1.3; +https://openai.com/gptbot)"
74.7.242.15 - - [13/Apr/2026:12:20:34 +0000] "GET /whsy.php?e=projid_map&p=%2Fproc%2F30406 HTTP/1.1" 200 860 "http://www.hibiscash.com.lab2454.com/whsy.php?p=%2Fproc%2F30406" "Mozilla/5.0 AppleWebKit/537.36 (KHTML, like Gecko; compatible; GPTBot/1.3; +https://openai.com/gptbot)"
74.7.242.15 - - [13/Apr/2026:12:20:37 +0000] "GET /whsy.php?e=projid_map&p=%2Fproc%2F11853 HTTP/1.1" 200 860 "http://www.hibiscash.com.lab2454.com/whsy.php?p=%2Fproc%2F11853" "Mozilla/5.0 AppleWebKit/537.36 (KHTML, like Gecko; compatible; GPTBot/1.3; +https://openai.com/gptbot)"
74.7.242.15 - - [13/Apr/2026:12:20:40 +0000] "GET /whsy.php?e=projid_map&p=%2Fproc%2F24563 HTTP/1.1" 200 860 "http://www.hibiscash.com.lab2454.com/whsy.php?p=%2Fproc%2F24563" "Mozilla/5.0 AppleWebKit/537.36 (KHTML, like Gecko; compatible; GPTBot/1.3; +https://openai.com/gptbot)"
74.7.227.181 - - [13/Apr/2026:12:20:41 +0000] "GET /whsy.php?p=%2Fproc%2F19921%2Fnet%2Fsctp HTTP/1.1" 200 860 "http://hibiscash.com.lab2454.com/whsy.php?p=%2Fproc%2F19921%2Fnet" "Mozilla/5.0 AppleWebKit/537.36 (KHTML, like Gecko; compatible; GPTBot/1.3; +https://openai.com/gptbot)"
74.7.242.15 - - [13/Apr/2026:12:20:44 +0000] "GET /whsy.php?e=projid_map&p=%2Fproc%2F19482 HTTP/1.1" 200 860 "http://www.hibiscash.com.lab2454.com/whsy.php?p=%2Fproc%2F19482" "Mozilla/5.0 AppleWebKit/537.36 (KHTML, like Gecko; compatible; GPTBot/1.3; +https://openai.com/gptbot)"
74.7.242.15 - - [13/Apr/2026:12:20:47 +0000] "GET /whsy.php?p=%2Fproc%2F30406%2Fmap_files HTTP/1.1" 200 860 "http://www.hibiscash.com.lab2454.com/whsy.php?p=%2Fproc%2F30406" "Mozilla/5.0 AppleWebKit/537.36 (KHTML, like Gecko; compatible; GPTBot/1.3; +https://openai.com/gptbot)"
74.7.227.181 - - [13/Apr/2026:12:20:47 +0000] "GET /whsy.php?p=%2Fproc%2F23317%2Fnet%2Frpc HTTP/1.1" 200 860 "http://hibiscash.com.lab2454.com/whsy.php?p=%2Fproc%2F23317%2Fnet" "Mozilla/5.0 AppleWebKit/537.36 (KHTML, like Gecko; compatible; GPTBot/1.3; +https://openai.com/gptbot)"
74.7.242.15 - - [13/Apr/2026:12:20:50 +0000] "GET /whsy.php?p=%2Fproc%2F11853%2Fmap_files HTTP/1.1" 200 860 "http://www.hibiscash.com.lab2454.com/whsy.php?p=%2Fproc%2F11853" "Mozilla/5.0 AppleWebKit/537.36 (KHTML, like Gecko; compatible; GPTBot/1.3; +https://openai.com/gptbot)"
74.7.227.181 - - [13/Apr/2026:12:20:50 +0000] "GET /whsy.php?p=%2Fproc%2F17226%2Fnet%2Fstat HTTP/1.1" 200 820 "http://hibiscash.com.lab2454.com/whsy.php?p=%2Fproc%2F17226%2Fnet" "Mozilla/5.0 AppleWebKit/537.36 (KHTML, like Gecko; compatible; GPTBot/1.3; +https://openai.com/gptbot)"
74.7.242.15 - - [13/Apr/2026:12:20:53 +0000] "GET /whsy.php?p=%2Fproc%2F8015%2Fnet%2Frpc%2Fauth.rpcsec.context HTTP/1.1" 200 717 "http://www.hibiscash.com.lab2454.com/whsy.php?p=%2Fproc%2F8015%2Fnet%2Frpc" "Mozilla/5.0 AppleWebKit/537.36 (KHTML, like Gecko; compatible; GPTBot/1.3; +https://openai.com/gptbot)"
74.7.227.181 - - [13/Apr/2026:12:20:53 +0000] "GET /whsy.php?p=%2Fproc%2F27691%2Fnet%2Frpc HTTP/1.1" 200 860 "http://hibiscash.com.lab2454.com/whsy.php?p=%2Fproc%2F27691%2Fnet" "Mozilla/5.0 AppleWebKit/537.36 (KHTML, like Gecko; compatible; GPTBot/1.3; +https://openai.com/gptbot)"
74.7.242.15 - - [13/Apr/2026:12:20:56 +0000] "GET /whsy.php?e=arp&p=%2Fproc%2F11033%2Fnet HTTP/1.1" 200 2579 "http://www.hibiscash.com.lab2454.com/whsy.php?p=%2Fproc%2F11033%2Fnet" "Mozilla/5.0 AppleWebKit/537.36 (KHTML, like Gecko; compatible; GPTBot/1.3; +https://openai.com/gptbot)"
74.7.242.15 - - [13/Apr/2026:12:20:59 +0000] "GET /whsy.php?p=%2Fproc%2F31116%2Ffdinfo HTTP/1.1" 200 860 "http://www.hibiscash.com.lab2454.com/whsy.php?p=%2Fproc%2F31116" "Mozilla/5.0 AppleWebKit/537.36 (KHTML, like Gecko; compatible; GPTBot/1.3; +https://openai.com/gptbot)"
74.7.242.15 - - [13/Apr/2026:12:21:02 +0000] "GET /whsy.php?p=%2Fproc%2F19764%2Ffdinfo HTTP/1.1" 200 860 "http://www.hibiscash.com.lab2454.com/whsy.php?p=%2Fproc%2F19764" "Mozilla/5.0 AppleWebKit/537.36 (KHTML, like Gecko; compatible; GPTBot/1.3; +https://openai.com/gptbot)"
74.7.242.15 - - [13/Apr/2026:12:21:05 +0000] "GET /whsy.php?p=%2Fproc%2F13964%2Ffdinfo HTTP/1.1" 200 860 "http://www.hibiscash.com.lab2454.com/whsy.php?p=%2Fproc%2F13964" "Mozilla/5.0 AppleWebKit/537.36 (KHTML, like Gecko; compatible; GPTBot/1.3; +https://openai.com/gptbot)"
74.7.242.15 - - [13/Apr/2026:12:21:08 +0000] "GET /whsy.php?p=%2Fproc%2F11033%2Fnet%2Fip6t_hashlimit HTTP/1.1" 200 501 "http://www.hibiscash.com.lab2454.com/whsy.php?p=%2Fproc%2F11033%2Fnet" "Mozilla/5.0 AppleWebKit/537.36 (KHTML, like Gecko; compatible; GPTBot/1.3; +https://openai.com/gptbot)"
74.7.242.15 - - [13/Apr/2026:12:21:12 +0000] "GET /whsy.php?e=anycast6&p=%2Fproc%2F11033%2Fnet HTTP/1.1" 200 2506 "http://www.hibiscash.com.lab2454.com/whsy.php?p=%2Fproc%2F11033%2Fnet" "Mozilla/5.0 AppleWebKit/537.36 (KHTML, like Gecko; compatible; GPTBot/1.3; +https://openai.com/gptbot)"
74.7.227.181 - - [13/Apr/2026:12:21:12 +0000] "GET /whsy.php?p=%2Fproc%2F12457%2Fnet%2Fsctp HTTP/1.1" 200 860 "http://hibiscash.com.lab2454.com/whsy.php?p=%2Fproc%2F12457%2Fnet" "Mozilla/5.0 AppleWebKit/537.36 (KHTML, like Gecko; compatible; GPTBot/1.3; +https://openai.com/gptbot)"
74.7.242.15 - - [13/Apr/2026:12:21:15 +0000] "GET /whsy.php?p=%2Fproc%2F8015%2Fnet%2Frpc%2Fauth.unix.ip HTTP/1.1" 200 744 "http://www.hibiscash.com.lab2454.com/whsy.php?p=%2Fproc%2F8015%2Fnet%2Frpc" "Mozilla/5.0 AppleWebKit/537.36 (KHTML, like Gecko; compatible; GPTBot/1.3; +https://openai.com/gptbot)"
74.7.227.181 - - [13/Apr/2026:12:21:15 +0000] "GET /whsy.php?p=%2Fproc%2F12982%2Fnet%2Fsctp HTTP/1.1" 200 860 "http://hibiscash.com.lab2454.com/whsy.php?p=%2Fproc%2F12982%2Fnet" "Mozilla/5.0 AppleWebKit/537.36 (KHTML, like Gecko; compatible; GPTBot/1.3; +https://openai.com/gptbot)"
74.7.242.15 - - [13/Apr/2026:12:21:18 +0000] "GET /whsy.php?e=sockcreate&p=%2Fproc%2F11033%2Fattr HTTP/1.1" 200 863 "http://www.hibiscash.com.lab2454.com/whsy.php?p=%2Fproc%2F11033%2Fattr" "Mozilla/5.0 AppleWebKit/537.36 (KHTML, like Gecko; compatible; GPTBot/1.3; +https://openai.com/gptbot)"
74.7.242.15 - - [13/Apr/2026:12:21:21 +0000] "GET /whsy.php?p=%2Fproc%2F13964%2Fmap_files HTTP/1.1" 200 860 "http://www.hibiscash.com.lab2454.com/whsy.php?p=%2Fproc%2F13964" "Mozilla/5.0 AppleWebKit/537.36 (KHTML, like Gecko; compatible; GPTBot/1.3; +https://openai.com/gptbot)"
74.7.242.15 - - [13/Apr/2026:12:21:24 +0000] "GET /whsy.php?p=%2Fproc%2F19764%2Fmap_files HTTP/1.1" 200 860 "http://www.hibiscash.com.lab2454.com/whsy.php?p=%2Fproc%2F19764" "Mozilla/5.0 AppleWebKit/537.36 (KHTML, like Gecko; compatible; GPTBot/1.3; +https://openai.com/gptbot)"
74.7.227.181 - - [13/Apr/2026:12:21:24 +0000] "GET /whsy.php?e=rt_cache&p=%2Fproc%2F17226%2Fnet%2Fstat HTTP/1.1" 200 1100 "http://hibiscash.com.lab2454.com/whsy.php?p=%2Fproc%2F17226%2Fnet%2Fstat" "Mozilla/5.0 AppleWebKit/537.36 (KHTML, like Gecko; compatible; GPTBot/1.3; +https://openai.com/gptbot)"
74.7.242.15 - - [13/Apr/2026:12:21:27 +0000] "GET /whsy.php?p=%2Fproc%2F8015%2Fnet%2Frpc%2Fauth.rpcsec.context%2F.. HTTP/1.1" 200 859 "http://www.hibiscash.com.lab2454.com/whsy.php?p=%2Fproc%2F8015%2Fnet%2Frpc%2Fauth.rpcsec.context" "Mozilla/5.0 AppleWebKit/537.36 (KHTML, like Gecko; compatible; GPTBot/1.3; +https://openai.com/gptbot)"
74.7.227.181 - - [13/Apr/2026:12:21:27 +0000] "GET /whsy.php?p=%2Fproc%2F17297%2Fnet%2Fsctp HTTP/1.1" 200 752 "http://hibiscash.com.lab2454.com/whsy.php?p=%2Fproc%2F17297%2Fnet" "Mozilla/5.0 AppleWebKit/537.36 (KHTML, like Gecko; compatible; GPTBot/1.3; +https://openai.com/gptbot)"
74.7.242.15 - - [13/Apr/2026:12:21:30 +0000] "GET /whsy.php?p=%2Fproc%2F11853%2Ffdinfo HTTP/1.1" 200 860 "http://www.hibiscash.com.lab2454.com/whsy.php?p=%2Fproc%2F11853" "Mozilla/5.0 AppleWebKit/537.36 (KHTML, like Gecko; compatible; GPTBot/1.3; +https://openai.com/gptbot)"
74.7.227.181 - - [13/Apr/2026:12:21:30 +0000] "GET /whsy.php?p=%2Fproc%2F11891%2Fnet%2Fsctp HTTP/1.1" 200 860 "http://hibiscash.com.lab2454.com/whsy.php?p=%2Fproc%2F11891%2Fnet" "Mozilla/5.0 AppleWebKit/537.36 (KHTML, like Gecko; compatible; GPTBot/1.3; +https://openai.com/gptbot)"
74.7.242.15 - - [13/Apr/2026:12:21:33 +0000] "GET /whsy.php?p=%2Fproc%2F30406%2Ffdinfo HTTP/1.1" 200 860 "http://www.hibiscash.com.lab2454.com/whsy.php?p=%2Fproc%2F30406" "Mozilla/5.0 AppleWebKit/537.36 (KHTML, like Gecko; compatible; GPTBot/1.3; +https://openai.com/gptbot)"
74.7.227.181 - - [13/Apr/2026:12:21:34 +0000] "GET /whsy.php?p=%2Fproc%2F21391%2Fnet%2Frpc HTTP/1.1" 200 860 "http://hibiscash.com.lab2454.com/whsy.php?p=%2Fproc%2F21391%2Fnet" "Mozilla/5.0 AppleWebKit/537.36 (KHTML, like Gecko; compatible; GPTBot/1.3; +https://openai.com/gptbot)"
74.7.242.15 - - [13/Apr/2026:12:21:37 +0000] "GET /whsy.php?e=projid_map&p=%2Fproc%2F20699 HTTP/1.1" 200 860 "http://www.hibiscash.com.lab2454.com/whsy.php?p=%2Fproc%2F20699" "Mozilla/5.0 AppleWebKit/537.36 (KHTML, like Gecko; compatible; GPTBot/1.3; +https://openai.com/gptbot)"
74.7.227.181 - - [13/Apr/2026:12:21:37 +0000] "GET /whsy.php?p=%2Fproc%2F29844%2Fnet%2Fsctp HTTP/1.1" 200 860 "http://hibiscash.com.lab2454.com/whsy.php?p=%2Fproc%2F29844%2Fnet" "Mozilla/5.0 AppleWebKit/537.36 (KHTML, like Gecko; compatible; GPTBot/1.3; +https://openai.com/gptbot)"
74.7.242.15 - - [13/Apr/2026:12:21:40 +0000] "GET /whsy.php?e=projid_map&p=%2Fproc%2F12933 HTTP/1.1" 200 860 "http://www.hibiscash.com.lab2454.com/whsy.php?p=%2Fproc%2F12933" "Mozilla/5.0 AppleWebKit/537.36 (KHTML, like Gecko; compatible; GPTBot/1.3; +https://openai.com/gptbot)"
74.7.227.181 - - [13/Apr/2026:12:21:40 +0000] "GET /whsy.php?p=%2Fproc%2F24376%2Fnet%2Frpc HTTP/1.1" 200 860 "http://hibiscash.com.lab2454.com/whsy.php?p=%2Fproc%2F24376%2Fnet" "Mozilla/5.0 AppleWebKit/537.36 (KHTML, like Gecko; compatible; GPTBot/1.3; +https://openai.com/gptbot)"
74.7.242.15 - - [13/Apr/2026:12:21:44 +0000] "GET /whsy.php?e=projid_map&p=%2Fproc%2F29588 HTTP/1.1" 200 860 "http://www.hibiscash.com.lab2454.com/whsy.php?p=%2Fproc%2F29588" "Mozilla/5.0 AppleWebKit/537.36 (KHTML, like Gecko; compatible; GPTBot/1.3; +https://openai.com/gptbot)"
74.7.242.15 - - [13/Apr/2026:12:21:47 +0000] "GET /whsy.php?e=projid_map&p=%2Fproc%2F27942 HTTP/1.1" 200 860 "http://www.hibiscash.com.lab2454.com/whsy.php?p=%2Fproc%2F27942" "Mozilla/5.0 AppleWebKit/537.36 (KHTML, like Gecko; compatible; GPTBot/1.3; +https://openai.com/gptbot)"
74.7.227.181 - - [13/Apr/2026:12:21:47 +0000] "GET /whsy.php?p=%2Fproc%2F27805%2Fnet%2Fsctp HTTP/1.1" 200 860 "http://hibiscash.com.lab2454.com/whsy.php?p=%2Fproc%2F27805%2Fnet" "Mozilla/5.0 AppleWebKit/537.36 (KHTML, like Gecko; compatible; GPTBot/1.3; +https://openai.com/gptbot)"
74.7.242.15 - - [13/Apr/2026:12:21:51 +0000] "GET /whsy.php?e=ksm_merging_pages&p=%2Fproc%2F13964 HTTP/1.1" 200 860 "http://www.hibiscash.com.lab2454.com/whsy.php?p=%2Fproc%2F13964" "Mozilla/5.0 AppleWebKit/537.36 (KHTML, like Gecko; compatible; GPTBot/1.3; +https://openai.com/gptbot)"
74.7.227.181 - - [13/Apr/2026:12:21:51 +0000] "GET /whsy.php?p=%2Fproc%2F27053%2Fnet%2Fsctp HTTP/1.1" 200 860 "http://hibiscash.com.lab2454.com/whsy.php?p=%2Fproc%2F27053%2Fnet" "Mozilla/5.0 AppleWebKit/537.36 (KHTML, like Gecko; compatible; GPTBot/1.3; +https://openai.com/gptbot)"
74.7.242.15 - - [13/Apr/2026:12:21:56 +0000] "GET /whsy.php?e=ksm_merging_pages&p=%2Fproc%2F19764 HTTP/1.1" 200 860 "http://www.hibiscash.com.lab2454.com/whsy.php?p=%2Fproc%2F19764" "Mozilla/5.0 AppleWebKit/537.36 (KHTML, like Gecko; compatible; GPTBot/1.3; +https://openai.com/gptbot)"
74.7.242.15 - - [13/Apr/2026:12:22:05 +0000] "GET /whsy.php?e=projid_map&p=%2Fproc%2F31116 HTTP/1.1" 200 860 "http://www.hibiscash.com.lab2454.com/whsy.php?p=%2Fproc%2F31116" "Mozilla/5.0 AppleWebKit/537.36 (KHTML, like Gecko; compatible; GPTBot/1.3; +https://openai.com/gptbot)"
74.7.242.15 - - [13/Apr/2026:12:22:09 +0000] "GET /whsy.php?e=packet&p=%2Fproc%2F8015%2Fnet HTTP/1.1" 200 2572 "http://www.hibiscash.com.lab2454.com/whsy.php?p=%2Fproc%2F8015%2Fnet" "Mozilla/5.0 AppleWebKit/537.36 (KHTML, like Gecko; compatible; GPTBot/1.3; +https://openai.com/gptbot)"
74.7.227.181 - - [13/Apr/2026:12:22:10 +0000] "GET /whsy.php?p=%2Fproc%2F13172%2Fnet%2Fsctp HTTP/1.1" 200 752 "http://hibiscash.com.lab2454.com/whsy.php?e=connector&p=%2Fproc%2F13172%2Fnet" "Mozilla/5.0 AppleWebKit/537.36 (KHTML, like Gecko; compatible; GPTBot/1.3; +https://openai.com/gptbot)"
74.7.242.15 - - [13/Apr/2026:12:22:13 +0000] "GET /whsy.php?p=%2Fproc%2F8015%2Fnet%2Fdev_snmp6 HTTP/1.1" 200 980 "http://www.hibiscash.com.lab2454.com/whsy.php?p=%2Fproc%2F8015%2Fnet" "Mozilla/5.0 AppleWebKit/537.36 (KHTML, like Gecko; compatible; GPTBot/1.3; +https://openai.com/gptbot)"
74.7.227.181 - - [13/Apr/2026:12:22:13 +0000] "GET /whsy.php?p=%2Fproc%2F32529%2Fnet%2Fstat HTTP/1.1" 200 860 "http://hibiscash.com.lab2454.com/whsy.php?p=%2Fproc%2F32529%2Fnet" "Mozilla/5.0 AppleWebKit/537.36 (KHTML, like Gecko; compatible; GPTBot/1.3; +https://openai.com/gptbot)"
74.7.242.15 - - [13/Apr/2026:12:22:18 +0000] "GET /whsy.php?e=sched&p=%2Fproc%2F8015 HTTP/1.1" 200 2455 "http://www.hibiscash.com.lab2454.com/whsy.php?p=%2Fproc%2F8015" "Mozilla/5.0 AppleWebKit/537.36 (KHTML, like Gecko; compatible; GPTBot/1.3; +https://openai.com/gptbot)"
74.7.242.15 - - [13/Apr/2026:12:22:22 +0000] "GET /whsy.php?e=smaps&p=%2Fproc%2F8015 HTTP/1.1" 200 2005 "http://www.hibiscash.com.lab2454.com/whsy.php?p=%2Fproc%2F8015" "Mozilla/5.0 AppleWebKit/537.36 (KHTML, like Gecko; compatible; GPTBot/1.3; +https://openai.com/gptbot)"
74.7.242.15 - - [13/Apr/2026:12:22:26 +0000] "GET /whsy.php?e=cmdline&p=%2Fproc%2F8015 HTTP/1.1" 200 1999 "http://www.hibiscash.com.lab2454.com/whsy.php?p=%2Fproc%2F8015" "Mozilla/5.0 AppleWebKit/537.36 (KHTML, like Gecko; compatible; GPTBot/1.3; +https://openai.com/gptbot)"
74.7.227.181 - - [13/Apr/2026:12:22:27 +0000] "GET /whsy.php?p=%2Fproc%2F20466%2Fnet%2Frpc HTTP/1.1" 200 860 "http://hibiscash.com.lab2454.com/whsy.php?p=%2Fproc%2F20466%2Fnet" "Mozilla/5.0 AppleWebKit/537.36 (KHTML, like Gecko; compatible; GPTBot/1.3; +https://openai.com/gptbot)"
74.7.242.15 - - [13/Apr/2026:12:22:31 +0000] "GET /whsy.php?p=%2Fproc%2F8015%2Fnet%2Frpc%2Fnfsd.export HTTP/1.1" 200 741 "http://www.hibiscash.com.lab2454.com/whsy.php?p=%2Fproc%2F8015%2Fnet%2Frpc" "Mozilla/5.0 AppleWebKit/537.36 (KHTML, like Gecko; compatible; GPTBot/1.3; +https://openai.com/gptbot)"
74.7.242.15 - - [13/Apr/2026:12:22:36 +0000] "GET /whsy.php?p=%2Fproc%2F19482%2Fmap_files HTTP/1.1" 200 860 "http://www.hibiscash.com.lab2454.com/whsy.php?p=%2Fproc%2F19482" "Mozilla/5.0 AppleWebKit/537.36 (KHTML, like Gecko; compatible; GPTBot/1.3; +https://openai.com/gptbot)"
74.7.227.181 - - [13/Apr/2026:12:22:36 +0000] "GET /whsy.php?p=%2Fproc%2F26806%2Fnet%2Fsctp HTTP/1.1" 200 860 "http://hibiscash.com.lab2454.com/whsy.php?p=%2Fproc%2F26806%2Fnet" "Mozilla/5.0 AppleWebKit/537.36 (KHTML, like Gecko; compatible; GPTBot/1.3; +https://openai.com/gptbot)"
74.7.227.181 - - [13/Apr/2026:12:22:41 +0000] "GET /whsy.php?p=%2Fproc%2F22649%2Fnet%2Fstat HTTP/1.1" 200 860 "http://hibiscash.com.lab2454.com/whsy.php?p=%2Fproc%2F22649%2Fnet" "Mozilla/5.0 AppleWebKit/537.36 (KHTML, like Gecko; compatible; GPTBot/1.3; +https://openai.com/gptbot)"
74.7.227.181 - - [13/Apr/2026:12:22:48 +0000] "GET /whsy.php?p=%2Fproc%2F27051%2Fnet%2Frpc HTTP/1.1" 200 860 "http://hibiscash.com.lab2454.com/whsy.php?p=%2Fproc%2F27051%2Fnet" "Mozilla/5.0 AppleWebKit/537.36 (KHTML, like Gecko; compatible; GPTBot/1.3; +https://openai.com/gptbot)"
74.7.227.181 - - [13/Apr/2026:12:22:58 +0000] "GET /whsy.php?p=%2Fproc%2F17426%2Fnet%2Fsctp HTTP/1.1" 200 860 "http://hibiscash.com.lab2454.com/whsy.php?p=%2Fproc%2F17426%2Fnet" "Mozilla/5.0 AppleWebKit/537.36 (KHTML, like Gecko; compatible; GPTBot/1.3; +https://openai.com/gptbot)"
74.7.227.181 - - [13/Apr/2026:12:23:03 +0000] "GET /whsy.php?p=%2Fproc%2F32674%2Fnet%2Fsctp HTTP/1.1" 200 860 "http://hibiscash.com.lab2454.com/whsy.php?p=%2Fproc%2F32674%2Fnet" "Mozilla/5.0 AppleWebKit/537.36 (KHTML, like Gecko; compatible; GPTBot/1.3; +https://openai.com/gptbot)"
74.7.242.15 - - [13/Apr/2026:12:22:40 +0000] "GET /whsy.php?p=%2Fproc%2F11033%2Fmap_files HTTP/1.1" 200 605568 "http://www.hibiscash.com.lab2454.com/whsy.php?p=%2Fproc%2F11033" "Mozilla/5.0 AppleWebKit/537.36 (KHTML, like Gecko; compatible; GPTBot/1.3; +https://openai.com/gptbot)"
74.7.227.181 - - [13/Apr/2026:12:23:11 +0000] "GET /whsy.php?p=%2Fproc%2F28227%2Fnet%2Frpc HTTP/1.1" 200 860 "http://hibiscash.com.lab2454.com/whsy.php?p=%2Fproc%2F28227%2Fnet" "Mozilla/5.0 AppleWebKit/537.36 (KHTML, like Gecko; compatible; GPTBot/1.3; +https://openai.com/gptbot)"
74.7.242.15 - - [13/Apr/2026:12:23:17 +0000] "GET /whsy.php?p=%2Fproc%2F24563%2Fmap_files HTTP/1.1" 200 860 "http://www.hibiscash.com.lab2454.com/whsy.php?p=%2Fproc%2F24563" "Mozilla/5.0 AppleWebKit/537.36 (KHTML, like Gecko; compatible; GPTBot/1.3; +https://openai.com/gptbot)"
74.7.227.181 - - [13/Apr/2026:12:23:18 +0000] "GET /whsy.php?p=%2Fproc%2F24305%2Fnet%2Frpc HTTP/1.1" 200 860 "http://hibiscash.com.lab2454.com/whsy.php?p=%2Fproc%2F24305%2Fnet" "Mozilla/5.0 AppleWebKit/537.36 (KHTML, like Gecko; compatible; GPTBot/1.3; +https://openai.com/gptbot)"
74.7.242.15 - - [13/Apr/2026:12:23:25 +0000] "GET /whsy.php?e=route&p=%2Fproc%2F8015%2Fnet HTTP/1.1" 200 2636 "http://www.hibiscash.com.lab2454.com/whsy.php?p=%2Fproc%2F8015%2Fnet" "Mozilla/5.0 AppleWebKit/537.36 (KHTML, like Gecko; compatible; GPTBot/1.3; +https://openai.com/gptbot)"
74.7.242.15 - - [13/Apr/2026:12:23:31 +0000] "GET /whsy.php?e=exec&p=%2Fproc%2F8015%2Fattr HTTP/1.1" 200 858 "http://www.hibiscash.com.lab2454.com/whsy.php?p=%2Fproc%2F8015%2Fattr" "Mozilla/5.0 AppleWebKit/537.36 (KHTML, like Gecko; compatible; GPTBot/1.3; +https://openai.com/gptbot)"
74.7.242.15 - - [13/Apr/2026:12:23:35 +0000] "GET /whsy.php?e=coredump_filter&p=%2Fproc%2F24563 HTTP/1.1" 200 860 "http://www.hibiscash.com.lab2454.com/whsy.php?p=%2Fproc%2F24563" "Mozilla/5.0 AppleWebKit/537.36 (KHTML, like Gecko; compatible; GPTBot/1.3; +https://openai.com/gptbot)"
74.7.242.15 - - [13/Apr/2026:12:23:41 +0000] "GET /whsy.php?e=coredump_filter&p=%2Fproc%2F19482 HTTP/1.1" 200 860 "http://www.hibiscash.com.lab2454.com/whsy.php?p=%2Fproc%2F19482" "Mozilla/5.0 AppleWebKit/537.36 (KHTML, like Gecko; compatible; GPTBot/1.3; +https://openai.com/gptbot)"
74.7.242.15 - - [13/Apr/2026:12:23:48 +0000] "GET /whsy.php?e=coredump_filter&p=%2Fproc%2F30406 HTTP/1.1" 200 860 "http://www.hibiscash.com.lab2454.com/whsy.php?p=%2Fproc%2F30406" "Mozilla/5.0 AppleWebKit/537.36 (KHTML, like Gecko; compatible; GPTBot/1.3; +https://openai.com/gptbot)"
74.7.242.15 - - [13/Apr/2026:12:23:56 +0000] "GET /whsy.php?e=coredump_filter&p=%2Fproc%2F11033 HTTP/1.1" 200 2002 "http://www.hibiscash.com.lab2454.com/whsy.php?p=%2Fproc%2F11033" "Mozilla/5.0 AppleWebKit/537.36 (KHTML, like Gecko; compatible; GPTBot/1.3; +https://openai.com/gptbot)"
74.7.242.15 - - [13/Apr/2026:12:24:01 +0000] "GET /whsy.php?e=coredump_filter&p=%2Fproc%2F11853 HTTP/1.1" 200 860 "http://www.hibiscash.com.lab2454.com/whsy.php?p=%2Fproc%2F11853" "Mozilla/5.0 AppleWebKit/537.36 (KHTML, like Gecko; compatible; GPTBot/1.3; +https://openai.com/gptbot)"
74.7.242.15 - - [13/Apr/2026:12:24:05 +0000] "GET /whsy.php?e=syscall&p=%2Fproc%2F8015 HTTP/1.1" 200 1935 "http://www.hibiscash.com.lab2454.com/whsy.php?p=%2Fproc%2F8015" "Mozilla/5.0 AppleWebKit/537.36 (KHTML, like Gecko; compatible; GPTBot/1.3; +https://openai.com/gptbot)"
74.7.242.15 - - [13/Apr/2026:12:24:08 +0000] "GET /whsy.php?e=psched&p=%2Fproc%2F8015%2Fnet HTTP/1.1" 200 2530 "http://www.hibiscash.com.lab2454.com/whsy.php?p=%2Fproc%2F8015%2Fnet" "Mozilla/5.0 AppleWebKit/537.36 (KHTML, like Gecko; compatible; GPTBot/1.3; +https://openai.com/gptbot)"
74.7.242.15 - - [13/Apr/2026:12:24:12 +0000] "GET /whsy.php?p=%2Fproc%2F8015%2Fnet%2Frpc%2Fnfsd.fh HTTP/1.1" 200 739 "http://www.hibiscash.com.lab2454.com/whsy.php?p=%2Fproc%2F8015%2Fnet%2Frpc" "Mozilla/5.0 AppleWebKit/537.36 (KHTML, like Gecko; compatible; GPTBot/1.3; +https://openai.com/gptbot)"
74.7.227.181 - - [13/Apr/2026:12:24:12 +0000] "GET /whsy.php?p=%2Fproc%2F12817%2Fnet%2Fsctp HTTP/1.1" 200 860 "http://hibiscash.com.lab2454.com/whsy.php?p=%2Fproc%2F12817%2Fnet" "Mozilla/5.0 AppleWebKit/537.36 (KHTML, like Gecko; compatible; GPTBot/1.3; +https://openai.com/gptbot)"
74.7.242.15 - - [13/Apr/2026:12:24:16 +0000] "GET /whsy.php?e=pfkey&p=%2Fproc%2F8015%2Fnet HTTP/1.1" 200 2534 "http://www.hibiscash.com.lab2454.com/whsy.php?p=%2Fproc%2F8015%2Fnet" "Mozilla/5.0 AppleWebKit/537.36 (KHTML, like Gecko; compatible; GPTBot/1.3; +https://openai.com/gptbot)"
74.7.242.15 - - [13/Apr/2026:12:24:19 +0000] "GET /whsy.php?p=%2Fproc%2F8015%2Fnet%2Fnfsfs HTTP/1.1" 200 700 "http://www.hibiscash.com.lab2454.com/whsy.php?p=%2Fproc%2F8015%2Fnet" "Mozilla/5.0 AppleWebKit/537.36 (KHTML, like Gecko; compatible; GPTBot/1.3; +https://openai.com/gptbot)"
74.7.242.15 - - [13/Apr/2026:12:24:22 +0000] "GET /whsy.php?p=%2Fproc%2F8015%2Fnet%2Fstat HTTP/1.1" 200 819 "http://www.hibiscash.com.lab2454.com/whsy.php?p=%2Fproc%2F8015%2Fnet" "Mozilla/5.0 AppleWebKit/537.36 (KHTML, like Gecko; compatible; GPTBot/1.3; +https://openai.com/gptbot)"
74.7.242.15 - - [13/Apr/2026:12:24:25 +0000] "GET /whsy.php?p=%2Fproc%2F8015%2Fnet%2Fsctp HTTP/1.1" 200 752 "http://www.hibiscash.com.lab2454.com/whsy.php?p=%2Fproc%2F8015%2Fnet" "Mozilla/5.0 AppleWebKit/537.36 (KHTML, like Gecko; compatible; GPTBot/1.3; +https://openai.com/gptbot)"
74.7.242.15 - - [13/Apr/2026:12:24:28 +0000] "GET /whsy.php?e=environ&p=%2Fproc%2F8015 HTTP/1.1" 200 1935 "http://www.hibiscash.com.lab2454.com/whsy.php?p=%2Fproc%2F8015" "Mozilla/5.0 AppleWebKit/537.36 (KHTML, like Gecko; compatible; GPTBot/1.3; +https://openai.com/gptbot)"
74.7.242.15 - - [13/Apr/2026:12:24:31 +0000] "GET /whsy.php?e=pagemap&p=%2Fproc%2F8015 HTTP/1.1" 200 1935 "http://www.hibiscash.com.lab2454.com/whsy.php?p=%2Fproc%2F8015" "Mozilla/5.0 AppleWebKit/537.36 (KHTML, like Gecko; compatible; GPTBot/1.3; +https://openai.com/gptbot)"
74.7.242.15 - - [13/Apr/2026:12:24:34 +0000] "GET /whsy.php?p=%2Fproc%2F31116%2Ffd HTTP/1.1" 200 860 "http://www.hibiscash.com.lab2454.com/whsy.php?p=%2Fproc%2F31116" "Mozilla/5.0 AppleWebKit/537.36 (KHTML, like Gecko; compatible; GPTBot/1.3; +https://openai.com/gptbot)"
74.7.242.15 - - [13/Apr/2026:12:24:38 +0000] "GET /whsy.php?p=%2Fproc%2F31116%2Fns HTTP/1.1" 200 860 "http://www.hibiscash.com.lab2454.com/whsy.php?p=%2Fproc%2F31116" "Mozilla/5.0 AppleWebKit/537.36 (KHTML, like Gecko; compatible; GPTBot/1.3; +https://openai.com/gptbot)"
74.7.242.15 - - [13/Apr/2026:12:24:41 +0000] "GET /whsy.php?e=raw&p=%2Fproc%2F8015%2Fnet HTTP/1.1" 200 2577 "http://www.hibiscash.com.lab2454.com/whsy.php?p=%2Fproc%2F8015%2Fnet" "Mozilla/5.0 AppleWebKit/537.36 (KHTML, like Gecko; compatible; GPTBot/1.3; +https://openai.com/gptbot)"
74.7.227.181 - - [13/Apr/2026:12:24:41 +0000] "GET /whsy.php?p=%2Fproc%2F23825%2Fnet%2Fsctp HTTP/1.1" 200 860 "http://hibiscash.com.lab2454.com/whsy.php?p=%2Fproc%2F23825%2Fnet" "Mozilla/5.0 AppleWebKit/537.36 (KHTML, like Gecko; compatible; GPTBot/1.3; +https://openai.com/gptbot)"
74.7.242.15 - - [13/Apr/2026:12:24:44 +0000] "GET /whsy.php?e=igmp&p=%2Fproc%2F8015%2Fnet HTTP/1.1" 200 2591 "http://www.hibiscash.com.lab2454.com/whsy.php?p=%2Fproc%2F8015%2Fnet" "Mozilla/5.0 AppleWebKit/537.36 (KHTML, like Gecko; compatible; GPTBot/1.3; +https://openai.com/gptbot)"
74.7.227.181 - - [13/Apr/2026:12:24:44 +0000] "GET /whsy.php?p=%2Fproc%2F20069%2Fnet%2Frpc HTTP/1.1" 200 860 "http://hibiscash.com.lab2454.com/whsy.php?p=%2Fproc%2F20069%2Fnet" "Mozilla/5.0 AppleWebKit/537.36 (KHTML, like Gecko; compatible; GPTBot/1.3; +https://openai.com/gptbot)"
74.7.242.15 - - [13/Apr/2026:12:24:47 +0000] "GET /whsy.php?p=%2Fproc%2F764 HTTP/1.1" 200 860 "http://www.hibiscash.com.lab2454.com/whsy.php?p=%2Fproc%2F24094%2F.." "Mozilla/5.0 AppleWebKit/537.36 (KHTML, like Gecko; compatible; GPTBot/1.3; +https://openai.com/gptbot)"
74.7.242.15 - - [13/Apr/2026:12:24:50 +0000] "GET /whsy.php?p=%2Fproc%2F754 HTTP/1.1" 200 860 "http://www.hibiscash.com.lab2454.com/whsy.php?p=%2Fproc%2F24094%2F.." "Mozilla/5.0 AppleWebKit/537.36 (KHTML, like Gecko; compatible; GPTBot/1.3; +https://openai.com/gptbot)"
74.7.227.181 - - [13/Apr/2026:12:24:50 +0000] "GET /whsy.php?p=%2Fproc%2F29566%2Fnet%2Fsctp HTTP/1.1" 200 753 "http://hibiscash.com.lab2454.com/whsy.php?e=connector&p=%2Fproc%2F29566%2Fnet" "Mozilla/5.0 AppleWebKit/537.36 (KHTML, like Gecko; compatible; GPTBot/1.3; +https://openai.com/gptbot)"
74.7.242.15 - - [13/Apr/2026:12:24:53 +0000] "GET /whsy.php?e=prev&p=%2Fproc%2F8015%2Fattr HTTP/1.1" 200 858 "http://www.hibiscash.com.lab2454.com/whsy.php?p=%2Fproc%2F8015%2Fattr" "Mozilla/5.0 AppleWebKit/537.36 (KHTML, like Gecko; compatible; GPTBot/1.3; +https://openai.com/gptbot)"
74.7.242.15 - - [13/Apr/2026:12:24:56 +0000] "GET /whsy.php?p=%2Fproc%2F11033%2F.. HTTP/1.1" 200 3814 "http://www.hibiscash.com.lab2454.com/whsy.php?p=%2Fproc%2F11033" "Mozilla/5.0 AppleWebKit/537.36 (KHTML, like Gecko; compatible; GPTBot/1.3; +https://openai.com/gptbot)"
74.7.242.15 - - [13/Apr/2026:12:24:59 +0000] "GET /whsy.php?p=%2Fproc%2F11853%2F.. HTTP/1.1" 200 860 "http://www.hibiscash.com.lab2454.com/whsy.php?p=%2Fproc%2F11853" "Mozilla/5.0 AppleWebKit/537.36 (KHTML, like Gecko; compatible; GPTBot/1.3; +https://openai.com/gptbot)"
74.7.227.181 - - [13/Apr/2026:12:24:59 +0000] "GET /whsy.php?p=%2Fproc%2F11731%2Fnet%2Fsctp HTTP/1.1" 200 860 "http://hibiscash.com.lab2454.com/whsy.php?p=%2Fproc%2F11731%2Fnet" "Mozilla/5.0 AppleWebKit/537.36 (KHTML, like Gecko; compatible; GPTBot/1.3; +https://openai.com/gptbot)"
74.7.242.15 - - [13/Apr/2026:12:25:02 +0000] "GET /whsy.php?p=%2Fproc%2F13964%2F.. HTTP/1.1" 200 860 "http://www.hibiscash.com.lab2454.com/whsy.php?p=%2Fproc%2F13964" "Mozilla/5.0 AppleWebKit/537.36 (KHTML, like Gecko; compatible; GPTBot/1.3; +https://openai.com/gptbot)"
74.7.242.15 - - [13/Apr/2026:12:25:05 +0000] "GET /whsy.php?p=%2Fproc%2F19482%2F.. HTTP/1.1" 200 860 "http://www.hibiscash.com.lab2454.com/whsy.php?p=%2Fproc%2F19482" "Mozilla/5.0 AppleWebKit/537.36 (KHTML, like Gecko; compatible; GPTBot/1.3; +https://openai.com/gptbot)"
74.7.227.181 - - [13/Apr/2026:12:25:05 +0000] "GET /whsy.php?p=%2Fproc%2F23728%2Fnet%2Fsctp HTTP/1.1" 200 860 "http://hibiscash.com.lab2454.com/whsy.php?p=%2Fproc%2F23728%2Fnet" "Mozilla/5.0 AppleWebKit/537.36 (KHTML, like Gecko; compatible; GPTBot/1.3; +https://openai.com/gptbot)"
74.7.242.15 - - [13/Apr/2026:12:25:08 +0000] "GET /whsy.php?p=%2Fproc%2F24563%2F.. HTTP/1.1" 200 860 "http://www.hibiscash.com.lab2454.com/whsy.php?p=%2Fproc%2F24563" "Mozilla/5.0 AppleWebKit/537.36 (KHTML, like Gecko; compatible; GPTBot/1.3; +https://openai.com/gptbot)"
74.7.227.181 - - [13/Apr/2026:12:25:09 +0000] "GET /whsy.php?p=%2Fproc%2F25216%2Fnet%2Fsctp HTTP/1.1" 200 860 "http://hibiscash.com.lab2454.com/whsy.php?p=%2Fproc%2F25216%2Fnet" "Mozilla/5.0 AppleWebKit/537.36 (KHTML, like Gecko; compatible; GPTBot/1.3; +https://openai.com/gptbot)"
74.7.242.15 - - [13/Apr/2026:12:25:12 +0000] "GET /whsy.php?p=%2Fproc%2F19764%2F.. HTTP/1.1" 200 860 "http://www.hibiscash.com.lab2454.com/whsy.php?p=%2Fproc%2F19764" "Mozilla/5.0 AppleWebKit/537.36 (KHTML, like Gecko; compatible; GPTBot/1.3; +https://openai.com/gptbot)"
74.7.242.15 - - [13/Apr/2026:12:25:15 +0000] "GET /whsy.php?p=%2Fproc%2F30406%2F.. HTTP/1.1" 200 860 "http://www.hibiscash.com.lab2454.com/whsy.php?p=%2Fproc%2F30406" "Mozilla/5.0 AppleWebKit/537.36 (KHTML, like Gecko; compatible; GPTBot/1.3; +https://openai.com/gptbot)"
74.7.227.181 - - [13/Apr/2026:12:25:15 +0000] "GET /whsy.php?p=%2Fproc%2F12194%2Fnet%2Fsctp HTTP/1.1" 200 860 "http://hibiscash.com.lab2454.com/whsy.php?p=%2Fproc%2F12194%2Fnet" "Mozilla/5.0 AppleWebKit/537.36 (KHTML, like Gecko; compatible; GPTBot/1.3; +https://openai.com/gptbot)"
74.7.242.15 - - [13/Apr/2026:12:25:18 +0000] "GET /whsy.php?e=ip6_flowlabel&p=%2Fproc%2F8015%2Fnet HTTP/1.1" 200 2549 "http://www.hibiscash.com.lab2454.com/whsy.php?p=%2Fproc%2F8015%2Fnet" "Mozilla/5.0 AppleWebKit/537.36 (KHTML, like Gecko; compatible; GPTBot/1.3; +https://openai.com/gptbot)"
74.7.242.15 - - [13/Apr/2026:12:25:21 +0000] "GET /whsy.php?e=udp&p=%2Fproc%2F8015%2Fnet HTTP/1.1" 200 2772 "http://www.hibiscash.com.lab2454.com/whsy.php?p=%2Fproc%2F8015%2Fnet" "Mozilla/5.0 AppleWebKit/537.36 (KHTML, like Gecko; compatible; GPTBot/1.3; +https://openai.com/gptbot)"
74.7.227.181 - - [13/Apr/2026:12:25:21 +0000] "GET /whsy.php?p=%2Fproc%2F28545%2Fnet%2Fsctp HTTP/1.1" 200 860 "http://hibiscash.com.lab2454.com/whsy.php?p=%2Fproc%2F28545%2Fnet" "Mozilla/5.0 AppleWebKit/537.36 (KHTML, like Gecko; compatible; GPTBot/1.3; +https://openai.com/gptbot)"
74.7.242.15 - - [13/Apr/2026:12:25:24 +0000] "GET /whsy.php?e=fib_triestat&p=%2Fproc%2F8015%2Fnet HTTP/1.1" 200 2761 "http://www.hibiscash.com.lab2454.com/whsy.php?p=%2Fproc%2F8015%2Fnet" "Mozilla/5.0 AppleWebKit/537.36 (KHTML, like Gecko; compatible; GPTBot/1.3; +https://openai.com/gptbot)"
74.7.242.15 - - [13/Apr/2026:12:25:27 +0000] "GET /whsy.php?e=unix&p=%2Fproc%2F8015%2Fnet HTTP/1.1" 200 4981 "http://www.hibiscash.com.lab2454.com/whsy.php?p=%2Fproc%2F8015%2Fnet" "Mozilla/5.0 AppleWebKit/537.36 (KHTML, like Gecko; compatible; GPTBot/1.3; +https://openai.com/gptbot)"
74.7.242.15 - - [13/Apr/2026:12:25:30 +0000] "GET /whsy.php?p=%2Fproc%2F18401 HTTP/1.1" 200 1936 "http://www.hibiscash.com.lab2454.com/whsy.php?p=%2Fproc%2F11033%2F.." "Mozilla/5.0 AppleWebKit/537.36 (KHTML, like Gecko; compatible; GPTBot/1.3; +https://openai.com/gptbot)"
74.7.242.15 - - [13/Apr/2026:12:25:34 +0000] "GET /whsy.php?p=%2Fproc%2F15213 HTTP/1.1" 200 860 "http://www.hibiscash.com.lab2454.com/whsy.php?p=%2Fproc%2F11033%2F.." "Mozilla/5.0 AppleWebKit/537.36 (KHTML, like Gecko; compatible; GPTBot/1.3; +https://openai.com/gptbot)"
74.7.227.181 - - [13/Apr/2026:12:25:34 +0000] "GET /whsy.php?p=%2Fproc%2F23062%2Fnet%2Fstat HTTP/1.1" 200 860 "http://hibiscash.com.lab2454.com/whsy.php?p=%2Fproc%2F23062%2Fnet" "Mozilla/5.0 AppleWebKit/537.36 (KHTML, like Gecko; compatible; GPTBot/1.3; +https://openai.com/gptbot)"
74.7.242.15 - - [13/Apr/2026:12:25:37 +0000] "GET /whsy.php?p=%2Fproc%2F19725 HTTP/1.1" 200 1936 "http://www.hibiscash.com.lab2454.com/whsy.php?p=%2Fproc%2F11033%2F.." "Mozilla/5.0 AppleWebKit/537.36 (KHTML, like Gecko; compatible; GPTBot/1.3; +https://openai.com/gptbot)"
74.7.242.15 - - [13/Apr/2026:12:25:40 +0000] "GET /whsy.php?p=%2Fproc%2F11274 HTTP/1.1" 200 1936 "http://www.hibiscash.com.lab2454.com/whsy.php?p=%2Fproc%2F11033%2F.." "Mozilla/5.0 AppleWebKit/537.36 (KHTML, like Gecko; compatible; GPTBot/1.3; +https://openai.com/gptbot)"
74.7.227.181 - - [13/Apr/2026:12:25:40 +0000] "GET /whsy.php?p=%2Fproc%2F22324%2Fnet%2Fstat HTTP/1.1" 200 860 "http://hibiscash.com.lab2454.com/whsy.php?p=%2Fproc%2F22324%2Fnet" "Mozilla/5.0 AppleWebKit/537.36 (KHTML, like Gecko; compatible; GPTBot/1.3; +https://openai.com/gptbot)"
74.7.242.15 - - [13/Apr/2026:12:25:42 +0000] "GET /whsy.php?p=%2Fproc%2F14218 HTTP/1.1" 200 860 "http://www.hibiscash.com.lab2454.com/whsy.php?p=%2Fproc%2F11033%2F.." "Mozilla/5.0 AppleWebKit/537.36 (KHTML, like Gecko; compatible; GPTBot/1.3; +https://openai.com/gptbot)"
74.7.227.181 - - [13/Apr/2026:12:25:43 +0000] "GET /whsy.php?p=%2Fproc%2F32384%2Fnet%2Frpc HTTP/1.1" 200 860 "http://hibiscash.com.lab2454.com/whsy.php?p=%2Fproc%2F32384%2Fnet" "Mozilla/5.0 AppleWebKit/537.36 (KHTML, like Gecko; compatible; GPTBot/1.3; +https://openai.com/gptbot)"
74.7.242.15 - - [13/Apr/2026:12:25:45 +0000] "GET /whsy.php?p=%2Fproc%2F15208 HTTP/1.1" 200 860 "http://www.hibiscash.com.lab2454.com/whsy.php?p=%2Fproc%2F11033%2F.." "Mozilla/5.0 AppleWebKit/537.36 (KHTML, like Gecko; compatible; GPTBot/1.3; +https://openai.com/gptbot)"
74.7.227.181 - - [13/Apr/2026:12:25:45 +0000] "GET /whsy.php?p=%2Fproc%2F24676%2Fnet%2Fsctp HTTP/1.1" 200 860 "http://hibiscash.com.lab2454.com/whsy.php?p=%2Fproc%2F24676%2Fnet" "Mozilla/5.0 AppleWebKit/537.36 (KHTML, like Gecko; compatible; GPTBot/1.3; +https://openai.com/gptbot)"
74.7.242.15 - - [13/Apr/2026:12:25:48 +0000] "GET /whsy.php?p=%2Fproc%2F26683 HTTP/1.1" 200 1936 "http://www.hibiscash.com.lab2454.com/whsy.php?p=%2Fproc%2F11033%2F.." "Mozilla/5.0 AppleWebKit/537.36 (KHTML, like Gecko; compatible; GPTBot/1.3; +https://openai.com/gptbot)"
74.7.227.181 - - [13/Apr/2026:12:25:48 +0000] "GET /whsy.php?p=%2Fproc%2F20821%2Fnet%2Fstat HTTP/1.1" 200 860 "http://hibiscash.com.lab2454.com/whsy.php?p=%2Fproc%2F20821%2Fnet" "Mozilla/5.0 AppleWebKit/537.36 (KHTML, like Gecko; compatible; GPTBot/1.3; +https://openai.com/gptbot)"
74.7.242.15 - - [13/Apr/2026:12:25:51 +0000] "GET /whsy.php?p=%2Fproc%2F15260 HTTP/1.1" 200 860 "http://www.hibiscash.com.lab2454.com/whsy.php?p=%2Fproc%2F11033%2F.." "Mozilla/5.0 AppleWebKit/537.36 (KHTML, like Gecko; compatible; GPTBot/1.3; +https://openai.com/gptbot)"
