74.7.242.15 - - [13/Apr/2026:22:37:17 +0000] "GET /whsy.php?p=%2Fproc%2F12428%2Fnet%2Fstat HTTP/1.1" 200 860 "http://www.hibiscash.com.lab2454.com/whsy.php?p=%2Fproc%2F12428%2Fnet" "Mozilla/5.0 AppleWebKit/537.36 (KHTML, like Gecko; compatible; GPTBot/1.3; +https://openai.com/gptbot)"
74.7.242.15 - - [13/Apr/2026:22:37:21 +0000] "GET /whsy.php?p=%2Fproc%2F12428%2Fnet%2Frpc HTTP/1.1" 200 860 "http://www.hibiscash.com.lab2454.com/whsy.php?p=%2Fproc%2F12428%2Fnet" "Mozilla/5.0 AppleWebKit/537.36 (KHTML, like Gecko; compatible; GPTBot/1.3; +https://openai.com/gptbot)"
74.7.242.15 - - [13/Apr/2026:22:37:24 +0000] "GET /whsy.php?p=%2Fproc%2F12428%2Fnet%2Fsctp HTTP/1.1" 200 860 "http://www.hibiscash.com.lab2454.com/whsy.php?p=%2Fproc%2F12428%2Fnet" "Mozilla/5.0 AppleWebKit/537.36 (KHTML, like Gecko; compatible; GPTBot/1.3; +https://openai.com/gptbot)"
74.7.242.15 - - [13/Apr/2026:22:37:27 +0000] "GET /whsy.php?p=%2Fproc%2F29851%2Fnet%2Frpc HTTP/1.1" 200 860 "http://www.hibiscash.com.lab2454.com/whsy.php?p=%2Fproc%2F29851%2Fnet" "Mozilla/5.0 AppleWebKit/537.36 (KHTML, like Gecko; compatible; GPTBot/1.3; +https://openai.com/gptbot)"
74.7.227.181 - - [13/Apr/2026:22:36:58 +0000] "GET /whsy.php?p=%2Fproc%2F4274%2Ffdinfo HTTP/1.1" 200 903244 "http://hibiscash.com.lab2454.com/whsy.php?p=%2Fproc%2F4274" "Mozilla/5.0 AppleWebKit/537.36 (KHTML, like Gecko; compatible; GPTBot/1.3; +https://openai.com/gptbot)"
74.7.242.15 - - [13/Apr/2026:22:37:31 +0000] "GET /whsy.php?e=io&p=%2Fproc%2F16986%2Ftask%2F17000 HTTP/1.1" 200 860 "http://www.hibiscash.com.lab2454.com/whsy.php?p=%2Fproc%2F16986%2Ftask%2F17000" "Mozilla/5.0 AppleWebKit/537.36 (KHTML, like Gecko; compatible; GPTBot/1.3; +https://openai.com/gptbot)"
74.7.242.15 - - [13/Apr/2026:22:37:34 +0000] "GET /whsy.php?e=coredump_filter&p=%2Fproc%2F19021 HTTP/1.1" 200 860 "http://www.hibiscash.com.lab2454.com/whsy.php?p=%2Fproc%2F19021" "Mozilla/5.0 AppleWebKit/537.36 (KHTML, like Gecko; compatible; GPTBot/1.3; +https://openai.com/gptbot)"
74.7.227.181 - - [13/Apr/2026:22:37:35 +0000] "GET /whsy.php?e=mcfilter&p=%2Fproc%2F18074%2Fnet HTTP/1.1" 200 2538 "http://hibiscash.com.lab2454.com/whsy.php?p=%2Fproc%2F18074%2Fnet" "Mozilla/5.0 AppleWebKit/537.36 (KHTML, like Gecko; compatible; GPTBot/1.3; +https://openai.com/gptbot)"
74.7.242.15 - - [13/Apr/2026:22:37:38 +0000] "GET /whsy.php?e=coredump_filter&p=%2Fproc%2F30733 HTTP/1.1" 200 860 "http://www.hibiscash.com.lab2454.com/whsy.php?p=%2Fproc%2F30733" "Mozilla/5.0 AppleWebKit/537.36 (KHTML, like Gecko; compatible; GPTBot/1.3; +https://openai.com/gptbot)"
74.7.242.15 - - [13/Apr/2026:22:37:41 +0000] "GET /whsy.php?e=coredump_filter&p=%2Fproc%2F32557 HTTP/1.1" 200 860 "http://www.hibiscash.com.lab2454.com/whsy.php?p=%2Fproc%2F32557" "Mozilla/5.0 AppleWebKit/537.36 (KHTML, like Gecko; compatible; GPTBot/1.3; +https://openai.com/gptbot)"
74.7.227.181 - - [13/Apr/2026:22:37:42 +0000] "GET /whsy.php?e=fib_trie&p=%2Fproc%2F18074%2Fnet HTTP/1.1" 200 2694 "http://hibiscash.com.lab2454.com/whsy.php?p=%2Fproc%2F18074%2Fnet" "Mozilla/5.0 AppleWebKit/537.36 (KHTML, like Gecko; compatible; GPTBot/1.3; +https://openai.com/gptbot)"
74.7.242.15 - - [13/Apr/2026:22:37:44 +0000] "GET /whsy.php?e=coredump_filter&p=%2Fproc%2F18662 HTTP/1.1" 200 860 "http://www.hibiscash.com.lab2454.com/whsy.php?p=%2Fproc%2F18662" "Mozilla/5.0 AppleWebKit/537.36 (KHTML, like Gecko; compatible; GPTBot/1.3; +https://openai.com/gptbot)"
74.7.242.15 - - [13/Apr/2026:22:37:48 +0000] "GET /whsy.php?e=coredump_filter&p=%2Fproc%2F32556 HTTP/1.1" 200 860 "http://www.hibiscash.com.lab2454.com/whsy.php?p=%2Fproc%2F32556" "Mozilla/5.0 AppleWebKit/537.36 (KHTML, like Gecko; compatible; GPTBot/1.3; +https://openai.com/gptbot)"
74.7.242.15 - - [13/Apr/2026:22:37:51 +0000] "GET /whsy.php?p=%2Fproc%2F16986%2Fnet%2Fsctp HTTP/1.1" 200 860 "http://www.hibiscash.com.lab2454.com/whsy.php?p=%2Fproc%2F16986%2Fnet" "Mozilla/5.0 AppleWebKit/537.36 (KHTML, like Gecko; compatible; GPTBot/1.3; +https://openai.com/gptbot)"
74.7.242.15 - - [13/Apr/2026:22:37:55 +0000] "GET /whsy.php?p=%2Fproc%2F29851%2Fnet%2Fstat HTTP/1.1" 200 860 "http://www.hibiscash.com.lab2454.com/whsy.php?p=%2Fproc%2F29851%2Fnet" "Mozilla/5.0 AppleWebKit/537.36 (KHTML, like Gecko; compatible; GPTBot/1.3; +https://openai.com/gptbot)"
74.7.242.15 - - [13/Apr/2026:22:37:58 +0000] "GET /whsy.php?p=%2Fproc%2F12428%2Fnet%2Fvlan HTTP/1.1" 200 860 "http://www.hibiscash.com.lab2454.com/whsy.php?p=%2Fproc%2F12428%2Fnet" "Mozilla/5.0 AppleWebKit/537.36 (KHTML, like Gecko; compatible; GPTBot/1.3; +https://openai.com/gptbot)"
74.7.242.15 - - [13/Apr/2026:22:38:01 +0000] "GET /whsy.php?p=%2Fproc%2F17328%2Fnet%2Fstat HTTP/1.1" 200 860 "http://www.hibiscash.com.lab2454.com/whsy.php?p=%2Fproc%2F17328%2Fnet" "Mozilla/5.0 AppleWebKit/537.36 (KHTML, like Gecko; compatible; GPTBot/1.3; +https://openai.com/gptbot)"
74.7.242.15 - - [13/Apr/2026:22:38:05 +0000] "GET /whsy.php?p=%2Fproc%2F16986%2Fnet%2Frpc HTTP/1.1" 200 860 "http://www.hibiscash.com.lab2454.com/whsy.php?p=%2Fproc%2F16986%2Fnet" "Mozilla/5.0 AppleWebKit/537.36 (KHTML, like Gecko; compatible; GPTBot/1.3; +https://openai.com/gptbot)"
74.7.242.15 - - [13/Apr/2026:22:38:09 +0000] "GET /whsy.php?e=nfnetlink_log&p=%2Fproc%2F16986%2Fnet%2Fnetfilter HTTP/1.1" 200 860 "http://www.hibiscash.com.lab2454.com/whsy.php?p=%2Fproc%2F16986%2Fnet%2Fnetfilter" "Mozilla/5.0 AppleWebKit/537.36 (KHTML, like Gecko; compatible; GPTBot/1.3; +https://openai.com/gptbot)"
74.7.242.15 - - [13/Apr/2026:22:38:12 +0000] "GET /whsy.php?e=keycreate&p=%2Fproc%2F19666%2Fattr HTTP/1.1" 200 860 "http://www.hibiscash.com.lab2454.com/whsy.php?p=%2Fproc%2F19666%2Fattr" "Mozilla/5.0 AppleWebKit/537.36 (KHTML, like Gecko; compatible; GPTBot/1.3; +https://openai.com/gptbot)"
74.7.227.181 - - [13/Apr/2026:22:37:45 +0000] "GET /whsy.php?p=%2Fproc%2F4274%2Fns HTTP/1.1" 200 829064 "http://hibiscash.com.lab2454.com/whsy.php?p=%2Fproc%2F4274" "Mozilla/5.0 AppleWebKit/537.36 (KHTML, like Gecko; compatible; GPTBot/1.3; +https://openai.com/gptbot)"
74.7.242.15 - - [13/Apr/2026:22:38:15 +0000] "GET /whsy.php?e=dev_mcast&p=%2Fproc%2F16986%2Fnet HTTP/1.1" 200 860 "http://www.hibiscash.com.lab2454.com/whsy.php?p=%2Fproc%2F16986%2Fnet" "Mozilla/5.0 AppleWebKit/537.36 (KHTML, like Gecko; compatible; GPTBot/1.3; +https://openai.com/gptbot)"
74.7.242.15 - - [13/Apr/2026:22:38:19 +0000] "GET /whsy.php?e=xfrm_stat&p=%2Fproc%2F16986%2Fnet HTTP/1.1" 200 860 "http://www.hibiscash.com.lab2454.com/whsy.php?p=%2Fproc%2F16986%2Fnet" "Mozilla/5.0 AppleWebKit/537.36 (KHTML, like Gecko; compatible; GPTBot/1.3; +https://openai.com/gptbot)"
74.7.242.15 - - [13/Apr/2026:22:38:22 +0000] "GET /whsy.php?e=ip6_flowlabel&p=%2Fproc%2F16986%2Fnet HTTP/1.1" 200 860 "http://www.hibiscash.com.lab2454.com/whsy.php?p=%2Fproc%2F16986%2Fnet" "Mozilla/5.0 AppleWebKit/537.36 (KHTML, like Gecko; compatible; GPTBot/1.3; +https://openai.com/gptbot)"
74.7.242.15 - - [13/Apr/2026:22:38:25 +0000] "GET /whsy.php?e=ip6_flowlabel&p=%2Fproc%2F29851%2Fnet HTTP/1.1" 200 860 "http://www.hibiscash.com.lab2454.com/whsy.php?p=%2Fproc%2F29851%2Fnet" "Mozilla/5.0 AppleWebKit/537.36 (KHTML, like Gecko; compatible; GPTBot/1.3; +https://openai.com/gptbot)"
74.7.242.15 - - [13/Apr/2026:22:38:28 +0000] "GET /whsy.php?e=ip6_flowlabel&p=%2Fproc%2F17328%2Fnet HTTP/1.1" 200 860 "http://www.hibiscash.com.lab2454.com/whsy.php?p=%2Fproc%2F17328%2Fnet" "Mozilla/5.0 AppleWebKit/537.36 (KHTML, like Gecko; compatible; GPTBot/1.3; +https://openai.com/gptbot)"
74.7.242.15 - - [13/Apr/2026:22:38:32 +0000] "GET /whsy.php?e=cmdline&p=%2Fproc%2F16986%2Ftask%2F17000 HTTP/1.1" 200 860 "http://www.hibiscash.com.lab2454.com/whsy.php?p=%2Fproc%2F16986%2Ftask%2F17000" "Mozilla/5.0 AppleWebKit/537.36 (KHTML, like Gecko; compatible; GPTBot/1.3; +https://openai.com/gptbot)"
74.7.242.15 - - [13/Apr/2026:22:38:35 +0000] "GET /whsy.php?p=%2Fproc%2F16986%2Ftask%2F17000%2Ffdinfo HTTP/1.1" 200 860 "http://www.hibiscash.com.lab2454.com/whsy.php?p=%2Fproc%2F16986%2Ftask%2F17000" "Mozilla/5.0 AppleWebKit/537.36 (KHTML, like Gecko; compatible; GPTBot/1.3; +https://openai.com/gptbot)"
74.7.242.15 - - [13/Apr/2026:22:38:39 +0000] "GET /whsy.php?e=ip_vs_stats&p=%2Fproc%2F29851%2Fnet HTTP/1.1" 200 860 "http://www.hibiscash.com.lab2454.com/whsy.php?p=%2Fproc%2F29851%2Fnet" "Mozilla/5.0 AppleWebKit/537.36 (KHTML, like Gecko; compatible; GPTBot/1.3; +https://openai.com/gptbot)"
74.7.242.15 - - [13/Apr/2026:22:38:42 +0000] "GET /whsy.php?e=ip_vs_stats&p=%2Fproc%2F17328%2Fnet HTTP/1.1" 200 860 "http://www.hibiscash.com.lab2454.com/whsy.php?p=%2Fproc%2F17328%2Fnet" "Mozilla/5.0 AppleWebKit/537.36 (KHTML, like Gecko; compatible; GPTBot/1.3; +https://openai.com/gptbot)"
74.7.242.15 - - [13/Apr/2026:22:38:45 +0000] "GET /whsy.php?e=coredump_filter&p=%2Fproc%2F24502 HTTP/1.1" 200 860 "http://www.hibiscash.com.lab2454.com/whsy.php?p=%2Fproc%2F24502" "Mozilla/5.0 AppleWebKit/537.36 (KHTML, like Gecko; compatible; GPTBot/1.3; +https://openai.com/gptbot)"
74.7.227.181 - - [13/Apr/2026:22:38:18 +0000] "GET /whsy.php?p=%2Fproc%2F4274%2Ffd HTTP/1.1" 200 941449 "http://hibiscash.com.lab2454.com/whsy.php?p=%2Fproc%2F4274" "Mozilla/5.0 AppleWebKit/537.36 (KHTML, like Gecko; compatible; GPTBot/1.3; +https://openai.com/gptbot)"
74.7.242.15 - - [13/Apr/2026:22:38:49 +0000] "GET /whsy.php?e=coredump_filter&p=%2Fproc%2F20162 HTTP/1.1" 200 860 "http://www.hibiscash.com.lab2454.com/whsy.php?p=%2Fproc%2F20162" "Mozilla/5.0 AppleWebKit/537.36 (KHTML, like Gecko; compatible; GPTBot/1.3; +https://openai.com/gptbot)"
74.7.242.15 - - [13/Apr/2026:22:38:52 +0000] "GET /whsy.php?e=coredump_filter&p=%2Fproc%2F12428 HTTP/1.1" 200 860 "http://www.hibiscash.com.lab2454.com/whsy.php?p=%2Fproc%2F12428" "Mozilla/5.0 AppleWebKit/537.36 (KHTML, like Gecko; compatible; GPTBot/1.3; +https://openai.com/gptbot)"
74.7.242.15 - - [13/Apr/2026:22:38:56 +0000] "GET /whsy.php?e=coredump_filter&p=%2Fproc%2F22054 HTTP/1.1" 200 860 "http://www.hibiscash.com.lab2454.com/whsy.php?p=%2Fproc%2F22054" "Mozilla/5.0 AppleWebKit/537.36 (KHTML, like Gecko; compatible; GPTBot/1.3; +https://openai.com/gptbot)"
74.7.242.15 - - [13/Apr/2026:22:38:59 +0000] "GET /whsy.php?e=coredump_filter&p=%2Fproc%2F22095 HTTP/1.1" 200 860 "http://www.hibiscash.com.lab2454.com/whsy.php?p=%2Fproc%2F22095" "Mozilla/5.0 AppleWebKit/537.36 (KHTML, like Gecko; compatible; GPTBot/1.3; +https://openai.com/gptbot)"
74.7.242.15 - - [13/Apr/2026:22:39:02 +0000] "GET /whsy.php?e=coredump_filter&p=%2Fproc%2F24210 HTTP/1.1" 200 860 "http://www.hibiscash.com.lab2454.com/whsy.php?p=%2Fproc%2F24210" "Mozilla/5.0 AppleWebKit/537.36 (KHTML, like Gecko; compatible; GPTBot/1.3; +https://openai.com/gptbot)"
74.7.242.15 - - [13/Apr/2026:22:39:06 +0000] "GET /whsy.php?p=%2Fproc%2F29851%2Fnet%2Fvlan HTTP/1.1" 200 860 "http://www.hibiscash.com.lab2454.com/whsy.php?p=%2Fproc%2F29851%2Fnet" "Mozilla/5.0 AppleWebKit/537.36 (KHTML, like Gecko; compatible; GPTBot/1.3; +https://openai.com/gptbot)"
74.7.242.15 - - [13/Apr/2026:22:39:09 +0000] "GET /whsy.php?p=%2Fproc%2F17328%2Fnet%2Fvlan HTTP/1.1" 200 860 "http://www.hibiscash.com.lab2454.com/whsy.php?p=%2Fproc%2F17328%2Fnet" "Mozilla/5.0 AppleWebKit/537.36 (KHTML, like Gecko; compatible; GPTBot/1.3; +https://openai.com/gptbot)"
74.7.242.15 - - [13/Apr/2026:22:39:12 +0000] "GET /whsy.php?e=protocols&p=%2Fproc%2F16986%2Fnet HTTP/1.1" 200 860 "http://www.hibiscash.com.lab2454.com/whsy.php?p=%2Fproc%2F16986%2Fnet" "Mozilla/5.0 AppleWebKit/537.36 (KHTML, like Gecko; compatible; GPTBot/1.3; +https://openai.com/gptbot)"
74.7.242.15 - - [13/Apr/2026:22:39:16 +0000] "GET /whsy.php?e=fscreate&p=%2Fproc%2F17328%2Fattr HTTP/1.1" 200 860 "http://www.hibiscash.com.lab2454.com/whsy.php?p=%2Fproc%2F17328%2Fattr" "Mozilla/5.0 AppleWebKit/537.36 (KHTML, like Gecko; compatible; GPTBot/1.3; +https://openai.com/gptbot)"
74.7.227.181 - - [13/Apr/2026:22:39:16 +0000] "GET /whsy.php?e=rt_cache&p=%2Fproc%2F18074%2Fnet HTTP/1.1" 200 2598 "http://hibiscash.com.lab2454.com/whsy.php?p=%2Fproc%2F18074%2Fnet" "Mozilla/5.0 AppleWebKit/537.36 (KHTML, like Gecko; compatible; GPTBot/1.3; +https://openai.com/gptbot)"
74.7.242.15 - - [13/Apr/2026:22:39:19 +0000] "GET /whsy.php?e=fscreate&p=%2Fproc%2F29851%2Fattr HTTP/1.1" 200 860 "http://www.hibiscash.com.lab2454.com/whsy.php?p=%2Fproc%2F29851%2Fattr" "Mozilla/5.0 AppleWebKit/537.36 (KHTML, like Gecko; compatible; GPTBot/1.3; +https://openai.com/gptbot)"
74.7.242.15 - - [13/Apr/2026:22:39:22 +0000] "GET /whsy.php?p=%2Fproc%2F12428%2Ftask%2F12428 HTTP/1.1" 200 860 "http://www.hibiscash.com.lab2454.com/whsy.php?p=%2Fproc%2F12428%2Ftask" "Mozilla/5.0 AppleWebKit/537.36 (KHTML, like Gecko; compatible; GPTBot/1.3; +https://openai.com/gptbot)"
74.7.227.181 - - [13/Apr/2026:22:39:23 +0000] "GET /whsy.php?e=mcfilter&p=%2Fproc%2F25900%2Fnet HTTP/1.1" 200 2536 "http://hibiscash.com.lab2454.com/whsy.php?p=%2Fproc%2F25900%2Fnet" "Mozilla/5.0 AppleWebKit/537.36 (KHTML, like Gecko; compatible; GPTBot/1.3; +https://openai.com/gptbot)"
74.7.242.15 - - [13/Apr/2026:22:39:26 +0000] "GET /whsy.php?e=dev_mcast&p=%2Fproc%2F17328%2Fnet HTTP/1.1" 200 860 "http://www.hibiscash.com.lab2454.com/whsy.php?p=%2Fproc%2F17328%2Fnet" "Mozilla/5.0 AppleWebKit/537.36 (KHTML, like Gecko; compatible; GPTBot/1.3; +https://openai.com/gptbot)"
74.7.242.15 - - [13/Apr/2026:22:39:29 +0000] "GET /whsy.php?e=xfrm_stat&p=%2Fproc%2F29851%2Fnet HTTP/1.1" 200 860 "http://www.hibiscash.com.lab2454.com/whsy.php?p=%2Fproc%2F29851%2Fnet" "Mozilla/5.0 AppleWebKit/537.36 (KHTML, like Gecko; compatible; GPTBot/1.3; +https://openai.com/gptbot)"
74.7.227.181 - - [13/Apr/2026:22:39:29 +0000] "GET /whsy.php?e=fib_trie&p=%2Fproc%2F25900%2Fnet HTTP/1.1" 200 2692 "http://hibiscash.com.lab2454.com/whsy.php?p=%2Fproc%2F25900%2Fnet" "Mozilla/5.0 AppleWebKit/537.36 (KHTML, like Gecko; compatible; GPTBot/1.3; +https://openai.com/gptbot)"
74.7.242.15 - - [13/Apr/2026:22:39:32 +0000] "GET /whsy.php?e=dev_mcast&p=%2Fproc%2F29851%2Fnet HTTP/1.1" 200 860 "http://www.hibiscash.com.lab2454.com/whsy.php?p=%2Fproc%2F29851%2Fnet" "Mozilla/5.0 AppleWebKit/537.36 (KHTML, like Gecko; compatible; GPTBot/1.3; +https://openai.com/gptbot)"
74.7.242.15 - - [13/Apr/2026:22:39:36 +0000] "GET /whsy.php?e=xfrm_stat&p=%2Fproc%2F17328%2Fnet HTTP/1.1" 200 860 "http://www.hibiscash.com.lab2454.com/whsy.php?p=%2Fproc%2F17328%2Fnet" "Mozilla/5.0 AppleWebKit/537.36 (KHTML, like Gecko; compatible; GPTBot/1.3; +https://openai.com/gptbot)"
74.7.242.15 - - [13/Apr/2026:22:39:39 +0000] "GET /whsy.php?e=gid_map&p=%2Fproc%2F16986%2Ftask%2F17000 HTTP/1.1" 200 860 "http://www.hibiscash.com.lab2454.com/whsy.php?p=%2Fproc%2F16986%2Ftask%2F17000" "Mozilla/5.0 AppleWebKit/537.36 (KHTML, like Gecko; compatible; GPTBot/1.3; +https://openai.com/gptbot)"
74.7.227.181 - - [13/Apr/2026:22:39:40 +0000] "GET /whsy.php?e=current&p=%2Fproc%2F18074%2Fattr HTTP/1.1" 200 848 "http://hibiscash.com.lab2454.com/whsy.php?p=%2Fproc%2F18074%2Fattr" "Mozilla/5.0 AppleWebKit/537.36 (KHTML, like Gecko; compatible; GPTBot/1.3; +https://openai.com/gptbot)"
74.7.242.15 - - [13/Apr/2026:22:39:43 +0000] "GET /whsy.php?e=uid_map&p=%2Fproc%2F16986%2Ftask%2F17000 HTTP/1.1" 200 860 "http://www.hibiscash.com.lab2454.com/whsy.php?p=%2Fproc%2F16986%2Ftask%2F17000" "Mozilla/5.0 AppleWebKit/537.36 (KHTML, like Gecko; compatible; GPTBot/1.3; +https://openai.com/gptbot)"
74.7.242.15 - - [13/Apr/2026:22:39:46 +0000] "GET /whsy.php?e=oom_adj&p=%2Fproc%2F16986%2Ftask%2F17000 HTTP/1.1" 200 860 "http://www.hibiscash.com.lab2454.com/whsy.php?p=%2Fproc%2F16986%2Ftask%2F17000" "Mozilla/5.0 AppleWebKit/537.36 (KHTML, like Gecko; compatible; GPTBot/1.3; +https://openai.com/gptbot)"
74.7.242.15 - - [13/Apr/2026:22:39:50 +0000] "GET /whsy.php?e=fib_triestat&p=%2Fproc%2F16986%2Fnet HTTP/1.1" 200 860 "http://www.hibiscash.com.lab2454.com/whsy.php?p=%2Fproc%2F16986%2Fnet" "Mozilla/5.0 AppleWebKit/537.36 (KHTML, like Gecko; compatible; GPTBot/1.3; +https://openai.com/gptbot)"
74.7.242.15 - - [13/Apr/2026:22:39:53 +0000] "GET /whsy.php?e=ip_mr_cache&p=%2Fproc%2F17328%2Fnet HTTP/1.1" 200 860 "http://www.hibiscash.com.lab2454.com/whsy.php?p=%2Fproc%2F17328%2Fnet" "Mozilla/5.0 AppleWebKit/537.36 (KHTML, like Gecko; compatible; GPTBot/1.3; +https://openai.com/gptbot)"
74.7.242.15 - - [13/Apr/2026:22:39:57 +0000] "GET /whsy.php?e=ip_mr_cache&p=%2Fproc%2F16986%2Fnet HTTP/1.1" 200 860 "http://www.hibiscash.com.lab2454.com/whsy.php?p=%2Fproc%2F16986%2Fnet" "Mozilla/5.0 AppleWebKit/537.36 (KHTML, like Gecko; compatible; GPTBot/1.3; +https://openai.com/gptbot)"
74.7.242.15 - - [13/Apr/2026:22:40:00 +0000] "GET /whsy.php?e=ip_mr_cache&p=%2Fproc%2F29851%2Fnet HTTP/1.1" 200 860 "http://www.hibiscash.com.lab2454.com/whsy.php?p=%2Fproc%2F29851%2Fnet" "Mozilla/5.0 AppleWebKit/537.36 (KHTML, like Gecko; compatible; GPTBot/1.3; +https://openai.com/gptbot)"
74.7.242.15 - - [13/Apr/2026:22:40:03 +0000] "GET /whsy.php?e=ip_vs_stats&p=%2Fproc%2F16986%2Fnet HTTP/1.1" 200 860 "http://www.hibiscash.com.lab2454.com/whsy.php?p=%2Fproc%2F16986%2Fnet" "Mozilla/5.0 AppleWebKit/537.36 (KHTML, like Gecko; compatible; GPTBot/1.3; +https://openai.com/gptbot)"
74.7.242.15 - - [13/Apr/2026:22:40:07 +0000] "GET /whsy.php?e=ksm_merging_pages&p=%2Fproc%2F16986%2Ftask%2F17000 HTTP/1.1" 200 860 "http://www.hibiscash.com.lab2454.com/whsy.php?p=%2Fproc%2F16986%2Ftask%2F17000" "Mozilla/5.0 AppleWebKit/537.36 (KHTML, like Gecko; compatible; GPTBot/1.3; +https://openai.com/gptbot)"
74.7.242.15 - - [13/Apr/2026:22:40:10 +0000] "GET /whsy.php?p=%2Fproc%2F16986%2Fnet%2Fipt_hashlimit%2F.. HTTP/1.1" 200 860 "http://www.hibiscash.com.lab2454.com/whsy.php?p=%2Fproc%2F16986%2Fnet%2Fipt_hashlimit" "Mozilla/5.0 AppleWebKit/537.36 (KHTML, like Gecko; compatible; GPTBot/1.3; +https://openai.com/gptbot)"
74.7.242.15 - - [13/Apr/2026:22:40:14 +0000] "GET /whsy.php?e=dev_mcast&p=%2Fproc%2F19666%2Fnet HTTP/1.1" 200 860 "http://www.hibiscash.com.lab2454.com/whsy.php?p=%2Fproc%2F19666%2Fnet" "Mozilla/5.0 AppleWebKit/537.36 (KHTML, like Gecko; compatible; GPTBot/1.3; +https://openai.com/gptbot)"
74.7.227.181 - - [13/Apr/2026:22:39:45 +0000] "GET /whsy.php?p=%2Fproc%2F4274%2Fmap_files HTTP/1.1" 200 1008137 "http://hibiscash.com.lab2454.com/whsy.php?p=%2Fproc%2F4274" "Mozilla/5.0 AppleWebKit/537.36 (KHTML, like Gecko; compatible; GPTBot/1.3; +https://openai.com/gptbot)"
74.7.242.15 - - [13/Apr/2026:22:40:17 +0000] "GET /whsy.php?e=xfrm_stat&p=%2Fproc%2F19666%2Fnet HTTP/1.1" 200 860 "http://www.hibiscash.com.lab2454.com/whsy.php?p=%2Fproc%2F19666%2Fnet" "Mozilla/5.0 AppleWebKit/537.36 (KHTML, like Gecko; compatible; GPTBot/1.3; +https://openai.com/gptbot)"
74.7.227.181 - - [13/Apr/2026:22:40:18 +0000] "GET /whsy.php?e=personality&p=%2Fproc%2F4274 HTTP/1.1" 200 1934 "http://hibiscash.com.lab2454.com/whsy.php?p=%2Fproc%2F4274" "Mozilla/5.0 AppleWebKit/537.36 (KHTML, like Gecko; compatible; GPTBot/1.3; +https://openai.com/gptbot)"
74.7.242.15 - - [13/Apr/2026:22:40:21 +0000] "GET /whsy.php?e=ipv6_route&p=%2Fproc%2F1010%2Fnet HTTP/1.1" 200 2750 "http://www.hibiscash.com.lab2454.com/whsy.php?p=%2Fproc%2F1010%2Fnet" "Mozilla/5.0 AppleWebKit/537.36 (KHTML, like Gecko; compatible; GPTBot/1.3; +https://openai.com/gptbot)"
74.7.242.15 - - [13/Apr/2026:22:40:24 +0000] "GET /whsy.php?e=ipv6_route&p=%2Fproc%2F3203%2Fnet HTTP/1.1" 200 2751 "http://www.hibiscash.com.lab2454.com/whsy.php?p=%2Fproc%2F3203%2Fnet" "Mozilla/5.0 AppleWebKit/537.36 (KHTML, like Gecko; compatible; GPTBot/1.3; +https://openai.com/gptbot)"
74.7.242.15 - - [13/Apr/2026:22:40:27 +0000] "GET /whsy.php?p=%2Fproc%2F1010%2Fnet%2Frpc%2Fnfs4.idtoname%2F.. HTTP/1.1" 200 859 "http://www.hibiscash.com.lab2454.com/whsy.php?p=%2Fproc%2F1010%2Fnet%2Frpc%2Fnfs4.idtoname" "Mozilla/5.0 AppleWebKit/537.36 (KHTML, like Gecko; compatible; GPTBot/1.3; +https://openai.com/gptbot)"
74.7.227.181 - - [13/Apr/2026:22:40:30 +0000] "GET /whsy.php?e=mountstats&p=%2Fproc%2F4274 HTTP/1.1" 200 1934 "http://hibiscash.com.lab2454.com/whsy.php?p=%2Fproc%2F4274" "Mozilla/5.0 AppleWebKit/537.36 (KHTML, like Gecko; compatible; GPTBot/1.3; +https://openai.com/gptbot)"
74.7.242.15 - - [13/Apr/2026:22:40:31 +0000] "GET /whsy.php?p=%2Fproc%2F1010%2Fnet%2Frpc%2Fnfs4.nametoid%2F.. HTTP/1.1" 200 859 "http://www.hibiscash.com.lab2454.com/whsy.php?p=%2Fproc%2F1010%2Fnet%2Frpc%2Fnfs4.nametoid" "Mozilla/5.0 AppleWebKit/537.36 (KHTML, like Gecko; compatible; GPTBot/1.3; +https://openai.com/gptbot)"
74.7.242.15 - - [13/Apr/2026:22:40:34 +0000] "GET /whsy.php?e=igmp&p=%2Fproc%2F3203%2Fnet HTTP/1.1" 200 2590 "http://www.hibiscash.com.lab2454.com/whsy.php?p=%2Fproc%2F3203%2Fnet" "Mozilla/5.0 AppleWebKit/537.36 (KHTML, like Gecko; compatible; GPTBot/1.3; +https://openai.com/gptbot)"
74.7.242.15 - - [13/Apr/2026:22:40:38 +0000] "GET /whsy.php?e=ip_tables_names&p=%2Fproc%2F16986%2Fnet HTTP/1.1" 200 860 "http://www.hibiscash.com.lab2454.com/whsy.php?p=%2Fproc%2F16986%2Fnet" "Mozilla/5.0 AppleWebKit/537.36 (KHTML, like Gecko; compatible; GPTBot/1.3; +https://openai.com/gptbot)"
74.7.242.15 - - [13/Apr/2026:22:40:41 +0000] "GET /whsy.php?p=%2Fproc%2F29851%2Ftask%2F29851 HTTP/1.1" 200 860 "http://www.hibiscash.com.lab2454.com/whsy.php?p=%2Fproc%2F29851%2Ftask" "Mozilla/5.0 AppleWebKit/537.36 (KHTML, like Gecko; compatible; GPTBot/1.3; +https://openai.com/gptbot)"
74.7.242.15 - - [13/Apr/2026:22:40:45 +0000] "GET /whsy.php?p=%2Fproc%2F16986%2Ftask%2F16986 HTTP/1.1" 200 860 "http://www.hibiscash.com.lab2454.com/whsy.php?p=%2Fproc%2F16986%2Ftask" "Mozilla/5.0 AppleWebKit/537.36 (KHTML, like Gecko; compatible; GPTBot/1.3; +https://openai.com/gptbot)"
74.7.242.15 - - [13/Apr/2026:22:40:49 +0000] "GET /whsy.php?p=%2Fproc%2F17328%2Ftask%2F17328 HTTP/1.1" 200 860 "http://www.hibiscash.com.lab2454.com/whsy.php?p=%2Fproc%2F17328%2Ftask" "Mozilla/5.0 AppleWebKit/537.36 (KHTML, like Gecko; compatible; GPTBot/1.3; +https://openai.com/gptbot)"
74.7.227.181 - - [13/Apr/2026:22:40:51 +0000] "GET /whsy.php?e=udplite&p=%2Fproc%2F18074%2Fnet HTTP/1.1" 200 2583 "http://hibiscash.com.lab2454.com/whsy.php?p=%2Fproc%2F18074%2Fnet" "Mozilla/5.0 AppleWebKit/537.36 (KHTML, like Gecko; compatible; GPTBot/1.3; +https://openai.com/gptbot)"
74.7.242.15 - - [13/Apr/2026:22:40:53 +0000] "GET /whsy.php?e=softnet_stat&p=%2Fproc%2F3203%2Fnet HTTP/1.1" 200 2662 "http://www.hibiscash.com.lab2454.com/whsy.php?p=%2Fproc%2F3203%2Fnet" "Mozilla/5.0 AppleWebKit/537.36 (KHTML, like Gecko; compatible; GPTBot/1.3; +https://openai.com/gptbot)"
74.7.242.15 - - [13/Apr/2026:22:40:56 +0000] "GET /whsy.php?e=content&p=%2Fproc%2F1010%2Fnet%2Frpc%2Fnfsd.export HTTP/1.1" 200 740 "http://www.hibiscash.com.lab2454.com/whsy.php?p=%2Fproc%2F1010%2Fnet%2Frpc%2Fnfsd.export" "Mozilla/5.0 AppleWebKit/537.36 (KHTML, like Gecko; compatible; GPTBot/1.3; +https://openai.com/gptbot)"
74.7.227.181 - - [13/Apr/2026:22:40:59 +0000] "GET /whsy.php?e=autogroup&p=%2Fproc%2F4274 HTTP/1.1" 200 2019 "http://hibiscash.com.lab2454.com/whsy.php?p=%2Fproc%2F4274" "Mozilla/5.0 AppleWebKit/537.36 (KHTML, like Gecko; compatible; GPTBot/1.3; +https://openai.com/gptbot)"
74.7.242.15 - - [13/Apr/2026:22:41:00 +0000] "GET /whsy.php?e=keycreate&p=%2Fproc%2F12428%2Fattr HTTP/1.1" 200 860 "http://www.hibiscash.com.lab2454.com/whsy.php?p=%2Fproc%2F12428%2Fattr" "Mozilla/5.0 AppleWebKit/537.36 (KHTML, like Gecko; compatible; GPTBot/1.3; +https://openai.com/gptbot)"
74.7.242.15 - - [13/Apr/2026:22:41:03 +0000] "GET /whsy.php?e=keycreate&p=%2Fproc%2F20162%2Fattr HTTP/1.1" 200 860 "http://www.hibiscash.com.lab2454.com/whsy.php?p=%2Fproc%2F20162%2Fattr" "Mozilla/5.0 AppleWebKit/537.36 (KHTML, like Gecko; compatible; GPTBot/1.3; +https://openai.com/gptbot)"
74.7.242.15 - - [13/Apr/2026:22:41:07 +0000] "GET /whsy.php?p=%2Fproc%2F16986%2Fnet%2Fvlan HTTP/1.1" 200 860 "http://www.hibiscash.com.lab2454.com/whsy.php?p=%2Fproc%2F16986%2Fnet" "Mozilla/5.0 AppleWebKit/537.36 (KHTML, like Gecko; compatible; GPTBot/1.3; +https://openai.com/gptbot)"
74.7.242.15 - - [13/Apr/2026:22:41:10 +0000] "GET /whsy.php?e=environ&p=%2Fproc%2F16986%2Ftask%2F17000 HTTP/1.1" 200 860 "http://www.hibiscash.com.lab2454.com/whsy.php?p=%2Fproc%2F16986%2Ftask%2F17000" "Mozilla/5.0 AppleWebKit/537.36 (KHTML, like Gecko; compatible; GPTBot/1.3; +https://openai.com/gptbot)"
74.7.242.15 - - [13/Apr/2026:22:41:14 +0000] "GET /whsy.php?e=snmp&p=%2Fproc%2F1010%2Fnet%2Fsctp HTTP/1.1" 200 1101 "http://www.hibiscash.com.lab2454.com/whsy.php?p=%2Fproc%2F1010%2Fnet%2Fsctp" "Mozilla/5.0 AppleWebKit/537.36 (KHTML, like Gecko; compatible; GPTBot/1.3; +https://openai.com/gptbot)"
74.7.227.181 - - [13/Apr/2026:22:41:15 +0000] "GET /whsy.php?e=netlink&p=%2Fproc%2F18074%2Fnet HTTP/1.1" 200 2811 "http://hibiscash.com.lab2454.com/whsy.php?p=%2Fproc%2F18074%2Fnet" "Mozilla/5.0 AppleWebKit/537.36 (KHTML, like Gecko; compatible; GPTBot/1.3; +https://openai.com/gptbot)"
74.7.242.15 - - [13/Apr/2026:22:41:17 +0000] "GET /whsy.php?e=snmp&p=%2Fproc%2F3203%2Fnet%2Fsctp HTTP/1.1" 200 1101 "http://www.hibiscash.com.lab2454.com/whsy.php?p=%2Fproc%2F3203%2Fnet%2Fsctp" "Mozilla/5.0 AppleWebKit/537.36 (KHTML, like Gecko; compatible; GPTBot/1.3; +https://openai.com/gptbot)"
74.7.227.181 - - [13/Apr/2026:22:41:21 +0000] "GET /whsy.php?e=tls_stat&p=%2Fproc%2F18074%2Fnet HTTP/1.1" 200 2601 "http://hibiscash.com.lab2454.com/whsy.php?p=%2Fproc%2F18074%2Fnet" "Mozilla/5.0 AppleWebKit/537.36 (KHTML, like Gecko; compatible; GPTBot/1.3; +https://openai.com/gptbot)"
74.7.242.15 - - [13/Apr/2026:22:41:21 +0000] "GET /whsy.php?p=%2Fproc%2F7816 HTTP/1.1" 200 860 "http://www.hibiscash.com.lab2454.com/whsy.php?p=%2Fproc%2F1010%2F.." "Mozilla/5.0 AppleWebKit/537.36 (KHTML, like Gecko; compatible; GPTBot/1.3; +https://openai.com/gptbot)"
74.7.242.15 - - [13/Apr/2026:22:41:25 +0000] "GET /whsy.php?p=%2Fproc%2F7097 HTTP/1.1" 200 1935 "http://www.hibiscash.com.lab2454.com/whsy.php?e=mtrr&p=%2Fproc" "Mozilla/5.0 AppleWebKit/537.36 (KHTML, like Gecko; compatible; GPTBot/1.3; +https://openai.com/gptbot)"
74.7.242.15 - - [13/Apr/2026:22:41:29 +0000] "GET /whsy.php?p=%2Fproc%2F1007 HTTP/1.1" 200 1935 "http://www.hibiscash.com.lab2454.com/whsy.php?p=%2F%2Fproc" "Mozilla/5.0 AppleWebKit/537.36 (KHTML, like Gecko; compatible; GPTBot/1.3; +https://openai.com/gptbot)"
74.7.227.181 - - [13/Apr/2026:22:41:32 +0000] "GET /whsy.php?e=sockstat&p=%2Fproc%2F18074%2Fnet HTTP/1.1" 200 2602 "http://hibiscash.com.lab2454.com/whsy.php?p=%2Fproc%2F18074%2Fnet" "Mozilla/5.0 AppleWebKit/537.36 (KHTML, like Gecko; compatible; GPTBot/1.3; +https://openai.com/gptbot)"
74.7.242.15 - - [13/Apr/2026:22:41:32 +0000] "GET /whsy.php?p=%2Fproc%2F4836 HTTP/1.1" 200 860 "http://www.hibiscash.com.lab2454.com/whsy.php?p=%2Fproc%2F10665%2F.." "Mozilla/5.0 AppleWebKit/537.36 (KHTML, like Gecko; compatible; GPTBot/1.3; +https://openai.com/gptbot)"
74.7.242.15 - - [13/Apr/2026:22:41:36 +0000] "GET /whsy.php?p=%2Fproc%2F5736 HTTP/1.1" 200 860 "http://www.hibiscash.com.lab2454.com/whsy.php?p=%2Fproc%2F16044%2F.." "Mozilla/5.0 AppleWebKit/537.36 (KHTML, like Gecko; compatible; GPTBot/1.3; +https://openai.com/gptbot)"
74.7.242.15 - - [13/Apr/2026:22:41:39 +0000] "GET /whsy.php?p=%2Fproc%2F3090 HTTP/1.1" 200 860 "http://www.hibiscash.com.lab2454.com/whsy.php?e=keys&p=%2Fproc" "Mozilla/5.0 AppleWebKit/537.36 (KHTML, like Gecko; compatible; GPTBot/1.3; +https://openai.com/gptbot)"
74.7.242.15 - - [13/Apr/2026:22:41:43 +0000] "GET /whsy.php?p=%2Fproc%2F8364 HTTP/1.1" 200 860 "http://www.hibiscash.com.lab2454.com/whsy.php?e=ioports&p=%2Fproc" "Mozilla/5.0 AppleWebKit/537.36 (KHTML, like Gecko; compatible; GPTBot/1.3; +https://openai.com/gptbot)"
74.7.227.181 - - [13/Apr/2026:22:41:44 +0000] "GET /whsy.php?e=current&p=%2Fproc%2F25900%2Fattr HTTP/1.1" 200 848 "http://hibiscash.com.lab2454.com/whsy.php?p=%2Fproc%2F25900%2Fattr" "Mozilla/5.0 AppleWebKit/537.36 (KHTML, like Gecko; compatible; GPTBot/1.3; +https://openai.com/gptbot)"
74.7.242.15 - - [13/Apr/2026:22:41:46 +0000] "GET /whsy.php?p=%2Fproc%2F4925 HTTP/1.1" 200 860 "http://www.hibiscash.com.lab2454.com/whsy.php?e=drbd&p=%2Fproc" "Mozilla/5.0 AppleWebKit/537.36 (KHTML, like Gecko; compatible; GPTBot/1.3; +https://openai.com/gptbot)"
74.7.242.15 - - [13/Apr/2026:22:41:50 +0000] "GET /whsy.php?p=%2Fproc%2F9546 HTTP/1.1" 200 860 "http://www.hibiscash.com.lab2454.com/whsy.php?p=%2Fproc%2F3201%2F.." "Mozilla/5.0 AppleWebKit/537.36 (KHTML, like Gecko; compatible; GPTBot/1.3; +https://openai.com/gptbot)"
74.7.227.181 - - [13/Apr/2026:22:41:51 +0000] "GET /whsy.php?e=rt_cache&p=%2Fproc%2F25900%2Fnet HTTP/1.1" 200 2596 "http://hibiscash.com.lab2454.com/whsy.php?p=%2Fproc%2F25900%2Fnet" "Mozilla/5.0 AppleWebKit/537.36 (KHTML, like Gecko; compatible; GPTBot/1.3; +https://openai.com/gptbot)"
74.7.242.15 - - [13/Apr/2026:22:41:53 +0000] "GET /whsy.php?p=%2Fproc%2F3011 HTTP/1.1" 200 860 "http://www.hibiscash.com.lab2454.com/whsy.php?e=27514&p=%2Fproc" "Mozilla/5.0 AppleWebKit/537.36 (KHTML, like Gecko; compatible; GPTBot/1.3; +https://openai.com/gptbot)"
74.7.227.181 - - [13/Apr/2026:22:41:55 +0000] "GET /whsy.php?p=%2Fproc%2F4274%2Fnet HTTP/1.1" 200 2440 "http://hibiscash.com.lab2454.com/whsy.php?p=%2Fproc%2F4274" "Mozilla/5.0 AppleWebKit/537.36 (KHTML, like Gecko; compatible; GPTBot/1.3; +https://openai.com/gptbot)"
74.7.242.15 - - [13/Apr/2026:22:41:57 +0000] "GET /whsy.php?p=%2Fproc%2F6452 HTTP/1.1" 200 860 "http://www.hibiscash.com.lab2454.com/whsy.php?e=drbd&p=%2Fproc" "Mozilla/5.0 AppleWebKit/537.36 (KHTML, like Gecko; compatible; GPTBot/1.3; +https://openai.com/gptbot)"
74.7.227.181 - - [13/Apr/2026:22:41:58 +0000] "GET /whsy.php?e=smaps_rollup&p=%2Fproc%2F4274 HTTP/1.1" 200 2118 "http://hibiscash.com.lab2454.com/whsy.php?p=%2Fproc%2F4274" "Mozilla/5.0 AppleWebKit/537.36 (KHTML, like Gecko; compatible; GPTBot/1.3; +https://openai.com/gptbot)"
74.7.242.15 - - [13/Apr/2026:22:42:01 +0000] "GET /whsy.php?p=%2Fproc%2F9378 HTTP/1.1" 200 860 "http://www.hibiscash.com.lab2454.com/whsy.php?p=%2Fproc%2F13147%2F.." "Mozilla/5.0 AppleWebKit/537.36 (KHTML, like Gecko; compatible; GPTBot/1.3; +https://openai.com/gptbot)"
74.7.242.15 - - [13/Apr/2026:22:42:04 +0000] "GET /whsy.php?e=oom_adj&p=%2Fproc%2F7097 HTTP/1.1" 200 2005 "http://www.hibiscash.com.lab2454.com/whsy.php?p=%2Fproc%2F7097" "Mozilla/5.0 AppleWebKit/537.36 (KHTML, like Gecko; compatible; GPTBot/1.3; +https://openai.com/gptbot)"
74.7.227.181 - - [13/Apr/2026:22:42:05 +0000] "GET /whsy.php?e=route&p=%2Fproc%2F25900%2Fnet HTTP/1.1" 200 2636 "http://hibiscash.com.lab2454.com/whsy.php?p=%2Fproc%2F25900%2Fnet" "Mozilla/5.0 AppleWebKit/537.36 (KHTML, like Gecko; compatible; GPTBot/1.3; +https://openai.com/gptbot)"
74.7.242.15 - - [13/Apr/2026:22:42:08 +0000] "GET /whsy.php?e=oom_adj&p=%2Fproc%2F1007 HTTP/1.1" 200 2004 "http://www.hibiscash.com.lab2454.com/whsy.php?p=%2Fproc%2F1007" "Mozilla/5.0 AppleWebKit/537.36 (KHTML, like Gecko; compatible; GPTBot/1.3; +https://openai.com/gptbot)"
74.7.242.15 - - [13/Apr/2026:22:42:11 +0000] "GET /whsy.php?e=gid_map&p=%2Fproc%2F1007 HTTP/1.1" 200 2022 "http://www.hibiscash.com.lab2454.com/whsy.php?p=%2Fproc%2F1007" "Mozilla/5.0 AppleWebKit/537.36 (KHTML, like Gecko; compatible; GPTBot/1.3; +https://openai.com/gptbot)"
74.7.227.181 - - [13/Apr/2026:22:42:12 +0000] "GET /whsy.php?e=ptype&p=%2Fproc%2F18074%2Fnet HTTP/1.1" 200 2617 "http://hibiscash.com.lab2454.com/whsy.php?p=%2Fproc%2F18074%2Fnet" "Mozilla/5.0 AppleWebKit/537.36 (KHTML, like Gecko; compatible; GPTBot/1.3; +https://openai.com/gptbot)"
74.7.242.15 - - [13/Apr/2026:22:42:15 +0000] "GET /whsy.php?e=uid_map&p=%2Fproc%2F7097 HTTP/1.1" 200 2019 "http://www.hibiscash.com.lab2454.com/whsy.php?p=%2Fproc%2F7097" "Mozilla/5.0 AppleWebKit/537.36 (KHTML, like Gecko; compatible; GPTBot/1.3; +https://openai.com/gptbot)"
74.7.242.15 - - [13/Apr/2026:22:42:18 +0000] "GET /whsy.php?e=uid_map&p=%2Fproc%2F1007 HTTP/1.1" 200 2019 "http://www.hibiscash.com.lab2454.com/whsy.php?p=%2Fproc%2F1007" "Mozilla/5.0 AppleWebKit/537.36 (KHTML, like Gecko; compatible; GPTBot/1.3; +https://openai.com/gptbot)"
74.7.242.15 - - [13/Apr/2026:22:42:22 +0000] "GET /whsy.php?e=gid_map&p=%2Fproc%2F7097 HTTP/1.1" 200 2023 "http://www.hibiscash.com.lab2454.com/whsy.php?p=%2Fproc%2F7097" "Mozilla/5.0 AppleWebKit/537.36 (KHTML, like Gecko; compatible; GPTBot/1.3; +https://openai.com/gptbot)"
74.7.227.181 - - [13/Apr/2026:22:42:23 +0000] "GET /whsy.php?e=exec&p=%2Fproc%2F25900%2Fattr HTTP/1.1" 200 859 "http://hibiscash.com.lab2454.com/whsy.php?p=%2Fproc%2F25900%2Fattr" "Mozilla/5.0 AppleWebKit/537.36 (KHTML, like Gecko; compatible; GPTBot/1.3; +https://openai.com/gptbot)"
74.7.242.15 - - [13/Apr/2026:22:42:25 +0000] "GET /whsy.php?e=auxv&p=%2Fproc%2F7097 HTTP/1.1" 200 1935 "http://www.hibiscash.com.lab2454.com/whsy.php?p=%2Fproc%2F7097" "Mozilla/5.0 AppleWebKit/537.36 (KHTML, like Gecko; compatible; GPTBot/1.3; +https://openai.com/gptbot)"
74.7.227.181 - - [13/Apr/2026:22:42:27 +0000] "GET /whsy.php?e=pfkey&p=%2Fproc%2F25900%2Fnet HTTP/1.1" 200 2533 "http://hibiscash.com.lab2454.com/whsy.php?p=%2Fproc%2F25900%2Fnet" "Mozilla/5.0 AppleWebKit/537.36 (KHTML, like Gecko; compatible; GPTBot/1.3; +https://openai.com/gptbot)"
74.7.242.15 - - [13/Apr/2026:22:42:29 +0000] "GET /whsy.php?e=auxv&p=%2Fproc%2F1007 HTTP/1.1" 200 1935 "http://www.hibiscash.com.lab2454.com/whsy.php?p=%2Fproc%2F1007" "Mozilla/5.0 AppleWebKit/537.36 (KHTML, like Gecko; compatible; GPTBot/1.3; +https://openai.com/gptbot)"
74.7.227.181 - - [13/Apr/2026:22:42:30 +0000] "GET /whsy.php?e=packet&p=%2Fproc%2F18074%2Fnet HTTP/1.1" 200 2572 "http://hibiscash.com.lab2454.com/whsy.php?p=%2Fproc%2F18074%2Fnet" "Mozilla/5.0 AppleWebKit/537.36 (KHTML, like Gecko; compatible; GPTBot/1.3; +https://openai.com/gptbot)"
74.7.242.15 - - [13/Apr/2026:22:42:33 +0000] "GET /whsy.php?e=oom_score_adj&p=%2Fproc%2F7097 HTTP/1.1" 200 2006 "http://www.hibiscash.com.lab2454.com/whsy.php?p=%2Fproc%2F7097" "Mozilla/5.0 AppleWebKit/537.36 (KHTML, like Gecko; compatible; GPTBot/1.3; +https://openai.com/gptbot)"
74.7.227.181 - - [13/Apr/2026:22:42:34 +0000] "GET /whsy.php?e=igmp6&p=%2Fproc%2F4274%2Fnet HTTP/1.1" 200 2721 "http://hibiscash.com.lab2454.com/whsy.php?p=%2Fproc%2F4274%2Fnet" "Mozilla/5.0 AppleWebKit/537.36 (KHTML, like Gecko; compatible; GPTBot/1.3; +https://openai.com/gptbot)"
74.7.242.15 - - [13/Apr/2026:22:42:37 +0000] "GET /whsy.php?e=oom_score_adj&p=%2Fproc%2F1007 HTTP/1.1" 200 2005 "http://www.hibiscash.com.lab2454.com/whsy.php?p=%2Fproc%2F1007" "Mozilla/5.0 AppleWebKit/537.36 (KHTML, like Gecko; compatible; GPTBot/1.3; +https://openai.com/gptbot)"
74.7.227.181 - - [13/Apr/2026:22:42:38 +0000] "GET /whsy.php?e=netstat&p=%2Fproc%2F4274%2Fnet HTTP/1.1" 200 4258 "http://hibiscash.com.lab2454.com/whsy.php?p=%2Fproc%2F4274%2Fnet" "Mozilla/5.0 AppleWebKit/537.36 (KHTML, like Gecko; compatible; GPTBot/1.3; +https://openai.com/gptbot)"
74.7.242.15 - - [13/Apr/2026:22:42:41 +0000] "GET /whsy.php?e=comm&p=%2Fproc%2F1007 HTTP/1.1" 200 2011 "http://www.hibiscash.com.lab2454.com/whsy.php?p=%2Fproc%2F1007" "Mozilla/5.0 AppleWebKit/537.36 (KHTML, like Gecko; compatible; GPTBot/1.3; +https://openai.com/gptbot)"
74.7.227.181 - - [13/Apr/2026:22:42:42 +0000] "GET /whsy.php?e=protocols&p=%2Fproc%2F4274%2Fnet HTTP/1.1" 200 2958 "http://hibiscash.com.lab2454.com/whsy.php?p=%2Fproc%2F4274%2Fnet" "Mozilla/5.0 AppleWebKit/537.36 (KHTML, like Gecko; compatible; GPTBot/1.3; +https://openai.com/gptbot)"
74.7.242.15 - - [13/Apr/2026:22:42:45 +0000] "GET /whsy.php?e=root&p=%2Fproc%2F7097 HTTP/1.1" 200 1935 "http://www.hibiscash.com.lab2454.com/whsy.php?p=%2Fproc%2F7097" "Mozilla/5.0 AppleWebKit/537.36 (KHTML, like Gecko; compatible; GPTBot/1.3; +https://openai.com/gptbot)"
74.7.227.181 - - [13/Apr/2026:22:42:46 +0000] "GET /whsy.php?e=connector&p=%2Fproc%2F4274%2Fnet HTTP/1.1" 200 2522 "http://hibiscash.com.lab2454.com/whsy.php?p=%2Fproc%2F4274%2Fnet" "Mozilla/5.0 AppleWebKit/537.36 (KHTML, like Gecko; compatible; GPTBot/1.3; +https://openai.com/gptbot)"
74.7.242.15 - - [13/Apr/2026:22:42:49 +0000] "GET /whsy.php?e=root&p=%2Fproc%2F1007 HTTP/1.1" 200 1935 "http://www.hibiscash.com.lab2454.com/whsy.php?p=%2Fproc%2F1007" "Mozilla/5.0 AppleWebKit/537.36 (KHTML, like Gecko; compatible; GPTBot/1.3; +https://openai.com/gptbot)"
74.7.227.181 - - [13/Apr/2026:22:42:50 +0000] "GET /whsy.php?e=dev_mcast&p=%2Fproc%2F4274%2Fnet HTTP/1.1" 200 2577 "http://hibiscash.com.lab2454.com/whsy.php?p=%2Fproc%2F4274%2Fnet" "Mozilla/5.0 AppleWebKit/537.36 (KHTML, like Gecko; compatible; GPTBot/1.3; +https://openai.com/gptbot)"
74.7.242.15 - - [13/Apr/2026:22:42:53 +0000] "GET /whsy.php?e=comm&p=%2Fproc%2F7097 HTTP/1.1" 200 2005 "http://www.hibiscash.com.lab2454.com/whsy.php?p=%2Fproc%2F7097" "Mozilla/5.0 AppleWebKit/537.36 (KHTML, like Gecko; compatible; GPTBot/1.3; +https://openai.com/gptbot)"
74.7.227.181 - - [13/Apr/2026:22:42:54 +0000] "GET /whsy.php?e=xfrm_stat&p=%2Fproc%2F4274%2Fnet HTTP/1.1" 200 2714 "http://hibiscash.com.lab2454.com/whsy.php?p=%2Fproc%2F4274%2Fnet" "Mozilla/5.0 AppleWebKit/537.36 (KHTML, like Gecko; compatible; GPTBot/1.3; +https://openai.com/gptbot)"
74.7.242.15 - - [13/Apr/2026:22:42:57 +0000] "GET /whsy.php?e=maps&p=%2Fproc%2F7097 HTTP/1.1" 200 2117 "http://www.hibiscash.com.lab2454.com/whsy.php?p=%2Fproc%2F7097" "Mozilla/5.0 AppleWebKit/537.36 (KHTML, like Gecko; compatible; GPTBot/1.3; +https://openai.com/gptbot)"
74.7.227.181 - - [13/Apr/2026:22:42:58 +0000] "GET /whsy.php?p=%2Fproc%2F4274%2Fnet%2Fnetfilter HTTP/1.1" 200 731 "http://hibiscash.com.lab2454.com/whsy.php?p=%2Fproc%2F4274%2Fnet" "Mozilla/5.0 AppleWebKit/537.36 (KHTML, like Gecko; compatible; GPTBot/1.3; +https://openai.com/gptbot)"
74.7.242.15 - - [13/Apr/2026:22:43:00 +0000] "GET /whsy.php?e=maps&p=%2Fproc%2F1007 HTTP/1.1" 200 2116 "http://www.hibiscash.com.lab2454.com/whsy.php?p=%2Fproc%2F1007" "Mozilla/5.0 AppleWebKit/537.36 (KHTML, like Gecko; compatible; GPTBot/1.3; +https://openai.com/gptbot)"
74.7.227.181 - - [13/Apr/2026:22:43:02 +0000] "GET /whsy.php?e=sockstat6&p=%2Fproc%2F4274%2Fnet HTTP/1.1" 200 2562 "http://hibiscash.com.lab2454.com/whsy.php?p=%2Fproc%2F4274%2Fnet" "Mozilla/5.0 AppleWebKit/537.36 (KHTML, like Gecko; compatible; GPTBot/1.3; +https://openai.com/gptbot)"
74.7.242.15 - - [13/Apr/2026:22:43:04 +0000] "GET /whsy.php?e=io&p=%2Fproc%2F1007 HTTP/1.1" 200 1935 "http://www.hibiscash.com.lab2454.com/whsy.php?p=%2Fproc%2F1007" "Mozilla/5.0 AppleWebKit/537.36 (KHTML, like Gecko; compatible; GPTBot/1.3; +https://openai.com/gptbot)"
74.7.227.181 - - [13/Apr/2026:22:43:05 +0000] "GET /whsy.php?e=mcfilter6&p=%2Fproc%2F4274%2Fnet HTTP/1.1" 200 2553 "http://hibiscash.com.lab2454.com/whsy.php?p=%2Fproc%2F4274%2Fnet" "Mozilla/5.0 AppleWebKit/537.36 (KHTML, like Gecko; compatible; GPTBot/1.3; +https://openai.com/gptbot)"
74.7.242.15 - - [13/Apr/2026:22:43:07 +0000] "GET /whsy.php?e=io&p=%2Fproc%2F7097 HTTP/1.1" 200 860 "http://www.hibiscash.com.lab2454.com/whsy.php?p=%2Fproc%2F7097" "Mozilla/5.0 AppleWebKit/537.36 (KHTML, like Gecko; compatible; GPTBot/1.3; +https://openai.com/gptbot)"
74.7.227.181 - - [13/Apr/2026:22:43:08 +0000] "GET /whsy.php?e=ptype&p=%2Fproc%2F4274%2Fnet HTTP/1.1" 200 2616 "http://hibiscash.com.lab2454.com/whsy.php?p=%2Fproc%2F4274%2Fnet" "Mozilla/5.0 AppleWebKit/537.36 (KHTML, like Gecko; compatible; GPTBot/1.3; +https://openai.com/gptbot)"
74.7.242.15 - - [13/Apr/2026:22:43:11 +0000] "GET /whsy.php?e=cwd&p=%2Fproc%2F7097 HTTP/1.1" 200 860 "http://www.hibiscash.com.lab2454.com/whsy.php?p=%2Fproc%2F7097" "Mozilla/5.0 AppleWebKit/537.36 (KHTML, like Gecko; compatible; GPTBot/1.3; +https://openai.com/gptbot)"
74.7.227.181 - - [13/Apr/2026:22:43:12 +0000] "GET /whsy.php?e=pppoe&p=%2Fproc%2F4274%2Fnet HTTP/1.1" 200 2524 "http://hibiscash.com.lab2454.com/whsy.php?p=%2Fproc%2F4274%2Fnet" "Mozilla/5.0 AppleWebKit/537.36 (KHTML, like Gecko; compatible; GPTBot/1.3; +https://openai.com/gptbot)"
74.7.242.15 - - [13/Apr/2026:22:43:14 +0000] "GET /whsy.php?e=cwd&p=%2Fproc%2F1007 HTTP/1.1" 200 1935 "http://www.hibiscash.com.lab2454.com/whsy.php?p=%2Fproc%2F1007" "Mozilla/5.0 AppleWebKit/537.36 (KHTML, like Gecko; compatible; GPTBot/1.3; +https://openai.com/gptbot)"
74.7.227.181 - - [13/Apr/2026:22:43:15 +0000] "GET /whsy.php?e=udplite&p=%2Fproc%2F4274%2Fnet HTTP/1.1" 200 2583 "http://hibiscash.com.lab2454.com/whsy.php?p=%2Fproc%2F4274%2Fnet" "Mozilla/5.0 AppleWebKit/537.36 (KHTML, like Gecko; compatible; GPTBot/1.3; +https://openai.com/gptbot)"
74.7.242.15 - - [13/Apr/2026:22:43:18 +0000] "GET /whsy.php?e=exe&p=%2Fproc%2F1007 HTTP/1.1" 200 1935 "http://www.hibiscash.com.lab2454.com/whsy.php?p=%2Fproc%2F1007" "Mozilla/5.0 AppleWebKit/537.36 (KHTML, like Gecko; compatible; GPTBot/1.3; +https://openai.com/gptbot)"
74.7.227.181 - - [13/Apr/2026:22:43:19 +0000] "GET /whsy.php?e=rt6_stats&p=%2Fproc%2F4274%2Fnet HTTP/1.1" 200 2529 "http://hibiscash.com.lab2454.com/whsy.php?p=%2Fproc%2F4274%2Fnet" "Mozilla/5.0 AppleWebKit/537.36 (KHTML, like Gecko; compatible; GPTBot/1.3; +https://openai.com/gptbot)"
74.7.242.15 - - [13/Apr/2026:22:43:21 +0000] "GET /whsy.php?e=mem&p=%2Fproc%2F7097 HTTP/1.1" 200 860 "http://www.hibiscash.com.lab2454.com/whsy.php?p=%2Fproc%2F7097" "Mozilla/5.0 AppleWebKit/537.36 (KHTML, like Gecko; compatible; GPTBot/1.3; +https://openai.com/gptbot)"
74.7.227.181 - - [13/Apr/2026:22:43:22 +0000] "GET /whsy.php?e=anycast6&p=%2Fproc%2F4274%2Fnet HTTP/1.1" 200 2506 "http://hibiscash.com.lab2454.com/whsy.php?p=%2Fproc%2F4274%2Fnet" "Mozilla/5.0 AppleWebKit/537.36 (KHTML, like Gecko; compatible; GPTBot/1.3; +https://openai.com/gptbot)"
74.7.242.15 - - [13/Apr/2026:22:43:25 +0000] "GET /whsy.php?e=mem&p=%2Fproc%2F1007 HTTP/1.1" 200 1935 "http://www.hibiscash.com.lab2454.com/whsy.php?p=%2Fproc%2F1007" "Mozilla/5.0 AppleWebKit/537.36 (KHTML, like Gecko; compatible; GPTBot/1.3; +https://openai.com/gptbot)"
74.7.227.181 - - [13/Apr/2026:22:43:26 +0000] "GET /whsy.php?e=ip_mr_vif&p=%2Fproc%2F4274%2Fnet HTTP/1.1" 200 2551 "http://hibiscash.com.lab2454.com/whsy.php?p=%2Fproc%2F4274%2Fnet" "Mozilla/5.0 AppleWebKit/537.36 (KHTML, like Gecko; compatible; GPTBot/1.3; +https://openai.com/gptbot)"
74.7.242.15 - - [13/Apr/2026:22:43:28 +0000] "GET /whsy.php?e=exe&p=%2Fproc%2F7097 HTTP/1.1" 200 860 "http://www.hibiscash.com.lab2454.com/whsy.php?p=%2Fproc%2F7097" "Mozilla/5.0 AppleWebKit/537.36 (KHTML, like Gecko; compatible; GPTBot/1.3; +https://openai.com/gptbot)"
74.7.227.181 - - [13/Apr/2026:22:43:29 +0000] "GET /whsy.php?e=mcfilter&p=%2Fproc%2F4274%2Fnet HTTP/1.1" 200 2537 "http://hibiscash.com.lab2454.com/whsy.php?p=%2Fproc%2F4274%2Fnet" "Mozilla/5.0 AppleWebKit/537.36 (KHTML, like Gecko; compatible; GPTBot/1.3; +https://openai.com/gptbot)"
74.7.242.15 - - [13/Apr/2026:22:43:32 +0000] "GET /whsy.php?e=ksm_stat&p=%2Fproc%2F1007 HTTP/1.1" 200 1935 "http://www.hibiscash.com.lab2454.com/whsy.php?p=%2Fproc%2F1007" "Mozilla/5.0 AppleWebKit/537.36 (KHTML, like Gecko; compatible; GPTBot/1.3; +https://openai.com/gptbot)"
74.7.242.15 - - [13/Apr/2026:22:43:35 +0000] "GET /whsy.php?e=ksm_stat&p=%2Fproc%2F7097 HTTP/1.1" 200 860 "http://www.hibiscash.com.lab2454.com/whsy.php?p=%2Fproc%2F7097" "Mozilla/5.0 AppleWebKit/537.36 (KHTML, like Gecko; compatible; GPTBot/1.3; +https://openai.com/gptbot)"
74.7.227.181 - - [13/Apr/2026:22:43:37 +0000] "GET /whsy.php?e=psched&p=%2Fproc%2F4274%2Fnet HTTP/1.1" 200 2531 "http://hibiscash.com.lab2454.com/whsy.php?p=%2Fproc%2F4274%2Fnet" "Mozilla/5.0 AppleWebKit/537.36 (KHTML, like Gecko; compatible; GPTBot/1.3; +https://openai.com/gptbot)"
74.7.242.15 - - [13/Apr/2026:22:43:39 +0000] "GET /whsy.php?e=timerslack_ns&p=%2Fproc%2F1007 HTTP/1.1" 200 2004 "http://www.hibiscash.com.lab2454.com/whsy.php?p=%2Fproc%2F1007" "Mozilla/5.0 AppleWebKit/537.36 (KHTML, like Gecko; compatible; GPTBot/1.3; +https://openai.com/gptbot)"
74.7.227.181 - - [13/Apr/2026:22:43:40 +0000] "GET /whsy.php?e=tcp6&p=%2Fproc%2F4274%2Fnet HTTP/1.1" 200 3065 "http://hibiscash.com.lab2454.com/whsy.php?p=%2Fproc%2F4274%2Fnet" "Mozilla/5.0 AppleWebKit/537.36 (KHTML, like Gecko; compatible; GPTBot/1.3; +https://openai.com/gptbot)"
74.7.242.15 - - [13/Apr/2026:22:43:42 +0000] "GET /whsy.php?e=timerslack_ns&p=%2Fproc%2F7097 HTTP/1.1" 200 860 "http://www.hibiscash.com.lab2454.com/whsy.php?p=%2Fproc%2F7097" "Mozilla/5.0 AppleWebKit/537.36 (KHTML, like Gecko; compatible; GPTBot/1.3; +https://openai.com/gptbot)"
74.7.242.15 - - [13/Apr/2026:22:43:46 +0000] "GET /whsy.php?e=status&p=%2Fproc%2F1007 HTTP/1.1" 200 2556 "http://www.hibiscash.com.lab2454.com/whsy.php?p=%2Fproc%2F1007" "Mozilla/5.0 AppleWebKit/537.36 (KHTML, like Gecko; compatible; GPTBot/1.3; +https://openai.com/gptbot)"
74.7.227.181 - - [13/Apr/2026:22:43:47 +0000] "GET /whsy.php?e=tcp&p=%2Fproc%2F25900%2Fnet HTTP/1.1" 200 11043 "http://hibiscash.com.lab2454.com/whsy.php?p=%2Fproc%2F25900%2Fnet" "Mozilla/5.0 AppleWebKit/537.36 (KHTML, like Gecko; compatible; GPTBot/1.3; +https://openai.com/gptbot)"
74.7.242.15 - - [13/Apr/2026:22:43:49 +0000] "GET /whsy.php?e=timers&p=%2Fproc%2F1007 HTTP/1.1" 200 2002 "http://www.hibiscash.com.lab2454.com/whsy.php?p=%2Fproc%2F1007" "Mozilla/5.0 AppleWebKit/537.36 (KHTML, like Gecko; compatible; GPTBot/1.3; +https://openai.com/gptbot)"
74.7.227.181 - - [13/Apr/2026:22:43:51 +0000] "GET /whsy.php?e=rt_acct&p=%2Fproc%2F25900%2Fnet HTTP/1.1" 200 2528 "http://hibiscash.com.lab2454.com/whsy.php?p=%2Fproc%2F25900%2Fnet" "Mozilla/5.0 AppleWebKit/537.36 (KHTML, like Gecko; compatible; GPTBot/1.3; +https://openai.com/gptbot)"
74.7.242.15 - - [13/Apr/2026:22:43:53 +0000] "GET /whsy.php?e=timers&p=%2Fproc%2F7097 HTTP/1.1" 200 860 "http://www.hibiscash.com.lab2454.com/whsy.php?p=%2Fproc%2F7097" "Mozilla/5.0 AppleWebKit/537.36 (KHTML, like Gecko; compatible; GPTBot/1.3; +https://openai.com/gptbot)"
74.7.242.15 - - [13/Apr/2026:22:43:56 +0000] "GET /whsy.php?e=status&p=%2Fproc%2F7097 HTTP/1.1" 200 860 "http://www.hibiscash.com.lab2454.com/whsy.php?p=%2Fproc%2F7097" "Mozilla/5.0 AppleWebKit/537.36 (KHTML, like Gecko; compatible; GPTBot/1.3; +https://openai.com/gptbot)"
74.7.227.181 - - [13/Apr/2026:22:43:58 +0000] "GET /whsy.php?e=prev&p=%2Fproc%2F25900%2Fattr HTTP/1.1" 200 858 "http://hibiscash.com.lab2454.com/whsy.php?p=%2Fproc%2F25900%2Fattr" "Mozilla/5.0 AppleWebKit/537.36 (KHTML, like Gecko; compatible; GPTBot/1.3; +https://openai.com/gptbot)"
74.7.242.15 - - [13/Apr/2026:22:44:00 +0000] "GET /whsy.php?e=limits&p=%2Fproc%2F7097 HTTP/1.1" 200 860 "http://www.hibiscash.com.lab2454.com/whsy.php?p=%2Fproc%2F7097" "Mozilla/5.0 AppleWebKit/537.36 (KHTML, like Gecko; compatible; GPTBot/1.3; +https://openai.com/gptbot)"
74.7.242.15 - - [13/Apr/2026:22:44:04 +0000] "GET /whsy.php?e=mounts&p=%2Fproc%2F1007 HTTP/1.1" 200 2646 "http://www.hibiscash.com.lab2454.com/whsy.php?p=%2Fproc%2F1007" "Mozilla/5.0 AppleWebKit/537.36 (KHTML, like Gecko; compatible; GPTBot/1.3; +https://openai.com/gptbot)"
74.7.227.181 - - [13/Apr/2026:22:44:06 +0000] "GET /whsy.php?e=tcp&p=%2Fproc%2F4274%2Fnet HTTP/1.1" 200 11636 "http://hibiscash.com.lab2454.com/whsy.php?p=%2Fproc%2F4274%2Fnet" "Mozilla/5.0 AppleWebKit/537.36 (KHTML, like Gecko; compatible; GPTBot/1.3; +https://openai.com/gptbot)"
74.7.242.15 - - [13/Apr/2026:22:44:07 +0000] "GET /whsy.php?e=mounts&p=%2Fproc%2F7097 HTTP/1.1" 200 860 "http://www.hibiscash.com.lab2454.com/whsy.php?p=%2Fproc%2F7097" "Mozilla/5.0 AppleWebKit/537.36 (KHTML, like Gecko; compatible; GPTBot/1.3; +https://openai.com/gptbot)"
74.7.242.15 - - [13/Apr/2026:22:44:11 +0000] "GET /whsy.php?e=limits&p=%2Fproc%2F1007 HTTP/1.1" 200 2250 "http://www.hibiscash.com.lab2454.com/whsy.php?p=%2Fproc%2F1007" "Mozilla/5.0 AppleWebKit/537.36 (KHTML, like Gecko; compatible; GPTBot/1.3; +https://openai.com/gptbot)"
74.7.227.181 - - [13/Apr/2026:22:44:13 +0000] "GET /whsy.php?e=arp&p=%2Fproc%2F25900%2Fnet HTTP/1.1" 200 2578 "http://hibiscash.com.lab2454.com/whsy.php?p=%2Fproc%2F25900%2Fnet" "Mozilla/5.0 AppleWebKit/537.36 (KHTML, like Gecko; compatible; GPTBot/1.3; +https://openai.com/gptbot)"
74.7.242.15 - - [13/Apr/2026:22:44:14 +0000] "GET /whsy.php?p=%2Fproc%2F7097%2Ftask HTTP/1.1" 200 860 "http://www.hibiscash.com.lab2454.com/whsy.php?p=%2Fproc%2F7097" "Mozilla/5.0 AppleWebKit/537.36 (KHTML, like Gecko; compatible; GPTBot/1.3; +https://openai.com/gptbot)"
74.7.242.15 - - [13/Apr/2026:22:44:18 +0000] "GET /whsy.php?p=%2Fproc%2F7097%2Fattr HTTP/1.1" 200 860 "http://www.hibiscash.com.lab2454.com/whsy.php?p=%2Fproc%2F7097" "Mozilla/5.0 AppleWebKit/537.36 (KHTML, like Gecko; compatible; GPTBot/1.3; +https://openai.com/gptbot)"
74.7.227.181 - - [13/Apr/2026:22:44:20 +0000] "GET /whsy.php?p=%2Fproc%2F25900%2Fnet%2Fipt_hashlimit HTTP/1.1" 200 501 "http://hibiscash.com.lab2454.com/whsy.php?p=%2Fproc%2F25900%2Fnet" "Mozilla/5.0 AppleWebKit/537.36 (KHTML, like Gecko; compatible; GPTBot/1.3; +https://openai.com/gptbot)"
74.7.242.15 - - [13/Apr/2026:22:44:21 +0000] "GET /whsy.php?p=%2Fproc%2F1007%2Fattr HTTP/1.1" 200 799 "http://www.hibiscash.com.lab2454.com/whsy.php?p=%2Fproc%2F1007" "Mozilla/5.0 AppleWebKit/537.36 (KHTML, like Gecko; compatible; GPTBot/1.3; +https://openai.com/gptbot)"
74.7.227.181 - - [13/Apr/2026:22:44:24 +0000] "GET /whsy.php?p=%2Fproc%2F4274%2Fnet%2Fip6t_hashlimit HTTP/1.1" 200 500 "http://hibiscash.com.lab2454.com/whsy.php?p=%2Fproc%2F4274%2Fnet" "Mozilla/5.0 AppleWebKit/537.36 (KHTML, like Gecko; compatible; GPTBot/1.3; +https://openai.com/gptbot)"
74.7.242.15 - - [13/Apr/2026:22:44:25 +0000] "GET /whsy.php?p=%2Fproc%2F1007%2Ftask HTTP/1.1" 200 488 "http://www.hibiscash.com.lab2454.com/whsy.php?p=%2Fproc%2F1007" "Mozilla/5.0 AppleWebKit/537.36 (KHTML, like Gecko; compatible; GPTBot/1.3; +https://openai.com/gptbot)"
74.7.227.181 - - [13/Apr/2026:22:44:27 +0000] "GET /whsy.php?e=fib_trie&p=%2Fproc%2F4274%2Fnet HTTP/1.1" 200 2693 "http://hibiscash.com.lab2454.com/whsy.php?p=%2Fproc%2F4274%2Fnet" "Mozilla/5.0 AppleWebKit/537.36 (KHTML, like Gecko; compatible; GPTBot/1.3; +https://openai.com/gptbot)"
