74.7.243.197 - - [13/Apr/2026:13:00:14 +0000] "GET /whsy.php?e=timerslack_ns&p=%2Fproc%2F13605 HTTP/1.1" 200 2007 "http://shakalar.com/whsy.php?p=%2Fproc%2F13605" "Mozilla/5.0 AppleWebKit/537.36 (KHTML, like Gecko; compatible; GPTBot/1.3; +https://openai.com/gptbot)"
144.76.19.75 - - [13/Apr/2026:13:00:20 +0000] "GET /whsy.php?e=404.html&p=/home/lab2454c/veritserv.com/wp-content/themes/twentytwentythree/templates HTTP/1.1" 200 1222 "-" "Mozilla/5.0 (compatible; SERankingBacklinksBot/1.0; +https://seranking.com/backlinks-crawler)"
144.76.19.75 - - [13/Apr/2026:13:00:26 +0000] "GET /whsy.php?e=AssetCache.php&p=/home/lab2454c/veritserv.com/wp-content/plugins/popup-maker/classes HTTP/1.1" 200 7539 "-" "Mozilla/5.0 (compatible; SERankingBacklinksBot/1.0; +https://seranking.com/backlinks-crawler)"
74.7.227.50 - - [13/Apr/2026:13:00:31 +0000] "GET /whsy.php?p=%2Fproc%2F14122%2Fns HTTP/1.1" 200 942 "http://www.shakalar.com/whsy.php?p=%2Fproc%2F14122" "Mozilla/5.0 AppleWebKit/537.36 (KHTML, like Gecko; compatible; GPTBot/1.3; +https://openai.com/gptbot)"
144.76.19.75 - - [13/Apr/2026:13:00:31 +0000] "GET /whsy.php?e=AM_Tech-1219506643.jpg&p=/home/lab2454c/elementalmill.com/wp-content/uploads/2021/12 HTTP/1.1" 200 8937 "-" "Mozilla/5.0 (compatible; SERankingBacklinksBot/1.0; +https://seranking.com/backlinks-crawler)"
74.7.241.0 - - [13/Apr/2026:13:00:31 +0000] "GET /whsy.php?e=1757082259.M172181P14126.node3636.myfcloud.com%2CS%3D1313%2CW%3D1348&p=%2Fhome%2Flab2454c%2Fmail%2Fnew HTTP/1.1" 200 414705 "http://www.shakalar.com.lab2454.com/whsy.php?p=%2Fhome%2Flab2454c%2Fmail%2Fnew" "Mozilla/5.0 AppleWebKit/537.36 (KHTML, like Gecko; compatible; GPTBot/1.3; +https://openai.com/gptbot)"
144.76.19.75 - - [13/Apr/2026:13:00:33 +0000] "GET /whsy.php?e=404.html&p=/home/lab2454c/veritserv.net/wp-content/themes/twentytwentythree/templates HTTP/1.1" 200 1192 "-" "Mozilla/5.0 (compatible; SERankingBacklinksBot/1.0; +https://seranking.com/backlinks-crawler)"
144.76.19.75 - - [13/Apr/2026:13:00:37 +0000] "GET /whsy.php?e=AXHq_Banner_02-768x512.jpg&p=/home/lab2454c/caimegroup.com/wp-content/uploads/2024/05 HTTP/1.1" 200 14410 "-" "Mozilla/5.0 (compatible; SERankingBacklinksBot/1.0; +https://seranking.com/backlinks-crawler)"
144.76.19.75 - - [13/Apr/2026:13:00:40 +0000] "GET /whsy.php?e=AssetCache.php&p=/home/lab2454c/veritserv.net/wp-content/plugins/popup-maker/classes HTTP/1.1" 200 7012 "-" "Mozilla/5.0 (compatible; SERankingBacklinksBot/1.0; +https://seranking.com/backlinks-crawler)"
74.7.243.197 - - [13/Apr/2026:13:00:41 +0000] "GET /whsy.php?e=setgroups&p=%2Fproc%2F11929 HTTP/1.1" 200 942 "http://shakalar.com/whsy.php?p=%2Fproc%2F11929" "Mozilla/5.0 AppleWebKit/537.36 (KHTML, like Gecko; compatible; GPTBot/1.3; +https://openai.com/gptbot)"
144.76.19.75 - - [13/Apr/2026:13:00:43 +0000] "GET /whsy.php?e=.gitignore&p=/home/lab2454c/veritserv.com/wp-content/plugins/user-registration-extras HTTP/1.1" 200 1327 "-" "Mozilla/5.0 (compatible; SERankingBacklinksBot/1.0; +https://seranking.com/backlinks-crawler)"
144.76.19.75 - - [13/Apr/2026:13:00:54 +0000] "GET /whsy.php?e=APNews_img1-1024x682.webp&p=/home/lab2454c/caimegroup.com/wp-content/uploads/2024/04 HTTP/1.1" 200 25523 "-" "Mozilla/5.0 (compatible; SERankingBacklinksBot/1.0; +https://seranking.com/backlinks-crawler)"
144.76.19.75 - - [13/Apr/2026:13:00:58 +0000] "GET /whsy.php?e=.gitignore&p=/home/lab2454c/veritserv.net/wp-content/plugins/user-registration-extras HTTP/1.1" 200 1297 "-" "Mozilla/5.0 (compatible; SERankingBacklinksBot/1.0; +https://seranking.com/backlinks-crawler)"
144.76.19.75 - - [13/Apr/2026:13:01:02 +0000] "GET /whsy.php?e=404.php&p=/home/lab2454c/invest.equitablebarter.com/wp-content/themes/twentytwentyone HTTP/1.1" 200 1893 "-" "Mozilla/5.0 (compatible; SERankingBacklinksBot/1.0; +https://seranking.com/backlinks-crawler)"
74.7.243.197 - - [13/Apr/2026:13:01:03 +0000] "GET /whsy.php?e=statm&p=%2Fproc%2F13605 HTTP/1.1" 200 2032 "http://shakalar.com/whsy.php?p=%2Fproc%2F13605" "Mozilla/5.0 AppleWebKit/537.36 (KHTML, like Gecko; compatible; GPTBot/1.3; +https://openai.com/gptbot)"
144.76.19.75 - - [13/Apr/2026:13:01:06 +0000] "GET /whsy.php?e=AXHq_Banner_03-100x100.jpg&p=/home/lab2454c/caimegroup.com/wp-content/uploads/2024/05 HTTP/1.1" 200 14409 "-" "Mozilla/5.0 (compatible; SERankingBacklinksBot/1.0; +https://seranking.com/backlinks-crawler)"
144.76.19.75 - - [13/Apr/2026:13:01:09 +0000] "GET /whsy.php?e=AttributeNode.php&p=/home/lab2454c/westernclear.net/vendor/symfony/css-selector/Node HTTP/1.1" 200 1889 "-" "Mozilla/5.0 (compatible; SERankingBacklinksBot/1.0; +https://seranking.com/backlinks-crawler)"
144.76.19.75 - - [13/Apr/2026:13:01:15 +0000] "GET /whsy.php?e=AuthServiceProvider.php&p=/home/lab2454c/sportsnovate.com/backups/core/app/Providers HTTP/1.1" 200 1186 "-" "Mozilla/5.0 (compatible; SERankingBacklinksBot/1.0; +https://seranking.com/backlinks-crawler)"
74.7.241.0 - - [13/Apr/2026:13:01:19 +0000] "GET /whsy.php?e=1718237145.M583251P2705.node3636.myfcloud.com%2CS%3D3217%2CW%3D3296&p=%2Fhome%2Flab2454c%2Fmail%2Fnew HTTP/1.1" 200 415365 "http://www.shakalar.com.lab2454.com/whsy.php?p=%2Fhome%2Flab2454c%2Fmail%2Fnew" "Mozilla/5.0 AppleWebKit/537.36 (KHTML, like Gecko; compatible; GPTBot/1.3; +https://openai.com/gptbot)"
144.76.19.75 - - [13/Apr/2026:13:01:24 +0000] "GET /whsy.php?e=.htaccess&p=/home/lab2454c/invest.equitablebarter.com/wp-includes/blocks/comment-date HTTP/1.1" 200 928 "-" "Mozilla/5.0 (compatible; SERankingBacklinksBot/1.0; +https://seranking.com/backlinks-crawler)"
144.76.19.75 - - [13/Apr/2026:13:01:28 +0000] "GET /whsy.php?e=404.php&p=/home/lab2454c/public_html/wp-content/themes/hello-elementor/template-parts HTTP/1.1" 200 1344 "-" "Mozilla/5.0 (compatible; SERankingBacklinksBot/1.0; +https://seranking.com/backlinks-crawler)"
144.76.19.75 - - [13/Apr/2026:13:01:28 +0000] "GET /whsy.php?e=AuthenticatesUsers.php&p=/home/lab2454c/omvstudio.com/vendor/laravel/ui/auth-backend HTTP/1.1" 200 2373 "-" "Mozilla/5.0 (compatible; SERankingBacklinksBot/1.0; +https://seranking.com/backlinks-crawler)"
144.76.19.75 - - [13/Apr/2026:13:01:32 +0000] "GET /whsy.php?e=AXHq_Banner_03-150x150.jpg&p=/home/lab2454c/caimegroup.com/wp-content/uploads/2024/05 HTTP/1.1" 200 14408 "-" "Mozilla/5.0 (compatible; SERankingBacklinksBot/1.0; +https://seranking.com/backlinks-crawler)"
144.76.19.75 - - [13/Apr/2026:13:01:46 +0000] "GET /whsy.php?e=AuthorizationInjector.php&p=/home/lab2454c/costbloc.com/Modules/Paypal/Services/Core HTTP/1.1" 200 1636 "-" "Mozilla/5.0 (compatible; SERankingBacklinksBot/1.0; +https://seranking.com/backlinks-crawler)"
74.7.227.50 - - [13/Apr/2026:13:01:46 +0000] "GET /whsy.php?p=%2Fproc%2F26683%2Ffd HTTP/1.1" 200 942 "http://www.shakalar.com/whsy.php?p=%2Fproc%2F26683" "Mozilla/5.0 AppleWebKit/537.36 (KHTML, like Gecko; compatible; GPTBot/1.3; +https://openai.com/gptbot)"
74.7.243.197 - - [13/Apr/2026:13:01:47 +0000] "GET /whsy.php?e=stack&p=%2Fproc%2F13605 HTTP/1.1" 200 1935 "http://shakalar.com/whsy.php?p=%2Fproc%2F13605" "Mozilla/5.0 AppleWebKit/537.36 (KHTML, like Gecko; compatible; GPTBot/1.3; +https://openai.com/gptbot)"
144.76.19.75 - - [13/Apr/2026:13:01:52 +0000] "GET /whsy.php?e=AuthorizeNetResponse.php&p=/home/lab2454c/costbloc.com/Modules/AuthorizeNet/Response HTTP/1.1" 200 1469 "-" "Mozilla/5.0 (compatible; SERankingBacklinksBot/1.0; +https://seranking.com/backlinks-crawler)"
74.7.241.0 - - [13/Apr/2026:13:01:52 +0000] "GET /whsy.php?e=1690395164.M656896P27909.node3636.myfcloud.com%2CS%3D1327%2CW%3D1363&p=%2Fhome%2Flab2454c%2Fmail%2Fnew HTTP/1.1" 200 414725 "http://www.shakalar.com.lab2454.com/whsy.php?p=%2Fhome%2Flab2454c%2Fmail%2Fnew" "Mozilla/5.0 AppleWebKit/537.36 (KHTML, like Gecko; compatible; GPTBot/1.3; +https://openai.com/gptbot)"
144.76.19.75 - - [13/Apr/2026:13:01:59 +0000] "GET /whsy.php?e=AXHq_Banner_03-300x200.jpg&p=/home/lab2454c/caimegroup.com/wp-content/uploads/2024/05 HTTP/1.1" 200 14411 "-" "Mozilla/5.0 (compatible; SERankingBacklinksBot/1.0; +https://seranking.com/backlinks-crawler)"
74.7.243.197 - - [13/Apr/2026:13:02:00 +0000] "GET /whsy.php?e=schedstat&p=%2Fproc%2F13605 HTTP/1.1" 200 2026 "http://shakalar.com/whsy.php?p=%2Fproc%2F13605" "Mozilla/5.0 AppleWebKit/537.36 (KHTML, like Gecko; compatible; GPTBot/1.3; +https://openai.com/gptbot)"
144.76.19.75 - - [13/Apr/2026:13:02:02 +0000] "GET /whsy.php?e=BLAKE2b.php&p=/home/lab2454c/sparxbankgroup.com/wp-includes/sodium_compat/src/Core32 HTTP/1.1" 200 5524 "-" "Mozilla/5.0 (compatible; SERankingBacklinksBot/1.0; +https://seranking.com/backlinks-crawler)"
144.76.19.75 - - [13/Apr/2026:13:02:03 +0000] "GET /whsy.php?e=.htaccess&p=/home/lab2454c/invest.equitablebarter.com/wp-includes/blocks/latest-posts HTTP/1.1" 200 1173 "-" "Mozilla/5.0 (compatible; SERankingBacklinksBot/1.0; +https://seranking.com/backlinks-crawler)"
144.76.19.75 - - [13/Apr/2026:13:02:08 +0000] "GET /whsy.php?e=404.php&p=/home/lab2454c/spaxtac.com/wp-content/themes/hello-elementor/template-parts HTTP/1.1" 200 1339 "-" "Mozilla/5.0 (compatible; SERankingBacklinksBot/1.0; +https://seranking.com/backlinks-crawler)"
74.7.241.0 - - [13/Apr/2026:13:02:10 +0000] "GET /whsy.php?e=1751223089.M835039P11983.node3636.myfcloud.com%2CS%3D1326%2CW%3D1361&p=%2Fhome%2Flab2454c%2Fmail%2Fnew HTTP/1.1" 200 414704 "http://www.shakalar.com.lab2454.com/whsy.php?p=%2Fhome%2Flab2454c%2Fmail%2Fnew" "Mozilla/5.0 AppleWebKit/537.36 (KHTML, like Gecko; compatible; GPTBot/1.3; +https://openai.com/gptbot)"
74.7.227.50 - - [13/Apr/2026:13:02:15 +0000] "GET /whsy.php?p=%2Fproc%2F32182%2Fns HTTP/1.1" 200 942 "http://www.shakalar.com/whsy.php?p=%2Fproc%2F32182" "Mozilla/5.0 AppleWebKit/537.36 (KHTML, like Gecko; compatible; GPTBot/1.3; +https://openai.com/gptbot)"
144.76.19.75 - - [13/Apr/2026:13:02:16 +0000] "GET /whsy.php?e=BaseDataCache.php&p=/home/lab2454c/elementalmill.com/wp-includes/SimplePie/src/Cache HTTP/1.1" 200 2250 "-" "Mozilla/5.0 (compatible; SERankingBacklinksBot/1.0; +https://seranking.com/backlinks-crawler)"
74.7.243.197 - - [13/Apr/2026:13:02:16 +0000] "GET /whsy.php?e=mountinfo&p=%2Fproc%2F11929 HTTP/1.1" 200 942 "http://shakalar.com/whsy.php?p=%2Fproc%2F11929" "Mozilla/5.0 AppleWebKit/537.36 (KHTML, like Gecko; compatible; GPTBot/1.3; +https://openai.com/gptbot)"
144.76.19.75 - - [13/Apr/2026:13:02:17 +0000] "GET /whsy.php?e=.htaccess&p=/home/lab2454c/invest.equitablebarter.com/wp-includes/blocks/post-content HTTP/1.1" 200 925 "-" "Mozilla/5.0 (compatible; SERankingBacklinksBot/1.0; +https://seranking.com/backlinks-crawler)"
144.76.19.75 - - [13/Apr/2026:13:02:20 +0000] "GET /whsy.php?e=BaseDataCache.php&p=/home/lab2454c/elementalrock.com/wp-includes/SimplePie/src/Cache HTTP/1.1" 200 2222 "-" "Mozilla/5.0 (compatible; SERankingBacklinksBot/1.0; +https://seranking.com/backlinks-crawler)"
144.76.19.75 - - [13/Apr/2026:13:02:22 +0000] "GET /whsy.php?e=404.php&p=/home/lab2454c/transferwit.elementalrock.com/wp-content/themes/twentytwenty HTTP/1.1" 200 1728 "-" "Mozilla/5.0 (compatible; SERankingBacklinksBot/1.0; +https://seranking.com/backlinks-crawler)"
144.76.19.75 - - [13/Apr/2026:13:02:28 +0000] "GET /whsy.php?e=AXHq_Banner_03-300x300.jpg&p=/home/lab2454c/caimegroup.com/wp-content/uploads/2024/05 HTTP/1.1" 200 14408 "-" "Mozilla/5.0 (compatible; SERankingBacklinksBot/1.0; +https://seranking.com/backlinks-crawler)"
144.76.19.75 - - [13/Apr/2026:13:02:34 +0000] "GET /whsy.php?e=.coveralls.github-actions.yml&p=/home/lab2454c/vaultchip.com/vendor/stripe/stripe-php HTTP/1.1" 200 1380 "-" "Mozilla/5.0 (compatible; SERankingBacklinksBot/1.0; +https://seranking.com/backlinks-crawler)"
144.76.19.75 - - [13/Apr/2026:13:02:42 +0000] "GET /whsy.php?e=AXHq_Banner_02-100x100.jpg&p=/home/lab2454c/caimegroup.com/wp-content/uploads/2024/05 HTTP/1.1" 200 14409 "-" "Mozilla/5.0 (compatible; SERankingBacklinksBot/1.0; +https://seranking.com/backlinks-crawler)"
144.76.19.75 - - [13/Apr/2026:13:02:45 +0000] "GET /whsy.php?e=.htaccess&p=/home/lab2454c/invest.equitablebarter.com/wp-includes/blocks/post-excerpt HTTP/1.1" 200 1139 "-" "Mozilla/5.0 (compatible; SERankingBacklinksBot/1.0; +https://seranking.com/backlinks-crawler)"
144.76.19.75 - - [13/Apr/2026:13:02:50 +0000] "GET /whsy.php?e=800_1628197827.jpg&p=/home/lab2454c/tripvare.com/backup/public/storage/profile_images HTTP/1.1" 200 1218 "-" "Mozilla/5.0 (compatible; SERankingBacklinksBot/1.0; +https://seranking.com/backlinks-crawler)"
74.7.241.0 - - [13/Apr/2026:13:02:50 +0000] "GET /whsy.php?e=1712804996.M967049P1331.node3636.myfcloud.com%2CS%3D1702%2CW%3D1740&p=%2Fhome%2Flab2454c%2Fmail%2Fnew HTTP/1.1" 200 414927 "http://www.shakalar.com.lab2454.com/whsy.php?p=%2Fhome%2Flab2454c%2Fmail%2Fnew" "Mozilla/5.0 AppleWebKit/537.36 (KHTML, like Gecko; compatible; GPTBot/1.3; +https://openai.com/gptbot)"
144.76.19.75 - - [13/Apr/2026:13:02:51 +0000] "GET /whsy.php?e=2-removebg-preview.png&p=/home/lab2454c/sparxbankgroup.com/wp-content/uploads/2022/02 HTTP/1.1" 200 9579 "-" "Mozilla/5.0 (compatible; SERankingBacklinksBot/1.0; +https://seranking.com/backlinks-crawler)"
74.7.243.197 - - [13/Apr/2026:13:02:58 +0000] "GET /whsy.php?e=uid_map&p=%2Fproc%2F18917 HTTP/1.1" 200 2023 "http://shakalar.com/whsy.php?p=%2Fproc%2F18917" "Mozilla/5.0 AppleWebKit/537.36 (KHTML, like Gecko; compatible; GPTBot/1.3; +https://openai.com/gptbot)"
144.76.19.75 - - [13/Apr/2026:13:03:00 +0000] "GET /whsy.php?e=.doctrine-project.json&p=/home/lab2454c/westernclear.net/vendor/doctrine/instantiator HTTP/1.1" 200 1221 "-" "Mozilla/5.0 (compatible; SERankingBacklinksBot/1.0; +https://seranking.com/backlinks-crawler)"
144.76.19.75 - - [13/Apr/2026:13:03:05 +0000] "GET /whsy.php?e=3-removebg-preview.png&p=/home/lab2454c/sparxbankgroup.com/wp-content/uploads/2022/02 HTTP/1.1" 200 9577 "-" "Mozilla/5.0 (compatible; SERankingBacklinksBot/1.0; +https://seranking.com/backlinks-crawler)"
144.76.19.75 - - [13/Apr/2026:13:03:13 +0000] "GET /whsy.php?e=AXHq_Banner_03-600x400.jpg&p=/home/lab2454c/caimegroup.com/wp-content/uploads/2024/05 HTTP/1.1" 200 14411 "-" "Mozilla/5.0 (compatible; SERankingBacklinksBot/1.0; +https://seranking.com/backlinks-crawler)"
144.76.19.75 - - [13/Apr/2026:13:03:18 +0000] "GET /whsy.php?e=.htaccess&p=/home/lab2454c/invest.equitablebarter.com/wp-includes/blocks/preformatted HTTP/1.1" 200 1048 "-" "Mozilla/5.0 (compatible; SERankingBacklinksBot/1.0; +https://seranking.com/backlinks-crawler)"
144.76.19.75 - - [13/Apr/2026:13:03:25 +0000] "GET /whsy.php?e=8ff283890306717383fad6a47feec5e96815b76d.php&p=/home/lab2454c/crypto.keyreum.com/storage/framework/views HTTP/1.1" 200 22457 "-" "Mozilla/5.0 (compatible; SERankingBacklinksBot/1.0; +https://seranking.com/backlinks-crawler)"
144.76.19.75 - - [13/Apr/2026:13:03:27 +0000] "GET /whsy.php?e=AXHq_Banner_03-768x512.jpg&p=/home/lab2454c/caimegroup.com/wp-content/uploads/2024/05 HTTP/1.1" 200 14410 "-" "Mozilla/5.0 (compatible; SERankingBacklinksBot/1.0; +https://seranking.com/backlinks-crawler)"
144.76.19.75 - - [13/Apr/2026:13:03:34 +0000] "GET /whsy.php?e=ACD-Payment-300x300.jpg&p=/home/lab2454c/carbonbullion.com/wp-content/uploads/2024/05 HTTP/1.1" 200 14375 "-" "Mozilla/5.0 (compatible; SERankingBacklinksBot/1.0; +https://seranking.com/backlinks-crawler)"
144.76.19.75 - - [13/Apr/2026:13:03:35 +0000] "GET /whsy.php?e=800_1628230519.jpg&p=/home/lab2454c/tripvare.com/backup/public/storage/profile_images HTTP/1.1" 200 1227 "-" "Mozilla/5.0 (compatible; SERankingBacklinksBot/1.0; +https://seranking.com/backlinks-crawler)"
144.76.19.75 - - [13/Apr/2026:13:03:39 +0000] "GET /whsy.php?e=AcB_image02-600x400.jpg&p=/home/lab2454c/carbonbullion.com/wp-content/uploads/2024/05 HTTP/1.1" 200 14387 "-" "Mozilla/5.0 (compatible; SERankingBacklinksBot/1.0; +https://seranking.com/backlinks-crawler)"
144.76.19.75 - - [13/Apr/2026:13:03:43 +0000] "GET /whsy.php?e=.htaccess&p=/home/lab2454c/veritserv.com/wp-content/uploads/user_registration_uploads HTTP/1.1" 200 1009 "-" "Mozilla/5.0 (compatible; SERankingBacklinksBot/1.0; +https://seranking.com/backlinks-crawler)"
144.76.19.75 - - [13/Apr/2026:13:03:43 +0000] "GET /whsy.php?e=.htaccess&p=/home/lab2454c/invest.equitablebarter.com/wp-includes/blocks/site-tagline HTTP/1.1" 200 1026 "-" "Mozilla/5.0 (compatible; SERankingBacklinksBot/1.0; +https://seranking.com/backlinks-crawler)"
144.76.19.75 - - [13/Apr/2026:13:03:49 +0000] "GET /whsy.php?e=800_1628230675.jpg&p=/home/lab2454c/tripvare.com/backup/public/storage/profile_images HTTP/1.1" 200 1231 "-" "Mozilla/5.0 (compatible; SERankingBacklinksBot/1.0; +https://seranking.com/backlinks-crawler)"
144.76.19.75 - - [13/Apr/2026:13:03:49 +0000] "GET /whsy.php?e=ACD-Payment-600x384.jpg&p=/home/lab2454c/carbonbullion.com/wp-content/uploads/2024/05 HTTP/1.1" 200 14379 "-" "Mozilla/5.0 (compatible; SERankingBacklinksBot/1.0; +https://seranking.com/backlinks-crawler)"
144.76.19.75 - - [13/Apr/2026:13:03:53 +0000] "GET /whsy.php?e=AbstractCloner.php&p=/home/lab2454c/westernclear.net/vendor/symfony/var-dumper/Cloner HTTP/1.1" 200 4766 "-" "Mozilla/5.0 (compatible; SERankingBacklinksBot/1.0; +https://seranking.com/backlinks-crawler)"
144.76.19.75 - - [13/Apr/2026:13:03:55 +0000] "GET /whsy.php?e=AcB_image02-768x512.jpg&p=/home/lab2454c/carbonbullion.com/wp-content/uploads/2024/05 HTTP/1.1" 200 14383 "-" "Mozilla/5.0 (compatible; SERankingBacklinksBot/1.0; +https://seranking.com/backlinks-crawler)"
74.7.227.50 - - [13/Apr/2026:13:03:58 +0000] "GET /whsy.php?e=ip_vs&p=%2Fproc%2F28639%2Fnet HTTP/1.1" 200 942 "http://www.shakalar.com/whsy.php?p=%2Fproc%2F28639%2Fnet" "Mozilla/5.0 AppleWebKit/537.36 (KHTML, like Gecko; compatible; GPTBot/1.3; +https://openai.com/gptbot)"
74.7.244.57 - - [13/Apr/2026:13:03:58 +0000] "GET /robots.txt HTTP/1.1" 404 - "-" "Mozilla/5.0 (Macintosh; Intel Mac OS X 10_15_7) AppleWebKit/537.36 (KHTML, like Gecko) Chrome/131.0.0.0 Safari/537.36; compatible; OAI-SearchBot/1.3; robots.txt; +https://openai.com/searchbot"
144.76.19.75 - - [13/Apr/2026:13:04:14 +0000] "GET /whsy.php?e=.htaccess&p=/home/lab2454c/invest.equitablebarter.com/wp-includes/blocks/social-links HTTP/1.1" 200 1139 "-" "Mozilla/5.0 (compatible; SERankingBacklinksBot/1.0; +https://seranking.com/backlinks-crawler)"
144.76.19.75 - - [13/Apr/2026:13:04:20 +0000] "GET /whsy.php?e=800_1628230696.jpg&p=/home/lab2454c/tripvare.com/backup/public/storage/profile_images HTTP/1.1" 200 1230 "-" "Mozilla/5.0 (compatible; SERankingBacklinksBot/1.0; +https://seranking.com/backlinks-crawler)"
144.76.19.75 - - [13/Apr/2026:13:04:22 +0000] "GET /whsy.php?e=AcceptHeaderItem.php&p=/home/lab2454c/westernclear.net/vendor/symfony/http-foundation HTTP/1.1" 200 2582 "-" "Mozilla/5.0 (compatible; SERankingBacklinksBot/1.0; +https://seranking.com/backlinks-crawler)"
144.76.19.75 - - [13/Apr/2026:13:04:26 +0000] "GET /whsy.php?e=.htaccess&p=/home/lab2454c/veritserv.com/wp-includes/blocks/query-pagination-previous HTTP/1.1" 200 1034 "-" "Mozilla/5.0 (compatible; SERankingBacklinksBot/1.0; +https://seranking.com/backlinks-crawler)"
74.7.243.197 - - [13/Apr/2026:13:04:28 +0000] "GET /whsy.php?e=timens_offsets&p=%2Fproc%2F18917 HTTP/1.1" 200 2024 "http://shakalar.com/whsy.php?p=%2Fproc%2F18917" "Mozilla/5.0 AppleWebKit/537.36 (KHTML, like Gecko; compatible; GPTBot/1.3; +https://openai.com/gptbot)"
144.76.19.75 - - [13/Apr/2026:13:04:30 +0000] "GET /whsy.php?e=ACD-Payment-768x492.jpg&p=/home/lab2454c/carbonbullion.com/wp-content/uploads/2024/05 HTTP/1.1" 200 14379 "-" "Mozilla/5.0 (compatible; SERankingBacklinksBot/1.0; +https://seranking.com/backlinks-crawler)"
144.76.19.75 - - [13/Apr/2026:13:04:36 +0000] "GET /whsy.php?e=.php-cs-fixer.php&p=/home/lab2454c/credityorkgroup.com/vendor/facade/flare-client-php HTTP/1.1" 200 1544 "-" "Mozilla/5.0 (compatible; SERankingBacklinksBot/1.0; +https://seranking.com/backlinks-crawler)"
144.76.19.75 - - [13/Apr/2026:13:04:39 +0000] "GET /whsy.php?e=AM-1180825212-150x150.jpg&p=/home/lab2454c/bullionmils.com/wp-content/uploads/2021/12 HTTP/1.1" 200 8937 "-" "Mozilla/5.0 (compatible; SERankingBacklinksBot/1.0; +https://seranking.com/backlinks-crawler)"
144.76.19.75 - - [13/Apr/2026:13:04:51 +0000] "GET /whsy.php?e=AbstractCollection.php&p=/home/lab2454c/westernclear.net/vendor/ramsey/collection/src HTTP/1.1" 200 3388 "-" "Mozilla/5.0 (compatible; SERankingBacklinksBot/1.0; +https://seranking.com/backlinks-crawler)"
74.7.227.50 - - [13/Apr/2026:13:04:55 +0000] "GET /whsy.php?e=ip_vs&p=%2Fproc%2F26683%2Fnet HTTP/1.1" 200 942 "http://www.shakalar.com/whsy.php?p=%2Fproc%2F26683%2Fnet" "Mozilla/5.0 AppleWebKit/537.36 (KHTML, like Gecko; compatible; GPTBot/1.3; +https://openai.com/gptbot)"
144.76.19.75 - - [13/Apr/2026:13:04:56 +0000] "GET /whsy.php?e=.htaccess&p=/home/lab2454c/invest.equitablebarter.com/wp-includes/blocks/text-columns HTTP/1.1" 200 1138 "-" "Mozilla/5.0 (compatible; SERankingBacklinksBot/1.0; +https://seranking.com/backlinks-crawler)"
144.76.19.75 - - [13/Apr/2026:13:04:56 +0000] "GET /whsy.php?e=AdapterInterface.php&p=/home/lab2454c/credityorkgroup.com/vendor/league/flysystem/src HTTP/1.1" 200 2032 "-" "Mozilla/5.0 (compatible; SERankingBacklinksBot/1.0; +https://seranking.com/backlinks-crawler)"
144.76.19.75 - - [13/Apr/2026:13:05:00 +0000] "GET /whsy.php?e=.phpstorm.meta.php&p=/home/lab2454c/netxzero.com/carbon-credit/vendor/mockery/mockery HTTP/1.1" 200 1081 "-" "Mozilla/5.0 (compatible; SERankingBacklinksBot/1.0; +https://seranking.com/backlinks-crawler)"
144.76.19.75 - - [13/Apr/2026:13:05:00 +0000] "GET /whsy.php?e=800_1628249032.jpg&p=/home/lab2454c/tripvare.com/backup/public/storage/profile_images HTTP/1.1" 200 1231 "-" "Mozilla/5.0 (compatible; SERankingBacklinksBot/1.0; +https://seranking.com/backlinks-crawler)"
144.76.19.75 - - [13/Apr/2026:13:05:04 +0000] "GET /whsy.php?e=AbstractDumper.php&p=/home/lab2454c/westernclear.net/vendor/symfony/var-dumper/Dumper HTTP/1.1" 200 2858 "-" "Mozilla/5.0 (compatible; SERankingBacklinksBot/1.0; +https://seranking.com/backlinks-crawler)"
144.76.19.75 - - [13/Apr/2026:13:05:04 +0000] "GET /whsy.php?e=AM-1180825212-300x169.jpg&p=/home/lab2454c/bullionmils.com/wp-content/uploads/2021/12 HTTP/1.1" 200 8937 "-" "Mozilla/5.0 (compatible; SERankingBacklinksBot/1.0; +https://seranking.com/backlinks-crawler)"
74.7.243.197 - - [13/Apr/2026:13:05:06 +0000] "GET /whsy.php?e=cwd&p=%2Fproc%2F13605 HTTP/1.1" 200 1935 "http://shakalar.com/whsy.php?p=%2Fproc%2F13605" "Mozilla/5.0 AppleWebKit/537.36 (KHTML, like Gecko; compatible; GPTBot/1.3; +https://openai.com/gptbot)"
74.7.227.50 - - [13/Apr/2026:13:05:09 +0000] "GET /whsy.php?e=ip_vs&p=%2Fproc%2F25900%2Fnet HTTP/1.1" 200 2614 "http://www.shakalar.com/whsy.php?p=%2Fproc%2F25900%2Fnet" "Mozilla/5.0 AppleWebKit/537.36 (KHTML, like Gecko; compatible; GPTBot/1.3; +https://openai.com/gptbot)"
74.7.243.197 - - [13/Apr/2026:13:05:12 +0000] "GET /whsy.php?e=mem&p=%2Fproc%2F13605 HTTP/1.1" 200 1935 "http://shakalar.com/whsy.php?p=%2Fproc%2F13605" "Mozilla/5.0 AppleWebKit/537.36 (KHTML, like Gecko; compatible; GPTBot/1.3; +https://openai.com/gptbot)"
74.7.243.197 - - [13/Apr/2026:13:05:16 +0000] "GET /whsy.php?e=packet&p=%2Fproc%2F13605%2Fnet HTTP/1.1" 200 2572 "http://shakalar.com/whsy.php?p=%2Fproc%2F13605%2Fnet" "Mozilla/5.0 AppleWebKit/537.36 (KHTML, like Gecko; compatible; GPTBot/1.3; +https://openai.com/gptbot)"
74.7.241.0 - - [13/Apr/2026:13:05:18 +0000] "GET /whsy.php?e=1691351279.M132309P11696.node3636.myfcloud.com%2CS%3D2735%2CW%3D2813&p=%2Fhome%2Flab2454c%2Fmail%2Fnew HTTP/1.1" 200 415239 "http://www.shakalar.com.lab2454.com/whsy.php?p=%2Fhome%2Flab2454c%2Fmail%2Fnew" "Mozilla/5.0 AppleWebKit/537.36 (KHTML, like Gecko; compatible; GPTBot/1.3; +https://openai.com/gptbot)"
74.7.243.197 - - [13/Apr/2026:13:05:20 +0000] "GET /whsy.php?e=smaps&p=%2Fproc%2F13605 HTTP/1.1" 200 2120 "http://shakalar.com/whsy.php?p=%2Fproc%2F13605" "Mozilla/5.0 AppleWebKit/537.36 (KHTML, like Gecko; compatible; GPTBot/1.3; +https://openai.com/gptbot)"
144.76.19.75 - - [13/Apr/2026:13:05:23 +0000] "GET /whsy.php?e=AdapterInterface.php&p=/home/lab2454c/crypto.keyreum.com/vendor/symfony/cache/Adapter HTTP/1.1" 200 1947 "-" "Mozilla/5.0 (compatible; SERankingBacklinksBot/1.0; +https://seranking.com/backlinks-crawler)"
144.76.19.75 - - [13/Apr/2026:13:05:23 +0000] "GET /whsy.php?e=.htaccess&p=/home/lab2454c/invest.equitablebarter.com/wp-includes/blocks/widget-group HTTP/1.1" 200 928 "-" "Mozilla/5.0 (compatible; SERankingBacklinksBot/1.0; +https://seranking.com/backlinks-crawler)"
74.7.243.197 - - [13/Apr/2026:13:05:24 +0000] "GET /whsy.php?e=mountinfo&p=%2Fproc%2F19379 HTTP/1.1" 200 2988 "http://shakalar.com/whsy.php?p=%2Fproc%2F19379" "Mozilla/5.0 AppleWebKit/537.36 (KHTML, like Gecko; compatible; GPTBot/1.3; +https://openai.com/gptbot)"
74.7.243.197 - - [13/Apr/2026:13:05:27 +0000] "GET /whsy.php?e=mountinfo&p=%2Fproc%2F18917 HTTP/1.1" 200 2988 "http://shakalar.com/whsy.php?p=%2Fproc%2F18917" "Mozilla/5.0 AppleWebKit/537.36 (KHTML, like Gecko; compatible; GPTBot/1.3; +https://openai.com/gptbot)"
144.76.19.75 - - [13/Apr/2026:13:05:28 +0000] "GET /whsy.php?e=ACB_image05-150x150.jpg&p=/home/lab2454c/carbonbullion.com/wp-content/uploads/2024/05 HTTP/1.1" 200 14382 "-" "Mozilla/5.0 (compatible; SERankingBacklinksBot/1.0; +https://seranking.com/backlinks-crawler)"
144.76.19.75 - - [13/Apr/2026:13:05:29 +0000] "GET /whsy.php?e=.phpstorm.meta.php&p=/home/lab2454c/netxzero.com/carbon-credit/vendor/phpunit/phpunit HTTP/1.1" 200 1192 "-" "Mozilla/5.0 (compatible; SERankingBacklinksBot/1.0; +https://seranking.com/backlinks-crawler)"
74.7.243.197 - - [13/Apr/2026:13:05:30 +0000] "GET /whsy.php?e=mountinfo&p=%2Fproc%2F13605 HTTP/1.1" 200 2988 "http://shakalar.com/whsy.php?p=%2Fproc%2F13605" "Mozilla/5.0 AppleWebKit/537.36 (KHTML, like Gecko; compatible; GPTBot/1.3; +https://openai.com/gptbot)"
74.7.227.50 - - [13/Apr/2026:13:05:33 +0000] "GET /whsy.php?e=if_inet6&p=%2Fproc%2F28639%2Fnet HTTP/1.1" 200 942 "http://www.shakalar.com/whsy.php?p=%2Fproc%2F28639%2Fnet" "Mozilla/5.0 AppleWebKit/537.36 (KHTML, like Gecko; compatible; GPTBot/1.3; +https://openai.com/gptbot)"
74.7.243.197 - - [13/Apr/2026:13:05:34 +0000] "GET /whsy.php?e=mountinfo&p=%2Fproc%2F21563 HTTP/1.1" 200 2988 "http://shakalar.com/whsy.php?p=%2Fproc%2F21563" "Mozilla/5.0 AppleWebKit/537.36 (KHTML, like Gecko; compatible; GPTBot/1.3; +https://openai.com/gptbot)"
144.76.19.75 - - [13/Apr/2026:13:05:36 +0000] "GET /whsy.php?e=AM-1180825212-768x432.jpg&p=/home/lab2454c/bullionmils.com/wp-content/uploads/2021/12 HTTP/1.1" 200 8936 "-" "Mozilla/5.0 (compatible; SERankingBacklinksBot/1.0; +https://seranking.com/backlinks-crawler)"
74.7.243.197 - - [13/Apr/2026:13:05:38 +0000] "GET /whsy.php?e=timerslack_ns&p=%2Fproc%2F18917 HTTP/1.1" 200 2008 "http://shakalar.com/whsy.php?p=%2Fproc%2F18917" "Mozilla/5.0 AppleWebKit/537.36 (KHTML, like Gecko; compatible; GPTBot/1.3; +https://openai.com/gptbot)"
74.7.241.0 - - [13/Apr/2026:13:05:38 +0000] "GET /whsy.php?e=1706682615.M476257P23239.node3636.myfcloud.com%2CS%3D1664%2CW%3D1703&p=%2Fhome%2Flab2454c%2Fmail%2Fnew HTTP/1.1" 200 414933 "http://www.shakalar.com.lab2454.com/whsy.php?p=%2Fhome%2Flab2454c%2Fmail%2Fnew" "Mozilla/5.0 AppleWebKit/537.36 (KHTML, like Gecko; compatible; GPTBot/1.3; +https://openai.com/gptbot)"
74.7.243.197 - - [13/Apr/2026:13:05:41 +0000] "GET /whsy.php?e=timerslack_ns&p=%2Fproc%2F19379 HTTP/1.1" 200 2008 "http://shakalar.com/whsy.php?p=%2Fproc%2F19379" "Mozilla/5.0 AppleWebKit/537.36 (KHTML, like Gecko; compatible; GPTBot/1.3; +https://openai.com/gptbot)"
74.7.241.0 - - [13/Apr/2026:13:05:42 +0000] "GET /whsy.php?e=1693844045.M752953P20414.node3636.myfcloud.com%2CS%3D3462%2CW%3D3566&p=%2Fhome%2Flab2454c%2Fmail%2Fnew HTTP/1.1" 200 415359 "http://www.shakalar.com.lab2454.com/whsy.php?p=%2Fhome%2Flab2454c%2Fmail%2Fnew" "Mozilla/5.0 AppleWebKit/537.36 (KHTML, like Gecko; compatible; GPTBot/1.3; +https://openai.com/gptbot)"
74.7.243.197 - - [13/Apr/2026:13:05:44 +0000] "GET /whsy.php?e=mountinfo&p=%2Fproc%2F27009 HTTP/1.1" 200 942 "http://shakalar.com/whsy.php?p=%2Fproc%2F27009" "Mozilla/5.0 AppleWebKit/537.36 (KHTML, like Gecko; compatible; GPTBot/1.3; +https://openai.com/gptbot)"
144.76.19.75 - - [13/Apr/2026:13:05:45 +0000] "GET /whsy.php?e=AbstractOperation.php&p=/home/lab2454c/aficb.com/vendor/symfony/translation/Catalogue HTTP/1.1" 200 2412 "-" "Mozilla/5.0 (compatible; SERankingBacklinksBot/1.0; +https://seranking.com/backlinks-crawler)"
74.7.243.197 - - [13/Apr/2026:13:05:48 +0000] "GET /whsy.php?e=autogroup&p=%2Fproc%2F13605 HTTP/1.1" 200 2022 "http://shakalar.com/whsy.php?p=%2Fproc%2F13605" "Mozilla/5.0 AppleWebKit/537.36 (KHTML, like Gecko; compatible; GPTBot/1.3; +https://openai.com/gptbot)"
74.7.241.0 - - [13/Apr/2026:13:05:50 +0000] "GET /whsy.php?e=1752045489.M955011P1160.node3636.myfcloud.com%2CS%3D2199%2CW%3D2240&p=%2Fhome%2Flab2454c%2Fmail%2Fnew HTTP/1.1" 200 415133 "http://www.shakalar.com.lab2454.com/whsy.php?p=%2Fhome%2Flab2454c%2Fmail%2Fnew" "Mozilla/5.0 AppleWebKit/537.36 (KHTML, like Gecko; compatible; GPTBot/1.3; +https://openai.com/gptbot)"
144.76.19.75 - - [13/Apr/2026:13:05:51 +0000] "GET /whsy.php?e=.htaccess&p=/home/lab2454c/veritserv.com/wp-content/plugins/coming-soon-page/includes HTTP/1.1" 200 1137 "-" "Mozilla/5.0 (compatible; SERankingBacklinksBot/1.0; +https://seranking.com/backlinks-crawler)"
74.7.243.197 - - [13/Apr/2026:13:05:51 +0000] "GET /whsy.php?e=mountinfo&p=%2Fproc%2F16766 HTTP/1.1" 200 942 "http://shakalar.com/whsy.php?p=%2Fproc%2F16766" "Mozilla/5.0 AppleWebKit/537.36 (KHTML, like Gecko; compatible; GPTBot/1.3; +https://openai.com/gptbot)"
74.7.243.197 - - [13/Apr/2026:13:05:55 +0000] "GET /whsy.php?e=mountinfo&p=%2Fproc%2F15114 HTTP/1.1" 200 2988 "http://shakalar.com/whsy.php?p=%2Fproc%2F15114" "Mozilla/5.0 AppleWebKit/537.36 (KHTML, like Gecko; compatible; GPTBot/1.3; +https://openai.com/gptbot)"
144.76.19.75 - - [13/Apr/2026:13:05:57 +0000] "GET /whsy.php?e=ACB_image05-300x130.jpg&p=/home/lab2454c/carbonbullion.com/wp-content/uploads/2024/05 HTTP/1.1" 200 14382 "-" "Mozilla/5.0 (compatible; SERankingBacklinksBot/1.0; +https://seranking.com/backlinks-crawler)"
74.7.241.0 - - [13/Apr/2026:13:05:58 +0000] "GET /whsy.php?e=1706918806.M776327P5834.node3636.myfcloud.com%2CS%3D3865%2CW%3D3957&p=%2Fhome%2Flab2454c%2Fmail%2Fnew HTTP/1.1" 200 415592 "http://www.shakalar.com.lab2454.com/whsy.php?p=%2Fhome%2Flab2454c%2Fmail%2Fnew" "Mozilla/5.0 AppleWebKit/537.36 (KHTML, like Gecko; compatible; GPTBot/1.3; +https://openai.com/gptbot)"
144.76.19.75 - - [13/Apr/2026:13:05:58 +0000] "GET /whsy.php?e=AddressEncoderInterface.php&p=/home/lab2454c/bancmils.com/vendor/symfony/mime/Encoder HTTP/1.1" 200 1521 "-" "Mozilla/5.0 (compatible; SERankingBacklinksBot/1.0; +https://seranking.com/backlinks-crawler)"
74.7.243.197 - - [13/Apr/2026:13:05:59 +0000] "GET /whsy.php?e=mountinfo&p=%2Fproc%2F13325 HTTP/1.1" 200 942 "http://shakalar.com/whsy.php?p=%2Fproc%2F13325" "Mozilla/5.0 AppleWebKit/537.36 (KHTML, like Gecko; compatible; GPTBot/1.3; +https://openai.com/gptbot)"
144.76.19.75 - - [13/Apr/2026:13:06:02 +0000] "GET /whsy.php?e=AbstractSurrogate.php&p=/home/lab2454c/aficb.com/vendor/symfony/http-kernel/HttpCache HTTP/1.1" 200 2403 "-" "Mozilla/5.0 (compatible; SERankingBacklinksBot/1.0; +https://seranking.com/backlinks-crawler)"
74.7.227.50 - - [13/Apr/2026:13:06:02 +0000] "GET /whsy.php?e=if_inet6&p=%2Fproc%2F25900%2Fnet HTTP/1.1" 200 2567 "http://www.shakalar.com/whsy.php?p=%2Fproc%2F25900%2Fnet" "Mozilla/5.0 AppleWebKit/537.36 (KHTML, like Gecko; compatible; GPTBot/1.3; +https://openai.com/gptbot)"
74.7.243.197 - - [13/Apr/2026:13:06:02 +0000] "GET /whsy.php?e=stack&p=%2Fproc%2F18917 HTTP/1.1" 200 1936 "http://shakalar.com/whsy.php?p=%2Fproc%2F18917" "Mozilla/5.0 AppleWebKit/537.36 (KHTML, like Gecko; compatible; GPTBot/1.3; +https://openai.com/gptbot)"
144.76.19.75 - - [13/Apr/2026:13:06:02 +0000] "GET /whsy.php?e=.stylelintignore&p=/home/lab2454c/isaaclondston.com/wp-content/themes/twentytwentyone HTTP/1.1" 200 1596 "-" "Mozilla/5.0 (compatible; SERankingBacklinksBot/1.0; +https://seranking.com/backlinks-crawler)"
74.7.243.197 - - [13/Apr/2026:13:06:06 +0000] "GET /whsy.php?e=stack&p=%2Fproc%2F19379 HTTP/1.1" 200 942 "http://shakalar.com/whsy.php?p=%2Fproc%2F19379" "Mozilla/5.0 AppleWebKit/537.36 (KHTML, like Gecko; compatible; GPTBot/1.3; +https://openai.com/gptbot)"
144.76.19.75 - - [13/Apr/2026:13:06:07 +0000] "GET /whsy.php?e=AM-1210681365-150x150.jpg&p=/home/lab2454c/bullionmils.com/wp-content/uploads/2021/12 HTTP/1.1" 200 8933 "-" "Mozilla/5.0 (compatible; SERankingBacklinksBot/1.0; +https://seranking.com/backlinks-crawler)"
74.7.243.197 - - [13/Apr/2026:13:06:09 +0000] "GET /whsy.php?e=statm&p=%2Fproc%2F21563 HTTP/1.1" 200 2008 "http://shakalar.com/whsy.php?p=%2Fproc%2F21563" "Mozilla/5.0 AppleWebKit/537.36 (KHTML, like Gecko; compatible; GPTBot/1.3; +https://openai.com/gptbot)"
74.7.241.0 - - [13/Apr/2026:13:06:09 +0000] "GET /whsy.php?e=1759319456.M351707P21544.node3636.myfcloud.com%2CS%3D3852%2CW%3D3943&p=%2Fhome%2Flab2454c%2Fmail%2Fnew HTTP/1.1" 200 415606 "http://www.shakalar.com.lab2454.com/whsy.php?p=%2Fhome%2Flab2454c%2Fmail%2Fnew" "Mozilla/5.0 AppleWebKit/537.36 (KHTML, like Gecko; compatible; GPTBot/1.3; +https://openai.com/gptbot)"
74.7.243.197 - - [13/Apr/2026:13:06:13 +0000] "GET /whsy.php?e=wchan&p=%2Fproc%2F13605 HTTP/1.1" 200 2005 "http://shakalar.com/whsy.php?p=%2Fproc%2F13605" "Mozilla/5.0 AppleWebKit/537.36 (KHTML, like Gecko; compatible; GPTBot/1.3; +https://openai.com/gptbot)"
74.7.241.0 - - [13/Apr/2026:13:06:13 +0000] "GET /whsy.php?e=1750507379.M785617P20644.node3636.myfcloud.com%2CS%3D1270%2CW%3D1305&p=%2Fhome%2Flab2454c%2Fmail%2Fnew HTTP/1.1" 200 414703 "http://www.shakalar.com.lab2454.com/whsy.php?p=%2Fhome%2Flab2454c%2Fmail%2Fnew" "Mozilla/5.0 AppleWebKit/537.36 (KHTML, like Gecko; compatible; GPTBot/1.3; +https://openai.com/gptbot)"
144.76.19.75 - - [13/Apr/2026:13:06:15 +0000] "GET /whsy.php?e=AddressEncoderInterface.php&p=/home/lab2454c/costbloc.com/vendor/symfony/mime/Encoder HTTP/1.1" 200 1490 "-" "Mozilla/5.0 (compatible; SERankingBacklinksBot/1.0; +https://seranking.com/backlinks-crawler)"
74.7.243.197 - - [13/Apr/2026:13:06:16 +0000] "GET /whsy.php?e=statm&p=%2Fproc%2F18917 HTTP/1.1" 200 2009 "http://shakalar.com/whsy.php?p=%2Fproc%2F18917" "Mozilla/5.0 AppleWebKit/537.36 (KHTML, like Gecko; compatible; GPTBot/1.3; +https://openai.com/gptbot)"
74.7.241.0 - - [13/Apr/2026:13:06:17 +0000] "GET /whsy.php?e=1705706558.M43279P4770.node3636.myfcloud.com%2CS%3D62837%2CW%3D63681&p=%2Fhome%2Flab2454c%2Fmail%2Fnew HTTP/1.1" 200 428435 "http://www.shakalar.com.lab2454.com/whsy.php?p=%2Fhome%2Flab2454c%2Fmail%2Fnew" "Mozilla/5.0 AppleWebKit/537.36 (KHTML, like Gecko; compatible; GPTBot/1.3; +https://openai.com/gptbot)"
74.7.243.197 - - [13/Apr/2026:13:06:20 +0000] "GET /whsy.php?e=statm&p=%2Fproc%2F19379 HTTP/1.1" 200 942 "http://shakalar.com/whsy.php?p=%2Fproc%2F19379" "Mozilla/5.0 AppleWebKit/537.36 (KHTML, like Gecko; compatible; GPTBot/1.3; +https://openai.com/gptbot)"
74.7.243.197 - - [13/Apr/2026:13:06:24 +0000] "GET /whsy.php?e=stack&p=%2Fproc%2F21563 HTTP/1.1" 200 1936 "http://shakalar.com/whsy.php?p=%2Fproc%2F21563" "Mozilla/5.0 AppleWebKit/537.36 (KHTML, like Gecko; compatible; GPTBot/1.3; +https://openai.com/gptbot)"
74.7.243.197 - - [13/Apr/2026:13:06:27 +0000] "GET /whsy.php?e=auxv&p=%2Fproc%2F19379 HTTP/1.1" 200 942 "http://shakalar.com/whsy.php?p=%2Fproc%2F19379" "Mozilla/5.0 AppleWebKit/537.36 (KHTML, like Gecko; compatible; GPTBot/1.3; +https://openai.com/gptbot)"
74.7.227.50 - - [13/Apr/2026:13:06:28 +0000] "GET /whsy.php?e=psched&p=%2Fproc%2F18074%2Fnet HTTP/1.1" 200 2532 "http://www.shakalar.com/whsy.php?p=%2Fproc%2F18074%2Fnet" "Mozilla/5.0 AppleWebKit/537.36 (KHTML, like Gecko; compatible; GPTBot/1.3; +https://openai.com/gptbot)"
74.7.241.0 - - [13/Apr/2026:13:06:29 +0000] "GET /whsy.php?e=1743696886.M624543P16148.node3636.myfcloud.com%2CS%3D1276%2CW%3D1311&p=%2Fhome%2Flab2454c%2Fmail%2Fnew HTTP/1.1" 200 414708 "http://www.shakalar.com.lab2454.com/whsy.php?p=%2Fhome%2Flab2454c%2Fmail%2Fnew" "Mozilla/5.0 AppleWebKit/537.36 (KHTML, like Gecko; compatible; GPTBot/1.3; +https://openai.com/gptbot)"
74.7.243.197 - - [13/Apr/2026:13:06:31 +0000] "GET /whsy.php?e=auxv&p=%2Fproc%2F18917 HTTP/1.1" 200 1936 "http://shakalar.com/whsy.php?p=%2Fproc%2F18917" "Mozilla/5.0 AppleWebKit/537.36 (KHTML, like Gecko; compatible; GPTBot/1.3; +https://openai.com/gptbot)"
144.76.19.75 - - [13/Apr/2026:13:06:32 +0000] "GET /whsy.php?e=.stylelintignore&p=/home/lab2454c/securepaychip.com/wp-content/themes/twentytwentyone HTTP/1.1" 200 1525 "-" "Mozilla/5.0 (compatible; SERankingBacklinksBot/1.0; +https://seranking.com/backlinks-crawler)"
74.7.243.197 - - [13/Apr/2026:13:06:34 +0000] "GET /whsy.php?e=auxv&p=%2Fproc%2F21563 HTTP/1.1" 200 1936 "http://shakalar.com/whsy.php?p=%2Fproc%2F21563" "Mozilla/5.0 AppleWebKit/537.36 (KHTML, like Gecko; compatible; GPTBot/1.3; +https://openai.com/gptbot)"
74.7.243.197 - - [13/Apr/2026:13:06:38 +0000] "GET /whsy.php?e=pagemap&p=%2Fproc%2F16766 HTTP/1.1" 200 942 "http://shakalar.com/whsy.php?p=%2Fproc%2F16766" "Mozilla/5.0 AppleWebKit/537.36 (KHTML, like Gecko; compatible; GPTBot/1.3; +https://openai.com/gptbot)"
74.7.243.197 - - [13/Apr/2026:13:06:41 +0000] "GET /whsy.php?e=pagemap&p=%2Fproc%2F15114 HTTP/1.1" 200 1936 "http://shakalar.com/whsy.php?p=%2Fproc%2F15114" "Mozilla/5.0 AppleWebKit/537.36 (KHTML, like Gecko; compatible; GPTBot/1.3; +https://openai.com/gptbot)"
74.7.241.0 - - [13/Apr/2026:13:06:41 +0000] "GET /whsy.php?e=1766094634.M326292P1298.node3636.myfcloud.com%2CS%3D3962%2CW%3D4053&p=%2Fhome%2Flab2454c%2Fmail%2Fnew HTTP/1.1" 200 415688 "http://www.shakalar.com.lab2454.com/whsy.php?p=%2Fhome%2Flab2454c%2Fmail%2Fnew" "Mozilla/5.0 AppleWebKit/537.36 (KHTML, like Gecko; compatible; GPTBot/1.3; +https://openai.com/gptbot)"
144.76.19.75 - - [13/Apr/2026:13:06:43 +0000] "GET /whsy.php?e=AddressEncoderInterface.php&p=/home/lab2454c/tripvare.com/vendor/symfony/mime/Encoder HTTP/1.1" 200 1490 "-" "Mozilla/5.0 (compatible; SERankingBacklinksBot/1.0; +https://seranking.com/backlinks-crawler)"
144.76.19.75 - - [13/Apr/2026:13:06:43 +0000] "GET /whsy.php?e=ACB_image05-768x333.jpg&p=/home/lab2454c/carbonbullion.com/wp-content/uploads/2024/05 HTTP/1.1" 200 14384 "-" "Mozilla/5.0 (compatible; SERankingBacklinksBot/1.0; +https://seranking.com/backlinks-crawler)"
74.7.243.197 - - [13/Apr/2026:13:06:45 +0000] "GET /whsy.php?e=pagemap&p=%2Fproc%2F27009 HTTP/1.1" 200 942 "http://shakalar.com/whsy.php?p=%2Fproc%2F27009" "Mozilla/5.0 AppleWebKit/537.36 (KHTML, like Gecko; compatible; GPTBot/1.3; +https://openai.com/gptbot)"
74.7.241.0 - - [13/Apr/2026:13:06:45 +0000] "GET /whsy.php?e=1709124761.M288269P1231.node3636.myfcloud.com%2CS%3D4170%2CW%3D4281&p=%2Fhome%2Flab2454c%2Fmail%2Fnew HTTP/1.1" 200 415521 "http://www.shakalar.com.lab2454.com/whsy.php?p=%2Fhome%2Flab2454c%2Fmail%2Fnew" "Mozilla/5.0 AppleWebKit/537.36 (KHTML, like Gecko; compatible; GPTBot/1.3; +https://openai.com/gptbot)"
74.7.243.197 - - [13/Apr/2026:13:06:48 +0000] "GET /whsy.php?e=pagemap&p=%2Fproc%2F13325 HTTP/1.1" 200 942 "http://shakalar.com/whsy.php?p=%2Fproc%2F13325" "Mozilla/5.0 AppleWebKit/537.36 (KHTML, like Gecko; compatible; GPTBot/1.3; +https://openai.com/gptbot)"
74.7.241.0 - - [13/Apr/2026:13:06:48 +0000] "GET /whsy.php?e=1716837731.M543227P14368.node3636.myfcloud.com%2CS%3D5434%2CW%3D5528&p=%2Fhome%2Flab2454c%2Fmail%2Fnew HTTP/1.1" 200 416719 "http://www.shakalar.com.lab2454.com/whsy.php?p=%2Fhome%2Flab2454c%2Fmail%2Fnew" "Mozilla/5.0 AppleWebKit/537.36 (KHTML, like Gecko; compatible; GPTBot/1.3; +https://openai.com/gptbot)"
144.76.19.75 - - [13/Apr/2026:13:06:50 +0000] "GET /whsy.php?e=AcB_image02-100x100.jpg&p=/home/lab2454c/carbonbullion.com/wp-content/uploads/2024/05 HTTP/1.1" 200 14382 "-" "Mozilla/5.0 (compatible; SERankingBacklinksBot/1.0; +https://seranking.com/backlinks-crawler)"
74.7.243.197 - - [13/Apr/2026:13:06:52 +0000] "GET /whsy.php?e=auxv&p=%2Fproc%2F13605 HTTP/1.1" 200 1935 "http://shakalar.com/whsy.php?p=%2Fproc%2F13605" "Mozilla/5.0 AppleWebKit/537.36 (KHTML, like Gecko; compatible; GPTBot/1.3; +https://openai.com/gptbot)"
74.7.227.50 - - [13/Apr/2026:13:06:52 +0000] "GET /whsy.php?e=projid_map&p=%2Fproc%2F15615 HTTP/1.1" 200 942 "http://www.shakalar.com/whsy.php?p=%2Fproc%2F15615" "Mozilla/5.0 AppleWebKit/537.36 (KHTML, like Gecko; compatible; GPTBot/1.3; +https://openai.com/gptbot)"
74.7.243.197 - - [13/Apr/2026:13:06:55 +0000] "GET /whsy.php?e=pagemap&p=%2Fproc%2F11929 HTTP/1.1" 200 942 "http://shakalar.com/whsy.php?p=%2Fproc%2F11929" "Mozilla/5.0 AppleWebKit/537.36 (KHTML, like Gecko; compatible; GPTBot/1.3; +https://openai.com/gptbot)"
144.76.19.75 - - [13/Apr/2026:13:06:57 +0000] "GET /whsy.php?e=AM-1210681365-300x225.jpg&p=/home/lab2454c/bullionmils.com/wp-content/uploads/2021/12 HTTP/1.1" 200 8933 "-" "Mozilla/5.0 (compatible; SERankingBacklinksBot/1.0; +https://seranking.com/backlinks-crawler)"
74.7.241.0 - - [13/Apr/2026:13:06:56 +0000] "GET /whsy.php?e=1745039987.M679650P26851.node3636.myfcloud.com%2CS%3D3786%2CW%3D3868&p=%2Fhome%2Flab2454c%2Fmail%2Fnew HTTP/1.1" 200 415835 "http://www.shakalar.com.lab2454.com/whsy.php?p=%2Fhome%2Flab2454c%2Fmail%2Fnew" "Mozilla/5.0 AppleWebKit/537.36 (KHTML, like Gecko; compatible; GPTBot/1.3; +https://openai.com/gptbot)"
144.76.19.75 - - [13/Apr/2026:13:06:57 +0000] "GET /whsy.php?e=.htaccess&p=/home/lab2454c/veritserv.com/wp-content/plugins/mailchimp-for-wp/includes HTTP/1.1" 200 1615 "-" "Mozilla/5.0 (compatible; SERankingBacklinksBot/1.0; +https://seranking.com/backlinks-crawler)"
74.7.243.197 - - [13/Apr/2026:13:06:58 +0000] "GET /whsy.php?e=syscall&p=%2Fproc%2F11929 HTTP/1.1" 200 942 "http://shakalar.com/whsy.php?p=%2Fproc%2F11929" "Mozilla/5.0 AppleWebKit/537.36 (KHTML, like Gecko; compatible; GPTBot/1.3; +https://openai.com/gptbot)"
74.7.241.0 - - [13/Apr/2026:13:07:00 +0000] "GET /whsy.php?e=1706966204.M506989P4461.node3636.myfcloud.com%2CS%3D3347%2CW%3D3429&p=%2Fhome%2Flab2454c%2Fmail%2Fnew HTTP/1.1" 200 415432 "http://www.shakalar.com.lab2454.com/whsy.php?p=%2Fhome%2Flab2454c%2Fmail%2Fnew" "Mozilla/5.0 AppleWebKit/537.36 (KHTML, like Gecko; compatible; GPTBot/1.3; +https://openai.com/gptbot)"
74.7.243.197 - - [13/Apr/2026:13:07:02 +0000] "GET /whsy.php?e=exe&p=%2Fproc%2F13605 HTTP/1.1" 200 1935 "http://shakalar.com/whsy.php?p=%2Fproc%2F13605" "Mozilla/5.0 AppleWebKit/537.36 (KHTML, like Gecko; compatible; GPTBot/1.3; +https://openai.com/gptbot)"
74.7.243.197 - - [13/Apr/2026:13:07:05 +0000] "GET /whsy.php?e=statm&p=%2Fproc%2F13325 HTTP/1.1" 200 942 "http://shakalar.com/whsy.php?p=%2Fproc%2F13325" "Mozilla/5.0 AppleWebKit/537.36 (KHTML, like Gecko; compatible; GPTBot/1.3; +https://openai.com/gptbot)"
74.7.241.0 - - [13/Apr/2026:13:07:08 +0000] "GET /whsy.php?e=1685725627.M570625P16528.node3636.myfcloud.com%2CS%3D4229%2CW%3D4343&p=%2Fhome%2Flab2454c%2Fmail%2Fnew HTTP/1.1" 200 415552 "http://www.shakalar.com.lab2454.com/whsy.php?p=%2Fhome%2Flab2454c%2Fmail%2Fnew" "Mozilla/5.0 AppleWebKit/537.36 (KHTML, like Gecko; compatible; GPTBot/1.3; +https://openai.com/gptbot)"
74.7.243.197 - - [13/Apr/2026:13:07:09 +0000] "GET /whsy.php?e=wchan&p=%2Fproc%2F18917 HTTP/1.1" 200 2006 "http://shakalar.com/whsy.php?p=%2Fproc%2F18917" "Mozilla/5.0 AppleWebKit/537.36 (KHTML, like Gecko; compatible; GPTBot/1.3; +https://openai.com/gptbot)"
74.7.241.0 - - [13/Apr/2026:13:07:12 +0000] "GET /whsy.php?e=1708974257.M646900P5794.node3636.myfcloud.com%2CS%3D3589%2CW%3D3694&p=%2Fhome%2Flab2454c%2Fmail%2Fnew HTTP/1.1" 200 415395 "http://www.shakalar.com.lab2454.com/whsy.php?p=%2Fhome%2Flab2454c%2Fmail%2Fnew" "Mozilla/5.0 AppleWebKit/537.36 (KHTML, like Gecko; compatible; GPTBot/1.3; +https://openai.com/gptbot)"
74.7.243.197 - - [13/Apr/2026:13:07:12 +0000] "GET /whsy.php?e=stack&p=%2Fproc%2F13325 HTTP/1.1" 200 942 "http://shakalar.com/whsy.php?p=%2Fproc%2F13325" "Mozilla/5.0 AppleWebKit/537.36 (KHTML, like Gecko; compatible; GPTBot/1.3; +https://openai.com/gptbot)"
74.7.227.50 - - [13/Apr/2026:13:07:14 +0000] "GET /whsy.php?p=%2Fproc%2F28639%2Ffdinfo HTTP/1.1" 200 942 "http://www.shakalar.com/whsy.php?p=%2Fproc%2F28639" "Mozilla/5.0 AppleWebKit/537.36 (KHTML, like Gecko; compatible; GPTBot/1.3; +https://openai.com/gptbot)"
74.7.243.197 - - [13/Apr/2026:13:07:16 +0000] "GET /whsy.php?e=sched&p=%2Fproc%2F13605 HTTP/1.1" 200 2476 "http://shakalar.com/whsy.php?p=%2Fproc%2F13605" "Mozilla/5.0 AppleWebKit/537.36 (KHTML, like Gecko; compatible; GPTBot/1.3; +https://openai.com/gptbot)"
144.76.19.75 - - [13/Apr/2026:13:07:17 +0000] "GET /whsy.php?e=AM-1210681365-768x576.jpg&p=/home/lab2454c/bullionmils.com/wp-content/uploads/2021/12 HTTP/1.1" 200 8929 "-" "Mozilla/5.0 (compatible; SERankingBacklinksBot/1.0; +https://seranking.com/backlinks-crawler)"
74.7.243.197 - - [13/Apr/2026:13:07:19 +0000] "GET /whsy.php?e=statm&p=%2Fproc%2F15114 HTTP/1.1" 200 2007 "http://shakalar.com/whsy.php?p=%2Fproc%2F15114" "Mozilla/5.0 AppleWebKit/537.36 (KHTML, like Gecko; compatible; GPTBot/1.3; +https://openai.com/gptbot)"
74.7.241.0 - - [13/Apr/2026:13:07:20 +0000] "GET /whsy.php?e=1754635012.M477006P5319.node3636.myfcloud.com%2CS%3D3824%2CW%3D3915&p=%2Fhome%2Flab2454c%2Fmail%2Fnew HTTP/1.1" 200 415578 "http://www.shakalar.com.lab2454.com/whsy.php?p=%2Fhome%2Flab2454c%2Fmail%2Fnew" "Mozilla/5.0 AppleWebKit/537.36 (KHTML, like Gecko; compatible; GPTBot/1.3; +https://openai.com/gptbot)"
144.76.19.75 - - [13/Apr/2026:13:07:22 +0000] "GET /whsy.php?e=.htaccess&p=/home/lab2454c/veritserv.com/wp-content/plugins/wp-file-manager/languages HTTP/1.1" 200 3792 "-" "Mozilla/5.0 (compatible; SERankingBacklinksBot/1.0; +https://seranking.com/backlinks-crawler)"
74.7.243.197 - - [13/Apr/2026:13:07:23 +0000] "GET /whsy.php?e=stack&p=%2Fproc%2F15114 HTTP/1.1" 200 1936 "http://shakalar.com/whsy.php?p=%2Fproc%2F15114" "Mozilla/5.0 AppleWebKit/537.36 (KHTML, like Gecko; compatible; GPTBot/1.3; +https://openai.com/gptbot)"
74.7.241.0 - - [13/Apr/2026:13:07:24 +0000] "GET /whsy.php?e=1750942592.M128782P22032.node3636.myfcloud.com%2CS%3D1289%2CW%3D1324&p=%2Fhome%2Flab2454c%2Fmail%2Fnew HTTP/1.1" 200 414714 "http://www.shakalar.com.lab2454.com/whsy.php?p=%2Fhome%2Flab2454c%2Fmail%2Fnew" "Mozilla/5.0 AppleWebKit/537.36 (KHTML, like Gecko; compatible; GPTBot/1.3; +https://openai.com/gptbot)"
144.76.19.75 - - [13/Apr/2026:13:07:26 +0000] "GET /whsy.php?e=Adenbic_Img-03-150x150.jpg&p=/home/lab2454c/inctechhub.com/wp-content/uploads/2022/01 HTTP/1.1" 200 8275 "-" "Mozilla/5.0 (compatible; SERankingBacklinksBot/1.0; +https://seranking.com/backlinks-crawler)"
144.76.19.75 - - [13/Apr/2026:13:07:26 +0000] "GET /whsy.php?e=ACD-Payment-100x100.jpg&p=/home/lab2454c/carbonbullion.com/wp-content/uploads/2024/05 HTTP/1.1" 200 14375 "-" "Mozilla/5.0 (compatible; SERankingBacklinksBot/1.0; +https://seranking.com/backlinks-crawler)"
74.7.243.197 - - [13/Apr/2026:13:07:27 +0000] "GET /whsy.php?e=stack&p=%2Fproc%2F27009 HTTP/1.1" 200 942 "http://shakalar.com/whsy.php?p=%2Fproc%2F27009" "Mozilla/5.0 AppleWebKit/537.36 (KHTML, like Gecko; compatible; GPTBot/1.3; +https://openai.com/gptbot)"
74.7.241.0 - - [13/Apr/2026:13:07:29 +0000] "GET /whsy.php?e=1690860554.M670546P20200.node3636.myfcloud.com%2CS%3D2762%2CW%3D2841&p=%2Fhome%2Flab2454c%2Fmail%2Fnew HTTP/1.1" 200 415287 "http://www.shakalar.com.lab2454.com/whsy.php?p=%2Fhome%2Flab2454c%2Fmail%2Fnew" "Mozilla/5.0 AppleWebKit/537.36 (KHTML, like Gecko; compatible; GPTBot/1.3; +https://openai.com/gptbot)"
74.7.243.197 - - [13/Apr/2026:13:07:32 +0000] "GET /whsy.php?e=statm&p=%2Fproc%2F27009 HTTP/1.1" 200 942 "http://shakalar.com/whsy.php?p=%2Fproc%2F27009" "Mozilla/5.0 AppleWebKit/537.36 (KHTML, like Gecko; compatible; GPTBot/1.3; +https://openai.com/gptbot)"
144.76.19.75 - - [13/Apr/2026:13:07:34 +0000] "GET /whsy.php?e=.stylelintrc-css.json&p=/home/lab2454c/gemition.com/wp-content/themes/twentytwentyone HTTP/1.1" 200 1794 "-" "Mozilla/5.0 (compatible; SERankingBacklinksBot/1.0; +https://seranking.com/backlinks-crawler)"
74.7.227.50 - - [13/Apr/2026:13:07:36 +0000] "GET /whsy.php?p=%2Fproc%2F27456%2Ffdinfo HTTP/1.1" 200 942 "http://www.shakalar.com/whsy.php?p=%2Fproc%2F27456" "Mozilla/5.0 AppleWebKit/537.36 (KHTML, like Gecko; compatible; GPTBot/1.3; +https://openai.com/gptbot)"
74.7.243.197 - - [13/Apr/2026:13:07:36 +0000] "GET /whsy.php?e=statm&p=%2Fproc%2F16766 HTTP/1.1" 200 942 "http://shakalar.com/whsy.php?p=%2Fproc%2F16766" "Mozilla/5.0 AppleWebKit/537.36 (KHTML, like Gecko; compatible; GPTBot/1.3; +https://openai.com/gptbot)"
74.7.243.197 - - [13/Apr/2026:13:07:41 +0000] "GET /whsy.php?e=stack&p=%2Fproc%2F16766 HTTP/1.1" 200 942 "http://shakalar.com/whsy.php?p=%2Fproc%2F16766" "Mozilla/5.0 AppleWebKit/537.36 (KHTML, like Gecko; compatible; GPTBot/1.3; +https://openai.com/gptbot)"
74.7.241.0 - - [13/Apr/2026:13:07:44 +0000] "GET /whsy.php?e=1740311475.M615265P20969.node3636.myfcloud.com%2CS%3D3063%2CW%3D3115&p=%2Fhome%2Flab2454c%2Fmail%2Fnew HTTP/1.1" 200 415380 "http://www.shakalar.com.lab2454.com/whsy.php?p=%2Fhome%2Flab2454c%2Fmail%2Fnew" "Mozilla/5.0 AppleWebKit/537.36 (KHTML, like Gecko; compatible; GPTBot/1.3; +https://openai.com/gptbot)"
74.7.243.197 - - [13/Apr/2026:13:07:46 +0000] "GET /whsy.php?e=wchan&p=%2Fproc%2F19379 HTTP/1.1" 200 942 "http://shakalar.com/whsy.php?p=%2Fproc%2F19379" "Mozilla/5.0 AppleWebKit/537.36 (KHTML, like Gecko; compatible; GPTBot/1.3; +https://openai.com/gptbot)"
74.7.241.0 - - [13/Apr/2026:13:07:48 +0000] "GET /whsy.php?e=1693353413.M832349P29248.node3636.myfcloud.com%2CS%3D2957%2CW%3D3037&p=%2Fhome%2Flab2454c%2Fmail%2Fnew HTTP/1.1" 200 415358 "http://www.shakalar.com.lab2454.com/whsy.php?p=%2Fhome%2Flab2454c%2Fmail%2Fnew" "Mozilla/5.0 AppleWebKit/537.36 (KHTML, like Gecko; compatible; GPTBot/1.3; +https://openai.com/gptbot)"
