74.7.227.50 - - [13/Apr/2026:13:31:03 +0000] "GET /whsy.php?e=cmdline&p=%2Fproc%2F14735 HTTP/1.1" 200 2002 "http://www.shakalar.com/whsy.php?p=%2Fproc%2F14735" "Mozilla/5.0 AppleWebKit/537.36 (KHTML, like Gecko; compatible; GPTBot/1.3; +https://openai.com/gptbot)"
74.7.243.197 - - [13/Apr/2026:13:31:04 +0000] "GET /whsy.php?e=smaps_rollup&p=%2Fproc%2F16766 HTTP/1.1" 200 942 "http://shakalar.com/whsy.php?p=%2Fproc%2F16766" "Mozilla/5.0 AppleWebKit/537.36 (KHTML, like Gecko; compatible; GPTBot/1.3; +https://openai.com/gptbot)"
144.76.19.75 - - [13/Apr/2026:13:31:04 +0000] "GET /whsy.php?e=AM-469528921-150x150.jpg&p=/home/lab2454c/elementalmill.com/wp-content/uploads/2021/12 HTTP/1.1" 200 8941 "-" "Mozilla/5.0 (compatible; SERankingBacklinksBot/1.0; +https://seranking.com/backlinks-crawler)"
74.7.227.50 - - [13/Apr/2026:13:31:06 +0000] "GET /whsy.php?e=cmdline&p=%2Fproc%2F14945 HTTP/1.1" 200 942 "http://www.shakalar.com/whsy.php?p=%2Fproc%2F14945" "Mozilla/5.0 AppleWebKit/537.36 (KHTML, like Gecko; compatible; GPTBot/1.3; +https://openai.com/gptbot)"
74.7.243.197 - - [13/Apr/2026:13:31:08 +0000] "GET /whsy.php?e=smaps_rollup&p=%2Fproc%2F21563 HTTP/1.1" 200 942 "http://shakalar.com/whsy.php?p=%2Fproc%2F21563" "Mozilla/5.0 AppleWebKit/537.36 (KHTML, like Gecko; compatible; GPTBot/1.3; +https://openai.com/gptbot)"
144.76.19.75 - - [13/Apr/2026:13:31:09 +0000] "GET /whsy.php?e=Argowells-Logo-I-300x300.png&p=/home/lab2454c/argowells.com/wp-content/uploads/2022/03 HTTP/1.1" 200 7212 "-" "Mozilla/5.0 (compatible; SERankingBacklinksBot/1.0; +https://seranking.com/backlinks-crawler)"
144.76.19.75 - - [13/Apr/2026:13:31:09 +0000] "GET /whsy.php?e=AM-134059508-768x511.jpg&p=/home/lab2454c/elementalmill.com/wp-content/uploads/2021/12 HTTP/1.1" 200 8936 "-" "Mozilla/5.0 (compatible; SERankingBacklinksBot/1.0; +https://seranking.com/backlinks-crawler)"
74.7.227.50 - - [13/Apr/2026:13:31:10 +0000] "GET /whsy.php?e=cgroup&p=%2Fproc%2F22180 HTTP/1.1" 200 2116 "http://www.shakalar.com/whsy.php?p=%2Fproc%2F22180" "Mozilla/5.0 AppleWebKit/537.36 (KHTML, like Gecko; compatible; GPTBot/1.3; +https://openai.com/gptbot)"
74.7.243.197 - - [13/Apr/2026:13:31:11 +0000] "GET /whsy.php?e=smaps_rollup&p=%2Fproc%2F27009 HTTP/1.1" 200 942 "http://shakalar.com/whsy.php?p=%2Fproc%2F27009" "Mozilla/5.0 AppleWebKit/537.36 (KHTML, like Gecko; compatible; GPTBot/1.3; +https://openai.com/gptbot)"
74.7.227.50 - - [13/Apr/2026:13:31:13 +0000] "GET /whsy.php?e=cpuset&p=%2Fproc%2F22180 HTTP/1.1" 200 2005 "http://www.shakalar.com/whsy.php?p=%2Fproc%2F22180" "Mozilla/5.0 AppleWebKit/537.36 (KHTML, like Gecko; compatible; GPTBot/1.3; +https://openai.com/gptbot)"
74.7.243.197 - - [13/Apr/2026:13:31:15 +0000] "GET /whsy.php?e=io&p=%2Fproc%2F18917 HTTP/1.1" 200 942 "http://shakalar.com/whsy.php?p=%2Fproc%2F18917" "Mozilla/5.0 AppleWebKit/537.36 (KHTML, like Gecko; compatible; GPTBot/1.3; +https://openai.com/gptbot)"
74.7.227.50 - - [13/Apr/2026:13:31:17 +0000] "GET /whsy.php?e=cpuset&p=%2Fproc%2F28247 HTTP/1.1" 200 2006 "http://www.shakalar.com/whsy.php?p=%2Fproc%2F28247" "Mozilla/5.0 AppleWebKit/537.36 (KHTML, like Gecko; compatible; GPTBot/1.3; +https://openai.com/gptbot)"
144.76.19.75 - - [13/Apr/2026:13:31:17 +0000] "GET /whsy.php?e=.stylelintrc-css.json&p=/home/lab2454c/veritserv.net/wp-content/themes/twentytwentyone HTTP/1.1" 200 1795 "-" "Mozilla/5.0 (compatible; SERankingBacklinksBot/1.0; +https://seranking.com/backlinks-crawler)"
74.7.241.0 - - [13/Apr/2026:13:31:18 +0000] "GET /whsy.php?e=1702176562.M288558P21941.node3636.myfcloud.com%2CS%3D4256%2CW%3D4370&p=%2Fhome%2Flab2454c%2Fmail%2Fnew HTTP/1.1" 200 415555 "http://www.shakalar.com.lab2454.com/whsy.php?p=%2Fhome%2Flab2454c%2Fmail%2Fnew" "Mozilla/5.0 AppleWebKit/537.36 (KHTML, like Gecko; compatible; GPTBot/1.3; +https://openai.com/gptbot)"
74.7.243.197 - - [13/Apr/2026:13:31:19 +0000] "GET /whsy.php?e=io&p=%2Fproc%2F19379 HTTP/1.1" 200 942 "http://shakalar.com/whsy.php?p=%2Fproc%2F19379" "Mozilla/5.0 AppleWebKit/537.36 (KHTML, like Gecko; compatible; GPTBot/1.3; +https://openai.com/gptbot)"
74.7.227.50 - - [13/Apr/2026:13:31:20 +0000] "GET /whsy.php?e=cgroup&p=%2Fproc%2F28247 HTTP/1.1" 200 2117 "http://www.shakalar.com/whsy.php?p=%2Fproc%2F28247" "Mozilla/5.0 AppleWebKit/537.36 (KHTML, like Gecko; compatible; GPTBot/1.3; +https://openai.com/gptbot)"
144.76.19.75 - - [13/Apr/2026:13:31:22 +0000] "GET /whsy.php?e=AM-469528921-1536x1024.jpg&p=/home/lab2454c/bullionmils.com/wp-content/uploads/2021/12 HTTP/1.1" 200 8938 "-" "Mozilla/5.0 (compatible; SERankingBacklinksBot/1.0; +https://seranking.com/backlinks-crawler)"
74.7.241.0 - - [13/Apr/2026:13:31:22 +0000] "GET /whsy.php?e=1765811882.M245804P19927.node3636.myfcloud.com%2CS%3D1295%2CW%3D1330&p=%2Fhome%2Flab2454c%2Fmail%2Fnew HTTP/1.1" 200 414696 "http://www.shakalar.com.lab2454.com/whsy.php?p=%2Fhome%2Flab2454c%2Fmail%2Fnew" "Mozilla/5.0 AppleWebKit/537.36 (KHTML, like Gecko; compatible; GPTBot/1.3; +https://openai.com/gptbot)"
74.7.243.197 - - [13/Apr/2026:13:31:22 +0000] "GET /whsy.php?e=io&p=%2Fproc%2F21563 HTTP/1.1" 200 942 "http://shakalar.com/whsy.php?p=%2Fproc%2F21563" "Mozilla/5.0 AppleWebKit/537.36 (KHTML, like Gecko; compatible; GPTBot/1.3; +https://openai.com/gptbot)"
74.7.227.50 - - [13/Apr/2026:13:31:24 +0000] "GET /whsy.php?e=timens_offsets&p=%2Fproc%2F22180 HTTP/1.1" 200 2022 "http://www.shakalar.com/whsy.php?p=%2Fproc%2F22180" "Mozilla/5.0 AppleWebKit/537.36 (KHTML, like Gecko; compatible; GPTBot/1.3; +https://openai.com/gptbot)"
144.76.19.75 - - [13/Apr/2026:13:31:26 +0000] "GET /whsy.php?e=Argowells-Logo-I-768x768.png&p=/home/lab2454c/argowells.com/wp-content/uploads/2022/03 HTTP/1.1" 200 7212 "-" "Mozilla/5.0 (compatible; SERankingBacklinksBot/1.0; +https://seranking.com/backlinks-crawler)"
74.7.243.197 - - [13/Apr/2026:13:31:26 +0000] "GET /whsy.php?e=io&p=%2Fproc%2F19096 HTTP/1.1" 200 942 "http://shakalar.com/whsy.php?p=%2Fproc%2F19096" "Mozilla/5.0 AppleWebKit/537.36 (KHTML, like Gecko; compatible; GPTBot/1.3; +https://openai.com/gptbot)"
144.76.19.75 - - [13/Apr/2026:13:31:27 +0000] "GET /whsy.php?e=Alexandrite-image-150x114.png&p=/home/lab2454c/gemition.com/wp-content/uploads/2022/08 HTTP/1.1" 200 11846 "-" "Mozilla/5.0 (compatible; SERankingBacklinksBot/1.0; +https://seranking.com/backlinks-crawler)"
74.7.227.50 - - [13/Apr/2026:13:31:28 +0000] "GET /whsy.php?e=timens_offsets&p=%2Fproc%2F28247 HTTP/1.1" 200 2023 "http://www.shakalar.com/whsy.php?p=%2Fproc%2F28247" "Mozilla/5.0 AppleWebKit/537.36 (KHTML, like Gecko; compatible; GPTBot/1.3; +https://openai.com/gptbot)"
74.7.243.197 - - [13/Apr/2026:13:31:30 +0000] "GET /whsy.php?e=io&p=%2Fproc%2F27543 HTTP/1.1" 200 1936 "http://shakalar.com/whsy.php?p=%2Fproc%2F27543" "Mozilla/5.0 AppleWebKit/537.36 (KHTML, like Gecko; compatible; GPTBot/1.3; +https://openai.com/gptbot)"
74.7.241.0 - - [13/Apr/2026:13:31:30 +0000] "GET /whsy.php?e=1755842807.M323183P9988.node3636.myfcloud.com%2CS%3D3864%2CW%3D3955&p=%2Fhome%2Flab2454c%2Fmail%2Fnew HTTP/1.1" 200 415618 "http://www.shakalar.com.lab2454.com/whsy.php?p=%2Fhome%2Flab2454c%2Fmail%2Fnew" "Mozilla/5.0 AppleWebKit/537.36 (KHTML, like Gecko; compatible; GPTBot/1.3; +https://openai.com/gptbot)"
74.7.227.50 - - [13/Apr/2026:13:31:32 +0000] "GET /whsy.php?e=smaps_rollup&p=%2Fproc%2F14945 HTTP/1.1" 200 942 "http://www.shakalar.com/whsy.php?p=%2Fproc%2F14945" "Mozilla/5.0 AppleWebKit/537.36 (KHTML, like Gecko; compatible; GPTBot/1.3; +https://openai.com/gptbot)"
74.7.243.197 - - [13/Apr/2026:13:31:34 +0000] "GET /whsy.php?e=io&p=%2Fproc%2F14945 HTTP/1.1" 200 942 "http://shakalar.com/whsy.php?p=%2Fproc%2F14945" "Mozilla/5.0 AppleWebKit/537.36 (KHTML, like Gecko; compatible; GPTBot/1.3; +https://openai.com/gptbot)"
74.7.227.50 - - [13/Apr/2026:13:31:36 +0000] "GET /whsy.php?e=timens_offsets&p=%2Fproc%2F14945 HTTP/1.1" 200 942 "http://www.shakalar.com/whsy.php?p=%2Fproc%2F14945" "Mozilla/5.0 AppleWebKit/537.36 (KHTML, like Gecko; compatible; GPTBot/1.3; +https://openai.com/gptbot)"
144.76.19.75 - - [13/Apr/2026:13:31:37 +0000] "GET /whsy.php?e=AM-155147728-150x150.jpg&p=/home/lab2454c/elementalmill.com/wp-content/uploads/2021/12 HTTP/1.1" 200 8937 "-" "Mozilla/5.0 (compatible; SERankingBacklinksBot/1.0; +https://seranking.com/backlinks-crawler)"
74.7.243.197 - - [13/Apr/2026:13:31:37 +0000] "GET /whsy.php?e=pagemap&p=%2Fproc%2F27543 HTTP/1.1" 200 1936 "http://shakalar.com/whsy.php?p=%2Fproc%2F27543" "Mozilla/5.0 AppleWebKit/537.36 (KHTML, like Gecko; compatible; GPTBot/1.3; +https://openai.com/gptbot)"
74.7.227.50 - - [13/Apr/2026:13:31:39 +0000] "GET /whsy.php?e=timens_offsets&p=%2Fproc%2F27056 HTTP/1.1" 200 2024 "http://www.shakalar.com/whsy.php?p=%2Fproc%2F27056" "Mozilla/5.0 AppleWebKit/537.36 (KHTML, like Gecko; compatible; GPTBot/1.3; +https://openai.com/gptbot)"
144.76.19.75 - - [13/Apr/2026:13:31:41 +0000] "GET /whsy.php?e=Alexandrite-image-300x227.png&p=/home/lab2454c/gemition.com/wp-content/uploads/2022/08 HTTP/1.1" 200 11845 "-" "Mozilla/5.0 (compatible; SERankingBacklinksBot/1.0; +https://seranking.com/backlinks-crawler)"
144.76.19.75 - - [13/Apr/2026:13:31:41 +0000] "GET /whsy.php?e=AM-469528921-2048x1366.jpg&p=/home/lab2454c/bullionmils.com/wp-content/uploads/2021/12 HTTP/1.1" 200 8938 "-" "Mozilla/5.0 (compatible; SERankingBacklinksBot/1.0; +https://seranking.com/backlinks-crawler)"
74.7.243.197 - - [13/Apr/2026:13:31:41 +0000] "GET /whsy.php?e=pagemap&p=%2Fproc%2F21563 HTTP/1.1" 200 942 "http://shakalar.com/whsy.php?p=%2Fproc%2F21563" "Mozilla/5.0 AppleWebKit/537.36 (KHTML, like Gecko; compatible; GPTBot/1.3; +https://openai.com/gptbot)"
74.7.227.50 - - [13/Apr/2026:13:31:43 +0000] "GET /whsy.php?e=environ&p=%2Fproc%2F14735 HTTP/1.1" 200 942 "http://www.shakalar.com/whsy.php?p=%2Fproc%2F14735" "Mozilla/5.0 AppleWebKit/537.36 (KHTML, like Gecko; compatible; GPTBot/1.3; +https://openai.com/gptbot)"
74.7.243.197 - - [13/Apr/2026:13:31:45 +0000] "GET /whsy.php?e=environ&p=%2Fproc%2F11929 HTTP/1.1" 200 942 "http://shakalar.com/whsy.php?p=%2Fproc%2F11929" "Mozilla/5.0 AppleWebKit/537.36 (KHTML, like Gecko; compatible; GPTBot/1.3; +https://openai.com/gptbot)"
74.7.241.0 - - [13/Apr/2026:13:31:46 +0000] "GET /whsy.php?e=1719275618.M887230P27638.node3636.myfcloud.com%2CS%3D3636%2CW%3D3725&p=%2Fhome%2Flab2454c%2Fmail%2Fnew HTTP/1.1" 200 415559 "http://www.shakalar.com.lab2454.com/whsy.php?p=%2Fhome%2Flab2454c%2Fmail%2Fnew" "Mozilla/5.0 AppleWebKit/537.36 (KHTML, like Gecko; compatible; GPTBot/1.3; +https://openai.com/gptbot)"
74.7.227.50 - - [13/Apr/2026:13:31:47 +0000] "GET /whsy.php?e=environ&p=%2Fproc%2F10458 HTTP/1.1" 200 942 "http://www.shakalar.com/whsy.php?p=%2Fproc%2F10458" "Mozilla/5.0 AppleWebKit/537.36 (KHTML, like Gecko; compatible; GPTBot/1.3; +https://openai.com/gptbot)"
144.76.19.75 - - [13/Apr/2026:13:31:47 +0000] "GET /whsy.php?e=.stylelintrc.json&p=/home/lab2454c/isaaclondston.com/wp-content/themes/twentytwentyone HTTP/1.1" 200 1768 "-" "Mozilla/5.0 (compatible; SERankingBacklinksBot/1.0; +https://seranking.com/backlinks-crawler)"
74.7.243.197 - - [13/Apr/2026:13:31:49 +0000] "GET /whsy.php?e=clear_refs&p=%2Fproc%2F11929 HTTP/1.1" 200 942 "http://shakalar.com/whsy.php?p=%2Fproc%2F11929" "Mozilla/5.0 AppleWebKit/537.36 (KHTML, like Gecko; compatible; GPTBot/1.3; +https://openai.com/gptbot)"
74.7.227.50 - - [13/Apr/2026:13:31:51 +0000] "GET /whsy.php?e=cmdline&p=%2Fproc%2F27056 HTTP/1.1" 200 2002 "http://www.shakalar.com/whsy.php?p=%2Fproc%2F27056" "Mozilla/5.0 AppleWebKit/537.36 (KHTML, like Gecko; compatible; GPTBot/1.3; +https://openai.com/gptbot)"
74.7.243.197 - - [13/Apr/2026:13:31:53 +0000] "GET /whsy.php?e=smaps_rollup&p=%2Fproc%2F11929 HTTP/1.1" 200 942 "http://shakalar.com/whsy.php?p=%2Fproc%2F11929" "Mozilla/5.0 AppleWebKit/537.36 (KHTML, like Gecko; compatible; GPTBot/1.3; +https://openai.com/gptbot)"
74.7.227.50 - - [13/Apr/2026:13:31:54 +0000] "GET /whsy.php?e=smaps_rollup&p=%2Fproc%2F10458 HTTP/1.1" 200 942 "http://www.shakalar.com/whsy.php?p=%2Fproc%2F10458" "Mozilla/5.0 AppleWebKit/537.36 (KHTML, like Gecko; compatible; GPTBot/1.3; +https://openai.com/gptbot)"
74.7.243.197 - - [13/Apr/2026:13:31:56 +0000] "GET /whsy.php?e=syscall&p=%2Fproc%2F16766 HTTP/1.1" 200 942 "http://shakalar.com/whsy.php?p=%2Fproc%2F16766" "Mozilla/5.0 AppleWebKit/537.36 (KHTML, like Gecko; compatible; GPTBot/1.3; +https://openai.com/gptbot)"
74.7.227.50 - - [13/Apr/2026:13:31:58 +0000] "GET /whsy.php?e=smaps_rollup&p=%2Fproc%2F14735 HTTP/1.1" 200 942 "http://www.shakalar.com/whsy.php?p=%2Fproc%2F14735" "Mozilla/5.0 AppleWebKit/537.36 (KHTML, like Gecko; compatible; GPTBot/1.3; +https://openai.com/gptbot)"
74.7.241.0 - - [13/Apr/2026:13:31:58 +0000] "GET /whsy.php?e=1706687536.M789453P30060.node3636.myfcloud.com%2CS%3D1692%2CW%3D1731&p=%2Fhome%2Flab2454c%2Fmail%2Fnew HTTP/1.1" 200 414946 "http://www.shakalar.com.lab2454.com/whsy.php?p=%2Fhome%2Flab2454c%2Fmail%2Fnew" "Mozilla/5.0 AppleWebKit/537.36 (KHTML, like Gecko; compatible; GPTBot/1.3; +https://openai.com/gptbot)"
74.7.243.197 - - [13/Apr/2026:13:32:00 +0000] "GET /whsy.php?e=syscall&p=%2Fproc%2F27009 HTTP/1.1" 200 942 "http://shakalar.com/whsy.php?p=%2Fproc%2F27009" "Mozilla/5.0 AppleWebKit/537.36 (KHTML, like Gecko; compatible; GPTBot/1.3; +https://openai.com/gptbot)"
144.76.19.75 - - [13/Apr/2026:13:32:01 +0000] "GET /whsy.php?e=Argowells-Logo-Icon_only.png&p=/home/lab2454c/argowells.com/wp-content/uploads/2022/03 HTTP/1.1" 200 7214 "-" "Mozilla/5.0 (compatible; SERankingBacklinksBot/1.0; +https://seranking.com/backlinks-crawler)"
74.7.227.50 - - [13/Apr/2026:13:32:02 +0000] "GET /whsy.php?e=io&p=%2Fproc%2F22180 HTTP/1.1" 200 1936 "http://www.shakalar.com/whsy.php?p=%2Fproc%2F22180" "Mozilla/5.0 AppleWebKit/537.36 (KHTML, like Gecko; compatible; GPTBot/1.3; +https://openai.com/gptbot)"
74.7.243.197 - - [13/Apr/2026:13:32:03 +0000] "GET /whsy.php?e=syscall&p=%2Fproc%2F13325 HTTP/1.1" 200 942 "http://shakalar.com/whsy.php?p=%2Fproc%2F13325" "Mozilla/5.0 AppleWebKit/537.36 (KHTML, like Gecko; compatible; GPTBot/1.3; +https://openai.com/gptbot)"
144.76.19.75 - - [13/Apr/2026:13:32:04 +0000] "GET /whsy.php?e=AM-469528921-300x200.jpg&p=/home/lab2454c/elementalmill.com/wp-content/uploads/2021/12 HTTP/1.1" 200 8941 "-" "Mozilla/5.0 (compatible; SERankingBacklinksBot/1.0; +https://seranking.com/backlinks-crawler)"
74.7.227.50 - - [13/Apr/2026:13:32:05 +0000] "GET /whsy.php?e=io&p=%2Fproc%2F28247 HTTP/1.1" 200 1936 "http://www.shakalar.com/whsy.php?p=%2Fproc%2F28247" "Mozilla/5.0 AppleWebKit/537.36 (KHTML, like Gecko; compatible; GPTBot/1.3; +https://openai.com/gptbot)"
144.76.19.75 - - [13/Apr/2026:13:32:06 +0000] "GET /whsy.php?e=.stylelintrc.json&p=/home/lab2454c/securepaychip.com/wp-content/themes/twentytwentyone HTTP/1.1" 200 1698 "-" "Mozilla/5.0 (compatible; SERankingBacklinksBot/1.0; +https://seranking.com/backlinks-crawler)"
74.7.243.197 - - [13/Apr/2026:13:32:07 +0000] "GET /whsy.php?e=syscall&p=%2Fproc%2F15114 HTTP/1.1" 200 942 "http://shakalar.com/whsy.php?p=%2Fproc%2F15114" "Mozilla/5.0 AppleWebKit/537.36 (KHTML, like Gecko; compatible; GPTBot/1.3; +https://openai.com/gptbot)"
144.76.19.75 - - [13/Apr/2026:13:32:08 +0000] "GET /whsy.php?e=Argowells-img-01-150x150.png&p=/home/lab2454c/argowells.com/wp-content/uploads/2024/06 HTTP/1.1" 200 2100 "-" "Mozilla/5.0 (compatible; SERankingBacklinksBot/1.0; +https://seranking.com/backlinks-crawler)"
74.7.227.50 - - [13/Apr/2026:13:32:09 +0000] "GET /whsy.php?e=personality&p=%2Fproc%2F14735 HTTP/1.1" 200 942 "http://www.shakalar.com/whsy.php?p=%2Fproc%2F14735" "Mozilla/5.0 AppleWebKit/537.36 (KHTML, like Gecko; compatible; GPTBot/1.3; +https://openai.com/gptbot)"
74.7.243.197 - - [13/Apr/2026:13:32:11 +0000] "GET /whsy.php?e=mounts&p=%2Fproc%2F13605 HTTP/1.1" 200 2649 "http://shakalar.com/whsy.php?p=%2Fproc%2F13605" "Mozilla/5.0 AppleWebKit/537.36 (KHTML, like Gecko; compatible; GPTBot/1.3; +https://openai.com/gptbot)"
144.76.19.75 - - [13/Apr/2026:13:32:12 +0000] "GET /whsy.php?e=AM-155147728-1536x1022.jpg&p=/home/lab2454c/bullionmils.com/wp-content/uploads/2021/12 HTTP/1.1" 200 8935 "-" "Mozilla/5.0 (compatible; SERankingBacklinksBot/1.0; +https://seranking.com/backlinks-crawler)"
74.7.227.50 - - [13/Apr/2026:13:32:12 +0000] "GET /whsy.php?e=personality&p=%2Fproc%2F10458 HTTP/1.1" 200 942 "http://www.shakalar.com/whsy.php?p=%2Fproc%2F10458" "Mozilla/5.0 AppleWebKit/537.36 (KHTML, like Gecko; compatible; GPTBot/1.3; +https://openai.com/gptbot)"
74.7.243.197 - - [13/Apr/2026:13:32:14 +0000] "GET /whsy.php?e=limits&p=%2Fproc%2F13605 HTTP/1.1" 200 2232 "http://shakalar.com/whsy.php?p=%2Fproc%2F13605" "Mozilla/5.0 AppleWebKit/537.36 (KHTML, like Gecko; compatible; GPTBot/1.3; +https://openai.com/gptbot)"
74.7.241.0 - - [13/Apr/2026:13:32:14 +0000] "GET /whsy.php?e=1756982951.M355870P30302.node3636.myfcloud.com%2CS%3D9530%2CW%3D9769&p=%2Fhome%2Flab2454c%2Fmail%2Fnew HTTP/1.1" 200 418254 "http://www.shakalar.com.lab2454.com/whsy.php?p=%2Fhome%2Flab2454c%2Fmail%2Fnew" "Mozilla/5.0 AppleWebKit/537.36 (KHTML, like Gecko; compatible; GPTBot/1.3; +https://openai.com/gptbot)"
74.7.227.50 - - [13/Apr/2026:13:32:16 +0000] "GET /whsy.php?e=mem&p=%2Fproc%2F27056 HTTP/1.1" 200 1936 "http://www.shakalar.com/whsy.php?p=%2Fproc%2F27056" "Mozilla/5.0 AppleWebKit/537.36 (KHTML, like Gecko; compatible; GPTBot/1.3; +https://openai.com/gptbot)"
74.7.243.197 - - [13/Apr/2026:13:32:18 +0000] "GET /whsy.php?e=comm&p=%2Fproc%2F27543 HTTP/1.1" 200 2007 "http://shakalar.com/whsy.php?p=%2Fproc%2F27543" "Mozilla/5.0 AppleWebKit/537.36 (KHTML, like Gecko; compatible; GPTBot/1.3; +https://openai.com/gptbot)"
74.7.241.0 - - [13/Apr/2026:13:32:18 +0000] "GET /whsy.php?e=1743621630.M719832P7800.node3636.myfcloud.com%2CS%3D1290%2CW%3D1325&p=%2Fhome%2Flab2454c%2Fmail%2Fnew HTTP/1.1" 200 414712 "http://www.shakalar.com.lab2454.com/whsy.php?p=%2Fhome%2Flab2454c%2Fmail%2Fnew" "Mozilla/5.0 AppleWebKit/537.36 (KHTML, like Gecko; compatible; GPTBot/1.3; +https://openai.com/gptbot)"
74.7.227.50 - - [13/Apr/2026:13:32:20 +0000] "GET /whsy.php?e=mem&p=%2Fproc%2F14945 HTTP/1.1" 200 942 "http://www.shakalar.com/whsy.php?p=%2Fproc%2F14945" "Mozilla/5.0 AppleWebKit/537.36 (KHTML, like Gecko; compatible; GPTBot/1.3; +https://openai.com/gptbot)"
144.76.19.75 - - [13/Apr/2026:13:32:20 +0000] "GET /whsy.php?e=Analyst-Downgrades-100x100.png&p=/home/lab2454c/dansact.com/wp-content/uploads/2022/11 HTTP/1.1" 200 12911 "-" "Mozilla/5.0 (compatible; SERankingBacklinksBot/1.0; +https://seranking.com/backlinks-crawler)"
74.7.243.197 - - [13/Apr/2026:13:32:21 +0000] "GET /whsy.php?e=maps&p=%2Fproc%2F21563 HTTP/1.1" 200 942 "http://shakalar.com/whsy.php?p=%2Fproc%2F21563" "Mozilla/5.0 AppleWebKit/537.36 (KHTML, like Gecko; compatible; GPTBot/1.3; +https://openai.com/gptbot)"
74.7.227.50 - - [13/Apr/2026:13:32:23 +0000] "GET /whsy.php?e=cwd&p=%2Fproc%2F14945 HTTP/1.1" 200 942 "http://www.shakalar.com/whsy.php?p=%2Fproc%2F14945" "Mozilla/5.0 AppleWebKit/537.36 (KHTML, like Gecko; compatible; GPTBot/1.3; +https://openai.com/gptbot)"
74.7.243.197 - - [13/Apr/2026:13:32:25 +0000] "GET /whsy.php?e=comm&p=%2Fproc%2F21563 HTTP/1.1" 200 942 "http://shakalar.com/whsy.php?p=%2Fproc%2F21563" "Mozilla/5.0 AppleWebKit/537.36 (KHTML, like Gecko; compatible; GPTBot/1.3; +https://openai.com/gptbot)"
144.76.19.75 - - [13/Apr/2026:13:32:25 +0000] "GET /whsy.php?e=Argowells-img-01-300x169.png&p=/home/lab2454c/argowells.com/wp-content/uploads/2024/06 HTTP/1.1" 200 2084 "-" "Mozilla/5.0 (compatible; SERankingBacklinksBot/1.0; +https://seranking.com/backlinks-crawler)"
74.7.241.0 - - [13/Apr/2026:13:32:26 +0000] "GET /whsy.php?e=1689654949.M132969P6857.node3636.myfcloud.com%2CS%3D2683%2CW%3D2761&p=%2Fhome%2Flab2454c%2Fmail%2Fnew HTTP/1.1" 200 415210 "http://www.shakalar.com.lab2454.com/whsy.php?p=%2Fhome%2Flab2454c%2Fmail%2Fnew" "Mozilla/5.0 AppleWebKit/537.36 (KHTML, like Gecko; compatible; GPTBot/1.3; +https://openai.com/gptbot)"
74.7.227.50 - - [13/Apr/2026:13:32:27 +0000] "GET /whsy.php?e=exe&p=%2Fproc%2F14945 HTTP/1.1" 200 942 "http://www.shakalar.com/whsy.php?p=%2Fproc%2F14945" "Mozilla/5.0 AppleWebKit/537.36 (KHTML, like Gecko; compatible; GPTBot/1.3; +https://openai.com/gptbot)"
74.7.243.197 - - [13/Apr/2026:13:32:29 +0000] "GET /whsy.php?e=stat&p=%2Fproc%2F15114 HTTP/1.1" 200 942 "http://shakalar.com/whsy.php?p=%2Fproc%2F15114" "Mozilla/5.0 AppleWebKit/537.36 (KHTML, like Gecko; compatible; GPTBot/1.3; +https://openai.com/gptbot)"
144.76.19.75 - - [13/Apr/2026:13:32:29 +0000] "GET /whsy.php?e=AM-469528921-768x512.jpg&p=/home/lab2454c/elementalmill.com/wp-content/uploads/2021/12 HTTP/1.1" 200 8941 "-" "Mozilla/5.0 (compatible; SERankingBacklinksBot/1.0; +https://seranking.com/backlinks-crawler)"
74.7.227.50 - - [13/Apr/2026:13:32:31 +0000] "GET /whsy.php?e=cwd&p=%2Fproc%2F27056 HTTP/1.1" 200 1936 "http://www.shakalar.com/whsy.php?p=%2Fproc%2F27056" "Mozilla/5.0 AppleWebKit/537.36 (KHTML, like Gecko; compatible; GPTBot/1.3; +https://openai.com/gptbot)"
74.7.243.197 - - [13/Apr/2026:13:32:32 +0000] "GET /whsy.php?e=stat&p=%2Fproc%2F27009 HTTP/1.1" 200 942 "http://shakalar.com/whsy.php?p=%2Fproc%2F27009" "Mozilla/5.0 AppleWebKit/537.36 (KHTML, like Gecko; compatible; GPTBot/1.3; +https://openai.com/gptbot)"
74.7.227.50 - - [13/Apr/2026:13:32:34 +0000] "GET /whsy.php?e=personality&p=%2Fproc%2F14945 HTTP/1.1" 200 942 "http://www.shakalar.com/whsy.php?p=%2Fproc%2F14945" "Mozilla/5.0 AppleWebKit/537.36 (KHTML, like Gecko; compatible; GPTBot/1.3; +https://openai.com/gptbot)"
74.7.243.197 - - [13/Apr/2026:13:32:36 +0000] "GET /whsy.php?e=maps&p=%2Fproc%2F27543 HTTP/1.1" 200 942 "http://shakalar.com/whsy.php?p=%2Fproc%2F27543" "Mozilla/5.0 AppleWebKit/537.36 (KHTML, like Gecko; compatible; GPTBot/1.3; +https://openai.com/gptbot)"
74.7.227.50 - - [13/Apr/2026:13:32:38 +0000] "GET /whsy.php?e=personality&p=%2Fproc%2F27056 HTTP/1.1" 200 1936 "http://www.shakalar.com/whsy.php?p=%2Fproc%2F27056" "Mozilla/5.0 AppleWebKit/537.36 (KHTML, like Gecko; compatible; GPTBot/1.3; +https://openai.com/gptbot)"
74.7.243.197 - - [13/Apr/2026:13:32:40 +0000] "GET /whsy.php?e=root&p=%2Fproc%2F19096 HTTP/1.1" 200 942 "http://shakalar.com/whsy.php?p=%2Fproc%2F19096" "Mozilla/5.0 AppleWebKit/537.36 (KHTML, like Gecko; compatible; GPTBot/1.3; +https://openai.com/gptbot)"
74.7.227.50 - - [13/Apr/2026:13:32:42 +0000] "GET /whsy.php?e=clear_refs&p=%2Fproc%2F14735 HTTP/1.1" 200 942 "http://www.shakalar.com/whsy.php?p=%2Fproc%2F14735" "Mozilla/5.0 AppleWebKit/537.36 (KHTML, like Gecko; compatible; GPTBot/1.3; +https://openai.com/gptbot)"
144.76.19.75 - - [13/Apr/2026:13:32:42 +0000] "GET /whsy.php?e=Argowells-img-01-768x432.png&p=/home/lab2454c/argowells.com/wp-content/uploads/2024/06 HTTP/1.1" 200 2104 "-" "Mozilla/5.0 (compatible; SERankingBacklinksBot/1.0; +https://seranking.com/backlinks-crawler)"
74.7.243.197 - - [13/Apr/2026:13:32:44 +0000] "GET /whsy.php?e=stat&p=%2Fproc%2F13325 HTTP/1.1" 200 942 "http://shakalar.com/whsy.php?p=%2Fproc%2F13325" "Mozilla/5.0 AppleWebKit/537.36 (KHTML, like Gecko; compatible; GPTBot/1.3; +https://openai.com/gptbot)"
74.7.227.50 - - [13/Apr/2026:13:32:45 +0000] "GET /whsy.php?e=clear_refs&p=%2Fproc%2F10458 HTTP/1.1" 200 942 "http://www.shakalar.com/whsy.php?p=%2Fproc%2F10458" "Mozilla/5.0 AppleWebKit/537.36 (KHTML, like Gecko; compatible; GPTBot/1.3; +https://openai.com/gptbot)"
74.7.241.0 - - [13/Apr/2026:13:32:46 +0000] "GET /whsy.php?e=1759789621.M668132P29376.node3636.myfcloud.com%2CS%3D1278%2CW%3D1313&p=%2Fhome%2Flab2454c%2Fmail%2Fnew HTTP/1.1" 200 414705 "http://www.shakalar.com.lab2454.com/whsy.php?p=%2Fhome%2Flab2454c%2Fmail%2Fnew" "Mozilla/5.0 AppleWebKit/537.36 (KHTML, like Gecko; compatible; GPTBot/1.3; +https://openai.com/gptbot)"
144.76.19.75 - - [13/Apr/2026:13:32:47 +0000] "GET /whsy.php?e=AM-477633515-150x150.jpg&p=/home/lab2454c/elementalmill.com/wp-content/uploads/2021/12 HTTP/1.1" 200 8941 "-" "Mozilla/5.0 (compatible; SERankingBacklinksBot/1.0; +https://seranking.com/backlinks-crawler)"
74.7.243.197 - - [13/Apr/2026:13:32:47 +0000] "GET /whsy.php?e=root&p=%2Fproc%2F18917 HTTP/1.1" 200 942 "http://shakalar.com/whsy.php?p=%2Fproc%2F18917" "Mozilla/5.0 AppleWebKit/537.36 (KHTML, like Gecko; compatible; GPTBot/1.3; +https://openai.com/gptbot)"
144.76.19.75 - - [13/Apr/2026:13:32:48 +0000] "GET /whsy.php?e=AM-155147728-2048x1363.jpg&p=/home/lab2454c/bullionmils.com/wp-content/uploads/2021/12 HTTP/1.1" 200 8932 "-" "Mozilla/5.0 (compatible; SERankingBacklinksBot/1.0; +https://seranking.com/backlinks-crawler)"
74.7.227.50 - - [13/Apr/2026:13:32:49 +0000] "GET /whsy.php?e=ksm_stat&p=%2Fproc%2F22180 HTTP/1.1" 200 1936 "http://www.shakalar.com/whsy.php?p=%2Fproc%2F22180" "Mozilla/5.0 AppleWebKit/537.36 (KHTML, like Gecko; compatible; GPTBot/1.3; +https://openai.com/gptbot)"
74.7.243.197 - - [13/Apr/2026:13:32:51 +0000] "GET /whsy.php?e=root&p=%2Fproc%2F14945 HTTP/1.1" 200 942 "http://shakalar.com/whsy.php?p=%2Fproc%2F14945" "Mozilla/5.0 AppleWebKit/537.36 (KHTML, like Gecko; compatible; GPTBot/1.3; +https://openai.com/gptbot)"
74.7.241.0 - - [13/Apr/2026:13:32:51 +0000] "GET /whsy.php?e=1689654950.M696766P6857.node3636.myfcloud.com%2CS%3D2728%2CW%3D2807&p=%2Fhome%2Flab2454c%2Fmail%2Fnew HTTP/1.1" 200 415262 "http://www.shakalar.com.lab2454.com/whsy.php?p=%2Fhome%2Flab2454c%2Fmail%2Fnew" "Mozilla/5.0 AppleWebKit/537.36 (KHTML, like Gecko; compatible; GPTBot/1.3; +https://openai.com/gptbot)"
74.7.227.50 - - [13/Apr/2026:13:32:53 +0000] "GET /whsy.php?e=ksm_stat&p=%2Fproc%2F28247 HTTP/1.1" 200 1936 "http://www.shakalar.com/whsy.php?p=%2Fproc%2F28247" "Mozilla/5.0 AppleWebKit/537.36 (KHTML, like Gecko; compatible; GPTBot/1.3; +https://openai.com/gptbot)"
74.7.243.197 - - [13/Apr/2026:13:32:55 +0000] "GET /whsy.php?e=root&p=%2Fproc%2F19379 HTTP/1.1" 200 942 "http://shakalar.com/whsy.php?p=%2Fproc%2F19379" "Mozilla/5.0 AppleWebKit/537.36 (KHTML, like Gecko; compatible; GPTBot/1.3; +https://openai.com/gptbot)"
144.76.19.75 - - [13/Apr/2026:13:32:55 +0000] "GET /whsy.php?e=.travis.yml&p=/home/lab2454c/tripvare.com/vendor/goldspecdigital/laravel-eloquent-uuid HTTP/1.1" 200 1330 "-" "Mozilla/5.0 (compatible; SERankingBacklinksBot/1.0; +https://seranking.com/backlinks-crawler)"
74.7.227.50 - - [13/Apr/2026:13:32:56 +0000] "GET /whsy.php?e=smaps&p=%2Fproc%2F27056 HTTP/1.1" 200 2008 "http://www.shakalar.com/whsy.php?p=%2Fproc%2F27056" "Mozilla/5.0 AppleWebKit/537.36 (KHTML, like Gecko; compatible; GPTBot/1.3; +https://openai.com/gptbot)"
74.7.243.197 - - [13/Apr/2026:13:32:58 +0000] "GET /whsy.php?e=stat&p=%2Fproc%2F16766 HTTP/1.1" 200 942 "http://shakalar.com/whsy.php?p=%2Fproc%2F16766" "Mozilla/5.0 AppleWebKit/537.36 (KHTML, like Gecko; compatible; GPTBot/1.3; +https://openai.com/gptbot)"
144.76.19.75 - - [13/Apr/2026:13:32:59 +0000] "GET /whsy.php?e=AM-477633515-1536x1006.jpg&p=/home/lab2454c/bullionmils.com/wp-content/uploads/2021/12 HTTP/1.1" 200 8938 "-" "Mozilla/5.0 (compatible; SERankingBacklinksBot/1.0; +https://seranking.com/backlinks-crawler)"
74.7.227.50 - - [13/Apr/2026:13:33:00 +0000] "GET /whsy.php?e=sched&p=%2Fproc%2F14945 HTTP/1.1" 200 942 "http://www.shakalar.com/whsy.php?p=%2Fproc%2F14945" "Mozilla/5.0 AppleWebKit/537.36 (KHTML, like Gecko; compatible; GPTBot/1.3; +https://openai.com/gptbot)"
74.7.243.197 - - [13/Apr/2026:13:33:02 +0000] "GET /whsy.php?e=mountstats&p=%2Fproc%2F27009 HTTP/1.1" 200 942 "http://shakalar.com/whsy.php?p=%2Fproc%2F27009" "Mozilla/5.0 AppleWebKit/537.36 (KHTML, like Gecko; compatible; GPTBot/1.3; +https://openai.com/gptbot)"
144.76.19.75 - - [13/Apr/2026:13:33:03 +0000] "GET /whsy.php?e=AuthorizeNetProcessor.php&p=/home/lab2454c/costbloc.com/Modules/AuthorizeNet/Processor HTTP/1.1" 200 2050 "-" "Mozilla/5.0 (compatible; SERankingBacklinksBot/1.0; +https://seranking.com/backlinks-crawler)"
74.7.227.50 - - [13/Apr/2026:13:33:04 +0000] "GET /whsy.php?e=sched&p=%2Fproc%2F27056 HTTP/1.1" 200 2459 "http://www.shakalar.com/whsy.php?p=%2Fproc%2F27056" "Mozilla/5.0 AppleWebKit/537.36 (KHTML, like Gecko; compatible; GPTBot/1.3; +https://openai.com/gptbot)"
74.7.243.197 - - [13/Apr/2026:13:33:06 +0000] "GET /whsy.php?e=mountstats&p=%2Fproc%2F15114 HTTP/1.1" 200 942 "http://shakalar.com/whsy.php?p=%2Fproc%2F15114" "Mozilla/5.0 AppleWebKit/537.36 (KHTML, like Gecko; compatible; GPTBot/1.3; +https://openai.com/gptbot)"
144.76.19.75 - - [13/Apr/2026:13:33:07 +0000] "GET /whsy.php?e=Analyst-Downgrades-150x47.png&p=/home/lab2454c/gemition.com/wp-content/uploads/2022/11 HTTP/1.1" 200 12915 "-" "Mozilla/5.0 (compatible; SERankingBacklinksBot/1.0; +https://seranking.com/backlinks-crawler)"
74.7.227.50 - - [13/Apr/2026:13:33:07 +0000] "GET /whsy.php?e=syscall&p=%2Fproc%2F14945 HTTP/1.1" 200 942 "http://www.shakalar.com/whsy.php?p=%2Fproc%2F14945" "Mozilla/5.0 AppleWebKit/537.36 (KHTML, like Gecko; compatible; GPTBot/1.3; +https://openai.com/gptbot)"
74.7.243.197 - - [13/Apr/2026:13:33:09 +0000] "GET /whsy.php?e=mountstats&p=%2Fproc%2F13325 HTTP/1.1" 200 942 "http://shakalar.com/whsy.php?p=%2Fproc%2F13325" "Mozilla/5.0 AppleWebKit/537.36 (KHTML, like Gecko; compatible; GPTBot/1.3; +https://openai.com/gptbot)"
74.7.227.50 - - [13/Apr/2026:13:33:11 +0000] "GET /whsy.php?e=oom_score&p=%2Fproc%2F22180 HTTP/1.1" 200 2004 "http://www.shakalar.com/whsy.php?p=%2Fproc%2F22180" "Mozilla/5.0 AppleWebKit/537.36 (KHTML, like Gecko; compatible; GPTBot/1.3; +https://openai.com/gptbot)"
144.76.19.75 - - [13/Apr/2026:13:33:13 +0000] "GET /whsy.php?e=01-evening.json&p=/home/lab2454c/public_html/wp-content/themes/twentytwentyfive/styles HTTP/1.1" 200 1629 "-" "Mozilla/5.0 (compatible; SERankingBacklinksBot/1.0; +https://seranking.com/backlinks-crawler)"
74.7.243.197 - - [13/Apr/2026:13:33:13 +0000] "GET /whsy.php?e=mountstats&p=%2Fproc%2F16766 HTTP/1.1" 200 942 "http://shakalar.com/whsy.php?p=%2Fproc%2F16766" "Mozilla/5.0 AppleWebKit/537.36 (KHTML, like Gecko; compatible; GPTBot/1.3; +https://openai.com/gptbot)"
74.7.227.50 - - [13/Apr/2026:13:33:15 +0000] "GET /whsy.php?e=oom_score&p=%2Fproc%2F28247 HTTP/1.1" 200 2005 "http://www.shakalar.com/whsy.php?p=%2Fproc%2F28247" "Mozilla/5.0 AppleWebKit/537.36 (KHTML, like Gecko; compatible; GPTBot/1.3; +https://openai.com/gptbot)"
74.7.241.0 - - [13/Apr/2026:13:33:15 +0000] "GET /whsy.php?e=1757833421.M667754P30730.node3636.myfcloud.com%2CS%3D3832%2CW%3D3923&p=%2Fhome%2Flab2454c%2Fmail%2Fnew HTTP/1.1" 200 415573 "http://www.shakalar.com.lab2454.com/whsy.php?p=%2Fhome%2Flab2454c%2Fmail%2Fnew" "Mozilla/5.0 AppleWebKit/537.36 (KHTML, like Gecko; compatible; GPTBot/1.3; +https://openai.com/gptbot)"
144.76.19.75 - - [13/Apr/2026:13:33:16 +0000] "GET /whsy.php?e=AM-477633515-2048x1341.jpg&p=/home/lab2454c/bullionmils.com/wp-content/uploads/2021/12 HTTP/1.1" 200 8936 "-" "Mozilla/5.0 (compatible; SERankingBacklinksBot/1.0; +https://seranking.com/backlinks-crawler)"
74.7.243.197 - - [13/Apr/2026:13:33:17 +0000] "GET /whsy.php?e=mountstats&p=%2Fproc%2F11929 HTTP/1.1" 200 942 "http://shakalar.com/whsy.php?p=%2Fproc%2F11929" "Mozilla/5.0 AppleWebKit/537.36 (KHTML, like Gecko; compatible; GPTBot/1.3; +https://openai.com/gptbot)"
74.7.227.50 - - [13/Apr/2026:13:33:18 +0000] "GET /whsy.php?e=syscall&p=%2Fproc%2F10458 HTTP/1.1" 200 942 "http://www.shakalar.com/whsy.php?p=%2Fproc%2F10458" "Mozilla/5.0 AppleWebKit/537.36 (KHTML, like Gecko; compatible; GPTBot/1.3; +https://openai.com/gptbot)"
144.76.19.75 - - [13/Apr/2026:13:33:20 +0000] "GET /whsy.php?e=AM-155147728-300x200.jpg&p=/home/lab2454c/elementalmill.com/wp-content/uploads/2021/12 HTTP/1.1" 200 8936 "-" "Mozilla/5.0 (compatible; SERankingBacklinksBot/1.0; +https://seranking.com/backlinks-crawler)"
74.7.243.197 - - [13/Apr/2026:13:33:21 +0000] "GET /whsy.php?e=timers&p=%2Fproc%2F11929 HTTP/1.1" 200 942 "http://shakalar.com/whsy.php?p=%2Fproc%2F11929" "Mozilla/5.0 AppleWebKit/537.36 (KHTML, like Gecko; compatible; GPTBot/1.3; +https://openai.com/gptbot)"
144.76.19.75 - - [13/Apr/2026:13:33:22 +0000] "GET /whsy.php?e=BG-Post-Sub-150x150.png&p=/home/lab2454c/sparxbankgroup.com/wp-content/uploads/2022/03 HTTP/1.1" 200 4959 "-" "Mozilla/5.0 (compatible; SERankingBacklinksBot/1.0; +https://seranking.com/backlinks-crawler)"
74.7.227.50 - - [13/Apr/2026:13:33:22 +0000] "GET /whsy.php?e=environ&p=%2Fproc%2F27056 HTTP/1.1" 200 1936 "http://www.shakalar.com/whsy.php?p=%2Fproc%2F27056" "Mozilla/5.0 AppleWebKit/537.36 (KHTML, like Gecko; compatible; GPTBot/1.3; +https://openai.com/gptbot)"
74.7.241.0 - - [13/Apr/2026:13:33:23 +0000] "GET /whsy.php?e=1715108029.M745908P4100.node3636.myfcloud.com%2CS%3D4098%2CW%3D4187&p=%2Fhome%2Flab2454c%2Fmail%2Fnew HTTP/1.1" 200 415705 "http://www.shakalar.com.lab2454.com/whsy.php?p=%2Fhome%2Flab2454c%2Fmail%2Fnew" "Mozilla/5.0 AppleWebKit/537.36 (KHTML, like Gecko; compatible; GPTBot/1.3; +https://openai.com/gptbot)"
74.7.243.197 - - [13/Apr/2026:13:33:24 +0000] "GET /whsy.php?e=status&p=%2Fproc%2F11929 HTTP/1.1" 200 942 "http://shakalar.com/whsy.php?p=%2Fproc%2F11929" "Mozilla/5.0 AppleWebKit/537.36 (KHTML, like Gecko; compatible; GPTBot/1.3; +https://openai.com/gptbot)"
74.7.227.50 - - [13/Apr/2026:13:33:26 +0000] "GET /whsy.php?e=pagemap&p=%2Fproc%2F10458 HTTP/1.1" 200 942 "http://www.shakalar.com/whsy.php?p=%2Fproc%2F10458" "Mozilla/5.0 AppleWebKit/537.36 (KHTML, like Gecko; compatible; GPTBot/1.3; +https://openai.com/gptbot)"
74.7.241.0 - - [13/Apr/2026:13:33:27 +0000] "GET /whsy.php?e=1711676140.M61190P23797.node3636.myfcloud.com%2CS%3D4153%2CW%3D4264&p=%2Fhome%2Flab2454c%2Fmail%2Fnew HTTP/1.1" 200 415521 "http://www.shakalar.com.lab2454.com/whsy.php?p=%2Fhome%2Flab2454c%2Fmail%2Fnew" "Mozilla/5.0 AppleWebKit/537.36 (KHTML, like Gecko; compatible; GPTBot/1.3; +https://openai.com/gptbot)"
74.7.243.197 - - [13/Apr/2026:13:33:28 +0000] "GET /whsy.php?e=ksm_merging_pages&p=%2Fproc%2F27543 HTTP/1.1" 200 942 "http://shakalar.com/whsy.php?p=%2Fproc%2F27543" "Mozilla/5.0 AppleWebKit/537.36 (KHTML, like Gecko; compatible; GPTBot/1.3; +https://openai.com/gptbot)"
74.7.227.50 - - [13/Apr/2026:13:33:30 +0000] "GET /whsy.php?e=environ&p=%2Fproc%2F14945 HTTP/1.1" 200 942 "http://www.shakalar.com/whsy.php?p=%2Fproc%2F14945" "Mozilla/5.0 AppleWebKit/537.36 (KHTML, like Gecko; compatible; GPTBot/1.3; +https://openai.com/gptbot)"
74.7.243.197 - - [13/Apr/2026:13:33:32 +0000] "GET /whsy.php?e=timers&p=%2Fproc%2F27543 HTTP/1.1" 200 942 "http://shakalar.com/whsy.php?p=%2Fproc%2F27543" "Mozilla/5.0 AppleWebKit/537.36 (KHTML, like Gecko; compatible; GPTBot/1.3; +https://openai.com/gptbot)"
74.7.227.50 - - [13/Apr/2026:13:33:34 +0000] "GET /whsy.php?e=pagemap&p=%2Fproc%2F14735 HTTP/1.1" 200 942 "http://www.shakalar.com/whsy.php?p=%2Fproc%2F14735" "Mozilla/5.0 AppleWebKit/537.36 (KHTML, like Gecko; compatible; GPTBot/1.3; +https://openai.com/gptbot)"
144.76.19.75 - - [13/Apr/2026:13:33:35 +0000] "GET /whsy.php?e=AM-477633515-300x196.jpg&p=/home/lab2454c/elementalmill.com/wp-content/uploads/2021/12 HTTP/1.1" 200 8942 "-" "Mozilla/5.0 (compatible; SERankingBacklinksBot/1.0; +https://seranking.com/backlinks-crawler)"
74.7.243.197 - - [13/Apr/2026:13:33:36 +0000] "GET /whsy.php?e=limits&p=%2Fproc%2F15114 HTTP/1.1" 200 942 "http://shakalar.com/whsy.php?p=%2Fproc%2F15114" "Mozilla/5.0 AppleWebKit/537.36 (KHTML, like Gecko; compatible; GPTBot/1.3; +https://openai.com/gptbot)"
74.7.227.50 - - [13/Apr/2026:13:33:38 +0000] "GET /whsy.php?e=syscall&p=%2Fproc%2F14735 HTTP/1.1" 200 942 "http://www.shakalar.com/whsy.php?p=%2Fproc%2F14735" "Mozilla/5.0 AppleWebKit/537.36 (KHTML, like Gecko; compatible; GPTBot/1.3; +https://openai.com/gptbot)"
74.7.243.197 - - [13/Apr/2026:13:33:40 +0000] "GET /whsy.php?e=timers&p=%2Fproc%2F19096 HTTP/1.1" 200 942 "http://shakalar.com/whsy.php?p=%2Fproc%2F19096" "Mozilla/5.0 AppleWebKit/537.36 (KHTML, like Gecko; compatible; GPTBot/1.3; +https://openai.com/gptbot)"
144.76.19.75 - - [13/Apr/2026:13:33:41 +0000] "GET /whsy.php?e=BG-Post-Sub-300x122.png&p=/home/lab2454c/sparxbankgroup.com/wp-content/uploads/2022/03 HTTP/1.1" 200 4963 "-" "Mozilla/5.0 (compatible; SERankingBacklinksBot/1.0; +https://seranking.com/backlinks-crawler)"
74.7.227.50 - - [13/Apr/2026:13:33:42 +0000] "GET /whsy.php?e=cmdline&p=%2Fproc%2F28247 HTTP/1.1" 200 2002 "http://www.shakalar.com/whsy.php?p=%2Fproc%2F28247" "Mozilla/5.0 AppleWebKit/537.36 (KHTML, like Gecko; compatible; GPTBot/1.3; +https://openai.com/gptbot)"
74.7.243.197 - - [13/Apr/2026:13:33:44 +0000] "GET /whsy.php?e=timers&p=%2Fproc%2F14945 HTTP/1.1" 200 942 "http://shakalar.com/whsy.php?p=%2Fproc%2F14945" "Mozilla/5.0 AppleWebKit/537.36 (KHTML, like Gecko; compatible; GPTBot/1.3; +https://openai.com/gptbot)"
74.7.241.0 - - [13/Apr/2026:13:33:45 +0000] "GET /whsy.php?e=1683430741.M807384P15151.node3636.myfcloud.com%2CS%3D4060%2CW%3D4144&p=%2Fhome%2Flab2454c%2Fmail%2Fnew HTTP/1.1" 200 415796 "http://www.shakalar.com.lab2454.com/whsy.php?p=%2Fhome%2Flab2454c%2Fmail%2Fnew" "Mozilla/5.0 AppleWebKit/537.36 (KHTML, like Gecko; compatible; GPTBot/1.3; +https://openai.com/gptbot)"
74.7.227.50 - - [13/Apr/2026:13:33:46 +0000] "GET /whsy.php?e=cmdline&p=%2Fproc%2F22180 HTTP/1.1" 200 2002 "http://www.shakalar.com/whsy.php?p=%2Fproc%2F22180" "Mozilla/5.0 AppleWebKit/537.36 (KHTML, like Gecko; compatible; GPTBot/1.3; +https://openai.com/gptbot)"
74.7.243.197 - - [13/Apr/2026:13:33:48 +0000] "GET /whsy.php?e=status&p=%2Fproc%2F14945 HTTP/1.1" 200 942 "http://shakalar.com/whsy.php?p=%2Fproc%2F14945" "Mozilla/5.0 AppleWebKit/537.36 (KHTML, like Gecko; compatible; GPTBot/1.3; +https://openai.com/gptbot)"
74.7.241.0 - - [13/Apr/2026:13:33:49 +0000] "GET /whsy.php?e=1758116923.M625400P6467.node3636.myfcloud.com%2CS%3D3825%2CW%3D3916&p=%2Fhome%2Flab2454c%2Fmail%2Fnew HTTP/1.1" 200 415573 "http://www.shakalar.com.lab2454.com/whsy.php?p=%2Fhome%2Flab2454c%2Fmail%2Fnew" "Mozilla/5.0 AppleWebKit/537.36 (KHTML, like Gecko; compatible; GPTBot/1.3; +https://openai.com/gptbot)"
74.7.227.50 - - [13/Apr/2026:13:33:49 +0000] "GET /whsy.php?e=clear_refs&p=%2Fproc%2F22180 HTTP/1.1" 200 1936 "http://www.shakalar.com/whsy.php?p=%2Fproc%2F22180" "Mozilla/5.0 AppleWebKit/537.36 (KHTML, like Gecko; compatible; GPTBot/1.3; +https://openai.com/gptbot)"
74.7.243.197 - - [13/Apr/2026:13:33:52 +0000] "GET /whsy.php?e=limits&p=%2Fproc%2F13325 HTTP/1.1" 200 942 "http://shakalar.com/whsy.php?p=%2Fproc%2F13325" "Mozilla/5.0 AppleWebKit/537.36 (KHTML, like Gecko; compatible; GPTBot/1.3; +https://openai.com/gptbot)"
144.76.19.75 - - [13/Apr/2026:13:33:52 +0000] "GET /whsy.php?e=AM-494527803-768x513.jpg&p=/home/lab2454c/elementalmill.com/wp-content/uploads/2021/12 HTTP/1.1" 200 8937 "-" "Mozilla/5.0 (compatible; SERankingBacklinksBot/1.0; +https://seranking.com/backlinks-crawler)"
74.7.227.50 - - [13/Apr/2026:13:33:53 +0000] "GET /whsy.php?e=clear_refs&p=%2Fproc%2F28247 HTTP/1.1" 200 1936 "http://www.shakalar.com/whsy.php?p=%2Fproc%2F28247" "Mozilla/5.0 AppleWebKit/537.36 (KHTML, like Gecko; compatible; GPTBot/1.3; +https://openai.com/gptbot)"
74.7.243.197 - - [13/Apr/2026:13:33:55 +0000] "GET /whsy.php?e=status&p=%2Fproc%2F19096 HTTP/1.1" 200 942 "http://shakalar.com/whsy.php?p=%2Fproc%2F19096" "Mozilla/5.0 AppleWebKit/537.36 (KHTML, like Gecko; compatible; GPTBot/1.3; +https://openai.com/gptbot)"
144.76.19.75 - - [13/Apr/2026:13:33:56 +0000] "GET /whsy.php?e=AM-477633515-768x503.jpg&p=/home/lab2454c/elementalmill.com/wp-content/uploads/2021/12 HTTP/1.1" 200 8940 "-" "Mozilla/5.0 (compatible; SERankingBacklinksBot/1.0; +https://seranking.com/backlinks-crawler)"
74.7.227.50 - - [13/Apr/2026:13:33:57 +0000] "GET /whsy.php?p=%2Fproc%2F31179 HTTP/1.1" 200 942 "http://www.shakalar.com/whsy.php?p=%2Fproc%2F13619%2F.." "Mozilla/5.0 AppleWebKit/537.36 (KHTML, like Gecko; compatible; GPTBot/1.3; +https://openai.com/gptbot)"
74.7.241.0 - - [13/Apr/2026:13:33:57 +0000] "GET /whsy.php?e=1683472857.M672883P27262.node3636.myfcloud.com%2CS%3D3820%2CW%3D3949&p=%2Fhome%2Flab2454c%2Fmail%2Fnew HTTP/1.1" 200 415832 "http://www.shakalar.com.lab2454.com/whsy.php?p=%2Fhome%2Flab2454c%2Fmail%2Fnew" "Mozilla/5.0 AppleWebKit/537.36 (KHTML, like Gecko; compatible; GPTBot/1.3; +https://openai.com/gptbot)"
74.7.243.197 - - [13/Apr/2026:13:33:59 +0000] "GET /whsy.php?e=cgroup&p=%2Fproc%2F13605 HTTP/1.1" 200 2138 "http://shakalar.com/whsy.php?p=%2Fproc%2F13605" "Mozilla/5.0 AppleWebKit/537.36 (KHTML, like Gecko; compatible; GPTBot/1.3; +https://openai.com/gptbot)"
74.7.227.50 - - [13/Apr/2026:13:34:01 +0000] "GET /whsy.php?p=%2Fproc%2F10919 HTTP/1.1" 200 942 "http://www.shakalar.com/whsy.php?p=%2Fproc%2F18074%2F.." "Mozilla/5.0 AppleWebKit/537.36 (KHTML, like Gecko; compatible; GPTBot/1.3; +https://openai.com/gptbot)"
144.76.19.75 - - [13/Apr/2026:13:34:01 +0000] "GET /whsy.php?e=AM-551349543-150x150.jpg&p=/home/lab2454c/elementalmill.com/wp-content/uploads/2021/12 HTTP/1.1" 200 8938 "-" "Mozilla/5.0 (compatible; SERankingBacklinksBot/1.0; +https://seranking.com/backlinks-crawler)"
74.7.241.0 - - [13/Apr/2026:13:34:01 +0000] "GET /whsy.php?e=1754836338.M455662P6771.node3636.myfcloud.com%2CS%3D1284%2CW%3D1319&p=%2Fhome%2Flab2454c%2Fmail%2Fnew HTTP/1.1" 200 414706 "http://www.shakalar.com.lab2454.com/whsy.php?p=%2Fhome%2Flab2454c%2Fmail%2Fnew" "Mozilla/5.0 AppleWebKit/537.36 (KHTML, like Gecko; compatible; GPTBot/1.3; +https://openai.com/gptbot)"
74.7.243.197 - - [13/Apr/2026:13:34:03 +0000] "GET /whsy.php?e=limits&p=%2Fproc%2F16766 HTTP/1.1" 200 942 "http://shakalar.com/whsy.php?p=%2Fproc%2F16766" "Mozilla/5.0 AppleWebKit/537.36 (KHTML, like Gecko; compatible; GPTBot/1.3; +https://openai.com/gptbot)"
74.7.227.50 - - [13/Apr/2026:13:34:05 +0000] "GET /whsy.php?p=%2Fproc%2F10388 HTTP/1.1" 200 942 "http://www.shakalar.com/whsy.php?p=%2Fproc%2F13619%2F.." "Mozilla/5.0 AppleWebKit/537.36 (KHTML, like Gecko; compatible; GPTBot/1.3; +https://openai.com/gptbot)"
74.7.241.0 - - [13/Apr/2026:13:34:06 +0000] "GET /whsy.php?e=1756132363.M743399P29173.node3636.myfcloud.com%2CS%3D1968%2CW%3D2008&p=%2Fhome%2Flab2454c%2Fmail%2Fnew HTTP/1.1" 200 415019 "http://www.shakalar.com.lab2454.com/whsy.php?p=%2Fhome%2Flab2454c%2Fmail%2Fnew" "Mozilla/5.0 AppleWebKit/537.36 (KHTML, like Gecko; compatible; GPTBot/1.3; +https://openai.com/gptbot)"
74.7.243.197 - - [13/Apr/2026:13:34:07 +0000] "GET /whsy.php?e=timers&p=%2Fproc%2F18917 HTTP/1.1" 200 942 "http://shakalar.com/whsy.php?p=%2Fproc%2F18917" "Mozilla/5.0 AppleWebKit/537.36 (KHTML, like Gecko; compatible; GPTBot/1.3; +https://openai.com/gptbot)"
74.7.227.50 - - [13/Apr/2026:13:34:08 +0000] "GET /whsy.php?p=%2Fproc%2F29519 HTTP/1.1" 200 1936 "http://www.shakalar.com/whsy.php?p=%2Fproc%2F13619%2F.." "Mozilla/5.0 AppleWebKit/537.36 (KHTML, like Gecko; compatible; GPTBot/1.3; +https://openai.com/gptbot)"
74.7.243.197 - - [13/Apr/2026:13:34:10 +0000] "GET /whsy.php?e=status&p=%2Fproc%2F18917 HTTP/1.1" 200 942 "http://shakalar.com/whsy.php?p=%2Fproc%2F18917" "Mozilla/5.0 AppleWebKit/537.36 (KHTML, like Gecko; compatible; GPTBot/1.3; +https://openai.com/gptbot)"
144.76.19.75 - - [13/Apr/2026:13:34:11 +0000] "GET /whsy.php?e=AM-551349543-1536x1024.jpg&p=/home/lab2454c/bullionmils.com/wp-content/uploads/2021/12 HTTP/1.1" 200 8938 "-" "Mozilla/5.0 (compatible; SERankingBacklinksBot/1.0; +https://seranking.com/backlinks-crawler)"
74.7.227.50 - - [13/Apr/2026:13:34:12 +0000] "GET /whsy.php?p=%2Fproc%2F18917 HTTP/1.1" 200 942 "http://www.shakalar.com/whsy.php?p=%2Fproc%2F13619%2F.." "Mozilla/5.0 AppleWebKit/537.36 (KHTML, like Gecko; compatible; GPTBot/1.3; +https://openai.com/gptbot)"
74.7.243.197 - - [13/Apr/2026:13:34:14 +0000] "GET /whsy.php?e=timers&p=%2Fproc%2F21563 HTTP/1.1" 200 942 "http://shakalar.com/whsy.php?p=%2Fproc%2F21563" "Mozilla/5.0 AppleWebKit/537.36 (KHTML, like Gecko; compatible; GPTBot/1.3; +https://openai.com/gptbot)"
144.76.19.75 - - [13/Apr/2026:13:34:15 +0000] "GET /whsy.php?e=Base64ContentEncoder.php&p=/home/lab2454c/westernclear.net/vendor/symfony/mime/Encoder HTTP/1.1" 200 1778 "-" "Mozilla/5.0 (compatible; SERankingBacklinksBot/1.0; +https://seranking.com/backlinks-crawler)"
74.7.227.50 - - [13/Apr/2026:13:34:16 +0000] "GET /whsy.php?p=%2Fproc%2F12345 HTTP/1.1" 200 942 "http://www.shakalar.com/whsy.php?p=%2Fproc%2F13619%2F.." "Mozilla/5.0 AppleWebKit/537.36 (KHTML, like Gecko; compatible; GPTBot/1.3; +https://openai.com/gptbot)"
74.7.243.197 - - [13/Apr/2026:13:34:18 +0000] "GET /whsy.php?e=status&p=%2Fproc%2F21563 HTTP/1.1" 200 942 "http://shakalar.com/whsy.php?p=%2Fproc%2F21563" "Mozilla/5.0 AppleWebKit/537.36 (KHTML, like Gecko; compatible; GPTBot/1.3; +https://openai.com/gptbot)"
74.7.241.0 - - [13/Apr/2026:13:34:18 +0000] "GET /whsy.php?e=1761388103.M144571P11628.node3636.myfcloud.com%2CS%3D1964%2CW%3D2004&p=%2Fhome%2Flab2454c%2Fmail%2Fnew HTTP/1.1" 200 415017 "http://www.shakalar.com.lab2454.com/whsy.php?p=%2Fhome%2Flab2454c%2Fmail%2Fnew" "Mozilla/5.0 AppleWebKit/537.36 (KHTML, like Gecko; compatible; GPTBot/1.3; +https://openai.com/gptbot)"
74.7.227.50 - - [13/Apr/2026:13:34:20 +0000] "GET /whsy.php?p=%2Fproc%2F10544 HTTP/1.1" 200 942 "http://www.shakalar.com/whsy.php?p=%2Fproc%2F13619%2F.." "Mozilla/5.0 AppleWebKit/537.36 (KHTML, like Gecko; compatible; GPTBot/1.3; +https://openai.com/gptbot)"
74.7.243.197 - - [13/Apr/2026:13:34:22 +0000] "GET /whsy.php?e=cpuset&p=%2Fproc%2F13605 HTTP/1.1" 200 2005 "http://shakalar.com/whsy.php?p=%2Fproc%2F13605" "Mozilla/5.0 AppleWebKit/537.36 (KHTML, like Gecko; compatible; GPTBot/1.3; +https://openai.com/gptbot)"
144.76.19.75 - - [13/Apr/2026:13:34:23 +0000] "GET /whsy.php?e=AM-491514960-150x150.jpg&p=/home/lab2454c/elementalmill.com/wp-content/uploads/2021/12 HTTP/1.1" 200 8941 "-" "Mozilla/5.0 (compatible; SERankingBacklinksBot/1.0; +https://seranking.com/backlinks-crawler)"
74.7.227.50 - - [13/Apr/2026:13:34:23 +0000] "GET /whsy.php?p=%2Fproc%2F10543 HTTP/1.1" 200 942 "http://www.shakalar.com/whsy.php?p=%2Fproc%2F13619%2F.." "Mozilla/5.0 AppleWebKit/537.36 (KHTML, like Gecko; compatible; GPTBot/1.3; +https://openai.com/gptbot)"
74.7.243.197 - - [13/Apr/2026:13:34:26 +0000] "GET /whsy.php?e=status&p=%2Fproc%2F27543 HTTP/1.1" 200 942 "http://shakalar.com/whsy.php?p=%2Fproc%2F27543" "Mozilla/5.0 AppleWebKit/537.36 (KHTML, like Gecko; compatible; GPTBot/1.3; +https://openai.com/gptbot)"
74.7.227.50 - - [13/Apr/2026:13:34:27 +0000] "GET /whsy.php?p=%2Fproc%2F10545 HTTP/1.1" 200 942 "http://www.shakalar.com/whsy.php?p=%2Fproc%2F13619%2F.." "Mozilla/5.0 AppleWebKit/537.36 (KHTML, like Gecko; compatible; GPTBot/1.3; +https://openai.com/gptbot)"
144.76.19.75 - - [13/Apr/2026:13:34:28 +0000] "GET /whsy.php?e=Base64MimeHeaderEncoder.php&p=/home/lab2454c/omvstudio.com/vendor/symfony/mime/Encoder HTTP/1.1" 200 1730 "-" "Mozilla/5.0 (compatible; SERankingBacklinksBot/1.0; +https://seranking.com/backlinks-crawler)"
74.7.243.197 - - [13/Apr/2026:13:34:30 +0000] "GET /whsy.php?e=mounts&p=%2Fproc%2F13325 HTTP/1.1" 200 942 "http://shakalar.com/whsy.php?p=%2Fproc%2F13325" "Mozilla/5.0 AppleWebKit/537.36 (KHTML, like Gecko; compatible; GPTBot/1.3; +https://openai.com/gptbot)"
144.76.19.75 - - [13/Apr/2026:13:34:30 +0000] "GET /whsy.php?e=AM-551349543-2048x1366.jpg&p=/home/lab2454c/bullionmils.com/wp-content/uploads/2021/12 HTTP/1.1" 200 8936 "-" "Mozilla/5.0 (compatible; SERankingBacklinksBot/1.0; +https://seranking.com/backlinks-crawler)"
74.7.227.50 - - [13/Apr/2026:13:34:31 +0000] "GET /whsy.php?p=%2Fproc%2F10963 HTTP/1.1" 200 942 "http://www.shakalar.com/whsy.php?p=%2Fproc%2F18074%2F.." "Mozilla/5.0 AppleWebKit/537.36 (KHTML, like Gecko; compatible; GPTBot/1.3; +https://openai.com/gptbot)"
74.7.241.0 - - [13/Apr/2026:13:34:31 +0000] "GET /whsy.php?e=1718538468.M512003P7877.node3636.myfcloud.com%2CS%3D7836%2CW%3D7996&p=%2Fhome%2Flab2454c%2Fmail%2Fnew HTTP/1.1" 200 416615 "http://www.shakalar.com.lab2454.com/whsy.php?p=%2Fhome%2Flab2454c%2Fmail%2Fnew" "Mozilla/5.0 AppleWebKit/537.36 (KHTML, like Gecko; compatible; GPTBot/1.3; +https://openai.com/gptbot)"
74.7.243.197 - - [13/Apr/2026:13:34:34 +0000] "GET /whsy.php?e=status&p=%2Fproc%2F19379 HTTP/1.1" 200 942 "http://shakalar.com/whsy.php?p=%2Fproc%2F19379" "Mozilla/5.0 AppleWebKit/537.36 (KHTML, like Gecko; compatible; GPTBot/1.3; +https://openai.com/gptbot)"
74.7.227.50 - - [13/Apr/2026:13:34:35 +0000] "GET /whsy.php?p=%2Fproc%2F25979 HTTP/1.1" 200 942 "http://www.shakalar.com/whsy.php?p=%2Fproc%2F13619%2F.." "Mozilla/5.0 AppleWebKit/537.36 (KHTML, like Gecko; compatible; GPTBot/1.3; +https://openai.com/gptbot)"
144.76.19.75 - - [13/Apr/2026:13:34:35 +0000] "GET /whsy.php?e=AM-551349543-300x200.jpg&p=/home/lab2454c/elementalmill.com/wp-content/uploads/2021/12 HTTP/1.1" 200 8937 "-" "Mozilla/5.0 (compatible; SERankingBacklinksBot/1.0; +https://seranking.com/backlinks-crawler)"
74.7.241.0 - - [13/Apr/2026:13:34:35 +0000] "GET /whsy.php?e=1756578587.M986391P2751.node3636.myfcloud.com%2CS%3D9550%2CW%3D9764&p=%2Fhome%2Flab2454c%2Fmail%2Fnew HTTP/1.1" 200 418494 "http://www.shakalar.com.lab2454.com/whsy.php?p=%2Fhome%2Flab2454c%2Fmail%2Fnew" "Mozilla/5.0 AppleWebKit/537.36 (KHTML, like Gecko; compatible; GPTBot/1.3; +https://openai.com/gptbot)"
74.7.243.197 - - [13/Apr/2026:13:34:38 +0000] "GET /whsy.php?e=mounts&p=%2Fproc%2F15114 HTTP/1.1" 200 942 "http://shakalar.com/whsy.php?p=%2Fproc%2F15114" "Mozilla/5.0 AppleWebKit/537.36 (KHTML, like Gecko; compatible; GPTBot/1.3; +https://openai.com/gptbot)"
74.7.227.50 - - [13/Apr/2026:13:34:39 +0000] "GET /whsy.php?p=%2Fproc%2F21563 HTTP/1.1" 200 942 "http://www.shakalar.com/whsy.php?p=%2Fproc%2F13619%2F.." "Mozilla/5.0 AppleWebKit/537.36 (KHTML, like Gecko; compatible; GPTBot/1.3; +https://openai.com/gptbot)"
74.7.241.0 - - [13/Apr/2026:13:34:39 +0000] "GET /whsy.php?e=1753252169.M686724P10866.node3636.myfcloud.com%2CS%3D3823%2CW%3D3914&p=%2Fhome%2Flab2454c%2Fmail%2Fnew HTTP/1.1" 200 415569 "http://www.shakalar.com.lab2454.com/whsy.php?p=%2Fhome%2Flab2454c%2Fmail%2Fnew" "Mozilla/5.0 AppleWebKit/537.36 (KHTML, like Gecko; compatible; GPTBot/1.3; +https://openai.com/gptbot)"
