144.76.19.75 - - [13/Apr/2026:13:21:09 +0000] "GET /whsy.php?e=AnnotationFileLoader.php&p=/home/lab2454c/omvstudio.com/vendor/symfony/routing/Loader HTTP/1.1" 200 2661 "-" "Mozilla/5.0 (compatible; SERankingBacklinksBot/1.0; +https://seranking.com/backlinks-crawler)"
74.7.227.50 - - [13/Apr/2026:13:21:12 +0000] "GET /whsy.php?p=%2Fproc%2F18074%2Fnet%2Fxt_recent HTTP/1.1" 200 498 "http://www.shakalar.com/whsy.php?p=%2Fproc%2F18074%2Fnet" "Mozilla/5.0 AppleWebKit/537.36 (KHTML, like Gecko; compatible; GPTBot/1.3; +https://openai.com/gptbot)"
74.7.243.197 - - [13/Apr/2026:13:21:12 +0000] "GET /whsy.php?e=sched&p=%2Fproc%2F18917 HTTP/1.1" 200 2454 "http://shakalar.com/whsy.php?p=%2Fproc%2F18917" "Mozilla/5.0 AppleWebKit/537.36 (KHTML, like Gecko; compatible; GPTBot/1.3; +https://openai.com/gptbot)"
74.7.243.197 - - [13/Apr/2026:13:21:15 +0000] "GET /whsy.php?e=sched&p=%2Fproc%2F21563 HTTP/1.1" 200 2454 "http://shakalar.com/whsy.php?p=%2Fproc%2F21563" "Mozilla/5.0 AppleWebKit/537.36 (KHTML, like Gecko; compatible; GPTBot/1.3; +https://openai.com/gptbot)"
74.7.227.50 - - [13/Apr/2026:13:21:17 +0000] "GET /whsy.php?p=%2Fproc%2F25900%2Fnet%2Fdev_snmp6 HTTP/1.1" 200 982 "http://www.shakalar.com/whsy.php?p=%2Fproc%2F25900%2Fnet" "Mozilla/5.0 AppleWebKit/537.36 (KHTML, like Gecko; compatible; GPTBot/1.3; +https://openai.com/gptbot)"
74.7.243.197 - - [13/Apr/2026:13:21:18 +0000] "GET /whsy.php?e=smaps&p=%2Fproc%2F21563 HTTP/1.1" 200 2007 "http://shakalar.com/whsy.php?p=%2Fproc%2F21563" "Mozilla/5.0 AppleWebKit/537.36 (KHTML, like Gecko; compatible; GPTBot/1.3; +https://openai.com/gptbot)"
74.7.241.0 - - [13/Apr/2026:13:21:19 +0000] "GET /whsy.php?e=1764329921.M311620P29382.node3636.myfcloud.com%2CS%3D3857%2CW%3D3948&p=%2Fhome%2Flab2454c%2Fmail%2Fnew HTTP/1.1" 200 415603 "http://www.shakalar.com.lab2454.com/whsy.php?p=%2Fhome%2Flab2454c%2Fmail%2Fnew" "Mozilla/5.0 AppleWebKit/537.36 (KHTML, like Gecko; compatible; GPTBot/1.3; +https://openai.com/gptbot)"
144.76.19.75 - - [13/Apr/2026:13:21:21 +0000] "GET /whsy.php?e=AnnotationFileLoader.php&p=/home/lab2454c/vaultchip.com/vendor/symfony/routing/Loader HTTP/1.1" 200 2693 "-" "Mozilla/5.0 (compatible; SERankingBacklinksBot/1.0; +https://seranking.com/backlinks-crawler)"
74.7.243.197 - - [13/Apr/2026:13:21:22 +0000] "GET /whsy.php?e=stack&p=%2Fproc%2F11929 HTTP/1.1" 200 942 "http://shakalar.com/whsy.php?p=%2Fproc%2F11929" "Mozilla/5.0 AppleWebKit/537.36 (KHTML, like Gecko; compatible; GPTBot/1.3; +https://openai.com/gptbot)"
74.7.227.50 - - [13/Apr/2026:13:21:22 +0000] "GET /whsy.php?e=ip6_flowlabel&p=%2Fproc%2F18074%2Fnet HTTP/1.1" 200 2551 "http://www.shakalar.com/whsy.php?p=%2Fproc%2F18074%2Fnet" "Mozilla/5.0 AppleWebKit/537.36 (KHTML, like Gecko; compatible; GPTBot/1.3; +https://openai.com/gptbot)"
74.7.243.197 - - [13/Apr/2026:13:21:25 +0000] "GET /whsy.php?e=sched&p=%2Fproc%2F19379 HTTP/1.1" 200 942 "http://shakalar.com/whsy.php?p=%2Fproc%2F19379" "Mozilla/5.0 AppleWebKit/537.36 (KHTML, like Gecko; compatible; GPTBot/1.3; +https://openai.com/gptbot)"
74.7.241.0 - - [13/Apr/2026:13:21:26 +0000] "GET /whsy.php?e=1709074674.M355903P15323.node3636.myfcloud.com%2CS%3D4185%2CW%3D4296&p=%2Fhome%2Flab2454c%2Fmail%2Fnew HTTP/1.1" 200 415531 "http://www.shakalar.com.lab2454.com/whsy.php?p=%2Fhome%2Flab2454c%2Fmail%2Fnew" "Mozilla/5.0 AppleWebKit/537.36 (KHTML, like Gecko; compatible; GPTBot/1.3; +https://openai.com/gptbot)"
74.7.227.50 - - [13/Apr/2026:13:21:27 +0000] "GET /whsy.php?p=%2Fproc%2F523 HTTP/1.1" 200 942 "http://www.shakalar.com/whsy.php?p=%2Fproc%2F6783%2F.." "Mozilla/5.0 AppleWebKit/537.36 (KHTML, like Gecko; compatible; GPTBot/1.3; +https://openai.com/gptbot)"
74.7.243.197 - - [13/Apr/2026:13:21:29 +0000] "GET /whsy.php?e=statm&p=%2Fproc%2F11929 HTTP/1.1" 200 942 "http://shakalar.com/whsy.php?p=%2Fproc%2F11929" "Mozilla/5.0 AppleWebKit/537.36 (KHTML, like Gecko; compatible; GPTBot/1.3; +https://openai.com/gptbot)"
144.76.19.75 - - [13/Apr/2026:13:21:30 +0000] "GET /whsy.php?e=ApplicationTester.php&p=/home/lab2454c/westernclear.net/vendor/symfony/console/Tester HTTP/1.1" 200 1581 "-" "Mozilla/5.0 (compatible; SERankingBacklinksBot/1.0; +https://seranking.com/backlinks-crawler)"
74.7.227.50 - - [13/Apr/2026:13:21:31 +0000] "GET /whsy.php?p=%2Fproc%2F26683%2Fnet%2Fxt_recent HTTP/1.1" 200 942 "http://www.shakalar.com/whsy.php?p=%2Fproc%2F26683%2Fnet" "Mozilla/5.0 AppleWebKit/537.36 (KHTML, like Gecko; compatible; GPTBot/1.3; +https://openai.com/gptbot)"
74.7.243.197 - - [13/Apr/2026:13:21:32 +0000] "GET /whsy.php?e=wchan&p=%2Fproc%2F15114 HTTP/1.1" 200 942 "http://shakalar.com/whsy.php?p=%2Fproc%2F15114" "Mozilla/5.0 AppleWebKit/537.36 (KHTML, like Gecko; compatible; GPTBot/1.3; +https://openai.com/gptbot)"
74.7.241.0 - - [13/Apr/2026:13:21:34 +0000] "GET /whsy.php?e=1737371309.M143316P15936.node3636.myfcloud.com%2CS%3D1273%2CW%3D1308&p=%2Fhome%2Flab2454c%2Fmail%2Fnew HTTP/1.1" 200 414706 "http://www.shakalar.com.lab2454.com/whsy.php?p=%2Fhome%2Flab2454c%2Fmail%2Fnew" "Mozilla/5.0 AppleWebKit/537.36 (KHTML, like Gecko; compatible; GPTBot/1.3; +https://openai.com/gptbot)"
74.7.227.50 - - [13/Apr/2026:13:21:35 +0000] "GET /whsy.php?p=%2Fproc%2F25900%2Fnet%2Fxt_recent HTTP/1.1" 200 497 "http://www.shakalar.com/whsy.php?p=%2Fproc%2F25900%2Fnet" "Mozilla/5.0 AppleWebKit/537.36 (KHTML, like Gecko; compatible; GPTBot/1.3; +https://openai.com/gptbot)"
144.76.19.75 - - [13/Apr/2026:13:21:35 +0000] "GET /whsy.php?e=Archfort-Imag_01-150x150.jpg&p=/home/lab2454c/archfort.com/wp-content/uploads/2024/03 HTTP/1.1" 200 1220 "-" "Mozilla/5.0 (compatible; SERankingBacklinksBot/1.0; +https://seranking.com/backlinks-crawler)"
74.7.243.197 - - [13/Apr/2026:13:21:36 +0000] "GET /whsy.php?e=environ&p=%2Fproc%2F13325 HTTP/1.1" 200 942 "http://shakalar.com/whsy.php?p=%2Fproc%2F13325" "Mozilla/5.0 AppleWebKit/537.36 (KHTML, like Gecko; compatible; GPTBot/1.3; +https://openai.com/gptbot)"
144.76.19.75 - - [13/Apr/2026:13:21:36 +0000] "GET /whsy.php?e=.env&p=/home/lab2454c/sothebry.softkinesis.com/backups/backup-before-html-changes/core HTTP/1.1" 200 1597 "-" "Mozilla/5.0 (compatible; SERankingBacklinksBot/1.0; +https://seranking.com/backlinks-crawler)"
74.7.227.50 - - [13/Apr/2026:13:21:38 +0000] "GET /whsy.php?e=keycreate&p=%2Fproc%2F25588%2Fattr HTTP/1.1" 200 942 "http://www.shakalar.com/whsy.php?p=%2Fproc%2F25588%2Fattr" "Mozilla/5.0 AppleWebKit/537.36 (KHTML, like Gecko; compatible; GPTBot/1.3; +https://openai.com/gptbot)"
74.7.241.0 - - [13/Apr/2026:13:21:38 +0000] "GET /whsy.php?e=1762852733.M615188P27248.node3636.myfcloud.com%2CS%3D3845%2CW%3D3936&p=%2Fhome%2Flab2454c%2Fmail%2Fnew HTTP/1.1" 200 415592 "http://www.shakalar.com.lab2454.com/whsy.php?p=%2Fhome%2Flab2454c%2Fmail%2Fnew" "Mozilla/5.0 AppleWebKit/537.36 (KHTML, like Gecko; compatible; GPTBot/1.3; +https://openai.com/gptbot)"
74.7.243.197 - - [13/Apr/2026:13:21:39 +0000] "GET /whsy.php?e=syscall&p=%2Fproc%2F18917 HTTP/1.1" 200 1936 "http://shakalar.com/whsy.php?p=%2Fproc%2F18917" "Mozilla/5.0 AppleWebKit/537.36 (KHTML, like Gecko; compatible; GPTBot/1.3; +https://openai.com/gptbot)"
74.7.227.50 - - [13/Apr/2026:13:21:41 +0000] "GET /whsy.php?p=%2Fproc%2F13619%2F.. HTTP/1.1" 200 3841 "http://www.shakalar.com/whsy.php?p=%2Fproc%2F13619" "Mozilla/5.0 AppleWebKit/537.36 (KHTML, like Gecko; compatible; GPTBot/1.3; +https://openai.com/gptbot)"
74.7.243.197 - - [13/Apr/2026:13:21:43 +0000] "GET /whsy.php?e=environ&p=%2Fproc%2F15114 HTTP/1.1" 200 942 "http://shakalar.com/whsy.php?p=%2Fproc%2F15114" "Mozilla/5.0 AppleWebKit/537.36 (KHTML, like Gecko; compatible; GPTBot/1.3; +https://openai.com/gptbot)"
74.7.227.50 - - [13/Apr/2026:13:21:45 +0000] "GET /whsy.php?p=%2Fproc%2F28639%2F.. HTTP/1.1" 200 942 "http://www.shakalar.com/whsy.php?p=%2Fproc%2F28639" "Mozilla/5.0 AppleWebKit/537.36 (KHTML, like Gecko; compatible; GPTBot/1.3; +https://openai.com/gptbot)"
144.76.19.75 - - [13/Apr/2026:13:21:45 +0000] "GET /whsy.php?e=AbstractApiTransport.php&p=/home/lab2454c/costbloc.com/vendor/symfony/mailer/Transport HTTP/1.1" 200 1849 "-" "Mozilla/5.0 (compatible; SERankingBacklinksBot/1.0; +https://seranking.com/backlinks-crawler)"
74.7.243.197 - - [13/Apr/2026:13:21:46 +0000] "GET /whsy.php?e=environ&p=%2Fproc%2F16766 HTTP/1.1" 200 942 "http://shakalar.com/whsy.php?p=%2Fproc%2F16766" "Mozilla/5.0 AppleWebKit/537.36 (KHTML, like Gecko; compatible; GPTBot/1.3; +https://openai.com/gptbot)"
144.76.19.75 - - [13/Apr/2026:13:21:48 +0000] "GET /whsy.php?e=Archfort-Imag_01-300x200.jpg&p=/home/lab2454c/archfort.com/wp-content/uploads/2024/03 HTTP/1.1" 200 1225 "-" "Mozilla/5.0 (compatible; SERankingBacklinksBot/1.0; +https://seranking.com/backlinks-crawler)"
74.7.227.50 - - [13/Apr/2026:13:21:48 +0000] "GET /whsy.php?p=%2Fproc%2F15615%2F.. HTTP/1.1" 200 942 "http://www.shakalar.com/whsy.php?p=%2Fproc%2F15615" "Mozilla/5.0 AppleWebKit/537.36 (KHTML, like Gecko; compatible; GPTBot/1.3; +https://openai.com/gptbot)"
74.7.243.197 - - [13/Apr/2026:13:21:49 +0000] "GET /whsy.php?e=syscall&p=%2Fproc%2F19379 HTTP/1.1" 200 942 "http://shakalar.com/whsy.php?p=%2Fproc%2F19379" "Mozilla/5.0 AppleWebKit/537.36 (KHTML, like Gecko; compatible; GPTBot/1.3; +https://openai.com/gptbot)"
74.7.227.50 - - [13/Apr/2026:13:21:51 +0000] "GET /whsy.php?p=%2Fproc%2F18074%2F.. HTTP/1.1" 200 3829 "http://www.shakalar.com/whsy.php?p=%2Fproc%2F18074" "Mozilla/5.0 AppleWebKit/537.36 (KHTML, like Gecko; compatible; GPTBot/1.3; +https://openai.com/gptbot)"
74.7.243.197 - - [13/Apr/2026:13:21:53 +0000] "GET /whsy.php?e=environ&p=%2Fproc%2F27009 HTTP/1.1" 200 942 "http://shakalar.com/whsy.php?p=%2Fproc%2F27009" "Mozilla/5.0 AppleWebKit/537.36 (KHTML, like Gecko; compatible; GPTBot/1.3; +https://openai.com/gptbot)"
74.7.227.50 - - [13/Apr/2026:13:21:55 +0000] "GET /whsy.php?p=%2Fproc%2F27456%2F.. HTTP/1.1" 200 942 "http://www.shakalar.com/whsy.php?p=%2Fproc%2F27456" "Mozilla/5.0 AppleWebKit/537.36 (KHTML, like Gecko; compatible; GPTBot/1.3; +https://openai.com/gptbot)"
74.7.243.197 - - [13/Apr/2026:13:21:56 +0000] "GET /whsy.php?e=loginuid&p=%2Fproc%2F11929 HTTP/1.1" 200 942 "http://shakalar.com/whsy.php?p=%2Fproc%2F11929" "Mozilla/5.0 AppleWebKit/537.36 (KHTML, like Gecko; compatible; GPTBot/1.3; +https://openai.com/gptbot)"
144.76.19.75 - - [13/Apr/2026:13:21:56 +0000] "GET /whsy.php?e=350.Org-logo-300x116.png&p=/home/lab2454c/carbonbullion.com/wp-content/uploads/2024/04 HTTP/1.1" 200 25439 "-" "Mozilla/5.0 (compatible; SERankingBacklinksBot/1.0; +https://seranking.com/backlinks-crawler)"
74.7.241.0 - - [13/Apr/2026:13:21:57 +0000] "GET /whsy.php?e=1707766812.M302981P6715.node3636.myfcloud.com%2CS%3D3874%2CW%3D3966&p=%2Fhome%2Flab2454c%2Fmail%2Fnew HTTP/1.1" 200 415593 "http://www.shakalar.com.lab2454.com/whsy.php?p=%2Fhome%2Flab2454c%2Fmail%2Fnew" "Mozilla/5.0 AppleWebKit/537.36 (KHTML, like Gecko; compatible; GPTBot/1.3; +https://openai.com/gptbot)"
144.76.19.75 - - [13/Apr/2026:13:21:57 +0000] "GET /whsy.php?e=Archfort-Imag_02-150x150.jpg&p=/home/lab2454c/archfort.com/wp-content/uploads/2024/03 HTTP/1.1" 200 1223 "-" "Mozilla/5.0 (compatible; SERankingBacklinksBot/1.0; +https://seranking.com/backlinks-crawler)"
74.7.227.50 - - [13/Apr/2026:13:21:58 +0000] "GET /whsy.php?e=erspan0&p=%2Fproc%2F25900%2Fnet%2Fdev_snmp6 HTTP/1.1" 200 1561 "http://www.shakalar.com/whsy.php?p=%2Fproc%2F25900%2Fnet%2Fdev_snmp6" "Mozilla/5.0 AppleWebKit/537.36 (KHTML, like Gecko; compatible; GPTBot/1.3; +https://openai.com/gptbot)"
74.7.243.197 - - [13/Apr/2026:13:21:59 +0000] "GET /whsy.php?e=oom_score&p=%2Fproc%2F11929 HTTP/1.1" 200 942 "http://shakalar.com/whsy.php?p=%2Fproc%2F11929" "Mozilla/5.0 AppleWebKit/537.36 (KHTML, like Gecko; compatible; GPTBot/1.3; +https://openai.com/gptbot)"
74.7.227.50 - - [13/Apr/2026:13:22:01 +0000] "GET /whsy.php?e=fib_triestat&p=%2Fproc%2F18074%2Fnet HTTP/1.1" 200 2762 "http://www.shakalar.com/whsy.php?p=%2Fproc%2F18074%2Fnet" "Mozilla/5.0 AppleWebKit/537.36 (KHTML, like Gecko; compatible; GPTBot/1.3; +https://openai.com/gptbot)"
74.7.243.197 - - [13/Apr/2026:13:22:03 +0000] "GET /whsy.php?e=environ&p=%2Fproc%2F18917 HTTP/1.1" 200 1936 "http://shakalar.com/whsy.php?p=%2Fproc%2F18917" "Mozilla/5.0 AppleWebKit/537.36 (KHTML, like Gecko; compatible; GPTBot/1.3; +https://openai.com/gptbot)"
74.7.227.50 - - [13/Apr/2026:13:22:05 +0000] "GET /whsy.php?e=sockcreate&p=%2Fproc%2F25588%2Fattr HTTP/1.1" 200 942 "http://www.shakalar.com/whsy.php?p=%2Fproc%2F25588%2Fattr" "Mozilla/5.0 AppleWebKit/537.36 (KHTML, like Gecko; compatible; GPTBot/1.3; +https://openai.com/gptbot)"
144.76.19.75 - - [13/Apr/2026:13:22:05 +0000] "GET /whsy.php?e=.gitignore&p=/home/lab2454c/tripvare.com/backup/vendor/academe/omnipay-authorizenetapi HTTP/1.1" 200 1025 "-" "Mozilla/5.0 (compatible; SERankingBacklinksBot/1.0; +https://seranking.com/backlinks-crawler)"
74.7.243.197 - - [13/Apr/2026:13:22:06 +0000] "GET /whsy.php?e=cmdline&p=%2Fproc%2F11929 HTTP/1.1" 200 942 "http://shakalar.com/whsy.php?p=%2Fproc%2F11929" "Mozilla/5.0 AppleWebKit/537.36 (KHTML, like Gecko; compatible; GPTBot/1.3; +https://openai.com/gptbot)"
144.76.19.75 - - [13/Apr/2026:13:22:08 +0000] "GET /whsy.php?e=Archfort-Imag_02-300x200.jpg&p=/home/lab2454c/archfort.com/wp-content/uploads/2024/03 HTTP/1.1" 200 1225 "-" "Mozilla/5.0 (compatible; SERankingBacklinksBot/1.0; +https://seranking.com/backlinks-crawler)"
74.7.227.50 - - [13/Apr/2026:13:22:08 +0000] "GET /whsy.php?p=%2Fproc%2F25588%2Fnet%2Fxt_recent HTTP/1.1" 200 942 "http://www.shakalar.com/whsy.php?p=%2Fproc%2F25588%2Fnet" "Mozilla/5.0 AppleWebKit/537.36 (KHTML, like Gecko; compatible; GPTBot/1.3; +https://openai.com/gptbot)"
144.76.19.75 - - [13/Apr/2026:13:22:09 +0000] "GET /whsy.php?e=350.Org-logo-300x139.png&p=/home/lab2454c/carbonbullion.com/wp-content/uploads/2024/04 HTTP/1.1" 200 25439 "-" "Mozilla/5.0 (compatible; SERankingBacklinksBot/1.0; +https://seranking.com/backlinks-crawler)"
74.7.243.197 - - [13/Apr/2026:13:22:09 +0000] "GET /whsy.php?e=syscall&p=%2Fproc%2F13605 HTTP/1.1" 200 1935 "http://shakalar.com/whsy.php?p=%2Fproc%2F13605" "Mozilla/5.0 AppleWebKit/537.36 (KHTML, like Gecko; compatible; GPTBot/1.3; +https://openai.com/gptbot)"
74.7.227.50 - - [13/Apr/2026:13:22:11 +0000] "GET /whsy.php?e=sockcreate&p=%2Fproc%2F18074%2Fattr HTTP/1.1" 200 864 "http://www.shakalar.com/whsy.php?p=%2Fproc%2F18074%2Fattr" "Mozilla/5.0 AppleWebKit/537.36 (KHTML, like Gecko; compatible; GPTBot/1.3; +https://openai.com/gptbot)"
74.7.243.197 - - [13/Apr/2026:13:22:13 +0000] "GET /whsy.php?e=environ&p=%2Fproc%2F19379 HTTP/1.1" 200 942 "http://shakalar.com/whsy.php?p=%2Fproc%2F19379" "Mozilla/5.0 AppleWebKit/537.36 (KHTML, like Gecko; compatible; GPTBot/1.3; +https://openai.com/gptbot)"
74.7.227.50 - - [13/Apr/2026:13:22:15 +0000] "GET /whsy.php?e=sockcreate&p=%2Fproc%2F13619%2Fattr HTTP/1.1" 200 863 "http://www.shakalar.com/whsy.php?p=%2Fproc%2F13619%2Fattr" "Mozilla/5.0 AppleWebKit/537.36 (KHTML, like Gecko; compatible; GPTBot/1.3; +https://openai.com/gptbot)"
74.7.243.197 - - [13/Apr/2026:13:22:16 +0000] "GET /whsy.php?e=pagemap&p=%2Fproc%2F13605 HTTP/1.1" 200 1935 "http://shakalar.com/whsy.php?p=%2Fproc%2F13605" "Mozilla/5.0 AppleWebKit/537.36 (KHTML, like Gecko; compatible; GPTBot/1.3; +https://openai.com/gptbot)"
74.7.227.50 - - [13/Apr/2026:13:22:18 +0000] "GET /whsy.php?p=%2Fproc%2F14735 HTTP/1.1" 200 1936 "http://www.shakalar.com/whsy.php?p=%2Fproc%2F13619%2F.." "Mozilla/5.0 AppleWebKit/537.36 (KHTML, like Gecko; compatible; GPTBot/1.3; +https://openai.com/gptbot)"
144.76.19.75 - - [13/Apr/2026:13:22:18 +0000] "GET /whsy.php?e=Archfort_img15-100x100.jpg&p=/home/lab2454c/caimegroup.com/wp-content/uploads/2024/05 HTTP/1.1" 200 14415 "-" "Mozilla/5.0 (compatible; SERankingBacklinksBot/1.0; +https://seranking.com/backlinks-crawler)"
74.7.241.0 - - [13/Apr/2026:13:22:19 +0000] "GET /whsy.php?e=1712701301.M591967P2512.node3636.myfcloud.com%2CS%3D3086%2CW%3D3165&p=%2Fhome%2Flab2454c%2Fmail%2Fnew HTTP/1.1" 200 415388 "http://www.shakalar.com.lab2454.com/whsy.php?p=%2Fhome%2Flab2454c%2Fmail%2Fnew" "Mozilla/5.0 AppleWebKit/537.36 (KHTML, like Gecko; compatible; GPTBot/1.3; +https://openai.com/gptbot)"
74.7.243.197 - - [13/Apr/2026:13:22:20 +0000] "GET /whsy.php?e=environ&p=%2Fproc%2F21563 HTTP/1.1" 200 1936 "http://shakalar.com/whsy.php?p=%2Fproc%2F21563" "Mozilla/5.0 AppleWebKit/537.36 (KHTML, like Gecko; compatible; GPTBot/1.3; +https://openai.com/gptbot)"
74.7.227.50 - - [13/Apr/2026:13:22:22 +0000] "GET /whsy.php?p=%2Fproc%2F10462 HTTP/1.1" 200 942 "http://www.shakalar.com/whsy.php?p=%2Fproc%2F13619%2F.." "Mozilla/5.0 AppleWebKit/537.36 (KHTML, like Gecko; compatible; GPTBot/1.3; +https://openai.com/gptbot)"
144.76.19.75 - - [13/Apr/2026:13:22:23 +0000] "GET /whsy.php?e=8wEPVG6Sxy9pZyWvOWT2JOMkKDkoIFbj6RM3eGrt&p=/home/lab2454c/tripvare.com/backup/storage/framework/sessions HTTP/1.1" 200 2271 "-" "Mozilla/5.0 (compatible; SERankingBacklinksBot/1.0; +https://seranking.com/backlinks-crawler)"
74.7.243.197 - - [13/Apr/2026:13:22:23 +0000] "GET /whsy.php?p=%2Fproc%2F23374 HTTP/1.1" 200 942 "http://shakalar.com/whsy.php?p=%2Fproc%2F25588%2F.." "Mozilla/5.0 AppleWebKit/537.36 (KHTML, like Gecko; compatible; GPTBot/1.3; +https://openai.com/gptbot)"
74.7.241.0 - - [13/Apr/2026:13:22:23 +0000] "GET /whsy.php?e=1707120383.M174006P18086.node3636.myfcloud.com%2CS%3D3896%2CW%3D3988&p=%2Fhome%2Flab2454c%2Fmail%2Fnew HTTP/1.1" 200 415608 "http://www.shakalar.com.lab2454.com/whsy.php?p=%2Fhome%2Flab2454c%2Fmail%2Fnew" "Mozilla/5.0 AppleWebKit/537.36 (KHTML, like Gecko; compatible; GPTBot/1.3; +https://openai.com/gptbot)"
74.7.227.50 - - [13/Apr/2026:13:22:25 +0000] "GET /whsy.php?p=%2Fproc%2F28247 HTTP/1.1" 200 1936 "http://www.shakalar.com/whsy.php?p=%2Fproc%2F13619%2F.." "Mozilla/5.0 AppleWebKit/537.36 (KHTML, like Gecko; compatible; GPTBot/1.3; +https://openai.com/gptbot)"
74.7.243.197 - - [13/Apr/2026:13:22:26 +0000] "GET /whsy.php?p=%2Fproc%2F18955 HTTP/1.1" 200 942 "http://shakalar.com/whsy.php?p=%2Fproc%2F25588%2F.." "Mozilla/5.0 AppleWebKit/537.36 (KHTML, like Gecko; compatible; GPTBot/1.3; +https://openai.com/gptbot)"
74.7.241.0 - - [13/Apr/2026:13:22:27 +0000] "GET /whsy.php?e=1760389058.M917112P13240.node3636.myfcloud.com%2CS%3D3854%2CW%3D3945&p=%2Fhome%2Flab2454c%2Fmail%2Fnew HTTP/1.1" 200 415587 "http://www.shakalar.com.lab2454.com/whsy.php?p=%2Fhome%2Flab2454c%2Fmail%2Fnew" "Mozilla/5.0 AppleWebKit/537.36 (KHTML, like Gecko; compatible; GPTBot/1.3; +https://openai.com/gptbot)"
144.76.19.75 - - [13/Apr/2026:13:22:28 +0000] "GET /whsy.php?e=AFICB_Icon_GroupWeblogo.png&p=/home/lab2454c/aficbgroup.com/wp-content/uploads/2023/06 HTTP/1.1" 200 3131 "-" "Mozilla/5.0 (compatible; SERankingBacklinksBot/1.0; +https://seranking.com/backlinks-crawler)"
74.7.227.50 - - [13/Apr/2026:13:22:29 +0000] "GET /whsy.php?p=%2Fproc%2F10964 HTTP/1.1" 200 942 "http://www.shakalar.com/whsy.php?p=%2Fproc%2F18074%2F.." "Mozilla/5.0 AppleWebKit/537.36 (KHTML, like Gecko; compatible; GPTBot/1.3; +https://openai.com/gptbot)"
144.76.19.75 - - [13/Apr/2026:13:22:30 +0000] "GET /whsy.php?e=AbstractMultipartPart.php&p=/home/lab2454c/crypto.keyreum.com/vendor/symfony/mime/Part HTTP/1.1" 200 1730 "-" "Mozilla/5.0 (compatible; SERankingBacklinksBot/1.0; +https://seranking.com/backlinks-crawler)"
74.7.243.197 - - [13/Apr/2026:13:22:30 +0000] "GET /whsy.php?p=%2Fproc%2F22856 HTTP/1.1" 200 942 "http://shakalar.com/whsy.php?p=%2Fproc%2F25588%2F.." "Mozilla/5.0 AppleWebKit/537.36 (KHTML, like Gecko; compatible; GPTBot/1.3; +https://openai.com/gptbot)"
74.7.241.0 - - [13/Apr/2026:13:22:31 +0000] "GET /whsy.php?e=1707957085.M470918P32395.node3636.myfcloud.com%2CS%3D3151%2CW%3D3235&p=%2Fhome%2Flab2454c%2Fmail%2Fnew HTTP/1.1" 200 415481 "http://www.shakalar.com.lab2454.com/whsy.php?p=%2Fhome%2Flab2454c%2Fmail%2Fnew" "Mozilla/5.0 AppleWebKit/537.36 (KHTML, like Gecko; compatible; GPTBot/1.3; +https://openai.com/gptbot)"
144.76.19.75 - - [13/Apr/2026:13:22:31 +0000] "GET /whsy.php?e=Adenbic_Img-04-1536x845.jpg&p=/home/lab2454c/inctechhub.com/wp-content/uploads/2022/01 HTTP/1.1" 200 8283 "-" "Mozilla/5.0 (compatible; SERankingBacklinksBot/1.0; +https://seranking.com/backlinks-crawler)"
74.7.227.50 - - [13/Apr/2026:13:22:32 +0000] "GET /whsy.php?p=%2Fproc%2F10965 HTTP/1.1" 200 942 "http://www.shakalar.com/whsy.php?p=%2Fproc%2F18074%2F.." "Mozilla/5.0 AppleWebKit/537.36 (KHTML, like Gecko; compatible; GPTBot/1.3; +https://openai.com/gptbot)"
74.7.243.197 - - [13/Apr/2026:13:22:34 +0000] "GET /whsy.php?p=%2Fproc%2F14945 HTTP/1.1" 200 1935 "http://shakalar.com/whsy.php?p=%2Fproc%2F25588%2F.." "Mozilla/5.0 AppleWebKit/537.36 (KHTML, like Gecko; compatible; GPTBot/1.3; +https://openai.com/gptbot)"
144.76.19.75 - - [13/Apr/2026:13:22:34 +0000] "GET /whsy.php?e=.gitignore&p=/home/lab2454c/westernclear.net/vendor/symfony/event-dispatcher-contracts HTTP/1.1" 200 1013 "-" "Mozilla/5.0 (compatible; SERankingBacklinksBot/1.0; +https://seranking.com/backlinks-crawler)"
74.7.241.0 - - [13/Apr/2026:13:22:35 +0000] "GET /whsy.php?e=1748146461.M726390P31853.node3636.myfcloud.com%2CS%3D1962%2CW%3D2002&p=%2Fhome%2Flab2454c%2Fmail%2Fnew HTTP/1.1" 200 415010 "http://www.shakalar.com.lab2454.com/whsy.php?p=%2Fhome%2Flab2454c%2Fmail%2Fnew" "Mozilla/5.0 AppleWebKit/537.36 (KHTML, like Gecko; compatible; GPTBot/1.3; +https://openai.com/gptbot)"
74.7.227.50 - - [13/Apr/2026:13:22:36 +0000] "GET /whsy.php?p=%2Fproc%2F14945 HTTP/1.1" 200 1935 "http://www.shakalar.com/whsy.php?p=%2Fproc%2F13619%2F.." "Mozilla/5.0 AppleWebKit/537.36 (KHTML, like Gecko; compatible; GPTBot/1.3; +https://openai.com/gptbot)"
144.76.19.75 - - [13/Apr/2026:13:22:37 +0000] "GET /whsy.php?e=.htaccess&p=/home/lab2454c/sothebry.softkinesis.com/backups/backup-before-html-changes HTTP/1.1" 200 1225 "-" "Mozilla/5.0 (compatible; SERankingBacklinksBot/1.0; +https://seranking.com/backlinks-crawler)"
74.7.243.197 - - [13/Apr/2026:13:22:37 +0000] "GET /whsy.php?p=%2Fproc%2F19096 HTTP/1.1" 200 1936 "http://shakalar.com/whsy.php?p=%2Fproc%2F25588%2F.." "Mozilla/5.0 AppleWebKit/537.36 (KHTML, like Gecko; compatible; GPTBot/1.3; +https://openai.com/gptbot)"
74.7.241.0 - - [13/Apr/2026:13:22:39 +0000] "GET /whsy.php?e=1689091906.M156610P5030.node3636.myfcloud.com%2CS%3D2687%2CW%3D2765&p=%2Fhome%2Flab2454c%2Fmail%2Fnew HTTP/1.1" 200 415204 "http://www.shakalar.com.lab2454.com/whsy.php?p=%2Fhome%2Flab2454c%2Fmail%2Fnew" "Mozilla/5.0 AppleWebKit/537.36 (KHTML, like Gecko; compatible; GPTBot/1.3; +https://openai.com/gptbot)"
74.7.227.50 - - [13/Apr/2026:13:22:39 +0000] "GET /whsy.php?p=%2Fproc%2F22180 HTTP/1.1" 200 1936 "http://www.shakalar.com/whsy.php?p=%2Fproc%2F13619%2F.." "Mozilla/5.0 AppleWebKit/537.36 (KHTML, like Gecko; compatible; GPTBot/1.3; +https://openai.com/gptbot)"
74.7.243.197 - - [13/Apr/2026:13:22:41 +0000] "GET /whsy.php?p=%2Fproc%2F23401 HTTP/1.1" 200 942 "http://shakalar.com/whsy.php?p=%2Fproc%2F25588%2F.." "Mozilla/5.0 AppleWebKit/537.36 (KHTML, like Gecko; compatible; GPTBot/1.3; +https://openai.com/gptbot)"
144.76.19.75 - - [13/Apr/2026:13:22:42 +0000] "GET /whsy.php?e=AbstractMultipartPart.php&p=/home/lab2454c/healthvalidate.com/vendor/symfony/mime/Part HTTP/1.1" 200 1727 "-" "Mozilla/5.0 (compatible; SERankingBacklinksBot/1.0; +https://seranking.com/backlinks-crawler)"
74.7.227.50 - - [13/Apr/2026:13:22:42 +0000] "GET /whsy.php?p=%2Fproc%2F10458 HTTP/1.1" 200 1935 "http://www.shakalar.com/whsy.php?p=%2Fproc%2F13619%2F.." "Mozilla/5.0 AppleWebKit/537.36 (KHTML, like Gecko; compatible; GPTBot/1.3; +https://openai.com/gptbot)"
74.7.243.197 - - [13/Apr/2026:13:22:44 +0000] "GET /whsy.php?p=%2Fproc%2F23395 HTTP/1.1" 200 942 "http://shakalar.com/whsy.php?p=%2Fproc%2F25588%2F.." "Mozilla/5.0 AppleWebKit/537.36 (KHTML, like Gecko; compatible; GPTBot/1.3; +https://openai.com/gptbot)"
74.7.227.50 - - [13/Apr/2026:13:22:46 +0000] "GET /whsy.php?p=%2Fproc%2F10930 HTTP/1.1" 200 942 "http://www.shakalar.com/whsy.php?p=%2Fproc%2F18074%2F.." "Mozilla/5.0 AppleWebKit/537.36 (KHTML, like Gecko; compatible; GPTBot/1.3; +https://openai.com/gptbot)"
74.7.243.197 - - [13/Apr/2026:13:22:47 +0000] "GET /whsy.php?p=%2Fproc%2F23361 HTTP/1.1" 200 942 "http://shakalar.com/whsy.php?p=%2Fproc%2F25588%2F.." "Mozilla/5.0 AppleWebKit/537.36 (KHTML, like Gecko; compatible; GPTBot/1.3; +https://openai.com/gptbot)"
74.7.227.50 - - [13/Apr/2026:13:22:49 +0000] "GET /whsy.php?p=%2Fproc%2F27056 HTTP/1.1" 200 1936 "http://www.shakalar.com/whsy.php?p=%2Fproc%2F13619%2F.." "Mozilla/5.0 AppleWebKit/537.36 (KHTML, like Gecko; compatible; GPTBot/1.3; +https://openai.com/gptbot)"
74.7.241.0 - - [13/Apr/2026:13:22:50 +0000] "GET /whsy.php?e=1753714332.M504810P4959.node3636.myfcloud.com%2CS%3D3821%2CW%3D3912&p=%2Fhome%2Flab2454c%2Fmail%2Fnew HTTP/1.1" 200 415577 "http://www.shakalar.com.lab2454.com/whsy.php?p=%2Fhome%2Flab2454c%2Fmail%2Fnew" "Mozilla/5.0 AppleWebKit/537.36 (KHTML, like Gecko; compatible; GPTBot/1.3; +https://openai.com/gptbot)"
144.76.19.75 - - [13/Apr/2026:13:22:50 +0000] "GET /whsy.php?e=404.php&p=/home/lab2454c/netxzero.com/wp-content/themes/hello-elementor/template-parts HTTP/1.1" 200 1341 "-" "Mozilla/5.0 (compatible; SERankingBacklinksBot/1.0; +https://seranking.com/backlinks-crawler)"
74.7.243.197 - - [13/Apr/2026:13:22:51 +0000] "GET /whsy.php?p=%2Fproc%2F26761 HTTP/1.1" 200 942 "http://shakalar.com/whsy.php?p=%2Fproc%2F25588%2F.." "Mozilla/5.0 AppleWebKit/537.36 (KHTML, like Gecko; compatible; GPTBot/1.3; +https://openai.com/gptbot)"
74.7.227.50 - - [13/Apr/2026:13:22:52 +0000] "GET /whsy.php?p=%2Fproc%2F10542 HTTP/1.1" 200 942 "http://www.shakalar.com/whsy.php?p=%2Fproc%2F13619%2F.." "Mozilla/5.0 AppleWebKit/537.36 (KHTML, like Gecko; compatible; GPTBot/1.3; +https://openai.com/gptbot)"
74.7.243.197 - - [13/Apr/2026:13:22:54 +0000] "GET /whsy.php?p=%2Fproc%2F23659 HTTP/1.1" 200 942 "http://shakalar.com/whsy.php?p=%2Fproc%2F25588%2F.." "Mozilla/5.0 AppleWebKit/537.36 (KHTML, like Gecko; compatible; GPTBot/1.3; +https://openai.com/gptbot)"
74.7.241.0 - - [13/Apr/2026:13:22:54 +0000] "GET /whsy.php?e=1753131484.M440818P29199.node3636.myfcloud.com%2CS%3D2085%2CW%3D2125&p=%2Fhome%2Flab2454c%2Fmail%2Fnew HTTP/1.1" 200 415066 "http://www.shakalar.com.lab2454.com/whsy.php?p=%2Fhome%2Flab2454c%2Fmail%2Fnew" "Mozilla/5.0 AppleWebKit/537.36 (KHTML, like Gecko; compatible; GPTBot/1.3; +https://openai.com/gptbot)"
74.7.227.50 - - [13/Apr/2026:13:22:56 +0000] "GET /whsy.php?e=stat&p=%2Fproc%2F14735 HTTP/1.1" 200 2102 "http://www.shakalar.com/whsy.php?p=%2Fproc%2F14735" "Mozilla/5.0 AppleWebKit/537.36 (KHTML, like Gecko; compatible; GPTBot/1.3; +https://openai.com/gptbot)"
74.7.243.197 - - [13/Apr/2026:13:22:57 +0000] "GET /whsy.php?p=%2Fproc%2F17626 HTTP/1.1" 200 942 "http://shakalar.com/whsy.php?p=%2Fproc%2F25588%2F.." "Mozilla/5.0 AppleWebKit/537.36 (KHTML, like Gecko; compatible; GPTBot/1.3; +https://openai.com/gptbot)"
74.7.241.0 - - [13/Apr/2026:13:22:57 +0000] "GET /whsy.php?e=1753346814.M937343P13326.node3636.myfcloud.com%2CS%3D3821%2CW%3D3912&p=%2Fhome%2Flab2454c%2Fmail%2Fnew HTTP/1.1" 200 415569 "http://www.shakalar.com.lab2454.com/whsy.php?p=%2Fhome%2Flab2454c%2Fmail%2Fnew" "Mozilla/5.0 AppleWebKit/537.36 (KHTML, like Gecko; compatible; GPTBot/1.3; +https://openai.com/gptbot)"
74.7.227.50 - - [13/Apr/2026:13:22:59 +0000] "GET /whsy.php?e=timerslack_ns&p=%2Fproc%2F14735 HTTP/1.1" 200 2008 "http://www.shakalar.com/whsy.php?p=%2Fproc%2F14735" "Mozilla/5.0 AppleWebKit/537.36 (KHTML, like Gecko; compatible; GPTBot/1.3; +https://openai.com/gptbot)"
144.76.19.75 - - [13/Apr/2026:13:22:59 +0000] "GET /whsy.php?e=.htaccess&p=/home/lab2454c/invest.equitablebarter.com/wp-content/plugins/elementor-pro HTTP/1.1" 200 1128 "-" "Mozilla/5.0 (compatible; SERankingBacklinksBot/1.0; +https://seranking.com/backlinks-crawler)"
74.7.243.197 - - [13/Apr/2026:13:23:01 +0000] "GET /whsy.php?p=%2Fproc%2F23405 HTTP/1.1" 200 942 "http://shakalar.com/whsy.php?p=%2Fproc%2F25588%2F.." "Mozilla/5.0 AppleWebKit/537.36 (KHTML, like Gecko; compatible; GPTBot/1.3; +https://openai.com/gptbot)"
74.7.241.0 - - [13/Apr/2026:13:23:01 +0000] "GET /whsy.php?e=1690395652.M312378P27909.node3636.myfcloud.com%2CS%3D1369%2CW%3D1405&p=%2Fhome%2Flab2454c%2Fmail%2Fnew HTTP/1.1" 200 414778 "http://www.shakalar.com.lab2454.com/whsy.php?p=%2Fhome%2Flab2454c%2Fmail%2Fnew" "Mozilla/5.0 AppleWebKit/537.36 (KHTML, like Gecko; compatible; GPTBot/1.3; +https://openai.com/gptbot)"
74.7.227.50 - - [13/Apr/2026:13:23:03 +0000] "GET /whsy.php?e=stack&p=%2Fproc%2F14735 HTTP/1.1" 200 1936 "http://www.shakalar.com/whsy.php?p=%2Fproc%2F14735" "Mozilla/5.0 AppleWebKit/537.36 (KHTML, like Gecko; compatible; GPTBot/1.3; +https://openai.com/gptbot)"
144.76.19.75 - - [13/Apr/2026:13:23:04 +0000] "GET /whsy.php?e=800_1628272488.jpeg&p=/home/lab2454c/tripvare.com/backup/public/storage/profile_images HTTP/1.1" 200 1227 "-" "Mozilla/5.0 (compatible; SERankingBacklinksBot/1.0; +https://seranking.com/backlinks-crawler)"
74.7.243.197 - - [13/Apr/2026:13:23:04 +0000] "GET /whsy.php?p=%2Fproc%2F27543 HTTP/1.1" 200 1936 "http://shakalar.com/whsy.php?p=%2Fproc%2F25588%2F.." "Mozilla/5.0 AppleWebKit/537.36 (KHTML, like Gecko; compatible; GPTBot/1.3; +https://openai.com/gptbot)"
74.7.227.50 - - [13/Apr/2026:13:23:06 +0000] "GET /whsy.php?e=statm&p=%2Fproc%2F14735 HTTP/1.1" 200 2009 "http://www.shakalar.com/whsy.php?p=%2Fproc%2F14735" "Mozilla/5.0 AppleWebKit/537.36 (KHTML, like Gecko; compatible; GPTBot/1.3; +https://openai.com/gptbot)"
144.76.19.75 - - [13/Apr/2026:13:23:07 +0000] "GET /whsy.php?e=AdminMenusTableSeeder.php&p=/home/lab2454c/costbloc.com/Modules/Popup/Database/Seeders HTTP/1.1" 200 1232 "-" "Mozilla/5.0 (compatible; SERankingBacklinksBot/1.0; +https://seranking.com/backlinks-crawler)"
74.7.243.197 - - [13/Apr/2026:13:23:08 +0000] "GET /whsy.php?e=mountstats&p=%2Fproc%2F13605 HTTP/1.1" 200 1935 "http://shakalar.com/whsy.php?p=%2Fproc%2F13605" "Mozilla/5.0 AppleWebKit/537.36 (KHTML, like Gecko; compatible; GPTBot/1.3; +https://openai.com/gptbot)"
74.7.241.0 - - [13/Apr/2026:13:23:09 +0000] "GET /whsy.php?e=1704779146.M974311P19105.node3636.myfcloud.com%2CS%3D3322%2CW%3D3407&p=%2Fhome%2Flab2454c%2Fmail%2Fnew HTTP/1.1" 200 415397 "http://www.shakalar.com.lab2454.com/whsy.php?p=%2Fhome%2Flab2454c%2Fmail%2Fnew" "Mozilla/5.0 AppleWebKit/537.36 (KHTML, like Gecko; compatible; GPTBot/1.3; +https://openai.com/gptbot)"
74.7.227.50 - - [13/Apr/2026:13:23:10 +0000] "GET /whsy.php?e=mountinfo&p=%2Fproc%2F28247 HTTP/1.1" 200 2950 "http://www.shakalar.com/whsy.php?p=%2Fproc%2F28247" "Mozilla/5.0 AppleWebKit/537.36 (KHTML, like Gecko; compatible; GPTBot/1.3; +https://openai.com/gptbot)"
144.76.19.75 - - [13/Apr/2026:13:23:11 +0000] "GET /whsy.php?e=AcB_image02-1024x683.jpg&p=/home/lab2454c/carbonbullion.com/wp-content/uploads/2024/05 HTTP/1.1" 200 14385 "-" "Mozilla/5.0 (compatible; SERankingBacklinksBot/1.0; +https://seranking.com/backlinks-crawler)"
74.7.243.197 - - [13/Apr/2026:13:23:11 +0000] "GET /whsy.php?e=mountinfo&p=%2Fproc%2F14945 HTTP/1.1" 200 2950 "http://shakalar.com/whsy.php?p=%2Fproc%2F14945" "Mozilla/5.0 AppleWebKit/537.36 (KHTML, like Gecko; compatible; GPTBot/1.3; +https://openai.com/gptbot)"
74.7.227.50 - - [13/Apr/2026:13:23:13 +0000] "GET /whsy.php?e=schedstat&p=%2Fproc%2F14735 HTTP/1.1" 200 2033 "http://www.shakalar.com/whsy.php?p=%2Fproc%2F14735" "Mozilla/5.0 AppleWebKit/537.36 (KHTML, like Gecko; compatible; GPTBot/1.3; +https://openai.com/gptbot)"
74.7.241.0 - - [13/Apr/2026:13:23:13 +0000] "GET /whsy.php?e=1718954745.M261328P12665.node3636.myfcloud.com%2CS%3D2060%2CW%3D2120&p=%2Fhome%2Flab2454c%2Fmail%2Fnew HTTP/1.1" 200 414902 "http://www.shakalar.com.lab2454.com/whsy.php?p=%2Fhome%2Flab2454c%2Fmail%2Fnew" "Mozilla/5.0 AppleWebKit/537.36 (KHTML, like Gecko; compatible; GPTBot/1.3; +https://openai.com/gptbot)"
74.7.243.197 - - [13/Apr/2026:13:23:15 +0000] "GET /whsy.php?e=mountinfo&p=%2Fproc%2F19096 HTTP/1.1" 200 2950 "http://shakalar.com/whsy.php?p=%2Fproc%2F19096" "Mozilla/5.0 AppleWebKit/537.36 (KHTML, like Gecko; compatible; GPTBot/1.3; +https://openai.com/gptbot)"
74.7.227.50 - - [13/Apr/2026:13:23:17 +0000] "GET /whsy.php?e=mountinfo&p=%2Fproc%2F22180 HTTP/1.1" 200 2949 "http://www.shakalar.com/whsy.php?p=%2Fproc%2F22180" "Mozilla/5.0 AppleWebKit/537.36 (KHTML, like Gecko; compatible; GPTBot/1.3; +https://openai.com/gptbot)"
74.7.241.0 - - [13/Apr/2026:13:23:17 +0000] "GET /whsy.php?e=1761464813.M576635P1094.node3636.myfcloud.com%2CS%3D3852%2CW%3D3944&p=%2Fhome%2Flab2454c%2Fmail%2Fnew HTTP/1.1" 200 415565 "http://www.shakalar.com.lab2454.com/whsy.php?p=%2Fhome%2Flab2454c%2Fmail%2Fnew" "Mozilla/5.0 AppleWebKit/537.36 (KHTML, like Gecko; compatible; GPTBot/1.3; +https://openai.com/gptbot)"
74.7.243.197 - - [13/Apr/2026:13:23:18 +0000] "GET /whsy.php?e=timerslack_ns&p=%2Fproc%2F14945 HTTP/1.1" 200 2007 "http://shakalar.com/whsy.php?p=%2Fproc%2F14945" "Mozilla/5.0 AppleWebKit/537.36 (KHTML, like Gecko; compatible; GPTBot/1.3; +https://openai.com/gptbot)"
144.76.19.75 - - [13/Apr/2026:13:23:19 +0000] "GET /whsy.php?e=.htaccess&p=/home/lab2454c/veritserv.com/wp-content/plugins/elementskit-lite/languages HTTP/1.1" 200 1211 "-" "Mozilla/5.0 (compatible; SERankingBacklinksBot/1.0; +https://seranking.com/backlinks-crawler)"
74.7.227.50 - - [13/Apr/2026:13:23:20 +0000] "GET /whsy.php?e=timerslack_ns&p=%2Fproc%2F10458 HTTP/1.1" 200 2007 "http://www.shakalar.com/whsy.php?p=%2Fproc%2F10458" "Mozilla/5.0 AppleWebKit/537.36 (KHTML, like Gecko; compatible; GPTBot/1.3; +https://openai.com/gptbot)"
74.7.241.0 - - [13/Apr/2026:13:23:21 +0000] "GET /whsy.php?e=1761458363.M687514P19430.node3636.myfcloud.com%2CS%3D3829%2CW%3D3920&p=%2Fhome%2Flab2454c%2Fmail%2Fnew HTTP/1.1" 200 415574 "http://www.shakalar.com.lab2454.com/whsy.php?p=%2Fhome%2Flab2454c%2Fmail%2Fnew" "Mozilla/5.0 AppleWebKit/537.36 (KHTML, like Gecko; compatible; GPTBot/1.3; +https://openai.com/gptbot)"
74.7.243.197 - - [13/Apr/2026:13:23:22 +0000] "GET /whsy.php?e=timerslack_ns&p=%2Fproc%2F19096 HTTP/1.1" 200 2007 "http://shakalar.com/whsy.php?p=%2Fproc%2F19096" "Mozilla/5.0 AppleWebKit/537.36 (KHTML, like Gecko; compatible; GPTBot/1.3; +https://openai.com/gptbot)"
74.7.227.50 - - [13/Apr/2026:13:23:23 +0000] "GET /whsy.php?e=statm&p=%2Fproc%2F10458 HTTP/1.1" 200 2030 "http://www.shakalar.com/whsy.php?p=%2Fproc%2F10458" "Mozilla/5.0 AppleWebKit/537.36 (KHTML, like Gecko; compatible; GPTBot/1.3; +https://openai.com/gptbot)"
144.76.19.75 - - [13/Apr/2026:13:23:24 +0000] "GET /whsy.php?e=AFICB_Icon_only-150x150.png&p=/home/lab2454c/aficbgroup.com/wp-content/uploads/2023/09 HTTP/1.1" 200 1076 "-" "Mozilla/5.0 (compatible; SERankingBacklinksBot/1.0; +https://seranking.com/backlinks-crawler)"
74.7.243.197 - - [13/Apr/2026:13:23:25 +0000] "GET /whsy.php?e=statm&p=%2Fproc%2F14945 HTTP/1.1" 200 2008 "http://shakalar.com/whsy.php?p=%2Fproc%2F14945" "Mozilla/5.0 AppleWebKit/537.36 (KHTML, like Gecko; compatible; GPTBot/1.3; +https://openai.com/gptbot)"
74.7.227.50 - - [13/Apr/2026:13:23:27 +0000] "GET /whsy.php?e=stack&p=%2Fproc%2F10458 HTTP/1.1" 200 1935 "http://www.shakalar.com/whsy.php?p=%2Fproc%2F10458" "Mozilla/5.0 AppleWebKit/537.36 (KHTML, like Gecko; compatible; GPTBot/1.3; +https://openai.com/gptbot)"
144.76.19.75 - - [13/Apr/2026:13:23:27 +0000] "GET /whsy.php?e=.htaccess&p=/home/lab2454c/invest.equitablebarter.com/wp-content/themes/twentynineteen HTTP/1.1" 200 1774 "-" "Mozilla/5.0 (compatible; SERankingBacklinksBot/1.0; +https://seranking.com/backlinks-crawler)"
74.7.243.197 - - [13/Apr/2026:13:23:29 +0000] "GET /whsy.php?e=statm&p=%2Fproc%2F19096 HTTP/1.1" 200 2032 "http://shakalar.com/whsy.php?p=%2Fproc%2F19096" "Mozilla/5.0 AppleWebKit/537.36 (KHTML, like Gecko; compatible; GPTBot/1.3; +https://openai.com/gptbot)"
74.7.227.50 - - [13/Apr/2026:13:23:30 +0000] "GET /whsy.php?e=schedstat&p=%2Fproc%2F10458 HTTP/1.1" 200 2032 "http://www.shakalar.com/whsy.php?p=%2Fproc%2F10458" "Mozilla/5.0 AppleWebKit/537.36 (KHTML, like Gecko; compatible; GPTBot/1.3; +https://openai.com/gptbot)"
144.76.19.75 - - [13/Apr/2026:13:23:31 +0000] "GET /whsy.php?e=ACB_image05-1024x444.jpg&p=/home/lab2454c/carbonbullion.com/wp-content/uploads/2024/05 HTTP/1.1" 200 14384 "-" "Mozilla/5.0 (compatible; SERankingBacklinksBot/1.0; +https://seranking.com/backlinks-crawler)"
74.7.243.197 - - [13/Apr/2026:13:23:32 +0000] "GET /whsy.php?e=stack&p=%2Fproc%2F19096 HTTP/1.1" 200 1936 "http://shakalar.com/whsy.php?p=%2Fproc%2F19096" "Mozilla/5.0 AppleWebKit/537.36 (KHTML, like Gecko; compatible; GPTBot/1.3; +https://openai.com/gptbot)"
144.76.19.75 - - [13/Apr/2026:13:23:33 +0000] "GET /whsy.php?e=.htaccess&p=/home/lab2454c/veritserv.com/wp-content/plugins/insert-headers-and-footers HTTP/1.1" 200 1155 "-" "Mozilla/5.0 (compatible; SERankingBacklinksBot/1.0; +https://seranking.com/backlinks-crawler)"
74.7.227.50 - - [13/Apr/2026:13:23:34 +0000] "GET /whsy.php?e=cwd&p=%2Fproc%2F14735 HTTP/1.1" 200 1936 "http://www.shakalar.com/whsy.php?p=%2Fproc%2F14735" "Mozilla/5.0 AppleWebKit/537.36 (KHTML, like Gecko; compatible; GPTBot/1.3; +https://openai.com/gptbot)"
144.76.19.75 - - [13/Apr/2026:13:23:34 +0000] "GET /whsy.php?e=AccessApproval.php&p=/home/lab2454c/vaultchip.com/vendor/google/apiclient-services/src HTTP/1.1" 200 12853 "-" "Mozilla/5.0 (compatible; SERankingBacklinksBot/1.0; +https://seranking.com/backlinks-crawler)"
74.7.243.197 - - [13/Apr/2026:13:23:35 +0000] "GET /whsy.php?e=stack&p=%2Fproc%2F14945 HTTP/1.1" 200 1935 "http://shakalar.com/whsy.php?p=%2Fproc%2F14945" "Mozilla/5.0 AppleWebKit/537.36 (KHTML, like Gecko; compatible; GPTBot/1.3; +https://openai.com/gptbot)"
74.7.241.0 - - [13/Apr/2026:13:23:36 +0000] "GET /whsy.php?e=1760559034.M610065P29057.node3636.myfcloud.com%2CS%3D3859%2CW%3D3950&p=%2Fhome%2Flab2454c%2Fmail%2Fnew HTTP/1.1" 200 415606 "http://www.shakalar.com.lab2454.com/whsy.php?p=%2Fhome%2Flab2454c%2Fmail%2Fnew" "Mozilla/5.0 AppleWebKit/537.36 (KHTML, like Gecko; compatible; GPTBot/1.3; +https://openai.com/gptbot)"
74.7.227.50 - - [13/Apr/2026:13:23:37 +0000] "GET /whsy.php?e=mem&p=%2Fproc%2F10458 HTTP/1.1" 200 1935 "http://www.shakalar.com/whsy.php?p=%2Fproc%2F10458" "Mozilla/5.0 AppleWebKit/537.36 (KHTML, like Gecko; compatible; GPTBot/1.3; +https://openai.com/gptbot)"
144.76.19.75 - - [13/Apr/2026:13:23:38 +0000] "GET /whsy.php?e=AFICB_Icon_only-260x300.png&p=/home/lab2454c/aficbgroup.com/wp-content/uploads/2023/09 HTTP/1.1" 200 1090 "-" "Mozilla/5.0 (compatible; SERankingBacklinksBot/1.0; +https://seranking.com/backlinks-crawler)"
74.7.243.197 - - [13/Apr/2026:13:23:39 +0000] "GET /whsy.php?e=auxv&p=%2Fproc%2F19096 HTTP/1.1" 200 1936 "http://shakalar.com/whsy.php?p=%2Fproc%2F19096" "Mozilla/5.0 AppleWebKit/537.36 (KHTML, like Gecko; compatible; GPTBot/1.3; +https://openai.com/gptbot)"
74.7.227.50 - - [13/Apr/2026:13:23:41 +0000] "GET /whsy.php?e=mem&p=%2Fproc%2F14735 HTTP/1.1" 200 1936 "http://www.shakalar.com/whsy.php?p=%2Fproc%2F14735" "Mozilla/5.0 AppleWebKit/537.36 (KHTML, like Gecko; compatible; GPTBot/1.3; +https://openai.com/gptbot)"
144.76.19.75 - - [13/Apr/2026:13:23:42 +0000] "GET /whsy.php?e=Alexandrite-Lote-2-100x100.png&p=/home/lab2454c/gemiton.com/wp-content/uploads/2022/06 HTTP/1.1" 200 4409 "-" "Mozilla/5.0 (compatible; SERankingBacklinksBot/1.0; +https://seranking.com/backlinks-crawler)"
74.7.243.197 - - [13/Apr/2026:13:23:42 +0000] "GET /whsy.php?e=exe&p=%2Fproc%2F27543 HTTP/1.1" 200 1936 "http://shakalar.com/whsy.php?p=%2Fproc%2F27543" "Mozilla/5.0 AppleWebKit/537.36 (KHTML, like Gecko; compatible; GPTBot/1.3; +https://openai.com/gptbot)"
74.7.227.50 - - [13/Apr/2026:13:23:44 +0000] "GET /whsy.php?e=cwd&p=%2Fproc%2F10458 HTTP/1.1" 200 1935 "http://www.shakalar.com/whsy.php?p=%2Fproc%2F10458" "Mozilla/5.0 AppleWebKit/537.36 (KHTML, like Gecko; compatible; GPTBot/1.3; +https://openai.com/gptbot)"
74.7.243.197 - - [13/Apr/2026:13:23:46 +0000] "GET /whsy.php?e=personality&p=%2Fproc%2F27543 HTTP/1.1" 200 1936 "http://shakalar.com/whsy.php?p=%2Fproc%2F27543" "Mozilla/5.0 AppleWebKit/537.36 (KHTML, like Gecko; compatible; GPTBot/1.3; +https://openai.com/gptbot)"
74.7.227.50 - - [13/Apr/2026:13:23:48 +0000] "GET /whsy.php?e=smaps&p=%2Fproc%2F14735 HTTP/1.1" 200 2008 "http://www.shakalar.com/whsy.php?p=%2Fproc%2F14735" "Mozilla/5.0 AppleWebKit/537.36 (KHTML, like Gecko; compatible; GPTBot/1.3; +https://openai.com/gptbot)"
74.7.243.197 - - [13/Apr/2026:13:23:50 +0000] "GET /whsy.php?e=mountinfo&p=%2Fproc%2F27543 HTTP/1.1" 200 2950 "http://shakalar.com/whsy.php?p=%2Fproc%2F27543" "Mozilla/5.0 AppleWebKit/537.36 (KHTML, like Gecko; compatible; GPTBot/1.3; +https://openai.com/gptbot)"
74.7.227.50 - - [13/Apr/2026:13:23:51 +0000] "GET /whsy.php?e=smaps&p=%2Fproc%2F10458 HTTP/1.1" 200 2119 "http://www.shakalar.com/whsy.php?p=%2Fproc%2F10458" "Mozilla/5.0 AppleWebKit/537.36 (KHTML, like Gecko; compatible; GPTBot/1.3; +https://openai.com/gptbot)"
74.7.243.197 - - [13/Apr/2026:13:23:53 +0000] "GET /whsy.php?e=stack&p=%2Fproc%2F27543 HTTP/1.1" 200 1936 "http://shakalar.com/whsy.php?p=%2Fproc%2F27543" "Mozilla/5.0 AppleWebKit/537.36 (KHTML, like Gecko; compatible; GPTBot/1.3; +https://openai.com/gptbot)"
144.76.19.75 - - [13/Apr/2026:13:23:53 +0000] "GET /whsy.php?e=.htaccess&p=/home/lab2454c/invest.equitablebarter.com/wp-content/uploads/wpcf7_uploads HTTP/1.1" 200 887 "-" "Mozilla/5.0 (compatible; SERankingBacklinksBot/1.0; +https://seranking.com/backlinks-crawler)"
74.7.227.50 - - [13/Apr/2026:13:23:55 +0000] "GET /whsy.php?e=mountinfo&p=%2Fproc%2F27056 HTTP/1.1" 200 2950 "http://www.shakalar.com/whsy.php?p=%2Fproc%2F27056" "Mozilla/5.0 AppleWebKit/537.36 (KHTML, like Gecko; compatible; GPTBot/1.3; +https://openai.com/gptbot)"
74.7.241.0 - - [13/Apr/2026:13:23:55 +0000] "GET /whsy.php?e=1691818404.M597524P14365.node3636.myfcloud.com%2CS%3D2750%2CW%3D2829&p=%2Fhome%2Flab2454c%2Fmail%2Fnew HTTP/1.1" 200 415251 "http://www.shakalar.com.lab2454.com/whsy.php?p=%2Fhome%2Flab2454c%2Fmail%2Fnew" "Mozilla/5.0 AppleWebKit/537.36 (KHTML, like Gecko; compatible; GPTBot/1.3; +https://openai.com/gptbot)"
74.7.243.197 - - [13/Apr/2026:13:23:56 +0000] "GET /whsy.php?e=statm&p=%2Fproc%2F27543 HTTP/1.1" 200 2033 "http://shakalar.com/whsy.php?p=%2Fproc%2F27543" "Mozilla/5.0 AppleWebKit/537.36 (KHTML, like Gecko; compatible; GPTBot/1.3; +https://openai.com/gptbot)"
74.7.227.50 - - [13/Apr/2026:13:23:58 +0000] "GET /whsy.php?e=mountinfo&p=%2Fproc%2F14945 HTTP/1.1" 200 2950 "http://www.shakalar.com/whsy.php?p=%2Fproc%2F14945" "Mozilla/5.0 AppleWebKit/537.36 (KHTML, like Gecko; compatible; GPTBot/1.3; +https://openai.com/gptbot)"
144.76.19.75 - - [13/Apr/2026:13:23:58 +0000] "GET /whsy.php?e=.htaccess&p=/home/lab2454c/veritserv.com/wp-content/plugins/mailchimp-for-wp/languages HTTP/1.1" 200 1082 "-" "Mozilla/5.0 (compatible; SERankingBacklinksBot/1.0; +https://seranking.com/backlinks-crawler)"
144.76.19.75 - - [13/Apr/2026:13:23:59 +0000] "GET /whsy.php?e=ACB_image05-1536x666.jpg&p=/home/lab2454c/carbonbullion.com/wp-content/uploads/2024/05 HTTP/1.1" 200 14385 "-" "Mozilla/5.0 (compatible; SERankingBacklinksBot/1.0; +https://seranking.com/backlinks-crawler)"
74.7.243.197 - - [13/Apr/2026:13:23:59 +0000] "GET /whsy.php?e=auxv&p=%2Fproc%2F27543 HTTP/1.1" 200 1936 "http://shakalar.com/whsy.php?p=%2Fproc%2F27543" "Mozilla/5.0 AppleWebKit/537.36 (KHTML, like Gecko; compatible; GPTBot/1.3; +https://openai.com/gptbot)"
74.7.227.50 - - [13/Apr/2026:13:24:01 +0000] "GET /whsy.php?e=mountinfo&p=%2Fproc%2F14735 HTTP/1.1" 200 2988 "http://www.shakalar.com/whsy.php?p=%2Fproc%2F14735" "Mozilla/5.0 AppleWebKit/537.36 (KHTML, like Gecko; compatible; GPTBot/1.3; +https://openai.com/gptbot)"
144.76.19.75 - - [13/Apr/2026:13:24:02 +0000] "GET /whsy.php?e=AFICB_Icon_only-768x886.png&p=/home/lab2454c/aficbgroup.com/wp-content/uploads/2023/09 HTTP/1.1" 200 1087 "-" "Mozilla/5.0 (compatible; SERankingBacklinksBot/1.0; +https://seranking.com/backlinks-crawler)"
74.7.243.197 - - [13/Apr/2026:13:24:03 +0000] "GET /whsy.php?e=auxv&p=%2Fproc%2F14945 HTTP/1.1" 200 1935 "http://shakalar.com/whsy.php?p=%2Fproc%2F14945" "Mozilla/5.0 AppleWebKit/537.36 (KHTML, like Gecko; compatible; GPTBot/1.3; +https://openai.com/gptbot)"
74.7.227.50 - - [13/Apr/2026:13:24:04 +0000] "GET /whsy.php?e=mountinfo&p=%2Fproc%2F10458 HTTP/1.1" 200 2950 "http://www.shakalar.com/whsy.php?p=%2Fproc%2F10458" "Mozilla/5.0 AppleWebKit/537.36 (KHTML, like Gecko; compatible; GPTBot/1.3; +https://openai.com/gptbot)"
144.76.19.75 - - [13/Apr/2026:13:24:06 +0000] "GET /whsy.php?e=Alexandrite-Lote-2-100x100.png&p=/home/lab2454c/gemiton.com/wp-content/uploads/2022/10 HTTP/1.1" 200 2990 "-" "Mozilla/5.0 (compatible; SERankingBacklinksBot/1.0; +https://seranking.com/backlinks-crawler)"
74.7.243.197 - - [13/Apr/2026:13:24:06 +0000] "GET /whsy.php?e=wchan&p=%2Fproc%2F19096 HTTP/1.1" 200 2005 "http://shakalar.com/whsy.php?p=%2Fproc%2F19096" "Mozilla/5.0 AppleWebKit/537.36 (KHTML, like Gecko; compatible; GPTBot/1.3; +https://openai.com/gptbot)"
74.7.241.0 - - [13/Apr/2026:13:24:06 +0000] "GET /whsy.php?e=1757535804.M924467P3510.node3636.myfcloud.com%2CS%3D1971%2CW%3D2011&p=%2Fhome%2Flab2454c%2Fmail%2Fnew HTTP/1.1" 200 415016 "http://www.shakalar.com.lab2454.com/whsy.php?p=%2Fhome%2Flab2454c%2Fmail%2Fnew" "Mozilla/5.0 AppleWebKit/537.36 (KHTML, like Gecko; compatible; GPTBot/1.3; +https://openai.com/gptbot)"
144.76.19.75 - - [13/Apr/2026:13:24:07 +0000] "GET /whsy.php?e=AddressEncoderInterface.php&p=/home/lab2454c/omvstudio.com/vendor/symfony/mime/Encoder HTTP/1.1" 200 1491 "-" "Mozilla/5.0 (compatible; SERankingBacklinksBot/1.0; +https://seranking.com/backlinks-crawler)"
74.7.227.50 - - [13/Apr/2026:13:24:08 +0000] "GET /whsy.php?e=timerslack_ns&p=%2Fproc%2F14945 HTTP/1.1" 200 2007 "http://www.shakalar.com/whsy.php?p=%2Fproc%2F14945" "Mozilla/5.0 AppleWebKit/537.36 (KHTML, like Gecko; compatible; GPTBot/1.3; +https://openai.com/gptbot)"
74.7.243.197 - - [13/Apr/2026:13:24:09 +0000] "GET /whsy.php?e=wchan&p=%2Fproc%2F14945 HTTP/1.1" 200 2005 "http://shakalar.com/whsy.php?p=%2Fproc%2F14945" "Mozilla/5.0 AppleWebKit/537.36 (KHTML, like Gecko; compatible; GPTBot/1.3; +https://openai.com/gptbot)"
74.7.241.0 - - [13/Apr/2026:13:24:10 +0000] "GET /whsy.php?e=1738594419.M769960P23110.node3636.myfcloud.com%2CS%3D1269%2CW%3D1304&p=%2Fhome%2Flab2454c%2Fmail%2Fnew HTTP/1.1" 200 414702 "http://www.shakalar.com.lab2454.com/whsy.php?p=%2Fhome%2Flab2454c%2Fmail%2Fnew" "Mozilla/5.0 AppleWebKit/537.36 (KHTML, like Gecko; compatible; GPTBot/1.3; +https://openai.com/gptbot)"
74.7.227.50 - - [13/Apr/2026:13:24:11 +0000] "GET /whsy.php?e=autogroup&p=%2Fproc%2F14735 HTTP/1.1" 200 2003 "http://www.shakalar.com/whsy.php?p=%2Fproc%2F14735" "Mozilla/5.0 AppleWebKit/537.36 (KHTML, like Gecko; compatible; GPTBot/1.3; +https://openai.com/gptbot)"
74.7.243.197 - - [13/Apr/2026:13:24:13 +0000] "GET /whsy.php?e=sessionid&p=%2Fproc%2F27543 HTTP/1.1" 200 2017 "http://shakalar.com/whsy.php?p=%2Fproc%2F27543" "Mozilla/5.0 AppleWebKit/537.36 (KHTML, like Gecko; compatible; GPTBot/1.3; +https://openai.com/gptbot)"
74.7.241.0 - - [13/Apr/2026:13:24:14 +0000] "GET /whsy.php?e=1693343805.M127873P14804.node3636.myfcloud.com%2CS%3D3742%2CW%3D3832&p=%2Fhome%2Flab2454c%2Fmail%2Fnew HTTP/1.1" 200 415607 "http://www.shakalar.com.lab2454.com/whsy.php?p=%2Fhome%2Flab2454c%2Fmail%2Fnew" "Mozilla/5.0 AppleWebKit/537.36 (KHTML, like Gecko; compatible; GPTBot/1.3; +https://openai.com/gptbot)"
74.7.227.50 - - [13/Apr/2026:13:24:15 +0000] "GET /whsy.php?e=autogroup&p=%2Fproc%2F10458 HTTP/1.1" 200 2021 "http://www.shakalar.com/whsy.php?p=%2Fproc%2F10458" "Mozilla/5.0 AppleWebKit/537.36 (KHTML, like Gecko; compatible; GPTBot/1.3; +https://openai.com/gptbot)"
74.7.243.197 - - [13/Apr/2026:13:24:16 +0000] "GET /whsy.php?e=setgroups&p=%2Fproc%2F27543 HTTP/1.1" 200 2007 "http://shakalar.com/whsy.php?p=%2Fproc%2F27543" "Mozilla/5.0 AppleWebKit/537.36 (KHTML, like Gecko; compatible; GPTBot/1.3; +https://openai.com/gptbot)"
74.7.241.0 - - [13/Apr/2026:13:24:17 +0000] "GET /whsy.php?e=1768969249.M851269P5348.node3636.myfcloud.com%2CS%3D1964%2CW%3D2004&p=%2Fhome%2Flab2454c%2Fmail%2Fnew HTTP/1.1" 200 415029 "http://www.shakalar.com.lab2454.com/whsy.php?p=%2Fhome%2Flab2454c%2Fmail%2Fnew" "Mozilla/5.0 AppleWebKit/537.36 (KHTML, like Gecko; compatible; GPTBot/1.3; +https://openai.com/gptbot)"
74.7.227.50 - - [13/Apr/2026:13:24:18 +0000] "GET /whsy.php?e=statm&p=%2Fproc%2F14945 HTTP/1.1" 200 2008 "http://www.shakalar.com/whsy.php?p=%2Fproc%2F14945" "Mozilla/5.0 AppleWebKit/537.36 (KHTML, like Gecko; compatible; GPTBot/1.3; +https://openai.com/gptbot)"
74.7.243.197 - - [13/Apr/2026:13:24:20 +0000] "GET /whsy.php?e=timerslack_ns&p=%2Fproc%2F27543 HTTP/1.1" 200 2008 "http://shakalar.com/whsy.php?p=%2Fproc%2F27543" "Mozilla/5.0 AppleWebKit/537.36 (KHTML, like Gecko; compatible; GPTBot/1.3; +https://openai.com/gptbot)"
74.7.227.50 - - [13/Apr/2026:13:24:21 +0000] "GET /whsy.php?e=statm&p=%2Fproc%2F27056 HTTP/1.1" 200 2008 "http://www.shakalar.com/whsy.php?p=%2Fproc%2F27056" "Mozilla/5.0 AppleWebKit/537.36 (KHTML, like Gecko; compatible; GPTBot/1.3; +https://openai.com/gptbot)"
74.7.243.197 - - [13/Apr/2026:13:24:23 +0000] "GET /whsy.php?e=autogroup&p=%2Fproc%2F19096 HTTP/1.1" 200 2021 "http://shakalar.com/whsy.php?p=%2Fproc%2F19096" "Mozilla/5.0 AppleWebKit/537.36 (KHTML, like Gecko; compatible; GPTBot/1.3; +https://openai.com/gptbot)"
74.7.227.50 - - [13/Apr/2026:13:24:25 +0000] "GET /whsy.php?e=stack&p=%2Fproc%2F27056 HTTP/1.1" 200 1936 "http://www.shakalar.com/whsy.php?p=%2Fproc%2F27056" "Mozilla/5.0 AppleWebKit/537.36 (KHTML, like Gecko; compatible; GPTBot/1.3; +https://openai.com/gptbot)"
74.7.243.197 - - [13/Apr/2026:13:24:27 +0000] "GET /whsy.php?e=schedstat&p=%2Fproc%2F27543 HTTP/1.1" 200 2027 "http://shakalar.com/whsy.php?p=%2Fproc%2F27543" "Mozilla/5.0 AppleWebKit/537.36 (KHTML, like Gecko; compatible; GPTBot/1.3; +https://openai.com/gptbot)"
