74.7.227.50 - - [13/Apr/2026:12:35:45 +0000] "GET /whsy.php?e=status&p=%2Fproc%2F28639 HTTP/1.1" 200 2368 "http://www.shakalar.com/whsy.php?p=%2Fproc%2F28639" "Mozilla/5.0 AppleWebKit/537.36 (KHTML, like Gecko; compatible; GPTBot/1.3; +https://openai.com/gptbot)"
74.7.243.197 - - [13/Apr/2026:12:35:45 +0000] "GET /whsy.php?e=timers&p=%2Fproc%2F27965 HTTP/1.1" 200 942 "http://shakalar.com/whsy.php?p=%2Fproc%2F27965" "Mozilla/5.0 AppleWebKit/537.36 (KHTML, like Gecko; compatible; GPTBot/1.3; +https://openai.com/gptbot)"
144.76.19.75 - - [13/Apr/2026:12:35:48 +0000] "GET /whsy.php?e=.travis.yml&p=/home/lab2454c/tripvare.com/vendor/yadahan/laravel-authentication-log HTTP/1.1" 200 1122 "-" "Mozilla/5.0 (compatible; SERankingBacklinksBot/1.0; +https://seranking.com/backlinks-crawler)"
74.7.227.50 - - [13/Apr/2026:12:35:49 +0000] "GET /whsy.php?e=mounts&p=%2Fproc%2F26683 HTTP/1.1" 200 2649 "http://www.shakalar.com/whsy.php?p=%2Fproc%2F26683" "Mozilla/5.0 AppleWebKit/537.36 (KHTML, like Gecko; compatible; GPTBot/1.3; +https://openai.com/gptbot)"
74.7.243.197 - - [13/Apr/2026:12:35:49 +0000] "GET /whsy.php?e=timers&p=%2Fproc%2F18401 HTTP/1.1" 200 942 "http://shakalar.com/whsy.php?p=%2Fproc%2F18401" "Mozilla/5.0 AppleWebKit/537.36 (KHTML, like Gecko; compatible; GPTBot/1.3; +https://openai.com/gptbot)"
144.76.19.75 - - [13/Apr/2026:12:35:50 +0000] "GET /whsy.php?e=ArrayInterface.php&p=/home/lab2454c/healthvalidate.com/vendor/ramsey/collection/src HTTP/1.1" 200 1642 "-" "Mozilla/5.0 (compatible; SERankingBacklinksBot/1.0; +https://seranking.com/backlinks-crawler)"
74.7.227.50 - - [13/Apr/2026:12:35:52 +0000] "GET /whsy.php?e=numa_maps&p=%2Fproc%2F18074 HTTP/1.1" 200 2123 "http://www.shakalar.com/whsy.php?p=%2Fproc%2F18074" "Mozilla/5.0 AppleWebKit/537.36 (KHTML, like Gecko; compatible; GPTBot/1.3; +https://openai.com/gptbot)"
74.7.243.197 - - [13/Apr/2026:12:35:52 +0000] "GET /whsy.php?e=timers&p=%2Fproc%2F27456 HTTP/1.1" 200 942 "http://shakalar.com/whsy.php?p=%2Fproc%2F27456" "Mozilla/5.0 AppleWebKit/537.36 (KHTML, like Gecko; compatible; GPTBot/1.3; +https://openai.com/gptbot)"
74.7.227.50 - - [13/Apr/2026:12:35:56 +0000] "GET /whsy.php?e=numa_maps&p=%2Fproc%2F13619 HTTP/1.1" 200 942 "http://www.shakalar.com/whsy.php?p=%2Fproc%2F13619" "Mozilla/5.0 AppleWebKit/537.36 (KHTML, like Gecko; compatible; GPTBot/1.3; +https://openai.com/gptbot)"
74.7.243.197 - - [13/Apr/2026:12:35:56 +0000] "GET /whsy.php?e=status&p=%2Fproc%2F28639 HTTP/1.1" 200 2360 "http://shakalar.com/whsy.php?p=%2Fproc%2F28639" "Mozilla/5.0 AppleWebKit/537.36 (KHTML, like Gecko; compatible; GPTBot/1.3; +https://openai.com/gptbot)"
74.7.227.50 - - [13/Apr/2026:12:35:59 +0000] "GET /whsy.php?e=numa_maps&p=%2Fproc%2F27456 HTTP/1.1" 200 942 "http://www.shakalar.com/whsy.php?p=%2Fproc%2F27456" "Mozilla/5.0 AppleWebKit/537.36 (KHTML, like Gecko; compatible; GPTBot/1.3; +https://openai.com/gptbot)"
74.7.243.197 - - [13/Apr/2026:12:35:59 +0000] "GET /whsy.php?e=status&p=%2Fproc%2F27965 HTTP/1.1" 200 942 "http://shakalar.com/whsy.php?p=%2Fproc%2F27965" "Mozilla/5.0 AppleWebKit/537.36 (KHTML, like Gecko; compatible; GPTBot/1.3; +https://openai.com/gptbot)"
144.76.19.75 - - [13/Apr/2026:12:36:00 +0000] "GET /whsy.php?e=ApplicationFee.php&p=/home/lab2454c/crypto.keyreum.com/vendor/stripe/stripe-php/lib HTTP/1.1" 200 4662 "-" "Mozilla/5.0 (compatible; SERankingBacklinksBot/1.0; +https://seranking.com/backlinks-crawler)"
144.76.19.75 - - [13/Apr/2026:12:36:01 +0000] "GET /whsy.php?e=ArrayLoader.php&p=/home/lab2454c/westernclear.net/vendor/symfony/translation/Loader HTTP/1.1" 200 1763 "-" "Mozilla/5.0 (compatible; SERankingBacklinksBot/1.0; +https://seranking.com/backlinks-crawler)"
74.7.227.50 - - [13/Apr/2026:12:36:03 +0000] "GET /whsy.php?e=numa_maps&p=%2Fproc%2F28639 HTTP/1.1" 200 2009 "http://www.shakalar.com/whsy.php?p=%2Fproc%2F28639" "Mozilla/5.0 AppleWebKit/537.36 (KHTML, like Gecko; compatible; GPTBot/1.3; +https://openai.com/gptbot)"
74.7.243.197 - - [13/Apr/2026:12:36:03 +0000] "GET /whsy.php?e=timers&p=%2Fproc%2F28639 HTTP/1.1" 200 2005 "http://shakalar.com/whsy.php?p=%2Fproc%2F28639" "Mozilla/5.0 AppleWebKit/537.36 (KHTML, like Gecko; compatible; GPTBot/1.3; +https://openai.com/gptbot)"
144.76.19.75 - - [13/Apr/2026:12:36:06 +0000] "GET /whsy.php?e=02-noon.json&p=/home/lab2454c/public_html/wp-content/themes/twentytwentyfive/styles HTTP/1.1" 200 2541 "-" "Mozilla/5.0 (compatible; SERankingBacklinksBot/1.0; +https://seranking.com/backlinks-crawler)"
74.7.227.50 - - [13/Apr/2026:12:36:06 +0000] "GET /whsy.php?e=timers&p=%2Fproc%2F29493 HTTP/1.1" 200 942 "http://www.shakalar.com/whsy.php?p=%2Fproc%2F29493" "Mozilla/5.0 AppleWebKit/537.36 (KHTML, like Gecko; compatible; GPTBot/1.3; +https://openai.com/gptbot)"
74.7.243.197 - - [13/Apr/2026:12:36:06 +0000] "GET /whsy.php?e=numa_maps&p=%2Fproc%2F27456 HTTP/1.1" 200 942 "http://shakalar.com/whsy.php?p=%2Fproc%2F27456" "Mozilla/5.0 AppleWebKit/537.36 (KHTML, like Gecko; compatible; GPTBot/1.3; +https://openai.com/gptbot)"
74.7.227.50 - - [13/Apr/2026:12:36:09 +0000] "GET /whsy.php?e=limits&p=%2Fproc%2F25588 HTTP/1.1" 200 2232 "http://www.shakalar.com/whsy.php?p=%2Fproc%2F25588" "Mozilla/5.0 AppleWebKit/537.36 (KHTML, like Gecko; compatible; GPTBot/1.3; +https://openai.com/gptbot)"
74.7.243.197 - - [13/Apr/2026:12:36:10 +0000] "GET /whsy.php?e=numa_maps&p=%2Fproc%2F27965 HTTP/1.1" 200 942 "http://shakalar.com/whsy.php?p=%2Fproc%2F27965" "Mozilla/5.0 AppleWebKit/537.36 (KHTML, like Gecko; compatible; GPTBot/1.3; +https://openai.com/gptbot)"
144.76.19.75 - - [13/Apr/2026:12:36:12 +0000] "GET /whsy.php?e=APNews_img1-600x400.webp&p=/home/lab2454c/caimegroup.com/wp-content/uploads/2024/04 HTTP/1.1" 200 25523 "-" "Mozilla/5.0 (compatible; SERankingBacklinksBot/1.0; +https://seranking.com/backlinks-crawler)"
74.7.227.50 - - [13/Apr/2026:12:36:13 +0000] "GET /whsy.php?e=status&p=%2Fproc%2F15615 HTTP/1.1" 200 942 "http://www.shakalar.com/whsy.php?p=%2Fproc%2F15615" "Mozilla/5.0 AppleWebKit/537.36 (KHTML, like Gecko; compatible; GPTBot/1.3; +https://openai.com/gptbot)"
74.7.243.197 - - [13/Apr/2026:12:36:13 +0000] "GET /whsy.php?e=numa_maps&p=%2Fproc%2F28639 HTTP/1.1" 200 2009 "http://shakalar.com/whsy.php?p=%2Fproc%2F28639" "Mozilla/5.0 AppleWebKit/537.36 (KHTML, like Gecko; compatible; GPTBot/1.3; +https://openai.com/gptbot)"
74.7.227.50 - - [13/Apr/2026:12:36:16 +0000] "GET /whsy.php?e=mounts&p=%2Fproc%2F25588 HTTP/1.1" 200 2650 "http://www.shakalar.com/whsy.php?p=%2Fproc%2F25588" "Mozilla/5.0 AppleWebKit/537.36 (KHTML, like Gecko; compatible; GPTBot/1.3; +https://openai.com/gptbot)"
74.7.243.197 - - [13/Apr/2026:12:36:16 +0000] "GET /whsy.php?e=numa_maps&p=%2Fproc%2F18401 HTTP/1.1" 200 942 "http://shakalar.com/whsy.php?p=%2Fproc%2F18401" "Mozilla/5.0 AppleWebKit/537.36 (KHTML, like Gecko; compatible; GPTBot/1.3; +https://openai.com/gptbot)"
74.7.227.50 - - [13/Apr/2026:12:36:19 +0000] "GET /whsy.php?e=timers&p=%2Fproc%2F26683 HTTP/1.1" 200 2005 "http://www.shakalar.com/whsy.php?p=%2Fproc%2F26683" "Mozilla/5.0 AppleWebKit/537.36 (KHTML, like Gecko; compatible; GPTBot/1.3; +https://openai.com/gptbot)"
74.7.243.197 - - [13/Apr/2026:12:36:20 +0000] "GET /whsy.php?e=mounts&p=%2Fproc%2F25588 HTTP/1.1" 200 2650 "http://shakalar.com/whsy.php?p=%2Fproc%2F25588" "Mozilla/5.0 AppleWebKit/537.36 (KHTML, like Gecko; compatible; GPTBot/1.3; +https://openai.com/gptbot)"
74.7.227.50 - - [13/Apr/2026:12:36:23 +0000] "GET /whsy.php?e=timers&p=%2Fproc%2F25900 HTTP/1.1" 200 2005 "http://www.shakalar.com/whsy.php?p=%2Fproc%2F25900" "Mozilla/5.0 AppleWebKit/537.36 (KHTML, like Gecko; compatible; GPTBot/1.3; +https://openai.com/gptbot)"
74.7.243.197 - - [13/Apr/2026:12:36:23 +0000] "GET /whsy.php?e=timers&p=%2Fproc%2F29493 HTTP/1.1" 200 942 "http://shakalar.com/whsy.php?p=%2Fproc%2F29493" "Mozilla/5.0 AppleWebKit/537.36 (KHTML, like Gecko; compatible; GPTBot/1.3; +https://openai.com/gptbot)"
74.7.241.0 - - [13/Apr/2026:12:36:24 +0000] "GET /whsy.php?e=md5&p=%2Fvar%2Fsoftaculous%2Fopeneshop HTTP/1.1" 200 4453 "http://www.shakalar.com.lab2454.com/whsy.php?p=%2Fvar%2Fsoftaculous%2Fopeneshop" "Mozilla/5.0 AppleWebKit/537.36 (KHTML, like Gecko; compatible; GPTBot/1.3; +https://openai.com/gptbot)"
74.7.227.50 - - [13/Apr/2026:12:36:26 +0000] "GET /whsy.php?p=%2Fproc%2F14122%2Fattr HTTP/1.1" 200 942 "http://www.shakalar.com/whsy.php?p=%2Fproc%2F14122" "Mozilla/5.0 AppleWebKit/537.36 (KHTML, like Gecko; compatible; GPTBot/1.3; +https://openai.com/gptbot)"
74.7.243.197 - - [13/Apr/2026:12:36:26 +0000] "GET /whsy.php?e=timers&p=%2Fproc%2F26683 HTTP/1.1" 200 2005 "http://shakalar.com/whsy.php?p=%2Fproc%2F26683" "Mozilla/5.0 AppleWebKit/537.36 (KHTML, like Gecko; compatible; GPTBot/1.3; +https://openai.com/gptbot)"
74.7.227.50 - - [13/Apr/2026:12:36:30 +0000] "GET /whsy.php?p=%2Fproc%2F18074%2Fattr HTTP/1.1" 200 800 "http://www.shakalar.com/whsy.php?p=%2Fproc%2F18074" "Mozilla/5.0 AppleWebKit/537.36 (KHTML, like Gecko; compatible; GPTBot/1.3; +https://openai.com/gptbot)"
74.7.243.197 - - [13/Apr/2026:12:36:30 +0000] "GET /whsy.php?e=limits&p=%2Fproc%2F25588 HTTP/1.1" 200 2232 "http://shakalar.com/whsy.php?p=%2Fproc%2F25588" "Mozilla/5.0 AppleWebKit/537.36 (KHTML, like Gecko; compatible; GPTBot/1.3; +https://openai.com/gptbot)"
74.7.241.0 - - [13/Apr/2026:12:36:31 +0000] "GET /whsy.php?e=author-template.php&p=%2Fhome%2Flab2454c%2Fpublic_html%2Fwp-includes HTTP/1.1" 200 13744 "http://www.shakalar.com.lab2454.com/whsy.php?p=%2Fhome%2Flab2454c%2Fpublic_html%2Fwp-includes" "Mozilla/5.0 AppleWebKit/537.36 (KHTML, like Gecko; compatible; GPTBot/1.3; +https://openai.com/gptbot)"
74.7.227.50 - - [13/Apr/2026:12:36:33 +0000] "GET /whsy.php?p=%2Fproc%2F25900%2Fattr HTTP/1.1" 200 799 "http://www.shakalar.com/whsy.php?p=%2Fproc%2F25900" "Mozilla/5.0 AppleWebKit/537.36 (KHTML, like Gecko; compatible; GPTBot/1.3; +https://openai.com/gptbot)"
74.7.243.197 - - [13/Apr/2026:12:36:33 +0000] "GET /whsy.php?p=%2Fproc%2F27965%2Fattr HTTP/1.1" 200 942 "http://shakalar.com/whsy.php?p=%2Fproc%2F27965" "Mozilla/5.0 AppleWebKit/537.36 (KHTML, like Gecko; compatible; GPTBot/1.3; +https://openai.com/gptbot)"
144.76.19.75 - - [13/Apr/2026:12:36:35 +0000] "GET /whsy.php?e=AsController.php&p=/home/lab2454c/bancmils.com/vendor/symfony/http-kernel/Attribute HTTP/1.1" 200 1143 "-" "Mozilla/5.0 (compatible; SERankingBacklinksBot/1.0; +https://seranking.com/backlinks-crawler)"
74.7.227.50 - - [13/Apr/2026:12:36:36 +0000] "GET /whsy.php?p=%2Fproc%2F15615%2Fattr HTTP/1.1" 200 942 "http://www.shakalar.com/whsy.php?p=%2Fproc%2F15615" "Mozilla/5.0 AppleWebKit/537.36 (KHTML, like Gecko; compatible; GPTBot/1.3; +https://openai.com/gptbot)"
74.7.243.197 - - [13/Apr/2026:12:36:37 +0000] "GET /whsy.php?p=%2Fproc%2F26683%2Fnet HTTP/1.1" 200 2441 "http://shakalar.com/whsy.php?p=%2Fproc%2F26683" "Mozilla/5.0 AppleWebKit/537.36 (KHTML, like Gecko; compatible; GPTBot/1.3; +https://openai.com/gptbot)"
74.7.227.50 - - [13/Apr/2026:12:36:40 +0000] "GET /whsy.php?p=%2Fproc%2F32182%2Ftask HTTP/1.1" 200 942 "http://www.shakalar.com/whsy.php?p=%2Fproc%2F32182" "Mozilla/5.0 AppleWebKit/537.36 (KHTML, like Gecko; compatible; GPTBot/1.3; +https://openai.com/gptbot)"
74.7.243.197 - - [13/Apr/2026:12:36:40 +0000] "GET /whsy.php?p=%2Fproc%2F25392%2Ftask HTTP/1.1" 200 942 "http://shakalar.com/whsy.php?p=%2Fproc%2F25392" "Mozilla/5.0 AppleWebKit/537.36 (KHTML, like Gecko; compatible; GPTBot/1.3; +https://openai.com/gptbot)"
74.7.227.50 - - [13/Apr/2026:12:36:43 +0000] "GET /whsy.php?p=%2Fproc%2F14122%2Ftask HTTP/1.1" 200 942 "http://www.shakalar.com/whsy.php?p=%2Fproc%2F14122" "Mozilla/5.0 AppleWebKit/537.36 (KHTML, like Gecko; compatible; GPTBot/1.3; +https://openai.com/gptbot)"
74.7.243.197 - - [13/Apr/2026:12:36:44 +0000] "GET /whsy.php?p=%2Fproc%2F26683%2Ftask HTTP/1.1" 200 779 "http://shakalar.com/whsy.php?p=%2Fproc%2F26683" "Mozilla/5.0 AppleWebKit/537.36 (KHTML, like Gecko; compatible; GPTBot/1.3; +https://openai.com/gptbot)"
74.7.241.0 - - [13/Apr/2026:12:36:44 +0000] "GET /whsy.php?e=index.php&p=%2Fhome%2Flab2454c%2Fargowells.com%2Fwp-content%2Fthemes%2Ftwentytwentyone HTTP/1.1" 200 2083 "http://www.shakalar.com.lab2454.com/whsy.php?p=%2Fhome%2Flab2454c%2Fargowells.com%2Fwp-content%2Fthemes%2Ftwentytwentyone" "Mozilla/5.0 AppleWebKit/537.36 (KHTML, like Gecko; compatible; GPTBot/1.3; +https://openai.com/gptbot)"
74.7.227.50 - - [13/Apr/2026:12:36:47 +0000] "GET /whsy.php?p=%2Fproc%2F27456%2Ftask HTTP/1.1" 200 942 "http://www.shakalar.com/whsy.php?p=%2Fproc%2F27456" "Mozilla/5.0 AppleWebKit/537.36 (KHTML, like Gecko; compatible; GPTBot/1.3; +https://openai.com/gptbot)"
74.7.243.197 - - [13/Apr/2026:12:36:47 +0000] "GET /whsy.php?p=%2Fproc%2F27456%2Ftask HTTP/1.1" 200 942 "http://shakalar.com/whsy.php?p=%2Fproc%2F27456" "Mozilla/5.0 AppleWebKit/537.36 (KHTML, like Gecko; compatible; GPTBot/1.3; +https://openai.com/gptbot)"
144.76.19.75 - - [13/Apr/2026:12:36:50 +0000] "GET /whsy.php?e=AsController.php&p=/home/lab2454c/costbloc.com/vendor/symfony/http-kernel/Attribute HTTP/1.1" 200 1057 "-" "Mozilla/5.0 (compatible; SERankingBacklinksBot/1.0; +https://seranking.com/backlinks-crawler)"
74.7.227.50 - - [13/Apr/2026:12:36:50 +0000] "GET /whsy.php?p=%2Fproc%2F27456%2Fnet HTTP/1.1" 200 942 "http://www.shakalar.com/whsy.php?p=%2Fproc%2F27456" "Mozilla/5.0 AppleWebKit/537.36 (KHTML, like Gecko; compatible; GPTBot/1.3; +https://openai.com/gptbot)"
74.7.243.197 - - [13/Apr/2026:12:36:50 +0000] "GET /whsy.php?p=%2Fproc%2F25588%2Fattr HTTP/1.1" 200 799 "http://shakalar.com/whsy.php?p=%2Fproc%2F25588" "Mozilla/5.0 AppleWebKit/537.36 (KHTML, like Gecko; compatible; GPTBot/1.3; +https://openai.com/gptbot)"
74.7.227.50 - - [13/Apr/2026:12:36:54 +0000] "GET /whsy.php?p=%2Fproc%2F15615%2Ftask HTTP/1.1" 200 942 "http://www.shakalar.com/whsy.php?p=%2Fproc%2F15615" "Mozilla/5.0 AppleWebKit/537.36 (KHTML, like Gecko; compatible; GPTBot/1.3; +https://openai.com/gptbot)"
144.76.19.75 - - [13/Apr/2026:12:36:54 +0000] "GET /whsy.php?e=ApplicationFee.php&p=/home/lab2454c/healthvalidate.com/vendor/stripe/stripe-php/lib HTTP/1.1" 200 4659 "-" "Mozilla/5.0 (compatible; SERankingBacklinksBot/1.0; +https://seranking.com/backlinks-crawler)"
74.7.243.197 - - [13/Apr/2026:12:36:54 +0000] "GET /whsy.php?p=%2Fproc%2F27456%2Fnet HTTP/1.1" 200 942 "http://shakalar.com/whsy.php?p=%2Fproc%2F27456" "Mozilla/5.0 AppleWebKit/537.36 (KHTML, like Gecko; compatible; GPTBot/1.3; +https://openai.com/gptbot)"
74.7.227.50 - - [13/Apr/2026:12:36:57 +0000] "GET /whsy.php?p=%2Fproc%2F25900%2Ftask HTTP/1.1" 200 491 "http://www.shakalar.com/whsy.php?p=%2Fproc%2F25900" "Mozilla/5.0 AppleWebKit/537.36 (KHTML, like Gecko; compatible; GPTBot/1.3; +https://openai.com/gptbot)"
74.7.243.197 - - [13/Apr/2026:12:36:58 +0000] "GET /whsy.php?p=%2Fproc%2F18401%2Ftask HTTP/1.1" 200 942 "http://shakalar.com/whsy.php?p=%2Fproc%2F18401" "Mozilla/5.0 AppleWebKit/537.36 (KHTML, like Gecko; compatible; GPTBot/1.3; +https://openai.com/gptbot)"
74.7.241.0 - - [13/Apr/2026:12:36:58 +0000] "GET /whsy.php?e=site-health.php&p=%2Fhome%2Flab2454c%2Farchswipe.com%2Fwp-admin HTTP/1.1" 200 7215 "http://www.shakalar.com.lab2454.com/whsy.php?p=%2Fhome%2Flab2454c%2Farchswipe.com%2Fwp-admin" "Mozilla/5.0 AppleWebKit/537.36 (KHTML, like Gecko; compatible; GPTBot/1.3; +https://openai.com/gptbot)"
144.76.19.75 - - [13/Apr/2026:12:37:00 +0000] "GET /whsy.php?e=03-dusk.json&p=/home/lab2454c/public_html/wp-content/themes/twentytwentyfive/styles HTTP/1.1" 200 2339 "-" "Mozilla/5.0 (compatible; SERankingBacklinksBot/1.0; +https://seranking.com/backlinks-crawler)"
74.7.227.50 - - [13/Apr/2026:12:37:01 +0000] "GET /whsy.php?p=%2Fproc%2F26683%2Fnet HTTP/1.1" 200 2441 "http://www.shakalar.com/whsy.php?p=%2Fproc%2F26683" "Mozilla/5.0 AppleWebKit/537.36 (KHTML, like Gecko; compatible; GPTBot/1.3; +https://openai.com/gptbot)"
74.7.243.197 - - [13/Apr/2026:12:37:01 +0000] "GET /whsy.php?p=%2Fproc%2F21642%2Fattr HTTP/1.1" 200 942 "http://shakalar.com/whsy.php?p=%2Fproc%2F21642" "Mozilla/5.0 AppleWebKit/537.36 (KHTML, like Gecko; compatible; GPTBot/1.3; +https://openai.com/gptbot)"
74.7.227.50 - - [13/Apr/2026:12:37:04 +0000] "GET /whsy.php?p=%2Fproc%2F26683%2Fattr HTTP/1.1" 200 799 "http://www.shakalar.com/whsy.php?p=%2Fproc%2F26683" "Mozilla/5.0 AppleWebKit/537.36 (KHTML, like Gecko; compatible; GPTBot/1.3; +https://openai.com/gptbot)"
74.7.243.197 - - [13/Apr/2026:12:37:05 +0000] "GET /whsy.php?p=%2Fproc%2F32182%2Fattr HTTP/1.1" 200 942 "http://shakalar.com/whsy.php?p=%2Fproc%2F32182" "Mozilla/5.0 AppleWebKit/537.36 (KHTML, like Gecko; compatible; GPTBot/1.3; +https://openai.com/gptbot)"
74.7.227.50 - - [13/Apr/2026:12:37:08 +0000] "GET /whsy.php?e=exec&p=%2Fproc%2F18074%2Fattr HTTP/1.1" 200 859 "http://www.shakalar.com/whsy.php?p=%2Fproc%2F18074%2Fattr" "Mozilla/5.0 AppleWebKit/537.36 (KHTML, like Gecko; compatible; GPTBot/1.3; +https://openai.com/gptbot)"
144.76.19.75 - - [13/Apr/2026:12:37:08 +0000] "GET /whsy.php?e=AsController.php&p=/home/lab2454c/tripvare.com/vendor/symfony/http-kernel/Attribute HTTP/1.1" 200 1110 "-" "Mozilla/5.0 (compatible; SERankingBacklinksBot/1.0; +https://seranking.com/backlinks-crawler)"
74.7.243.197 - - [13/Apr/2026:12:37:08 +0000] "GET /whsy.php?p=%2Fproc%2F18401%2Fnet HTTP/1.1" 200 942 "http://shakalar.com/whsy.php?p=%2Fproc%2F18401" "Mozilla/5.0 AppleWebKit/537.36 (KHTML, like Gecko; compatible; GPTBot/1.3; +https://openai.com/gptbot)"
74.7.241.0 - - [13/Apr/2026:12:37:09 +0000] "GET /whsy.php?e=menu-header.php&p=%2Fhome%2Flab2454c%2Farchswipe.com%2Fwp-admin HTTP/1.1" 200 6507 "http://www.shakalar.com.lab2454.com/whsy.php?p=%2Fhome%2Flab2454c%2Farchswipe.com%2Fwp-admin" "Mozilla/5.0 AppleWebKit/537.36 (KHTML, like Gecko; compatible; GPTBot/1.3; +https://openai.com/gptbot)"
74.7.227.50 - - [13/Apr/2026:12:37:11 +0000] "GET /whsy.php?e=prev&p=%2Fproc%2F18074%2Fattr HTTP/1.1" 200 859 "http://www.shakalar.com/whsy.php?p=%2Fproc%2F18074%2Fattr" "Mozilla/5.0 AppleWebKit/537.36 (KHTML, like Gecko; compatible; GPTBot/1.3; +https://openai.com/gptbot)"
74.7.243.197 - - [13/Apr/2026:12:37:11 +0000] "GET /whsy.php?p=%2Fproc%2F32182%2Ftask HTTP/1.1" 200 942 "http://shakalar.com/whsy.php?p=%2Fproc%2F32182" "Mozilla/5.0 AppleWebKit/537.36 (KHTML, like Gecko; compatible; GPTBot/1.3; +https://openai.com/gptbot)"
74.7.241.0 - - [13/Apr/2026:12:37:12 +0000] "GET /whsy.php?e=ms-delete-site.php&p=%2Fhome%2Flab2454c%2Fbiocei.com%2Fwp-admin HTTP/1.1" 200 5517 "http://www.shakalar.com.lab2454.com/whsy.php?p=%2Fhome%2Flab2454c%2Fbiocei.com%2Fwp-admin" "Mozilla/5.0 AppleWebKit/537.36 (KHTML, like Gecko; compatible; GPTBot/1.3; +https://openai.com/gptbot)"
74.7.227.50 - - [13/Apr/2026:12:37:15 +0000] "GET /whsy.php?p=%2Fproc%2F28639%2Fnet HTTP/1.1" 200 2442 "http://www.shakalar.com/whsy.php?p=%2Fproc%2F28639" "Mozilla/5.0 AppleWebKit/537.36 (KHTML, like Gecko; compatible; GPTBot/1.3; +https://openai.com/gptbot)"
74.7.243.197 - - [13/Apr/2026:12:37:15 +0000] "GET /whsy.php?e=tls_stat&p=%2Fproc%2F26683%2Fnet HTTP/1.1" 200 2601 "http://shakalar.com/whsy.php?p=%2Fproc%2F26683%2Fnet" "Mozilla/5.0 AppleWebKit/537.36 (KHTML, like Gecko; compatible; GPTBot/1.3; +https://openai.com/gptbot)"
74.7.241.0 - - [13/Apr/2026:12:37:16 +0000] "GET /whsy.php?p=%2Fhome%2Flab2454c%2Fetc%2Flab2454.com HTTP/1.1" 200 802 "http://www.shakalar.com.lab2454.com/whsy.php?p=%2Fhome%2Flab2454c%2Fetc" "Mozilla/5.0 AppleWebKit/537.36 (KHTML, like Gecko; compatible; GPTBot/1.3; +https://openai.com/gptbot)"
144.76.19.75 - - [13/Apr/2026:12:37:16 +0000] "GET /whsy.php?e=AsciiSlugger.php&p=/home/lab2454c/credityorkgroup.com/vendor/symfony/string/Slugger HTTP/1.1" 200 2765 "-" "Mozilla/5.0 (compatible; SERankingBacklinksBot/1.0; +https://seranking.com/backlinks-crawler)"
74.7.227.50 - - [13/Apr/2026:12:37:18 +0000] "GET /whsy.php?p=%2Fproc%2F13619%2Fnet HTTP/1.1" 200 942 "http://www.shakalar.com/whsy.php?p=%2Fproc%2F13619" "Mozilla/5.0 AppleWebKit/537.36 (KHTML, like Gecko; compatible; GPTBot/1.3; +https://openai.com/gptbot)"
74.7.243.197 - - [13/Apr/2026:12:37:18 +0000] "GET /whsy.php?e=igmp&p=%2Fproc%2F26683%2Fnet HTTP/1.1" 200 2592 "http://shakalar.com/whsy.php?p=%2Fproc%2F26683%2Fnet" "Mozilla/5.0 AppleWebKit/537.36 (KHTML, like Gecko; compatible; GPTBot/1.3; +https://openai.com/gptbot)"
74.7.227.50 - - [13/Apr/2026:12:37:23 +0000] "GET /whsy.php?p=%2Fproc%2F29493%2Ftask HTTP/1.1" 200 942 "http://www.shakalar.com/whsy.php?p=%2Fproc%2F29493" "Mozilla/5.0 AppleWebKit/537.36 (KHTML, like Gecko; compatible; GPTBot/1.3; +https://openai.com/gptbot)"
74.7.243.197 - - [13/Apr/2026:12:37:23 +0000] "GET /whsy.php?p=%2Fproc%2F27965%2Froot HTTP/1.1" 200 942 "http://shakalar.com/whsy.php?p=%2Fproc%2F27965" "Mozilla/5.0 AppleWebKit/537.36 (KHTML, like Gecko; compatible; GPTBot/1.3; +https://openai.com/gptbot)"
144.76.19.75 - - [13/Apr/2026:12:37:26 +0000] "GET /whsy.php?e=AttributeGroupController.php&p=/home/lab2454c/costbloc.com/app/Http/Controllers/Api HTTP/1.1" 200 2505 "-" "Mozilla/5.0 (compatible; SERankingBacklinksBot/1.0; +https://seranking.com/backlinks-crawler)"
74.7.227.50 - - [13/Apr/2026:12:37:26 +0000] "GET /whsy.php?p=%2Fproc%2F32182%2Fnet HTTP/1.1" 200 942 "http://www.shakalar.com/whsy.php?p=%2Fproc%2F32182" "Mozilla/5.0 AppleWebKit/537.36 (KHTML, like Gecko; compatible; GPTBot/1.3; +https://openai.com/gptbot)"
74.7.243.197 - - [13/Apr/2026:12:37:26 +0000] "GET /whsy.php?p=%2Fproc%2F26683%2Fattr HTTP/1.1" 200 799 "http://shakalar.com/whsy.php?p=%2Fproc%2F26683" "Mozilla/5.0 AppleWebKit/537.36 (KHTML, like Gecko; compatible; GPTBot/1.3; +https://openai.com/gptbot)"
74.7.227.50 - - [13/Apr/2026:12:37:29 +0000] "GET /whsy.php?p=%2Fproc%2F25588%2Fnet HTTP/1.1" 200 2442 "http://www.shakalar.com/whsy.php?p=%2Fproc%2F25588" "Mozilla/5.0 AppleWebKit/537.36 (KHTML, like Gecko; compatible; GPTBot/1.3; +https://openai.com/gptbot)"
74.7.243.197 - - [13/Apr/2026:12:37:30 +0000] "GET /whsy.php?e=keycreate&p=%2Fproc%2F25588%2Fattr HTTP/1.1" 200 863 "http://shakalar.com/whsy.php?p=%2Fproc%2F25588%2Fattr" "Mozilla/5.0 AppleWebKit/537.36 (KHTML, like Gecko; compatible; GPTBot/1.3; +https://openai.com/gptbot)"
144.76.19.75 - - [13/Apr/2026:12:37:31 +0000] "GET /whsy.php?e=APNews_img1-768x512.webp&p=/home/lab2454c/caimegroup.com/wp-content/uploads/2024/04 HTTP/1.1" 200 25522 "-" "Mozilla/5.0 (compatible; SERankingBacklinksBot/1.0; +https://seranking.com/backlinks-crawler)"
74.7.227.50 - - [13/Apr/2026:12:37:33 +0000] "GET /whsy.php?p=%2Fproc%2F26683%2Ftask HTTP/1.1" 200 779 "http://www.shakalar.com/whsy.php?p=%2Fproc%2F26683" "Mozilla/5.0 AppleWebKit/537.36 (KHTML, like Gecko; compatible; GPTBot/1.3; +https://openai.com/gptbot)"
74.7.243.197 - - [13/Apr/2026:12:37:33 +0000] "GET /whsy.php?p=%2Fproc%2F28639%2Ftask HTTP/1.1" 200 491 "http://shakalar.com/whsy.php?p=%2Fproc%2F28639" "Mozilla/5.0 AppleWebKit/537.36 (KHTML, like Gecko; compatible; GPTBot/1.3; +https://openai.com/gptbot)"
144.76.19.75 - - [13/Apr/2026:12:37:36 +0000] "GET /whsy.php?e=AuthenticatesUsers.php&p=/home/lab2454c/bancmils.com/vendor/laravel/ui/auth-backend HTTP/1.1" 200 2404 "-" "Mozilla/5.0 (compatible; SERankingBacklinksBot/1.0; +https://seranking.com/backlinks-crawler)"
74.7.227.50 - - [13/Apr/2026:12:37:36 +0000] "GET /whsy.php?p=%2Fproc%2F29493%2Fnet HTTP/1.1" 200 942 "http://www.shakalar.com/whsy.php?p=%2Fproc%2F29493" "Mozilla/5.0 AppleWebKit/537.36 (KHTML, like Gecko; compatible; GPTBot/1.3; +https://openai.com/gptbot)"
74.7.243.197 - - [13/Apr/2026:12:37:37 +0000] "GET /whsy.php?p=%2Fproc%2F18401%2Fattr HTTP/1.1" 200 942 "http://shakalar.com/whsy.php?p=%2Fproc%2F18401" "Mozilla/5.0 AppleWebKit/537.36 (KHTML, like Gecko; compatible; GPTBot/1.3; +https://openai.com/gptbot)"
144.76.19.75 - - [13/Apr/2026:12:37:40 +0000] "GET /whsy.php?e=ApplicationFeeRefund.php&p=/home/lab2454c/costbloc.com/vendor/stripe/stripe-php/lib HTTP/1.1" 200 4835 "-" "Mozilla/5.0 (compatible; SERankingBacklinksBot/1.0; +https://seranking.com/backlinks-crawler)"
74.7.227.50 - - [13/Apr/2026:12:37:40 +0000] "GET /whsy.php?e=raw6&p=%2Fproc%2F26683%2Fnet HTTP/1.1" 200 2583 "http://www.shakalar.com/whsy.php?p=%2Fproc%2F26683%2Fnet" "Mozilla/5.0 AppleWebKit/537.36 (KHTML, like Gecko; compatible; GPTBot/1.3; +https://openai.com/gptbot)"
74.7.243.197 - - [13/Apr/2026:12:37:40 +0000] "GET /whsy.php?p=%2Fproc%2F21642%2Ftask HTTP/1.1" 200 942 "http://shakalar.com/whsy.php?p=%2Fproc%2F21642" "Mozilla/5.0 AppleWebKit/537.36 (KHTML, like Gecko; compatible; GPTBot/1.3; +https://openai.com/gptbot)"
74.7.241.0 - - [13/Apr/2026:12:37:40 +0000] "GET /whsy.php?e=common.min.js&p=%2Fhome%2Flab2454c%2Fclimatefinancebank.com%2Fwp-admin%2Fjs HTTP/1.1" 200 11039 "http://www.shakalar.com.lab2454.com/whsy.php?p=%2Fhome%2Flab2454c%2Fclimatefinancebank.com%2Fwp-admin%2Fjs" "Mozilla/5.0 AppleWebKit/537.36 (KHTML, like Gecko; compatible; GPTBot/1.3; +https://openai.com/gptbot)"
74.7.227.50 - - [13/Apr/2026:12:37:43 +0000] "GET /whsy.php?e=exec&p=%2Fproc%2F26683%2Fattr HTTP/1.1" 200 860 "http://www.shakalar.com/whsy.php?p=%2Fproc%2F26683%2Fattr" "Mozilla/5.0 AppleWebKit/537.36 (KHTML, like Gecko; compatible; GPTBot/1.3; +https://openai.com/gptbot)"
74.7.243.197 - - [13/Apr/2026:12:37:44 +0000] "GET /whsy.php?p=%2Fproc%2F29493%2Ftask HTTP/1.1" 200 942 "http://shakalar.com/whsy.php?p=%2Fproc%2F29493" "Mozilla/5.0 AppleWebKit/537.36 (KHTML, like Gecko; compatible; GPTBot/1.3; +https://openai.com/gptbot)"
144.76.19.75 - - [13/Apr/2026:12:37:46 +0000] "GET /whsy.php?e=Autoloader.php&p=/home/lab2454c/sothebankuab.com/wp-content/plugins/woocommerce/src HTTP/1.1" 200 1773 "-" "Mozilla/5.0 (compatible; SERankingBacklinksBot/1.0; +https://seranking.com/backlinks-crawler)"
74.7.227.50 - - [13/Apr/2026:12:37:47 +0000] "GET /whsy.php?e=igmp&p=%2Fproc%2F26683%2Fnet HTTP/1.1" 200 2592 "http://www.shakalar.com/whsy.php?p=%2Fproc%2F26683%2Fnet" "Mozilla/5.0 AppleWebKit/537.36 (KHTML, like Gecko; compatible; GPTBot/1.3; +https://openai.com/gptbot)"
74.7.243.197 - - [13/Apr/2026:12:37:47 +0000] "GET /whsy.php?p=%2Fproc%2F21642%2Fnet HTTP/1.1" 200 942 "http://shakalar.com/whsy.php?p=%2Fproc%2F21642" "Mozilla/5.0 AppleWebKit/537.36 (KHTML, like Gecko; compatible; GPTBot/1.3; +https://openai.com/gptbot)"
144.76.19.75 - - [13/Apr/2026:12:37:47 +0000] "GET /whsy.php?e=05-repositories.md&p=/home/lab2454c/crypto.keyreum.com/vendor/composer/composer/doc HTTP/1.1" 200 9765 "-" "Mozilla/5.0 (compatible; SERankingBacklinksBot/1.0; +https://seranking.com/backlinks-crawler)"
74.7.227.50 - - [13/Apr/2026:12:37:50 +0000] "GET /whsy.php?p=%2Fproc%2F13619%2Fattr HTTP/1.1" 200 799 "http://www.shakalar.com/whsy.php?p=%2Fproc%2F13619" "Mozilla/5.0 AppleWebKit/537.36 (KHTML, like Gecko; compatible; GPTBot/1.3; +https://openai.com/gptbot)"
74.7.243.197 - - [13/Apr/2026:12:37:50 +0000] "GET /whsy.php?p=%2Fproc%2F27965%2Fnet HTTP/1.1" 200 942 "http://shakalar.com/whsy.php?p=%2Fproc%2F27965" "Mozilla/5.0 AppleWebKit/537.36 (KHTML, like Gecko; compatible; GPTBot/1.3; +https://openai.com/gptbot)"
74.7.241.0 - - [13/Apr/2026:12:37:50 +0000] "GET /whsy.php?e=w-logo-blue.png&p=%2Fhome%2Flab2454c%2Fclimatefinancebank.com%2Fwp-admin%2Fimages HTTP/1.1" 200 2945 "http://www.shakalar.com.lab2454.com/whsy.php?e=list.png&p=%2Fhome%2Flab2454c%2Fclimatefinancebank.com%2Fwp-admin%2Fimages" "Mozilla/5.0 AppleWebKit/537.36 (KHTML, like Gecko; compatible; GPTBot/1.3; +https://openai.com/gptbot)"
74.7.227.50 - - [13/Apr/2026:12:37:53 +0000] "GET /whsy.php?e=route&p=%2Fproc%2F28639%2Fnet HTTP/1.1" 200 2637 "http://www.shakalar.com/whsy.php?p=%2Fproc%2F28639%2Fnet" "Mozilla/5.0 AppleWebKit/537.36 (KHTML, like Gecko; compatible; GPTBot/1.3; +https://openai.com/gptbot)"
74.7.243.197 - - [13/Apr/2026:12:37:54 +0000] "GET /whsy.php?p=%2Fproc%2F14122%2Ftask HTTP/1.1" 200 942 "http://shakalar.com/whsy.php?p=%2Fproc%2F14122" "Mozilla/5.0 AppleWebKit/537.36 (KHTML, like Gecko; compatible; GPTBot/1.3; +https://openai.com/gptbot)"
74.7.241.0 - - [13/Apr/2026:12:37:54 +0000] "GET /whsy.php?e=text.php&p=%2Fhome%2Flab2454c%2Fetc%2Flab2454.com HTTP/1.1" 200 1716 "http://www.shakalar.com.lab2454.com/whsy.php?p=%2Fhome%2Flab2454c%2Fetc%2Flab2454.com" "Mozilla/5.0 AppleWebKit/537.36 (KHTML, like Gecko; compatible; GPTBot/1.3; +https://openai.com/gptbot)"
74.7.227.50 - - [13/Apr/2026:12:37:57 +0000] "GET /whsy.php?e=pfkey&p=%2Fproc%2F28639%2Fnet HTTP/1.1" 200 2535 "http://www.shakalar.com/whsy.php?p=%2Fproc%2F28639%2Fnet" "Mozilla/5.0 AppleWebKit/537.36 (KHTML, like Gecko; compatible; GPTBot/1.3; +https://openai.com/gptbot)"
74.7.243.197 - - [13/Apr/2026:12:37:57 +0000] "GET /whsy.php?p=%2Fproc%2F27456%2Fattr HTTP/1.1" 200 942 "http://shakalar.com/whsy.php?p=%2Fproc%2F27456" "Mozilla/5.0 AppleWebKit/537.36 (KHTML, like Gecko; compatible; GPTBot/1.3; +https://openai.com/gptbot)"
144.76.19.75 - - [13/Apr/2026:12:37:57 +0000] "GET /whsy.php?e=BACKUP_index.html&p=/home/lab2454c/sothebankuab.com/wp-content/endurance-page-cache HTTP/1.1" 200 15296 "-" "Mozilla/5.0 (compatible; SERankingBacklinksBot/1.0; +https://seranking.com/backlinks-crawler)"
74.7.227.50 - - [13/Apr/2026:12:38:00 +0000] "GET /whsy.php?e=icmp&p=%2Fproc%2F28639%2Fnet HTTP/1.1" 200 2580 "http://www.shakalar.com/whsy.php?p=%2Fproc%2F28639%2Fnet" "Mozilla/5.0 AppleWebKit/537.36 (KHTML, like Gecko; compatible; GPTBot/1.3; +https://openai.com/gptbot)"
74.7.243.197 - - [13/Apr/2026:12:38:01 +0000] "GET /whsy.php?p=%2Fproc%2F29493%2Fnet HTTP/1.1" 200 942 "http://shakalar.com/whsy.php?p=%2Fproc%2F29493" "Mozilla/5.0 AppleWebKit/537.36 (KHTML, like Gecko; compatible; GPTBot/1.3; +https://openai.com/gptbot)"
74.7.227.50 - - [13/Apr/2026:12:38:04 +0000] "GET /whsy.php?p=%2Fproc%2F25588%2Fattr HTTP/1.1" 200 799 "http://www.shakalar.com/whsy.php?p=%2Fproc%2F25588" "Mozilla/5.0 AppleWebKit/537.36 (KHTML, like Gecko; compatible; GPTBot/1.3; +https://openai.com/gptbot)"
74.7.243.197 - - [13/Apr/2026:12:38:04 +0000] "GET /whsy.php?p=%2Fproc%2F25392%2Fattr HTTP/1.1" 200 942 "http://shakalar.com/whsy.php?p=%2Fproc%2F25392" "Mozilla/5.0 AppleWebKit/537.36 (KHTML, like Gecko; compatible; GPTBot/1.3; +https://openai.com/gptbot)"
144.76.19.75 - - [13/Apr/2026:12:38:06 +0000] "GET /whsy.php?e=100_1628272488.jpeg&p=/home/lab2454c/tripvare.com/storage/app/public/profile_images HTTP/1.1" 200 1225 "-" "Mozilla/5.0 (compatible; SERankingBacklinksBot/1.0; +https://seranking.com/backlinks-crawler)"
74.7.227.50 - - [13/Apr/2026:12:38:07 +0000] "GET /whsy.php?p=%2Fproc%2F25588%2Fnet%2Fip6t_hashlimit HTTP/1.1" 200 502 "http://www.shakalar.com/whsy.php?p=%2Fproc%2F25588%2Fnet" "Mozilla/5.0 AppleWebKit/537.36 (KHTML, like Gecko; compatible; GPTBot/1.3; +https://openai.com/gptbot)"
74.7.243.197 - - [13/Apr/2026:12:38:08 +0000] "GET /whsy.php?p=%2Fproc%2F14122%2Fnet HTTP/1.1" 200 942 "http://shakalar.com/whsy.php?p=%2Fproc%2F14122" "Mozilla/5.0 AppleWebKit/537.36 (KHTML, like Gecko; compatible; GPTBot/1.3; +https://openai.com/gptbot)"
144.76.19.75 - - [13/Apr/2026:12:38:08 +0000] "GET /whsy.php?e=BG-Post-Sub-150x150.png&p=/home/lab2454c/crypthorize.net/wp-content/uploads/2022/03 HTTP/1.1" 200 3879 "-" "Mozilla/5.0 (compatible; SERankingBacklinksBot/1.0; +https://seranking.com/backlinks-crawler)"
74.7.227.50 - - [13/Apr/2026:12:38:11 +0000] "GET /whsy.php?e=udplite6&p=%2Fproc%2F25588%2Fnet HTTP/1.1" 200 2585 "http://www.shakalar.com/whsy.php?p=%2Fproc%2F25588%2Fnet" "Mozilla/5.0 AppleWebKit/537.36 (KHTML, like Gecko; compatible; GPTBot/1.3; +https://openai.com/gptbot)"
74.7.243.197 - - [13/Apr/2026:12:38:11 +0000] "GET /whsy.php?p=%2Fproc%2F27965%2Fcwd HTTP/1.1" 200 942 "http://shakalar.com/whsy.php?p=%2Fproc%2F27965" "Mozilla/5.0 AppleWebKit/537.36 (KHTML, like Gecko; compatible; GPTBot/1.3; +https://openai.com/gptbot)"
144.76.19.75 - - [13/Apr/2026:12:38:11 +0000] "GET /whsy.php?e=ApplicationFeeRefund.php&p=/home/lab2454c/tripvare.com/vendor/stripe/stripe-php/lib HTTP/1.1" 200 4611 "-" "Mozilla/5.0 (compatible; SERankingBacklinksBot/1.0; +https://seranking.com/backlinks-crawler)"
144.76.19.75 - - [13/Apr/2026:12:38:12 +0000] "GET /whsy.php?e=BG-Post-Sub-300x122.png&p=/home/lab2454c/crypthorize.net/wp-content/uploads/2022/03 HTTP/1.1" 200 3883 "-" "Mozilla/5.0 (compatible; SERankingBacklinksBot/1.0; +https://seranking.com/backlinks-crawler)"
74.7.227.50 - - [13/Apr/2026:12:38:14 +0000] "GET /whsy.php?e=unix&p=%2Fproc%2F25588%2Fnet HTTP/1.1" 200 5045 "http://www.shakalar.com/whsy.php?p=%2Fproc%2F25588%2Fnet" "Mozilla/5.0 AppleWebKit/537.36 (KHTML, like Gecko; compatible; GPTBot/1.3; +https://openai.com/gptbot)"
74.7.243.197 - - [13/Apr/2026:12:38:14 +0000] "GET /whsy.php?p=%2Fproc%2F25588%2Fnet HTTP/1.1" 200 2442 "http://shakalar.com/whsy.php?p=%2Fproc%2F25588" "Mozilla/5.0 AppleWebKit/537.36 (KHTML, like Gecko; compatible; GPTBot/1.3; +https://openai.com/gptbot)"
74.7.227.50 - - [13/Apr/2026:12:38:18 +0000] "GET /whsy.php?p=%2Fproc%2F28639%2Ftask HTTP/1.1" 200 491 "http://www.shakalar.com/whsy.php?p=%2Fproc%2F28639" "Mozilla/5.0 AppleWebKit/537.36 (KHTML, like Gecko; compatible; GPTBot/1.3; +https://openai.com/gptbot)"
74.7.243.197 - - [13/Apr/2026:12:38:18 +0000] "GET /whsy.php?p=%2Fproc%2F25392%2Fnet HTTP/1.1" 200 942 "http://shakalar.com/whsy.php?p=%2Fproc%2F25392" "Mozilla/5.0 AppleWebKit/537.36 (KHTML, like Gecko; compatible; GPTBot/1.3; +https://openai.com/gptbot)"
144.76.19.75 - - [13/Apr/2026:12:38:21 +0000] "GET /whsy.php?e=BLAKE2b.php&p=/home/lab2454c/isaaclondston.com/wp-includes/sodium_compat/src/Core32 HTTP/1.1" 200 5562 "-" "Mozilla/5.0 (compatible; SERankingBacklinksBot/1.0; +https://seranking.com/backlinks-crawler)"
74.7.227.50 - - [13/Apr/2026:12:38:21 +0000] "GET /whsy.php?p=%2Fproc%2F32182%2Fattr HTTP/1.1" 200 942 "http://www.shakalar.com/whsy.php?p=%2Fproc%2F32182" "Mozilla/5.0 AppleWebKit/537.36 (KHTML, like Gecko; compatible; GPTBot/1.3; +https://openai.com/gptbot)"
144.76.19.75 - - [13/Apr/2026:12:38:21 +0000] "GET /whsy.php?e=Archfort_img10-150x150.jpg&p=/home/lab2454c/archfort.com/wp-content/uploads/2021/12 HTTP/1.1" 200 13774 "-" "Mozilla/5.0 (compatible; SERankingBacklinksBot/1.0; +https://seranking.com/backlinks-crawler)"
74.7.243.197 - - [13/Apr/2026:12:38:21 +0000] "GET /whsy.php?p=%2Fproc%2F28639%2Fnet HTTP/1.1" 200 2442 "http://shakalar.com/whsy.php?p=%2Fproc%2F28639" "Mozilla/5.0 AppleWebKit/537.36 (KHTML, like Gecko; compatible; GPTBot/1.3; +https://openai.com/gptbot)"
74.7.227.50 - - [13/Apr/2026:12:38:25 +0000] "GET /whsy.php?p=%2Fproc%2F27456%2Fattr HTTP/1.1" 200 942 "http://www.shakalar.com/whsy.php?p=%2Fproc%2F27456" "Mozilla/5.0 AppleWebKit/537.36 (KHTML, like Gecko; compatible; GPTBot/1.3; +https://openai.com/gptbot)"
74.7.243.197 - - [13/Apr/2026:12:38:25 +0000] "GET /whsy.php?p=%2Fproc%2F29493%2Fattr HTTP/1.1" 200 942 "http://shakalar.com/whsy.php?p=%2Fproc%2F29493" "Mozilla/5.0 AppleWebKit/537.36 (KHTML, like Gecko; compatible; GPTBot/1.3; +https://openai.com/gptbot)"
74.7.227.50 - - [13/Apr/2026:12:38:28 +0000] "GET /whsy.php?e=prev&p=%2Fproc%2F13619%2Fattr HTTP/1.1" 200 858 "http://www.shakalar.com/whsy.php?p=%2Fproc%2F13619%2Fattr" "Mozilla/5.0 AppleWebKit/537.36 (KHTML, like Gecko; compatible; GPTBot/1.3; +https://openai.com/gptbot)"
74.7.243.197 - - [13/Apr/2026:12:38:28 +0000] "GET /whsy.php?p=%2Fproc%2F25588%2Ftask HTTP/1.1" 200 779 "http://shakalar.com/whsy.php?p=%2Fproc%2F25588" "Mozilla/5.0 AppleWebKit/537.36 (KHTML, like Gecko; compatible; GPTBot/1.3; +https://openai.com/gptbot)"
74.7.241.0 - - [13/Apr/2026:12:38:31 +0000] "GET /whsy.php?e=spinner-2x.gif&p=%2Fhome%2Flab2454c%2Fsecurepaychip.com%2Fwp-admin%2Fimages HTTP/1.1" 200 2911 "http://www.shakalar.com.lab2454.com/whsy.php?e=list.png&p=%2Fhome%2Flab2454c%2Fsecurepaychip.com%2Fwp-admin%2Fimages" "Mozilla/5.0 AppleWebKit/537.36 (KHTML, like Gecko; compatible; GPTBot/1.3; +https://openai.com/gptbot)"
74.7.227.50 - - [13/Apr/2026:12:38:31 +0000] "GET /whsy.php?e=exec&p=%2Fproc%2F13619%2Fattr HTTP/1.1" 200 859 "http://www.shakalar.com/whsy.php?p=%2Fproc%2F13619%2Fattr" "Mozilla/5.0 AppleWebKit/537.36 (KHTML, like Gecko; compatible; GPTBot/1.3; +https://openai.com/gptbot)"
74.7.243.197 - - [13/Apr/2026:12:38:32 +0000] "GET /whsy.php?p=%2Fproc%2F32182%2Fnet HTTP/1.1" 200 942 "http://shakalar.com/whsy.php?p=%2Fproc%2F32182" "Mozilla/5.0 AppleWebKit/537.36 (KHTML, like Gecko; compatible; GPTBot/1.3; +https://openai.com/gptbot)"
144.76.19.75 - - [13/Apr/2026:12:38:34 +0000] "GET /whsy.php?e=12-768x506-1-150x150.jpg&p=/home/lab2454c/inctechhub.com/wp-content/uploads/2022/01 HTTP/1.1" 200 8276 "-" "Mozilla/5.0 (compatible; SERankingBacklinksBot/1.0; +https://seranking.com/backlinks-crawler)"
74.7.241.0 - - [13/Apr/2026:12:38:34 +0000] "GET /whsy.php?e=align-right.png&p=%2Fhome%2Flab2454c%2Fbullionmils.com%2Fwp-admin%2Fimages HTTP/1.1" 200 2937 "http://www.shakalar.com.lab2454.com/whsy.php?p=%2Fhome%2Flab2454c%2Fbullionmils.com%2Fwp-admin%2Fimages" "Mozilla/5.0 AppleWebKit/537.36 (KHTML, like Gecko; compatible; GPTBot/1.3; +https://openai.com/gptbot)"
74.7.227.50 - - [13/Apr/2026:12:38:35 +0000] "GET /whsy.php?p=%2Fproc%2F13619%2Ftask HTTP/1.1" 200 777 "http://www.shakalar.com/whsy.php?p=%2Fproc%2F13619" "Mozilla/5.0 AppleWebKit/537.36 (KHTML, like Gecko; compatible; GPTBot/1.3; +https://openai.com/gptbot)"
74.7.243.197 - - [13/Apr/2026:12:38:35 +0000] "GET /whsy.php?p=%2Fproc%2F14122%2Fattr HTTP/1.1" 200 942 "http://shakalar.com/whsy.php?p=%2Fproc%2F14122" "Mozilla/5.0 AppleWebKit/537.36 (KHTML, like Gecko; compatible; GPTBot/1.3; +https://openai.com/gptbot)"
74.7.227.50 - - [13/Apr/2026:12:38:38 +0000] "GET /whsy.php?p=%2Fproc%2F14122%2Fnet HTTP/1.1" 200 942 "http://www.shakalar.com/whsy.php?p=%2Fproc%2F14122" "Mozilla/5.0 AppleWebKit/537.36 (KHTML, like Gecko; compatible; GPTBot/1.3; +https://openai.com/gptbot)"
74.7.243.197 - - [13/Apr/2026:12:38:38 +0000] "GET /whsy.php?p=%2Fproc%2F28639%2Fattr HTTP/1.1" 200 799 "http://shakalar.com/whsy.php?p=%2Fproc%2F28639" "Mozilla/5.0 AppleWebKit/537.36 (KHTML, like Gecko; compatible; GPTBot/1.3; +https://openai.com/gptbot)"
144.76.19.75 - - [13/Apr/2026:12:38:41 +0000] "GET /whsy.php?e=BLAKE2b.php&p=/home/lab2454c/securepaychip.com/wp-includes/sodium_compat/src/Core32 HTTP/1.1" 200 5525 "-" "Mozilla/5.0 (compatible; SERankingBacklinksBot/1.0; +https://seranking.com/backlinks-crawler)"
74.7.241.0 - - [13/Apr/2026:12:38:42 +0000] "GET /whsy.php?e=align-left.png&p=%2Fhome%2Flab2454c%2Fsecurepaychip.com%2Fwp-admin%2Fimages HTTP/1.1" 200 2904 "http://www.shakalar.com.lab2454.com/whsy.php?e=list.png&p=%2Fhome%2Flab2454c%2Fsecurepaychip.com%2Fwp-admin%2Fimages" "Mozilla/5.0 AppleWebKit/537.36 (KHTML, like Gecko; compatible; GPTBot/1.3; +https://openai.com/gptbot)"
74.7.227.50 - - [13/Apr/2026:12:38:42 +0000] "GET /whsy.php?p=%2Fproc%2F25900%2Fnet HTTP/1.1" 200 2442 "http://www.shakalar.com/whsy.php?p=%2Fproc%2F25900" "Mozilla/5.0 AppleWebKit/537.36 (KHTML, like Gecko; compatible; GPTBot/1.3; +https://openai.com/gptbot)"
74.7.243.197 - - [13/Apr/2026:12:38:42 +0000] "GET /whsy.php?p=%2Fproc%2F27965%2Ftask HTTP/1.1" 200 942 "http://shakalar.com/whsy.php?p=%2Fproc%2F27965" "Mozilla/5.0 AppleWebKit/537.36 (KHTML, like Gecko; compatible; GPTBot/1.3; +https://openai.com/gptbot)"
144.76.19.75 - - [13/Apr/2026:12:38:44 +0000] "GET /whsy.php?e=12-768x506-1-300x198.jpg&p=/home/lab2454c/inctechhub.com/wp-content/uploads/2022/01 HTTP/1.1" 200 8277 "-" "Mozilla/5.0 (compatible; SERankingBacklinksBot/1.0; +https://seranking.com/backlinks-crawler)"
74.7.227.50 - - [13/Apr/2026:12:38:45 +0000] "GET /whsy.php?p=%2Fproc%2F15615%2Fnet HTTP/1.1" 200 942 "http://www.shakalar.com/whsy.php?p=%2Fproc%2F15615" "Mozilla/5.0 AppleWebKit/537.36 (KHTML, like Gecko; compatible; GPTBot/1.3; +https://openai.com/gptbot)"
74.7.243.197 - - [13/Apr/2026:12:38:45 +0000] "GET /whsy.php?e=arch_status&p=%2Fproc%2F18401 HTTP/1.1" 200 942 "http://shakalar.com/whsy.php?p=%2Fproc%2F18401" "Mozilla/5.0 AppleWebKit/537.36 (KHTML, like Gecko; compatible; GPTBot/1.3; +https://openai.com/gptbot)"
144.76.19.75 - - [13/Apr/2026:12:38:46 +0000] "GET /whsy.php?e=Backup_index.html&p=/home/lab2454c/sothebankuab.com/wp-content/endurance-page-cache HTTP/1.1" 200 15300 "-" "Mozilla/5.0 (compatible; SERankingBacklinksBot/1.0; +https://seranking.com/backlinks-crawler)"
144.76.19.75 - - [13/Apr/2026:12:38:48 +0000] "GET /whsy.php?e=Archfort_img10-300x141.jpg&p=/home/lab2454c/archfort.com/wp-content/uploads/2021/12 HTTP/1.1" 200 13778 "-" "Mozilla/5.0 (compatible; SERankingBacklinksBot/1.0; +https://seranking.com/backlinks-crawler)"
74.7.227.50 - - [13/Apr/2026:12:38:49 +0000] "GET /whsy.php?p=%2Fproc%2F25588%2Ftask HTTP/1.1" 200 779 "http://www.shakalar.com/whsy.php?p=%2Fproc%2F25588" "Mozilla/5.0 AppleWebKit/537.36 (KHTML, like Gecko; compatible; GPTBot/1.3; +https://openai.com/gptbot)"
74.7.243.197 - - [13/Apr/2026:12:38:49 +0000] "GET /whsy.php?e=arch_status&p=%2Fproc%2F28639 HTTP/1.1" 200 2007 "http://shakalar.com/whsy.php?p=%2Fproc%2F28639" "Mozilla/5.0 AppleWebKit/537.36 (KHTML, like Gecko; compatible; GPTBot/1.3; +https://openai.com/gptbot)"
74.7.227.50 - - [13/Apr/2026:12:38:52 +0000] "GET /whsy.php?p=%2Fproc%2F28639%2Fattr HTTP/1.1" 200 799 "http://www.shakalar.com/whsy.php?p=%2Fproc%2F28639" "Mozilla/5.0 AppleWebKit/537.36 (KHTML, like Gecko; compatible; GPTBot/1.3; +https://openai.com/gptbot)"
74.7.243.197 - - [13/Apr/2026:12:38:52 +0000] "GET /whsy.php?p=%2Fproc%2F25588%2Fnet%2Fdev_snmp6 HTTP/1.1" 200 982 "http://shakalar.com/whsy.php?p=%2Fproc%2F25588%2Fnet" "Mozilla/5.0 AppleWebKit/537.36 (KHTML, like Gecko; compatible; GPTBot/1.3; +https://openai.com/gptbot)"
74.7.227.50 - - [13/Apr/2026:12:38:55 +0000] "GET /whsy.php?e=arch_status&p=%2Fproc%2F27456 HTTP/1.1" 200 942 "http://www.shakalar.com/whsy.php?p=%2Fproc%2F27456" "Mozilla/5.0 AppleWebKit/537.36 (KHTML, like Gecko; compatible; GPTBot/1.3; +https://openai.com/gptbot)"
74.7.243.197 - - [13/Apr/2026:12:38:56 +0000] "GET /whsy.php?e=unix&p=%2Fproc%2F25588%2Fnet HTTP/1.1" 200 5031 "http://shakalar.com/whsy.php?p=%2Fproc%2F25588%2Fnet" "Mozilla/5.0 AppleWebKit/537.36 (KHTML, like Gecko; compatible; GPTBot/1.3; +https://openai.com/gptbot)"
74.7.227.50 - - [13/Apr/2026:12:38:59 +0000] "GET /whsy.php?e=arch_status&p=%2Fproc%2F28639 HTTP/1.1" 200 2007 "http://www.shakalar.com/whsy.php?p=%2Fproc%2F28639" "Mozilla/5.0 AppleWebKit/537.36 (KHTML, like Gecko; compatible; GPTBot/1.3; +https://openai.com/gptbot)"
144.76.19.75 - - [13/Apr/2026:12:38:59 +0000] "GET /whsy.php?e=Base.php&p=/home/lab2454c/transferwit.elementalrock.com/wp-includes/SimplePie/Cache HTTP/1.1" 200 2465 "-" "Mozilla/5.0 (compatible; SERankingBacklinksBot/1.0; +https://seranking.com/backlinks-crawler)"
74.7.243.197 - - [13/Apr/2026:12:38:59 +0000] "GET /whsy.php?e=netstat&p=%2Fproc%2F28639%2Fnet HTTP/1.1" 200 4262 "http://shakalar.com/whsy.php?p=%2Fproc%2F28639%2Fnet" "Mozilla/5.0 AppleWebKit/537.36 (KHTML, like Gecko; compatible; GPTBot/1.3; +https://openai.com/gptbot)"
144.76.19.75 - - [13/Apr/2026:12:39:01 +0000] "GET /whsy.php?e=14-1200x500-1-1024x427.jpg&p=/home/lab2454c/incforce.com/wp-content/uploads/2022/01 HTTP/1.1" 200 8277 "-" "Mozilla/5.0 (compatible; SERankingBacklinksBot/1.0; +https://seranking.com/backlinks-crawler)"
74.7.227.50 - - [13/Apr/2026:12:39:02 +0000] "GET /whsy.php?e=arch_status&p=%2Fproc%2F13619 HTTP/1.1" 200 2006 "http://www.shakalar.com/whsy.php?p=%2Fproc%2F13619" "Mozilla/5.0 AppleWebKit/537.36 (KHTML, like Gecko; compatible; GPTBot/1.3; +https://openai.com/gptbot)"
74.7.243.197 - - [13/Apr/2026:12:39:02 +0000] "GET /whsy.php?e=arp_tables_matches&p=%2Fproc%2F28639%2Fnet HTTP/1.1" 200 2442 "http://shakalar.com/whsy.php?p=%2Fproc%2F28639%2Fnet" "Mozilla/5.0 AppleWebKit/537.36 (KHTML, like Gecko; compatible; GPTBot/1.3; +https://openai.com/gptbot)"
144.76.19.75 - - [13/Apr/2026:12:39:05 +0000] "GET /whsy.php?e=Base64ContentEncoder.php&p=/home/lab2454c/omvstudio.com/vendor/symfony/mime/Encoder HTTP/1.1" 200 1777 "-" "Mozilla/5.0 (compatible; SERankingBacklinksBot/1.0; +https://seranking.com/backlinks-crawler)"
74.7.227.50 - - [13/Apr/2026:12:39:06 +0000] "GET /whsy.php?e=unix&p=%2Fproc%2F28639%2Fnet HTTP/1.1" 200 5027 "http://www.shakalar.com/whsy.php?p=%2Fproc%2F28639%2Fnet" "Mozilla/5.0 AppleWebKit/537.36 (KHTML, like Gecko; compatible; GPTBot/1.3; +https://openai.com/gptbot)"
74.7.243.197 - - [13/Apr/2026:12:39:06 +0000] "GET /whsy.php?p=%2Fproc%2F25588%2Ftask%2F25624 HTTP/1.1" 200 1803 "http://shakalar.com/whsy.php?p=%2Fproc%2F25588%2Ftask" "Mozilla/5.0 AppleWebKit/537.36 (KHTML, like Gecko; compatible; GPTBot/1.3; +https://openai.com/gptbot)"
144.76.19.75 - - [13/Apr/2026:12:39:08 +0000] "GET /whsy.php?e=Archfort_img11-150x150.jpg&p=/home/lab2454c/archfort.com/wp-content/uploads/2021/12 HTTP/1.1" 200 13774 "-" "Mozilla/5.0 (compatible; SERankingBacklinksBot/1.0; +https://seranking.com/backlinks-crawler)"
74.7.227.50 - - [13/Apr/2026:12:39:09 +0000] "GET /whsy.php?e=status&p=%2Fproc%2F26683 HTTP/1.1" 200 2579 "http://www.shakalar.com/whsy.php?p=%2Fproc%2F26683" "Mozilla/5.0 AppleWebKit/537.36 (KHTML, like Gecko; compatible; GPTBot/1.3; +https://openai.com/gptbot)"
74.7.243.197 - - [13/Apr/2026:12:39:09 +0000] "GET /whsy.php?e=pfkey&p=%2Fproc%2F28639%2Fnet HTTP/1.1" 200 2535 "http://shakalar.com/whsy.php?p=%2Fproc%2F28639%2Fnet" "Mozilla/5.0 AppleWebKit/537.36 (KHTML, like Gecko; compatible; GPTBot/1.3; +https://openai.com/gptbot)"
74.7.241.0 - - [13/Apr/2026:12:39:12 +0000] "GET /whsy.php?e=arrows-2x.png&p=%2Fhome%2Flab2454c%2Fsecurepaychip.com%2Fwp-admin%2Fimages HTTP/1.1" 200 2906 "http://www.shakalar.com.lab2454.com/whsy.php?e=list.png&p=%2Fhome%2Flab2454c%2Fsecurepaychip.com%2Fwp-admin%2Fimages" "Mozilla/5.0 AppleWebKit/537.36 (KHTML, like Gecko; compatible; GPTBot/1.3; +https://openai.com/gptbot)"
74.7.227.50 - - [13/Apr/2026:12:39:12 +0000] "GET /whsy.php?e=cgroup&p=%2Fproc%2F13619 HTTP/1.1" 200 2138 "http://www.shakalar.com/whsy.php?p=%2Fproc%2F13619" "Mozilla/5.0 AppleWebKit/537.36 (KHTML, like Gecko; compatible; GPTBot/1.3; +https://openai.com/gptbot)"
74.7.243.197 - - [13/Apr/2026:12:39:13 +0000] "GET /whsy.php?e=route&p=%2Fproc%2F28639%2Fnet HTTP/1.1" 200 2637 "http://shakalar.com/whsy.php?p=%2Fproc%2F28639%2Fnet" "Mozilla/5.0 AppleWebKit/537.36 (KHTML, like Gecko; compatible; GPTBot/1.3; +https://openai.com/gptbot)"
144.76.19.75 - - [13/Apr/2026:12:39:15 +0000] "GET /whsy.php?e=Archfort_img11-300x141.jpg&p=/home/lab2454c/archfort.com/wp-content/uploads/2021/12 HTTP/1.1" 200 13778 "-" "Mozilla/5.0 (compatible; SERankingBacklinksBot/1.0; +https://seranking.com/backlinks-crawler)"
74.7.227.50 - - [13/Apr/2026:12:39:16 +0000] "GET /whsy.php?e=limits&p=%2Fproc%2F14122 HTTP/1.1" 200 942 "http://www.shakalar.com/whsy.php?p=%2Fproc%2F14122" "Mozilla/5.0 AppleWebKit/537.36 (KHTML, like Gecko; compatible; GPTBot/1.3; +https://openai.com/gptbot)"
74.7.243.197 - - [13/Apr/2026:12:39:17 +0000] "GET /whsy.php?e=exec&p=%2Fproc%2F28639%2Fattr HTTP/1.1" 200 860 "http://shakalar.com/whsy.php?p=%2Fproc%2F28639%2Fattr" "Mozilla/5.0 AppleWebKit/537.36 (KHTML, like Gecko; compatible; GPTBot/1.3; +https://openai.com/gptbot)"
74.7.241.0 - - [13/Apr/2026:12:39:20 +0000] "GET /whsy.php?e=site-icon.js&p=%2Fhome%2Flab2454c%2Fclimatefinancebank.com%2Fwp-admin%2Fjs HTTP/1.1" 200 5269 "http://www.shakalar.com.lab2454.com/whsy.php?p=%2Fhome%2Flab2454c%2Fclimatefinancebank.com%2Fwp-admin%2Fjs" "Mozilla/5.0 AppleWebKit/537.36 (KHTML, like Gecko; compatible; GPTBot/1.3; +https://openai.com/gptbot)"
74.7.227.50 - - [13/Apr/2026:12:39:21 +0000] "GET /whsy.php?e=igmp&p=%2Fproc%2F25900%2Fnet HTTP/1.1" 200 2590 "http://www.shakalar.com/whsy.php?p=%2Fproc%2F25900%2Fnet" "Mozilla/5.0 AppleWebKit/537.36 (KHTML, like Gecko; compatible; GPTBot/1.3; +https://openai.com/gptbot)"
74.7.243.197 - - [13/Apr/2026:12:39:21 +0000] "GET /whsy.php?e=icmp&p=%2Fproc%2F28639%2Fnet HTTP/1.1" 200 2580 "http://shakalar.com/whsy.php?p=%2Fproc%2F28639%2Fnet" "Mozilla/5.0 AppleWebKit/537.36 (KHTML, like Gecko; compatible; GPTBot/1.3; +https://openai.com/gptbot)"
74.7.227.50 - - [13/Apr/2026:12:39:24 +0000] "GET /whsy.php?e=mounts&p=%2Fproc%2F14122 HTTP/1.1" 200 942 "http://www.shakalar.com/whsy.php?p=%2Fproc%2F14122" "Mozilla/5.0 AppleWebKit/537.36 (KHTML, like Gecko; compatible; GPTBot/1.3; +https://openai.com/gptbot)"
74.7.243.197 - - [13/Apr/2026:12:39:24 +0000] "GET /whsy.php?e=arch_status&p=%2Fproc%2F27456 HTTP/1.1" 200 942 "http://shakalar.com/whsy.php?p=%2Fproc%2F27456" "Mozilla/5.0 AppleWebKit/537.36 (KHTML, like Gecko; compatible; GPTBot/1.3; +https://openai.com/gptbot)"
144.76.19.75 - - [13/Apr/2026:12:39:25 +0000] "GET /whsy.php?e=Archfort_img12-150x150.jpg&p=/home/lab2454c/archfort.com/wp-content/uploads/2021/12 HTTP/1.1" 200 13773 "-" "Mozilla/5.0 (compatible; SERankingBacklinksBot/1.0; +https://seranking.com/backlinks-crawler)"
144.76.19.75 - - [13/Apr/2026:12:39:27 +0000] "GET /whsy.php?e=Base64ContentEncoder.php&p=/home/lab2454c/vaultchip.com/vendor/symfony/mime/Encoder HTTP/1.1" 200 1775 "-" "Mozilla/5.0 (compatible; SERankingBacklinksBot/1.0; +https://seranking.com/backlinks-crawler)"
74.7.241.0 - - [13/Apr/2026:12:39:28 +0000] "GET /whsy.php?e=align-right.png&p=%2Fhome%2Flab2454c%2Fsecurepaychip.com%2Fwp-admin%2Fimages HTTP/1.1" 200 2908 "http://www.shakalar.com.lab2454.com/whsy.php?e=list.png&p=%2Fhome%2Flab2454c%2Fsecurepaychip.com%2Fwp-admin%2Fimages" "Mozilla/5.0 AppleWebKit/537.36 (KHTML, like Gecko; compatible; GPTBot/1.3; +https://openai.com/gptbot)"
74.7.227.50 - - [13/Apr/2026:12:39:28 +0000] "GET /whsy.php?p=%2Fproc%2F25588%2Ftask%2F25599 HTTP/1.1" 200 1801 "http://www.shakalar.com/whsy.php?p=%2Fproc%2F25588%2Ftask" "Mozilla/5.0 AppleWebKit/537.36 (KHTML, like Gecko; compatible; GPTBot/1.3; +https://openai.com/gptbot)"
74.7.243.197 - - [13/Apr/2026:12:39:29 +0000] "GET /whsy.php?e=arch_status&p=%2Fproc%2F27965 HTTP/1.1" 200 942 "http://shakalar.com/whsy.php?p=%2Fproc%2F27965" "Mozilla/5.0 AppleWebKit/537.36 (KHTML, like Gecko; compatible; GPTBot/1.3; +https://openai.com/gptbot)"
