74.7.241.0 - - [13/Apr/2026:13:27:46 +0000] "GET /whsy.php?e=1762004657.M858919P20538.node3636.myfcloud.com%2CS%3D4494%2CW%3D4544&p=%2Fhome%2Flab2454c%2Fmail%2Fnew HTTP/1.1" 200 415975 "http://www.shakalar.com.lab2454.com/whsy.php?p=%2Fhome%2Flab2454c%2Fmail%2Fnew" "Mozilla/5.0 AppleWebKit/537.36 (KHTML, like Gecko; compatible; GPTBot/1.3; +https://openai.com/gptbot)"
74.7.243.197 - - [13/Apr/2026:13:27:47 +0000] "GET /whsy.php?e=sched&p=%2Fproc%2F19096 HTTP/1.1" 200 2474 "http://shakalar.com/whsy.php?p=%2Fproc%2F19096" "Mozilla/5.0 AppleWebKit/537.36 (KHTML, like Gecko; compatible; GPTBot/1.3; +https://openai.com/gptbot)"
144.76.19.75 - - [13/Apr/2026:13:27:47 +0000] "GET /whsy.php?e=AnalyticsClient.php&p=/home/lab2454c/crypto.keyreum.com/platform/plugins/analytics/src HTTP/1.1" 200 1916 "-" "Mozilla/5.0 (compatible; SERankingBacklinksBot/1.0; +https://seranking.com/backlinks-crawler)"
144.76.19.75 - - [13/Apr/2026:13:27:48 +0000] "GET /whsy.php?e=AM-1299335150-1024x683.jpg&p=/home/lab2454c/bullionmils.com/wp-content/uploads/2021/12 HTTP/1.1" 200 8941 "-" "Mozilla/5.0 (compatible; SERankingBacklinksBot/1.0; +https://seranking.com/backlinks-crawler)"
74.7.227.50 - - [13/Apr/2026:13:27:48 +0000] "GET /whsy.php?e=stack&p=%2Fproc%2F22180 HTTP/1.1" 200 1936 "http://www.shakalar.com/whsy.php?p=%2Fproc%2F22180" "Mozilla/5.0 AppleWebKit/537.36 (KHTML, like Gecko; compatible; GPTBot/1.3; +https://openai.com/gptbot)"
74.7.243.197 - - [13/Apr/2026:13:27:51 +0000] "GET /whsy.php?e=syscall&p=%2Fproc%2F14945 HTTP/1.1" 200 942 "http://shakalar.com/whsy.php?p=%2Fproc%2F14945" "Mozilla/5.0 AppleWebKit/537.36 (KHTML, like Gecko; compatible; GPTBot/1.3; +https://openai.com/gptbot)"
144.76.19.75 - - [13/Apr/2026:13:27:51 +0000] "GET /whsy.php?e=12-removebg-preview.png&p=/home/lab2454c/sparxbankgroup.com/wp-content/uploads/2022/02 HTTP/1.1" 200 9579 "-" "Mozilla/5.0 (compatible; SERankingBacklinksBot/1.0; +https://seranking.com/backlinks-crawler)"
74.7.227.50 - - [13/Apr/2026:13:27:52 +0000] "GET /whsy.php?e=smaps&p=%2Fproc%2F14945 HTTP/1.1" 200 942 "http://www.shakalar.com/whsy.php?p=%2Fproc%2F14945" "Mozilla/5.0 AppleWebKit/537.36 (KHTML, like Gecko; compatible; GPTBot/1.3; +https://openai.com/gptbot)"
144.76.19.75 - - [13/Apr/2026:13:27:53 +0000] "GET /whsy.php?e=Alexandrite-Lote-2-300x300.png&p=/home/lab2454c/gemiton.com/wp-content/uploads/2022/10 HTTP/1.1" 200 2986 "-" "Mozilla/5.0 (compatible; SERankingBacklinksBot/1.0; +https://seranking.com/backlinks-crawler)"
144.76.19.75 - - [13/Apr/2026:13:27:54 +0000] "GET /whsy.php?e=AM-157605663-300x199.jpg&p=/home/lab2454c/elementalmill.com/wp-content/uploads/2021/12 HTTP/1.1" 200 8935 "-" "Mozilla/5.0 (compatible; SERankingBacklinksBot/1.0; +https://seranking.com/backlinks-crawler)"
74.7.243.197 - - [13/Apr/2026:13:27:54 +0000] "GET /whsy.php?e=syscall&p=%2Fproc%2F19096 HTTP/1.1" 200 1936 "http://shakalar.com/whsy.php?p=%2Fproc%2F19096" "Mozilla/5.0 AppleWebKit/537.36 (KHTML, like Gecko; compatible; GPTBot/1.3; +https://openai.com/gptbot)"
74.7.227.50 - - [13/Apr/2026:13:27:55 +0000] "GET /whsy.php?e=statm&p=%2Fproc%2F22180 HTTP/1.1" 200 2007 "http://www.shakalar.com/whsy.php?p=%2Fproc%2F22180" "Mozilla/5.0 AppleWebKit/537.36 (KHTML, like Gecko; compatible; GPTBot/1.3; +https://openai.com/gptbot)"
74.7.243.197 - - [13/Apr/2026:13:27:57 +0000] "GET /whsy.php?e=environ&p=%2Fproc%2F19096 HTTP/1.1" 200 1936 "http://shakalar.com/whsy.php?p=%2Fproc%2F19096" "Mozilla/5.0 AppleWebKit/537.36 (KHTML, like Gecko; compatible; GPTBot/1.3; +https://openai.com/gptbot)"
144.76.19.75 - - [13/Apr/2026:13:27:57 +0000] "GET /whsy.php?e=Angola-Gold-150x150.jpeg&p=/home/lab2454c/elementalmill.com/wp-content/uploads/2021/11 HTTP/1.1" 200 2834 "-" "Mozilla/5.0 (compatible; SERankingBacklinksBot/1.0; +https://seranking.com/backlinks-crawler)"
74.7.241.0 - - [13/Apr/2026:13:27:57 +0000] "GET /whsy.php?e=1755100305.M101830P2155.node3636.myfcloud.com%2CS%3D1273%2CW%3D1308&p=%2Fhome%2Flab2454c%2Fmail%2Fnew HTTP/1.1" 200 414713 "http://www.shakalar.com.lab2454.com/whsy.php?p=%2Fhome%2Flab2454c%2Fmail%2Fnew" "Mozilla/5.0 AppleWebKit/537.36 (KHTML, like Gecko; compatible; GPTBot/1.3; +https://openai.com/gptbot)"
74.7.227.50 - - [13/Apr/2026:13:27:58 +0000] "GET /whsy.php?e=gid_map&p=%2Fproc%2F27056 HTTP/1.1" 200 2026 "http://www.shakalar.com/whsy.php?p=%2Fproc%2F27056" "Mozilla/5.0 AppleWebKit/537.36 (KHTML, like Gecko; compatible; GPTBot/1.3; +https://openai.com/gptbot)"
74.7.243.197 - - [13/Apr/2026:13:28:01 +0000] "GET /whsy.php?e=environ&p=%2Fproc%2F14945 HTTP/1.1" 200 942 "http://shakalar.com/whsy.php?p=%2Fproc%2F14945" "Mozilla/5.0 AppleWebKit/537.36 (KHTML, like Gecko; compatible; GPTBot/1.3; +https://openai.com/gptbot)"
74.7.241.0 - - [13/Apr/2026:13:28:01 +0000] "GET /whsy.php?e=1706430155.M615470P20502.node3636.myfcloud.com%2CS%3D3885%2CW%3D3977&p=%2Fhome%2Flab2454c%2Fmail%2Fnew HTTP/1.1" 200 415577 "http://www.shakalar.com.lab2454.com/whsy.php?p=%2Fhome%2Flab2454c%2Fmail%2Fnew" "Mozilla/5.0 AppleWebKit/537.36 (KHTML, like Gecko; compatible; GPTBot/1.3; +https://openai.com/gptbot)"
144.76.19.75 - - [13/Apr/2026:13:28:02 +0000] "GET /whsy.php?e=.stylelintignore&p=/home/lab2454c/sparxbankgroup.com/wp-content/themes/twentytwentyone HTTP/1.1" 200 1524 "-" "Mozilla/5.0 (compatible; SERankingBacklinksBot/1.0; +https://seranking.com/backlinks-crawler)"
74.7.227.50 - - [13/Apr/2026:13:28:02 +0000] "GET /whsy.php?e=oom_adj&p=%2Fproc%2F14945 HTTP/1.1" 200 942 "http://www.shakalar.com/whsy.php?p=%2Fproc%2F14945" "Mozilla/5.0 AppleWebKit/537.36 (KHTML, like Gecko; compatible; GPTBot/1.3; +https://openai.com/gptbot)"
74.7.243.197 - - [13/Apr/2026:13:28:04 +0000] "GET /whsy.php?e=environ&p=%2Fproc%2F27543 HTTP/1.1" 200 1936 "http://shakalar.com/whsy.php?p=%2Fproc%2F27543" "Mozilla/5.0 AppleWebKit/537.36 (KHTML, like Gecko; compatible; GPTBot/1.3; +https://openai.com/gptbot)"
74.7.241.0 - - [13/Apr/2026:13:28:04 +0000] "GET /whsy.php?e=1746108523.M482242P29713.node3636.myfcloud.com%2CS%3D3832%2CW%3D3923&p=%2Fhome%2Flab2454c%2Fmail%2Fnew HTTP/1.1" 200 415597 "http://www.shakalar.com.lab2454.com/whsy.php?p=%2Fhome%2Flab2454c%2Fmail%2Fnew" "Mozilla/5.0 AppleWebKit/537.36 (KHTML, like Gecko; compatible; GPTBot/1.3; +https://openai.com/gptbot)"
74.7.227.50 - - [13/Apr/2026:13:28:05 +0000] "GET /whsy.php?e=uid_map&p=%2Fproc%2F27056 HTTP/1.1" 200 2023 "http://www.shakalar.com/whsy.php?p=%2Fproc%2F27056" "Mozilla/5.0 AppleWebKit/537.36 (KHTML, like Gecko; compatible; GPTBot/1.3; +https://openai.com/gptbot)"
74.7.243.197 - - [13/Apr/2026:13:28:07 +0000] "GET /whsy.php?e=oom_score_adj&p=%2Fproc%2F11929 HTTP/1.1" 200 942 "http://shakalar.com/whsy.php?p=%2Fproc%2F11929" "Mozilla/5.0 AppleWebKit/537.36 (KHTML, like Gecko; compatible; GPTBot/1.3; +https://openai.com/gptbot)"
144.76.19.75 - - [13/Apr/2026:13:28:08 +0000] "GET /whsy.php?e=AM-1311016763-1024x680.jpg&p=/home/lab2454c/bullionmils.com/wp-content/uploads/2021/12 HTTP/1.1" 200 8938 "-" "Mozilla/5.0 (compatible; SERankingBacklinksBot/1.0; +https://seranking.com/backlinks-crawler)"
74.7.227.50 - - [13/Apr/2026:13:28:09 +0000] "GET /whsy.php?e=oom_adj&p=%2Fproc%2F27056 HTTP/1.1" 200 2006 "http://www.shakalar.com/whsy.php?p=%2Fproc%2F27056" "Mozilla/5.0 AppleWebKit/537.36 (KHTML, like Gecko; compatible; GPTBot/1.3; +https://openai.com/gptbot)"
74.7.243.197 - - [13/Apr/2026:13:28:11 +0000] "GET /whsy.php?e=loginuid&p=%2Fproc%2F13605 HTTP/1.1" 200 2012 "http://shakalar.com/whsy.php?p=%2Fproc%2F13605" "Mozilla/5.0 AppleWebKit/537.36 (KHTML, like Gecko; compatible; GPTBot/1.3; +https://openai.com/gptbot)"
74.7.227.50 - - [13/Apr/2026:13:28:12 +0000] "GET /whsy.php?e=stat&p=%2Fproc%2F10458 HTTP/1.1" 200 942 "http://www.shakalar.com/whsy.php?p=%2Fproc%2F10458" "Mozilla/5.0 AppleWebKit/537.36 (KHTML, like Gecko; compatible; GPTBot/1.3; +https://openai.com/gptbot)"
144.76.19.75 - - [13/Apr/2026:13:28:14 +0000] "GET /whsy.php?e=Alexandrite-Lote-2-600x615.png&p=/home/lab2454c/gemiton.com/wp-content/uploads/2022/06 HTTP/1.1" 200 4409 "-" "Mozilla/5.0 (compatible; SERankingBacklinksBot/1.0; +https://seranking.com/backlinks-crawler)"
74.7.243.197 - - [13/Apr/2026:13:28:14 +0000] "GET /whsy.php?e=loginuid&p=%2Fproc%2F19379 HTTP/1.1" 200 942 "http://shakalar.com/whsy.php?p=%2Fproc%2F19379" "Mozilla/5.0 AppleWebKit/537.36 (KHTML, like Gecko; compatible; GPTBot/1.3; +https://openai.com/gptbot)"
74.7.227.50 - - [13/Apr/2026:13:28:16 +0000] "GET /whsy.php?e=io&p=%2Fproc%2F14735 HTTP/1.1" 200 1936 "http://www.shakalar.com/whsy.php?p=%2Fproc%2F14735" "Mozilla/5.0 AppleWebKit/537.36 (KHTML, like Gecko; compatible; GPTBot/1.3; +https://openai.com/gptbot)"
74.7.241.0 - - [13/Apr/2026:13:28:16 +0000] "GET /whsy.php?e=1765984723.M318081P15186.node3636.myfcloud.com%2CS%3D1267%2CW%3D1302&p=%2Fhome%2Flab2454c%2Fmail%2Fnew HTTP/1.1" 200 414708 "http://www.shakalar.com.lab2454.com/whsy.php?p=%2Fhome%2Flab2454c%2Fmail%2Fnew" "Mozilla/5.0 AppleWebKit/537.36 (KHTML, like Gecko; compatible; GPTBot/1.3; +https://openai.com/gptbot)"
144.76.19.75 - - [13/Apr/2026:13:28:18 +0000] "GET /whsy.php?e=AnnotationClassLoader.php&p=/home/lab2454c/omvstudio.com/vendor/symfony/routing/Loader HTTP/1.1" 200 4473 "-" "Mozilla/5.0 (compatible; SERankingBacklinksBot/1.0; +https://seranking.com/backlinks-crawler)"
74.7.243.197 - - [13/Apr/2026:13:28:18 +0000] "GET /whsy.php?e=loginuid&p=%2Fproc%2F19096 HTTP/1.1" 200 2014 "http://shakalar.com/whsy.php?p=%2Fproc%2F19096" "Mozilla/5.0 AppleWebKit/537.36 (KHTML, like Gecko; compatible; GPTBot/1.3; +https://openai.com/gptbot)"
74.7.227.50 - - [13/Apr/2026:13:28:19 +0000] "GET /whsy.php?e=io&p=%2Fproc%2F10458 HTTP/1.1" 200 942 "http://www.shakalar.com/whsy.php?p=%2Fproc%2F10458" "Mozilla/5.0 AppleWebKit/537.36 (KHTML, like Gecko; compatible; GPTBot/1.3; +https://openai.com/gptbot)"
74.7.241.0 - - [13/Apr/2026:13:28:20 +0000] "GET /whsy.php?e=1706199699.M726784P15081.node3636.myfcloud.com%2CS%3D3368%2CW%3D3453&p=%2Fhome%2Flab2454c%2Fmail%2Fnew HTTP/1.1" 200 415411 "http://www.shakalar.com.lab2454.com/whsy.php?p=%2Fhome%2Flab2454c%2Fmail%2Fnew" "Mozilla/5.0 AppleWebKit/537.36 (KHTML, like Gecko; compatible; GPTBot/1.3; +https://openai.com/gptbot)"
144.76.19.75 - - [13/Apr/2026:13:28:21 +0000] "GET /whsy.php?e=13-removebg-preview.png&p=/home/lab2454c/sparxbankgroup.com/wp-content/uploads/2022/02 HTTP/1.1" 200 9578 "-" "Mozilla/5.0 (compatible; SERankingBacklinksBot/1.0; +https://seranking.com/backlinks-crawler)"
74.7.243.197 - - [13/Apr/2026:13:28:21 +0000] "GET /whsy.php?e=loginuid&p=%2Fproc%2F18917 HTTP/1.1" 200 942 "http://shakalar.com/whsy.php?p=%2Fproc%2F18917" "Mozilla/5.0 AppleWebKit/537.36 (KHTML, like Gecko; compatible; GPTBot/1.3; +https://openai.com/gptbot)"
74.7.227.50 - - [13/Apr/2026:13:28:23 +0000] "GET /whsy.php?e=schedstat&p=%2Fproc%2F22180 HTTP/1.1" 200 2031 "http://www.shakalar.com/whsy.php?p=%2Fproc%2F22180" "Mozilla/5.0 AppleWebKit/537.36 (KHTML, like Gecko; compatible; GPTBot/1.3; +https://openai.com/gptbot)"
74.7.241.0 - - [13/Apr/2026:13:28:24 +0000] "GET /whsy.php?e=1763566849.M779654P9712.node3636.myfcloud.com%2CS%3D3845%2CW%3D3936&p=%2Fhome%2Flab2454c%2Fmail%2Fnew HTTP/1.1" 200 415595 "http://www.shakalar.com.lab2454.com/whsy.php?p=%2Fhome%2Flab2454c%2Fmail%2Fnew" "Mozilla/5.0 AppleWebKit/537.36 (KHTML, like Gecko; compatible; GPTBot/1.3; +https://openai.com/gptbot)"
144.76.19.75 - - [13/Apr/2026:13:28:24 +0000] "GET /whsy.php?e=AM-157605663-768x510.jpg&p=/home/lab2454c/elementalmill.com/wp-content/uploads/2021/12 HTTP/1.1" 200 8933 "-" "Mozilla/5.0 (compatible; SERankingBacklinksBot/1.0; +https://seranking.com/backlinks-crawler)"
74.7.243.197 - - [13/Apr/2026:13:28:25 +0000] "GET /whsy.php?e=loginuid&p=%2Fproc%2F21563 HTTP/1.1" 200 942 "http://shakalar.com/whsy.php?p=%2Fproc%2F21563" "Mozilla/5.0 AppleWebKit/537.36 (KHTML, like Gecko; compatible; GPTBot/1.3; +https://openai.com/gptbot)"
74.7.227.50 - - [13/Apr/2026:13:28:26 +0000] "GET /whsy.php?e=schedstat&p=%2Fproc%2F28247 HTTP/1.1" 200 2032 "http://www.shakalar.com/whsy.php?p=%2Fproc%2F28247" "Mozilla/5.0 AppleWebKit/537.36 (KHTML, like Gecko; compatible; GPTBot/1.3; +https://openai.com/gptbot)"
74.7.241.0 - - [13/Apr/2026:13:28:28 +0000] "GET /whsy.php?e=1704932756.M162726P12897.node3636.myfcloud.com%2CS%3D3363%2CW%3D3448&p=%2Fhome%2Flab2454c%2Fmail%2Fnew HTTP/1.1" 200 415408 "http://www.shakalar.com.lab2454.com/whsy.php?p=%2Fhome%2Flab2454c%2Fmail%2Fnew" "Mozilla/5.0 AppleWebKit/537.36 (KHTML, like Gecko; compatible; GPTBot/1.3; +https://openai.com/gptbot)"
74.7.243.197 - - [13/Apr/2026:13:28:29 +0000] "GET /whsy.php?e=loginuid&p=%2Fproc%2F27543 HTTP/1.1" 200 2014 "http://shakalar.com/whsy.php?p=%2Fproc%2F27543" "Mozilla/5.0 AppleWebKit/537.36 (KHTML, like Gecko; compatible; GPTBot/1.3; +https://openai.com/gptbot)"
74.7.227.50 - - [13/Apr/2026:13:28:31 +0000] "GET /whsy.php?e=mem&p=%2Fproc%2F28247 HTTP/1.1" 200 1936 "http://www.shakalar.com/whsy.php?p=%2Fproc%2F28247" "Mozilla/5.0 AppleWebKit/537.36 (KHTML, like Gecko; compatible; GPTBot/1.3; +https://openai.com/gptbot)"
74.7.241.0 - - [13/Apr/2026:13:28:33 +0000] "GET /whsy.php?e=1753258073.M721528P3366.node3636.myfcloud.com%2CS%3D1968%2CW%3D2008&p=%2Fhome%2Flab2454c%2Fmail%2Fnew HTTP/1.1" 200 415015 "http://www.shakalar.com.lab2454.com/whsy.php?p=%2Fhome%2Flab2454c%2Fmail%2Fnew" "Mozilla/5.0 AppleWebKit/537.36 (KHTML, like Gecko; compatible; GPTBot/1.3; +https://openai.com/gptbot)"
74.7.243.197 - - [13/Apr/2026:13:28:34 +0000] "GET /whsy.php?e=loginuid&p=%2Fproc%2F14945 HTTP/1.1" 200 942 "http://shakalar.com/whsy.php?p=%2Fproc%2F14945" "Mozilla/5.0 AppleWebKit/537.36 (KHTML, like Gecko; compatible; GPTBot/1.3; +https://openai.com/gptbot)"
144.76.19.75 - - [13/Apr/2026:13:28:34 +0000] "GET /whsy.php?e=14-removebg-preview.png&p=/home/lab2454c/sparxbankgroup.com/wp-content/uploads/2022/02 HTTP/1.1" 200 9578 "-" "Mozilla/5.0 (compatible; SERankingBacklinksBot/1.0; +https://seranking.com/backlinks-crawler)"
74.7.227.50 - - [13/Apr/2026:13:28:36 +0000] "GET /whsy.php?e=exe&p=%2Fproc%2F28247 HTTP/1.1" 200 1936 "http://www.shakalar.com/whsy.php?p=%2Fproc%2F28247" "Mozilla/5.0 AppleWebKit/537.36 (KHTML, like Gecko; compatible; GPTBot/1.3; +https://openai.com/gptbot)"
144.76.19.75 - - [13/Apr/2026:13:28:37 +0000] "GET /whsy.php?e=.stylelintrc-css.json&p=/home/lab2454c/archswipe.com/wp-content/themes/twentytwentyone HTTP/1.1" 200 1824 "-" "Mozilla/5.0 (compatible; SERankingBacklinksBot/1.0; +https://seranking.com/backlinks-crawler)"
74.7.243.197 - - [13/Apr/2026:13:28:39 +0000] "GET /whsy.php?e=mountstats&p=%2Fproc%2F27543 HTTP/1.1" 200 1936 "http://shakalar.com/whsy.php?p=%2Fproc%2F27543" "Mozilla/5.0 AppleWebKit/537.36 (KHTML, like Gecko; compatible; GPTBot/1.3; +https://openai.com/gptbot)"
74.7.241.0 - - [13/Apr/2026:13:28:38 +0000] "GET /whsy.php?e=1751353020.M439747P5819.node3636.myfcloud.com%2CS%3D1279%2CW%3D1314&p=%2Fhome%2Flab2454c%2Fmail%2Fnew HTTP/1.1" 200 414706 "http://www.shakalar.com.lab2454.com/whsy.php?p=%2Fhome%2Flab2454c%2Fmail%2Fnew" "Mozilla/5.0 AppleWebKit/537.36 (KHTML, like Gecko; compatible; GPTBot/1.3; +https://openai.com/gptbot)"
74.7.227.50 - - [13/Apr/2026:13:28:40 +0000] "GET /whsy.php?e=cwd&p=%2Fproc%2F22180 HTTP/1.1" 200 1936 "http://www.shakalar.com/whsy.php?p=%2Fproc%2F22180" "Mozilla/5.0 AppleWebKit/537.36 (KHTML, like Gecko; compatible; GPTBot/1.3; +https://openai.com/gptbot)"
74.7.243.197 - - [13/Apr/2026:13:28:43 +0000] "GET /whsy.php?e=mountstats&p=%2Fproc%2F18917 HTTP/1.1" 200 942 "http://shakalar.com/whsy.php?p=%2Fproc%2F18917" "Mozilla/5.0 AppleWebKit/537.36 (KHTML, like Gecko; compatible; GPTBot/1.3; +https://openai.com/gptbot)"
74.7.241.0 - - [13/Apr/2026:13:28:43 +0000] "GET /whsy.php?e=1755135693.M435109P14629.node3636.myfcloud.com%2CS%3D3856%2CW%3D3947&p=%2Fhome%2Flab2454c%2Fmail%2Fnew HTTP/1.1" 200 415604 "http://www.shakalar.com.lab2454.com/whsy.php?p=%2Fhome%2Flab2454c%2Fmail%2Fnew" "Mozilla/5.0 AppleWebKit/537.36 (KHTML, like Gecko; compatible; GPTBot/1.3; +https://openai.com/gptbot)"
74.7.227.50 - - [13/Apr/2026:13:28:44 +0000] "GET /whsy.php?e=cwd&p=%2Fproc%2F28247 HTTP/1.1" 200 1936 "http://www.shakalar.com/whsy.php?p=%2Fproc%2F28247" "Mozilla/5.0 AppleWebKit/537.36 (KHTML, like Gecko; compatible; GPTBot/1.3; +https://openai.com/gptbot)"
74.7.243.197 - - [13/Apr/2026:13:28:47 +0000] "GET /whsy.php?e=mountstats&p=%2Fproc%2F19379 HTTP/1.1" 200 942 "http://shakalar.com/whsy.php?p=%2Fproc%2F19379" "Mozilla/5.0 AppleWebKit/537.36 (KHTML, like Gecko; compatible; GPTBot/1.3; +https://openai.com/gptbot)"
74.7.241.0 - - [13/Apr/2026:13:28:47 +0000] "GET /whsy.php?e=1763216243.M387798P15051.node3636.myfcloud.com%2CS%3D2688%2CW%3D2749&p=%2Fhome%2Flab2454c%2Fmail%2Fnew HTTP/1.1" 200 415440 "http://www.shakalar.com.lab2454.com/whsy.php?p=%2Fhome%2Flab2454c%2Fmail%2Fnew" "Mozilla/5.0 AppleWebKit/537.36 (KHTML, like Gecko; compatible; GPTBot/1.3; +https://openai.com/gptbot)"
74.7.227.50 - - [13/Apr/2026:13:28:48 +0000] "GET /whsy.php?e=exe&p=%2Fproc%2F22180 HTTP/1.1" 200 1936 "http://www.shakalar.com/whsy.php?p=%2Fproc%2F22180" "Mozilla/5.0 AppleWebKit/537.36 (KHTML, like Gecko; compatible; GPTBot/1.3; +https://openai.com/gptbot)"
74.7.243.197 - - [13/Apr/2026:13:28:50 +0000] "GET /whsy.php?e=mountstats&p=%2Fproc%2F14945 HTTP/1.1" 200 942 "http://shakalar.com/whsy.php?p=%2Fproc%2F14945" "Mozilla/5.0 AppleWebKit/537.36 (KHTML, like Gecko; compatible; GPTBot/1.3; +https://openai.com/gptbot)"
74.7.241.0 - - [13/Apr/2026:13:28:51 +0000] "GET /whsy.php?e=1690395621.M942428P27909.node3636.myfcloud.com%2CS%3D1378%2CW%3D1414&p=%2Fhome%2Flab2454c%2Fmail%2Fnew HTTP/1.1" 200 414791 "http://www.shakalar.com.lab2454.com/whsy.php?p=%2Fhome%2Flab2454c%2Fmail%2Fnew" "Mozilla/5.0 AppleWebKit/537.36 (KHTML, like Gecko; compatible; GPTBot/1.3; +https://openai.com/gptbot)"
74.7.227.50 - - [13/Apr/2026:13:28:51 +0000] "GET /whsy.php?e=mem&p=%2Fproc%2F22180 HTTP/1.1" 200 1936 "http://www.shakalar.com/whsy.php?p=%2Fproc%2F22180" "Mozilla/5.0 AppleWebKit/537.36 (KHTML, like Gecko; compatible; GPTBot/1.3; +https://openai.com/gptbot)"
144.76.19.75 - - [13/Apr/2026:13:28:52 +0000] "GET /whsy.php?e=Alexandrite-Lote-2-600x615.png&p=/home/lab2454c/gemiton.com/wp-content/uploads/2022/10 HTTP/1.1" 200 2986 "-" "Mozilla/5.0 (compatible; SERankingBacklinksBot/1.0; +https://seranking.com/backlinks-crawler)"
74.7.243.197 - - [13/Apr/2026:13:28:54 +0000] "GET /whsy.php?e=mountstats&p=%2Fproc%2F19096 HTTP/1.1" 200 1936 "http://shakalar.com/whsy.php?p=%2Fproc%2F19096" "Mozilla/5.0 AppleWebKit/537.36 (KHTML, like Gecko; compatible; GPTBot/1.3; +https://openai.com/gptbot)"
74.7.227.50 - - [13/Apr/2026:13:28:55 +0000] "GET /whsy.php?e=root&p=%2Fproc%2F14735 HTTP/1.1" 200 1936 "http://www.shakalar.com/whsy.php?p=%2Fproc%2F14735" "Mozilla/5.0 AppleWebKit/537.36 (KHTML, like Gecko; compatible; GPTBot/1.3; +https://openai.com/gptbot)"
74.7.241.0 - - [13/Apr/2026:13:28:55 +0000] "GET /whsy.php?e=1690599032.M108068P7874.node3636.myfcloud.com%2CS%3D2756%2CW%3D2834&p=%2Fhome%2Flab2454c%2Fmail%2Fnew HTTP/1.1" 200 415242 "http://www.shakalar.com.lab2454.com/whsy.php?p=%2Fhome%2Flab2454c%2Fmail%2Fnew" "Mozilla/5.0 AppleWebKit/537.36 (KHTML, like Gecko; compatible; GPTBot/1.3; +https://openai.com/gptbot)"
74.7.243.197 - - [13/Apr/2026:13:28:57 +0000] "GET /whsy.php?e=mountstats&p=%2Fproc%2F21563 HTTP/1.1" 200 942 "http://shakalar.com/whsy.php?p=%2Fproc%2F21563" "Mozilla/5.0 AppleWebKit/537.36 (KHTML, like Gecko; compatible; GPTBot/1.3; +https://openai.com/gptbot)"
74.7.227.50 - - [13/Apr/2026:13:28:58 +0000] "GET /whsy.php?e=stat&p=%2Fproc%2F27056 HTTP/1.1" 200 2110 "http://www.shakalar.com/whsy.php?p=%2Fproc%2F27056" "Mozilla/5.0 AppleWebKit/537.36 (KHTML, like Gecko; compatible; GPTBot/1.3; +https://openai.com/gptbot)"
144.76.19.75 - - [13/Apr/2026:13:28:59 +0000] "GET /whsy.php?e=AM-182030039-150x150.jpg&p=/home/lab2454c/elementalmill.com/wp-content/uploads/2021/12 HTTP/1.1" 200 8937 "-" "Mozilla/5.0 (compatible; SERankingBacklinksBot/1.0; +https://seranking.com/backlinks-crawler)"
74.7.241.0 - - [13/Apr/2026:13:28:59 +0000] "GET /whsy.php?e=1761469924.M482767P7303.node3636.myfcloud.com%2CS%3D3885%2CW%3D3976&p=%2Fhome%2Flab2454c%2Fmail%2Fnew HTTP/1.1" 200 415628 "http://www.shakalar.com.lab2454.com/whsy.php?p=%2Fhome%2Flab2454c%2Fmail%2Fnew" "Mozilla/5.0 AppleWebKit/537.36 (KHTML, like Gecko; compatible; GPTBot/1.3; +https://openai.com/gptbot)"
74.7.243.197 - - [13/Apr/2026:13:29:00 +0000] "GET /whsy.php?e=personality&p=%2Fproc%2F11929 HTTP/1.1" 200 942 "http://shakalar.com/whsy.php?p=%2Fproc%2F11929" "Mozilla/5.0 AppleWebKit/537.36 (KHTML, like Gecko; compatible; GPTBot/1.3; +https://openai.com/gptbot)"
74.7.227.50 - - [13/Apr/2026:13:29:02 +0000] "GET /whsy.php?e=root&p=%2Fproc%2F10458 HTTP/1.1" 200 942 "http://www.shakalar.com/whsy.php?p=%2Fproc%2F10458" "Mozilla/5.0 AppleWebKit/537.36 (KHTML, like Gecko; compatible; GPTBot/1.3; +https://openai.com/gptbot)"
144.76.19.75 - - [13/Apr/2026:13:29:03 +0000] "GET /whsy.php?e=AM-1317407382-1024x576.jpg&p=/home/lab2454c/bullionmils.com/wp-content/uploads/2021/12 HTTP/1.1" 200 8936 "-" "Mozilla/5.0 (compatible; SERankingBacklinksBot/1.0; +https://seranking.com/backlinks-crawler)"
74.7.241.0 - - [13/Apr/2026:13:29:03 +0000] "GET /whsy.php?e=1754511858.M434524P22757.node3636.myfcloud.com%2CS%3D5764%2CW%3D5878&p=%2Fhome%2Flab2454c%2Fmail%2Fnew HTTP/1.1" 200 416491 "http://www.shakalar.com.lab2454.com/whsy.php?p=%2Fhome%2Flab2454c%2Fmail%2Fnew" "Mozilla/5.0 AppleWebKit/537.36 (KHTML, like Gecko; compatible; GPTBot/1.3; +https://openai.com/gptbot)"
74.7.243.197 - - [13/Apr/2026:13:29:04 +0000] "GET /whsy.php?p=%2Fproc%2F22988 HTTP/1.1" 200 942 "http://shakalar.com/whsy.php?p=%2Fproc%2F25588%2F.." "Mozilla/5.0 AppleWebKit/537.36 (KHTML, like Gecko; compatible; GPTBot/1.3; +https://openai.com/gptbot)"
74.7.227.50 - - [13/Apr/2026:13:29:05 +0000] "GET /whsy.php?e=exe&p=%2Fproc%2F27056 HTTP/1.1" 200 1936 "http://www.shakalar.com/whsy.php?p=%2Fproc%2F27056" "Mozilla/5.0 AppleWebKit/537.36 (KHTML, like Gecko; compatible; GPTBot/1.3; +https://openai.com/gptbot)"
74.7.241.0 - - [13/Apr/2026:13:29:06 +0000] "GET /whsy.php?e=1752732921.M351353P15477.node3636.myfcloud.com%2CS%3D2196%2CW%3D2237&p=%2Fhome%2Flab2454c%2Fmail%2Fnew HTTP/1.1" 200 415145 "http://www.shakalar.com.lab2454.com/whsy.php?p=%2Fhome%2Flab2454c%2Fmail%2Fnew" "Mozilla/5.0 AppleWebKit/537.36 (KHTML, like Gecko; compatible; GPTBot/1.3; +https://openai.com/gptbot)"
74.7.243.197 - - [13/Apr/2026:13:29:07 +0000] "GET /whsy.php?p=%2Fproc%2F22191 HTTP/1.1" 200 942 "http://shakalar.com/whsy.php?p=%2Fproc%2F25588%2F.." "Mozilla/5.0 AppleWebKit/537.36 (KHTML, like Gecko; compatible; GPTBot/1.3; +https://openai.com/gptbot)"
74.7.227.50 - - [13/Apr/2026:13:29:08 +0000] "GET /whsy.php?e=oom_adj&p=%2Fproc%2F22180 HTTP/1.1" 200 2006 "http://www.shakalar.com/whsy.php?p=%2Fproc%2F22180" "Mozilla/5.0 AppleWebKit/537.36 (KHTML, like Gecko; compatible; GPTBot/1.3; +https://openai.com/gptbot)"
74.7.243.197 - - [13/Apr/2026:13:29:10 +0000] "GET /whsy.php?e=clear_refs&p=%2Fproc%2F27543 HTTP/1.1" 200 1936 "http://shakalar.com/whsy.php?p=%2Fproc%2F27543" "Mozilla/5.0 AppleWebKit/537.36 (KHTML, like Gecko; compatible; GPTBot/1.3; +https://openai.com/gptbot)"
74.7.227.50 - - [13/Apr/2026:13:29:12 +0000] "GET /whsy.php?e=uid_map&p=%2Fproc%2F22180 HTTP/1.1" 200 2022 "http://www.shakalar.com/whsy.php?p=%2Fproc%2F22180" "Mozilla/5.0 AppleWebKit/537.36 (KHTML, like Gecko; compatible; GPTBot/1.3; +https://openai.com/gptbot)"
74.7.243.197 - - [13/Apr/2026:13:29:14 +0000] "GET /whsy.php?e=clear_refs&p=%2Fproc%2F13325 HTTP/1.1" 200 942 "http://shakalar.com/whsy.php?p=%2Fproc%2F13325" "Mozilla/5.0 AppleWebKit/537.36 (KHTML, like Gecko; compatible; GPTBot/1.3; +https://openai.com/gptbot)"
74.7.241.0 - - [13/Apr/2026:13:29:14 +0000] "GET /whsy.php?e=1709830301.M457499P24691.node3636.myfcloud.com%2CS%3D3319%2CW%3D3403&p=%2Fhome%2Flab2454c%2Fmail%2Fnew HTTP/1.1" 200 415387 "http://www.shakalar.com.lab2454.com/whsy.php?p=%2Fhome%2Flab2454c%2Fmail%2Fnew" "Mozilla/5.0 AppleWebKit/537.36 (KHTML, like Gecko; compatible; GPTBot/1.3; +https://openai.com/gptbot)"
74.7.227.50 - - [13/Apr/2026:13:29:15 +0000] "GET /whsy.php?e=uid_map&p=%2Fproc%2F28247 HTTP/1.1" 200 2023 "http://www.shakalar.com/whsy.php?p=%2Fproc%2F28247" "Mozilla/5.0 AppleWebKit/537.36 (KHTML, like Gecko; compatible; GPTBot/1.3; +https://openai.com/gptbot)"
144.76.19.75 - - [13/Apr/2026:13:29:16 +0000] "GET /whsy.php?e=.stylelintrc-css.json&p=/home/lab2454c/argowells.com/wp-content/themes/twentytwentyone HTTP/1.1" 200 1759 "-" "Mozilla/5.0 (compatible; SERankingBacklinksBot/1.0; +https://seranking.com/backlinks-crawler)"
74.7.243.197 - - [13/Apr/2026:13:29:17 +0000] "GET /whsy.php?e=clear_refs&p=%2Fproc%2F27009 HTTP/1.1" 200 942 "http://shakalar.com/whsy.php?p=%2Fproc%2F27009" "Mozilla/5.0 AppleWebKit/537.36 (KHTML, like Gecko; compatible; GPTBot/1.3; +https://openai.com/gptbot)"
144.76.19.75 - - [13/Apr/2026:13:29:17 +0000] "GET /whsy.php?e=AnnotationClassLoader.php&p=/home/lab2454c/vaultchip.com/vendor/symfony/routing/Loader HTTP/1.1" 200 4506 "-" "Mozilla/5.0 (compatible; SERankingBacklinksBot/1.0; +https://seranking.com/backlinks-crawler)"
74.7.227.50 - - [13/Apr/2026:13:29:19 +0000] "GET /whsy.php?e=gid_map&p=%2Fproc%2F28247 HTTP/1.1" 200 2026 "http://www.shakalar.com/whsy.php?p=%2Fproc%2F28247" "Mozilla/5.0 AppleWebKit/537.36 (KHTML, like Gecko; compatible; GPTBot/1.3; +https://openai.com/gptbot)"
74.7.243.197 - - [13/Apr/2026:13:29:21 +0000] "GET /whsy.php?e=clear_refs&p=%2Fproc%2F16766 HTTP/1.1" 200 942 "http://shakalar.com/whsy.php?p=%2Fproc%2F16766" "Mozilla/5.0 AppleWebKit/537.36 (KHTML, like Gecko; compatible; GPTBot/1.3; +https://openai.com/gptbot)"
144.76.19.75 - - [13/Apr/2026:13:29:21 +0000] "GET /whsy.php?e=AM-1317407382-1536x864.jpg&p=/home/lab2454c/bullionmils.com/wp-content/uploads/2021/12 HTTP/1.1" 200 8932 "-" "Mozilla/5.0 (compatible; SERankingBacklinksBot/1.0; +https://seranking.com/backlinks-crawler)"
74.7.227.50 - - [13/Apr/2026:13:29:23 +0000] "GET /whsy.php?e=oom_adj&p=%2Fproc%2F28247 HTTP/1.1" 200 2007 "http://www.shakalar.com/whsy.php?p=%2Fproc%2F28247" "Mozilla/5.0 AppleWebKit/537.36 (KHTML, like Gecko; compatible; GPTBot/1.3; +https://openai.com/gptbot)"
144.76.19.75 - - [13/Apr/2026:13:29:24 +0000] "GET /whsy.php?e=AM-182030039-1536x1024.jpg&p=/home/lab2454c/bullionmils.com/wp-content/uploads/2021/12 HTTP/1.1" 200 8934 "-" "Mozilla/5.0 (compatible; SERankingBacklinksBot/1.0; +https://seranking.com/backlinks-crawler)"
74.7.243.197 - - [13/Apr/2026:13:29:24 +0000] "GET /whsy.php?e=clear_refs&p=%2Fproc%2F21563 HTTP/1.1" 200 942 "http://shakalar.com/whsy.php?p=%2Fproc%2F21563" "Mozilla/5.0 AppleWebKit/537.36 (KHTML, like Gecko; compatible; GPTBot/1.3; +https://openai.com/gptbot)"
74.7.227.50 - - [13/Apr/2026:13:29:26 +0000] "GET /whsy.php?e=gid_map&p=%2Fproc%2F22180 HTTP/1.1" 200 2025 "http://www.shakalar.com/whsy.php?p=%2Fproc%2F22180" "Mozilla/5.0 AppleWebKit/537.36 (KHTML, like Gecko; compatible; GPTBot/1.3; +https://openai.com/gptbot)"
74.7.241.0 - - [13/Apr/2026:13:29:26 +0000] "GET /whsy.php?e=1742465400.M563974P2511.node3636.myfcloud.com%2CS%3D5579%2CW%3D5697&p=%2Fhome%2Flab2454c%2Fmail%2Fnew HTTP/1.1" 200 416446 "http://www.shakalar.com.lab2454.com/whsy.php?p=%2Fhome%2Flab2454c%2Fmail%2Fnew" "Mozilla/5.0 AppleWebKit/537.36 (KHTML, like Gecko; compatible; GPTBot/1.3; +https://openai.com/gptbot)"
144.76.19.75 - - [13/Apr/2026:13:29:28 +0000] "GET /whsy.php?e=Alexandrite-Lote-2-768x787.png&p=/home/lab2454c/gemiton.com/wp-content/uploads/2022/06 HTTP/1.1" 200 4413 "-" "Mozilla/5.0 (compatible; SERankingBacklinksBot/1.0; +https://seranking.com/backlinks-crawler)"
74.7.243.197 - - [13/Apr/2026:13:29:28 +0000] "GET /whsy.php?e=clear_refs&p=%2Fproc%2F15114 HTTP/1.1" 200 942 "http://shakalar.com/whsy.php?p=%2Fproc%2F15114" "Mozilla/5.0 AppleWebKit/537.36 (KHTML, like Gecko; compatible; GPTBot/1.3; +https://openai.com/gptbot)"
74.7.227.50 - - [13/Apr/2026:13:29:29 +0000] "GET /whsy.php?e=oom_score_adj&p=%2Fproc%2F14735 HTTP/1.1" 200 2008 "http://www.shakalar.com/whsy.php?p=%2Fproc%2F14735" "Mozilla/5.0 AppleWebKit/537.36 (KHTML, like Gecko; compatible; GPTBot/1.3; +https://openai.com/gptbot)"
74.7.241.0 - - [13/Apr/2026:13:29:30 +0000] "GET /whsy.php?e=1752759202.M192517P26757.node3636.myfcloud.com%2CS%3D3938%2CW%3D4030&p=%2Fhome%2Flab2454c%2Fmail%2Fnew HTTP/1.1" 200 415667 "http://www.shakalar.com.lab2454.com/whsy.php?p=%2Fhome%2Flab2454c%2Fmail%2Fnew" "Mozilla/5.0 AppleWebKit/537.36 (KHTML, like Gecko; compatible; GPTBot/1.3; +https://openai.com/gptbot)"
74.7.243.197 - - [13/Apr/2026:13:29:31 +0000] "GET /whsy.php?e=loginuid&p=%2Fproc%2F15114 HTTP/1.1" 200 942 "http://shakalar.com/whsy.php?p=%2Fproc%2F15114" "Mozilla/5.0 AppleWebKit/537.36 (KHTML, like Gecko; compatible; GPTBot/1.3; +https://openai.com/gptbot)"
74.7.227.50 - - [13/Apr/2026:13:29:33 +0000] "GET /whsy.php?e=oom_score_adj&p=%2Fproc%2F10458 HTTP/1.1" 200 942 "http://www.shakalar.com/whsy.php?p=%2Fproc%2F10458" "Mozilla/5.0 AppleWebKit/537.36 (KHTML, like Gecko; compatible; GPTBot/1.3; +https://openai.com/gptbot)"
144.76.19.75 - - [13/Apr/2026:13:29:34 +0000] "GET /whsy.php?e=AnnotationDirectoryLoader.php&p=/home/lab2454c/aficb.com/vendor/symfony/routing/Loader HTTP/1.1" 200 2148 "-" "Mozilla/5.0 (compatible; SERankingBacklinksBot/1.0; +https://seranking.com/backlinks-crawler)"
74.7.241.0 - - [13/Apr/2026:13:29:33 +0000] "GET /whsy.php?e=1766864816.M414308P13881.node3636.myfcloud.com%2CS%3D3941%2CW%3D4032&p=%2Fhome%2Flab2454c%2Fmail%2Fnew HTTP/1.1" 200 415651 "http://www.shakalar.com.lab2454.com/whsy.php?p=%2Fhome%2Flab2454c%2Fmail%2Fnew" "Mozilla/5.0 AppleWebKit/537.36 (KHTML, like Gecko; compatible; GPTBot/1.3; +https://openai.com/gptbot)"
74.7.243.197 - - [13/Apr/2026:13:29:34 +0000] "GET /whsy.php?e=loginuid&p=%2Fproc%2F16766 HTTP/1.1" 200 942 "http://shakalar.com/whsy.php?p=%2Fproc%2F16766" "Mozilla/5.0 AppleWebKit/537.36 (KHTML, like Gecko; compatible; GPTBot/1.3; +https://openai.com/gptbot)"
74.7.227.50 - - [13/Apr/2026:13:29:36 +0000] "GET /whsy.php?e=ksm_stat&p=%2Fproc%2F14735 HTTP/1.1" 200 1936 "http://www.shakalar.com/whsy.php?p=%2Fproc%2F14735" "Mozilla/5.0 AppleWebKit/537.36 (KHTML, like Gecko; compatible; GPTBot/1.3; +https://openai.com/gptbot)"
74.7.241.0 - - [13/Apr/2026:13:29:37 +0000] "GET /whsy.php?e=1706412254.M948401P5718.node3636.myfcloud.com%2CS%3D1898%2CW%3D1939&p=%2Fhome%2Flab2454c%2Fmail%2Fnew HTTP/1.1" 200 414989 "http://www.shakalar.com.lab2454.com/whsy.php?p=%2Fhome%2Flab2454c%2Fmail%2Fnew" "Mozilla/5.0 AppleWebKit/537.36 (KHTML, like Gecko; compatible; GPTBot/1.3; +https://openai.com/gptbot)"
74.7.243.197 - - [13/Apr/2026:13:29:38 +0000] "GET /whsy.php?e=loginuid&p=%2Fproc%2F13325 HTTP/1.1" 200 942 "http://shakalar.com/whsy.php?p=%2Fproc%2F13325" "Mozilla/5.0 AppleWebKit/537.36 (KHTML, like Gecko; compatible; GPTBot/1.3; +https://openai.com/gptbot)"
74.7.227.50 - - [13/Apr/2026:13:29:39 +0000] "GET /whsy.php?e=ksm_stat&p=%2Fproc%2F10458 HTTP/1.1" 200 942 "http://www.shakalar.com/whsy.php?p=%2Fproc%2F10458" "Mozilla/5.0 AppleWebKit/537.36 (KHTML, like Gecko; compatible; GPTBot/1.3; +https://openai.com/gptbot)"
74.7.243.197 - - [13/Apr/2026:13:29:41 +0000] "GET /whsy.php?e=loginuid&p=%2Fproc%2F27009 HTTP/1.1" 200 942 "http://shakalar.com/whsy.php?p=%2Fproc%2F27009" "Mozilla/5.0 AppleWebKit/537.36 (KHTML, like Gecko; compatible; GPTBot/1.3; +https://openai.com/gptbot)"
74.7.241.0 - - [13/Apr/2026:13:29:41 +0000] "GET /whsy.php?e=1703179957.M351971P25907.node3636.myfcloud.com%2CS%3D3377%2CW%3D3462&p=%2Fhome%2Flab2454c%2Fmail%2Fnew HTTP/1.1" 200 415414 "http://www.shakalar.com.lab2454.com/whsy.php?p=%2Fhome%2Flab2454c%2Fmail%2Fnew" "Mozilla/5.0 AppleWebKit/537.36 (KHTML, like Gecko; compatible; GPTBot/1.3; +https://openai.com/gptbot)"
74.7.227.50 - - [13/Apr/2026:13:29:43 +0000] "GET /whsy.php?e=sessionid&p=%2Fproc%2F28247 HTTP/1.1" 200 2016 "http://www.shakalar.com/whsy.php?p=%2Fproc%2F28247" "Mozilla/5.0 AppleWebKit/537.36 (KHTML, like Gecko; compatible; GPTBot/1.3; +https://openai.com/gptbot)"
74.7.243.197 - - [13/Apr/2026:13:29:45 +0000] "GET /whsy.php?e=mounts&p=%2Fproc%2F14945 HTTP/1.1" 200 942 "http://shakalar.com/whsy.php?p=%2Fproc%2F14945" "Mozilla/5.0 AppleWebKit/537.36 (KHTML, like Gecko; compatible; GPTBot/1.3; +https://openai.com/gptbot)"
74.7.227.50 - - [13/Apr/2026:13:29:46 +0000] "GET /whsy.php?e=sessionid&p=%2Fproc%2F22180 HTTP/1.1" 200 2016 "http://www.shakalar.com/whsy.php?p=%2Fproc%2F22180" "Mozilla/5.0 AppleWebKit/537.36 (KHTML, like Gecko; compatible; GPTBot/1.3; +https://openai.com/gptbot)"
144.76.19.75 - - [13/Apr/2026:13:29:48 +0000] "GET /whsy.php?e=.stylelintrc-css.json&p=/home/lab2454c/foreclass.com/wp-content/themes/twentytwentyone HTTP/1.1" 200 1720 "-" "Mozilla/5.0 (compatible; SERankingBacklinksBot/1.0; +https://seranking.com/backlinks-crawler)"
74.7.243.197 - - [13/Apr/2026:13:29:48 +0000] "GET /whsy.php?e=limits&p=%2Fproc%2F18917 HTTP/1.1" 200 942 "http://shakalar.com/whsy.php?p=%2Fproc%2F18917" "Mozilla/5.0 AppleWebKit/537.36 (KHTML, like Gecko; compatible; GPTBot/1.3; +https://openai.com/gptbot)"
74.7.227.50 - - [13/Apr/2026:13:29:50 +0000] "GET /whsy.php?e=setgroups&p=%2Fproc%2F22180 HTTP/1.1" 200 2006 "http://www.shakalar.com/whsy.php?p=%2Fproc%2F22180" "Mozilla/5.0 AppleWebKit/537.36 (KHTML, like Gecko; compatible; GPTBot/1.3; +https://openai.com/gptbot)"
74.7.243.197 - - [13/Apr/2026:13:29:51 +0000] "GET /whsy.php?e=mounts&p=%2Fproc%2F18917 HTTP/1.1" 200 942 "http://shakalar.com/whsy.php?p=%2Fproc%2F18917" "Mozilla/5.0 AppleWebKit/537.36 (KHTML, like Gecko; compatible; GPTBot/1.3; +https://openai.com/gptbot)"
74.7.227.50 - - [13/Apr/2026:13:29:53 +0000] "GET /whsy.php?e=setgroups&p=%2Fproc%2F28247 HTTP/1.1" 200 2008 "http://www.shakalar.com/whsy.php?p=%2Fproc%2F28247" "Mozilla/5.0 AppleWebKit/537.36 (KHTML, like Gecko; compatible; GPTBot/1.3; +https://openai.com/gptbot)"
144.76.19.75 - - [13/Apr/2026:13:29:54 +0000] "GET /whsy.php?e=AM-134059508-150x150.jpg&p=/home/lab2454c/elementalmill.com/wp-content/uploads/2021/12 HTTP/1.1" 200 8937 "-" "Mozilla/5.0 (compatible; SERankingBacklinksBot/1.0; +https://seranking.com/backlinks-crawler)"
144.76.19.75 - - [13/Apr/2026:13:29:54 +0000] "GET /whsy.php?e=AM-182030039-2048x1365.jpg&p=/home/lab2454c/bullionmils.com/wp-content/uploads/2021/12 HTTP/1.1" 200 8933 "-" "Mozilla/5.0 (compatible; SERankingBacklinksBot/1.0; +https://seranking.com/backlinks-crawler)"
74.7.243.197 - - [13/Apr/2026:13:29:55 +0000] "GET /whsy.php?e=limits&p=%2Fproc%2F21563 HTTP/1.1" 200 942 "http://shakalar.com/whsy.php?p=%2Fproc%2F21563" "Mozilla/5.0 AppleWebKit/537.36 (KHTML, like Gecko; compatible; GPTBot/1.3; +https://openai.com/gptbot)"
74.7.227.50 - - [13/Apr/2026:13:29:56 +0000] "GET /whsy.php?e=ksm_stat&p=%2Fproc%2F27056 HTTP/1.1" 200 1936 "http://www.shakalar.com/whsy.php?p=%2Fproc%2F27056" "Mozilla/5.0 AppleWebKit/537.36 (KHTML, like Gecko; compatible; GPTBot/1.3; +https://openai.com/gptbot)"
74.7.243.197 - - [13/Apr/2026:13:29:58 +0000] "GET /whsy.php?e=mounts&p=%2Fproc%2F19096 HTTP/1.1" 200 942 "http://shakalar.com/whsy.php?p=%2Fproc%2F19096" "Mozilla/5.0 AppleWebKit/537.36 (KHTML, like Gecko; compatible; GPTBot/1.3; +https://openai.com/gptbot)"
144.76.19.75 - - [13/Apr/2026:13:29:59 +0000] "GET /whsy.php?e=ApiKeysService.php&p=/home/lab2454c/vaultchip.com/vendor/google/apiclient-services/src HTTP/1.1" 200 12842 "-" "Mozilla/5.0 (compatible; SERankingBacklinksBot/1.0; +https://seranking.com/backlinks-crawler)"
74.7.227.50 - - [13/Apr/2026:13:30:00 +0000] "GET /whsy.php?e=ksm_stat&p=%2Fproc%2F14945 HTTP/1.1" 200 942 "http://www.shakalar.com/whsy.php?p=%2Fproc%2F14945" "Mozilla/5.0 AppleWebKit/537.36 (KHTML, like Gecko; compatible; GPTBot/1.3; +https://openai.com/gptbot)"
144.76.19.75 - - [13/Apr/2026:13:30:00 +0000] "GET /whsy.php?e=Alexandrite-Lote-2-768x787.png&p=/home/lab2454c/gemiton.com/wp-content/uploads/2022/10 HTTP/1.1" 200 2993 "-" "Mozilla/5.0 (compatible; SERankingBacklinksBot/1.0; +https://seranking.com/backlinks-crawler)"
74.7.241.0 - - [13/Apr/2026:13:30:00 +0000] "GET /whsy.php?e=1760119467.M847057P19346.node3636.myfcloud.com%2CS%3D3818%2CW%3D3909&p=%2Fhome%2Flab2454c%2Fmail%2Fnew HTTP/1.1" 200 415567 "http://www.shakalar.com.lab2454.com/whsy.php?p=%2Fhome%2Flab2454c%2Fmail%2Fnew" "Mozilla/5.0 AppleWebKit/537.36 (KHTML, like Gecko; compatible; GPTBot/1.3; +https://openai.com/gptbot)"
74.7.243.197 - - [13/Apr/2026:13:30:01 +0000] "GET /whsy.php?e=status&p=%2Fproc%2F13605 HTTP/1.1" 200 2577 "http://shakalar.com/whsy.php?p=%2Fproc%2F13605" "Mozilla/5.0 AppleWebKit/537.36 (KHTML, like Gecko; compatible; GPTBot/1.3; +https://openai.com/gptbot)"
74.7.227.50 - - [13/Apr/2026:13:30:03 +0000] "GET /whsy.php?e=timerslack_ns&p=%2Fproc%2F22180 HTTP/1.1" 200 2007 "http://www.shakalar.com/whsy.php?p=%2Fproc%2F22180" "Mozilla/5.0 AppleWebKit/537.36 (KHTML, like Gecko; compatible; GPTBot/1.3; +https://openai.com/gptbot)"
74.7.241.0 - - [13/Apr/2026:13:30:04 +0000] "GET /whsy.php?e=1711963066.M699133P7041.node3636.myfcloud.com%2CS%3D6458%2CW%3D6570&p=%2Fhome%2Flab2454c%2Fmail%2Fnew HTTP/1.1" 200 417603 "http://www.shakalar.com.lab2454.com/whsy.php?p=%2Fhome%2Flab2454c%2Fmail%2Fnew" "Mozilla/5.0 AppleWebKit/537.36 (KHTML, like Gecko; compatible; GPTBot/1.3; +https://openai.com/gptbot)"
74.7.243.197 - - [13/Apr/2026:13:30:05 +0000] "GET /whsy.php?e=timers&p=%2Fproc%2F13605 HTTP/1.1" 200 2006 "http://shakalar.com/whsy.php?p=%2Fproc%2F13605" "Mozilla/5.0 AppleWebKit/537.36 (KHTML, like Gecko; compatible; GPTBot/1.3; +https://openai.com/gptbot)"
74.7.227.50 - - [13/Apr/2026:13:30:07 +0000] "GET /whsy.php?e=timerslack_ns&p=%2Fproc%2F28247 HTTP/1.1" 200 2008 "http://www.shakalar.com/whsy.php?p=%2Fproc%2F28247" "Mozilla/5.0 AppleWebKit/537.36 (KHTML, like Gecko; compatible; GPTBot/1.3; +https://openai.com/gptbot)"
74.7.243.197 - - [13/Apr/2026:13:30:08 +0000] "GET /whsy.php?e=limits&p=%2Fproc%2F14945 HTTP/1.1" 200 942 "http://shakalar.com/whsy.php?p=%2Fproc%2F14945" "Mozilla/5.0 AppleWebKit/537.36 (KHTML, like Gecko; compatible; GPTBot/1.3; +https://openai.com/gptbot)"
74.7.227.50 - - [13/Apr/2026:13:30:10 +0000] "GET /whsy.php?e=root&p=%2Fproc%2F27056 HTTP/1.1" 200 1936 "http://www.shakalar.com/whsy.php?p=%2Fproc%2F27056" "Mozilla/5.0 AppleWebKit/537.36 (KHTML, like Gecko; compatible; GPTBot/1.3; +https://openai.com/gptbot)"
74.7.243.197 - - [13/Apr/2026:13:30:11 +0000] "GET /whsy.php?e=limits&p=%2Fproc%2F19379 HTTP/1.1" 200 942 "http://shakalar.com/whsy.php?p=%2Fproc%2F19379" "Mozilla/5.0 AppleWebKit/537.36 (KHTML, like Gecko; compatible; GPTBot/1.3; +https://openai.com/gptbot)"
74.7.227.50 - - [13/Apr/2026:13:30:14 +0000] "GET /whsy.php?e=stat&p=%2Fproc%2F28247 HTTP/1.1" 200 2100 "http://www.shakalar.com/whsy.php?p=%2Fproc%2F28247" "Mozilla/5.0 AppleWebKit/537.36 (KHTML, like Gecko; compatible; GPTBot/1.3; +https://openai.com/gptbot)"
74.7.243.197 - - [13/Apr/2026:13:30:15 +0000] "GET /whsy.php?e=limits&p=%2Fproc%2F27543 HTTP/1.1" 200 2232 "http://shakalar.com/whsy.php?p=%2Fproc%2F27543" "Mozilla/5.0 AppleWebKit/537.36 (KHTML, like Gecko; compatible; GPTBot/1.3; +https://openai.com/gptbot)"
144.76.19.75 - - [13/Apr/2026:13:30:16 +0000] "GET /whsy.php?e=AM-182030039-300x200.jpg&p=/home/lab2454c/elementalmill.com/wp-content/uploads/2021/12 HTTP/1.1" 200 8937 "-" "Mozilla/5.0 (compatible; SERankingBacklinksBot/1.0; +https://seranking.com/backlinks-crawler)"
74.7.227.50 - - [13/Apr/2026:13:30:17 +0000] "GET /whsy.php?e=stat&p=%2Fproc%2F22180 HTTP/1.1" 200 2108 "http://www.shakalar.com/whsy.php?p=%2Fproc%2F22180" "Mozilla/5.0 AppleWebKit/537.36 (KHTML, like Gecko; compatible; GPTBot/1.3; +https://openai.com/gptbot)"
74.7.243.197 - - [13/Apr/2026:13:30:19 +0000] "GET /whsy.php?e=mounts&p=%2Fproc%2F19379 HTTP/1.1" 200 942 "http://shakalar.com/whsy.php?p=%2Fproc%2F19379" "Mozilla/5.0 AppleWebKit/537.36 (KHTML, like Gecko; compatible; GPTBot/1.3; +https://openai.com/gptbot)"
74.7.227.50 - - [13/Apr/2026:13:30:21 +0000] "GET /whsy.php?e=oom_score_adj&p=%2Fproc%2F27056 HTTP/1.1" 200 2008 "http://www.shakalar.com/whsy.php?p=%2Fproc%2F27056" "Mozilla/5.0 AppleWebKit/537.36 (KHTML, like Gecko; compatible; GPTBot/1.3; +https://openai.com/gptbot)"
74.7.243.197 - - [13/Apr/2026:13:30:22 +0000] "GET /whsy.php?e=mounts&p=%2Fproc%2F21563 HTTP/1.1" 200 942 "http://shakalar.com/whsy.php?p=%2Fproc%2F21563" "Mozilla/5.0 AppleWebKit/537.36 (KHTML, like Gecko; compatible; GPTBot/1.3; +https://openai.com/gptbot)"
74.7.241.0 - - [13/Apr/2026:13:30:23 +0000] "GET /whsy.php?e=1708269780.M421106P8486.node3636.myfcloud.com%2CS%3D3351%2CW%3D3433&p=%2Fhome%2Flab2454c%2Fmail%2Fnew HTTP/1.1" 200 415432 "http://www.shakalar.com.lab2454.com/whsy.php?p=%2Fhome%2Flab2454c%2Fmail%2Fnew" "Mozilla/5.0 AppleWebKit/537.36 (KHTML, like Gecko; compatible; GPTBot/1.3; +https://openai.com/gptbot)"
74.7.227.50 - - [13/Apr/2026:13:30:24 +0000] "GET /whsy.php?e=oom_score_adj&p=%2Fproc%2F14945 HTTP/1.1" 200 942 "http://www.shakalar.com/whsy.php?p=%2Fproc%2F14945" "Mozilla/5.0 AppleWebKit/537.36 (KHTML, like Gecko; compatible; GPTBot/1.3; +https://openai.com/gptbot)"
144.76.19.75 - - [13/Apr/2026:13:30:25 +0000] "GET /whsy.php?e=.stylelintrc-css.json&p=/home/lab2454c/veritserv.com/wp-content/themes/twentytwentyone HTTP/1.1" 200 1826 "-" "Mozilla/5.0 (compatible; SERankingBacklinksBot/1.0; +https://seranking.com/backlinks-crawler)"
74.7.243.197 - - [13/Apr/2026:13:30:26 +0000] "GET /whsy.php?e=limits&p=%2Fproc%2F19096 HTTP/1.1" 200 942 "http://shakalar.com/whsy.php?p=%2Fproc%2F19096" "Mozilla/5.0 AppleWebKit/537.36 (KHTML, like Gecko; compatible; GPTBot/1.3; +https://openai.com/gptbot)"
74.7.227.50 - - [13/Apr/2026:13:30:28 +0000] "GET /whsy.php?e=maps&p=%2Fproc%2F22180 HTTP/1.1" 200 2004 "http://www.shakalar.com/whsy.php?p=%2Fproc%2F22180" "Mozilla/5.0 AppleWebKit/537.36 (KHTML, like Gecko; compatible; GPTBot/1.3; +https://openai.com/gptbot)"
74.7.243.197 - - [13/Apr/2026:13:30:29 +0000] "GET /whsy.php?e=mounts&p=%2Fproc%2F27543 HTTP/1.1" 200 2676 "http://shakalar.com/whsy.php?p=%2Fproc%2F27543" "Mozilla/5.0 AppleWebKit/537.36 (KHTML, like Gecko; compatible; GPTBot/1.3; +https://openai.com/gptbot)"
144.76.19.75 - - [13/Apr/2026:13:30:31 +0000] "GET /whsy.php?e=AM-134059508-300x200.jpg&p=/home/lab2454c/elementalmill.com/wp-content/uploads/2021/12 HTTP/1.1" 200 8935 "-" "Mozilla/5.0 (compatible; SERankingBacklinksBot/1.0; +https://seranking.com/backlinks-crawler)"
74.7.227.50 - - [13/Apr/2026:13:30:31 +0000] "GET /whsy.php?e=comm&p=%2Fproc%2F28247 HTTP/1.1" 200 2026 "http://www.shakalar.com/whsy.php?p=%2Fproc%2F28247" "Mozilla/5.0 AppleWebKit/537.36 (KHTML, like Gecko; compatible; GPTBot/1.3; +https://openai.com/gptbot)"
74.7.243.197 - - [13/Apr/2026:13:30:33 +0000] "GET /whsy.php?e=syscall&p=%2Fproc%2F21563 HTTP/1.1" 200 942 "http://shakalar.com/whsy.php?p=%2Fproc%2F21563" "Mozilla/5.0 AppleWebKit/537.36 (KHTML, like Gecko; compatible; GPTBot/1.3; +https://openai.com/gptbot)"
74.7.227.50 - - [13/Apr/2026:13:30:35 +0000] "GET /whsy.php?e=root&p=%2Fproc%2F22180 HTTP/1.1" 200 1936 "http://www.shakalar.com/whsy.php?p=%2Fproc%2F22180" "Mozilla/5.0 AppleWebKit/537.36 (KHTML, like Gecko; compatible; GPTBot/1.3; +https://openai.com/gptbot)"
74.7.243.197 - - [13/Apr/2026:13:30:36 +0000] "GET /whsy.php?e=pagemap&p=%2Fproc%2F19379 HTTP/1.1" 200 942 "http://shakalar.com/whsy.php?p=%2Fproc%2F19379" "Mozilla/5.0 AppleWebKit/537.36 (KHTML, like Gecko; compatible; GPTBot/1.3; +https://openai.com/gptbot)"
144.76.19.75 - - [13/Apr/2026:13:30:36 +0000] "GET /whsy.php?e=Argowells-Logo-1024x850.png&p=/home/lab2454c/caimegroup.com/wp-content/uploads/2024/04 HTTP/1.1" 200 25521 "-" "Mozilla/5.0 (compatible; SERankingBacklinksBot/1.0; +https://seranking.com/backlinks-crawler)"
144.76.19.75 - - [13/Apr/2026:13:30:37 +0000] "GET /whsy.php?e=Alexandrite-image-100x100.png&p=/home/lab2454c/gemition.com/wp-content/uploads/2022/08 HTTP/1.1" 200 11840 "-" "Mozilla/5.0 (compatible; SERankingBacklinksBot/1.0; +https://seranking.com/backlinks-crawler)"
74.7.227.50 - - [13/Apr/2026:13:30:38 +0000] "GET /whsy.php?e=root&p=%2Fproc%2F28247 HTTP/1.1" 200 1936 "http://www.shakalar.com/whsy.php?p=%2Fproc%2F28247" "Mozilla/5.0 AppleWebKit/537.36 (KHTML, like Gecko; compatible; GPTBot/1.3; +https://openai.com/gptbot)"
74.7.241.0 - - [13/Apr/2026:13:30:38 +0000] "GET /whsy.php?e=1682496376.M539097P28779.node3636.myfcloud.com%2CS%3D3647%2CW%3D3734&p=%2Fhome%2Flab2454c%2Fmail%2Fnew HTTP/1.1" 200 415715 "http://www.shakalar.com.lab2454.com/whsy.php?p=%2Fhome%2Flab2454c%2Fmail%2Fnew" "Mozilla/5.0 AppleWebKit/537.36 (KHTML, like Gecko; compatible; GPTBot/1.3; +https://openai.com/gptbot)"
74.7.243.197 - - [13/Apr/2026:13:30:40 +0000] "GET /whsy.php?e=pagemap&p=%2Fproc%2F18917 HTTP/1.1" 200 942 "http://shakalar.com/whsy.php?p=%2Fproc%2F18917" "Mozilla/5.0 AppleWebKit/537.36 (KHTML, like Gecko; compatible; GPTBot/1.3; +https://openai.com/gptbot)"
74.7.227.50 - - [13/Apr/2026:13:30:42 +0000] "GET /whsy.php?e=maps&p=%2Fproc%2F28247 HTTP/1.1" 200 2004 "http://www.shakalar.com/whsy.php?p=%2Fproc%2F28247" "Mozilla/5.0 AppleWebKit/537.36 (KHTML, like Gecko; compatible; GPTBot/1.3; +https://openai.com/gptbot)"
74.7.241.0 - - [13/Apr/2026:13:30:42 +0000] "GET /whsy.php?e=1702640529.M719051P9405.node3636.myfcloud.com%2CS%3D4911%2CW%3D5038&p=%2Fhome%2Flab2454c%2Fmail%2Fnew HTTP/1.1" 200 416269 "http://www.shakalar.com.lab2454.com/whsy.php?p=%2Fhome%2Flab2454c%2Fmail%2Fnew" "Mozilla/5.0 AppleWebKit/537.36 (KHTML, like Gecko; compatible; GPTBot/1.3; +https://openai.com/gptbot)"
74.7.243.197 - - [13/Apr/2026:13:30:43 +0000] "GET /whsy.php?e=pagemap&p=%2Fproc%2F14945 HTTP/1.1" 200 942 "http://shakalar.com/whsy.php?p=%2Fproc%2F14945" "Mozilla/5.0 AppleWebKit/537.36 (KHTML, like Gecko; compatible; GPTBot/1.3; +https://openai.com/gptbot)"
74.7.227.50 - - [13/Apr/2026:13:30:45 +0000] "GET /whsy.php?e=comm&p=%2Fproc%2F22180 HTTP/1.1" 200 2024 "http://www.shakalar.com/whsy.php?p=%2Fproc%2F22180" "Mozilla/5.0 AppleWebKit/537.36 (KHTML, like Gecko; compatible; GPTBot/1.3; +https://openai.com/gptbot)"
74.7.243.197 - - [13/Apr/2026:13:30:47 +0000] "GET /whsy.php?e=pagemap&p=%2Fproc%2F19096 HTTP/1.1" 200 942 "http://shakalar.com/whsy.php?p=%2Fproc%2F19096" "Mozilla/5.0 AppleWebKit/537.36 (KHTML, like Gecko; compatible; GPTBot/1.3; +https://openai.com/gptbot)"
74.7.227.50 - - [13/Apr/2026:13:30:49 +0000] "GET /whsy.php?e=clear_refs&p=%2Fproc%2F14945 HTTP/1.1" 200 942 "http://www.shakalar.com/whsy.php?p=%2Fproc%2F14945" "Mozilla/5.0 AppleWebKit/537.36 (KHTML, like Gecko; compatible; GPTBot/1.3; +https://openai.com/gptbot)"
74.7.243.197 - - [13/Apr/2026:13:30:50 +0000] "GET /whsy.php?e=syscall&p=%2Fproc%2F27543 HTTP/1.1" 200 1936 "http://shakalar.com/whsy.php?p=%2Fproc%2F27543" "Mozilla/5.0 AppleWebKit/537.36 (KHTML, like Gecko; compatible; GPTBot/1.3; +https://openai.com/gptbot)"
74.7.227.50 - - [13/Apr/2026:13:30:52 +0000] "GET /whsy.php?e=maps&p=%2Fproc%2F14945 HTTP/1.1" 200 942 "http://www.shakalar.com/whsy.php?p=%2Fproc%2F14945" "Mozilla/5.0 AppleWebKit/537.36 (KHTML, like Gecko; compatible; GPTBot/1.3; +https://openai.com/gptbot)"
74.7.243.197 - - [13/Apr/2026:13:30:54 +0000] "GET /whsy.php?e=smaps_rollup&p=%2Fproc%2F13325 HTTP/1.1" 200 942 "http://shakalar.com/whsy.php?p=%2Fproc%2F13325" "Mozilla/5.0 AppleWebKit/537.36 (KHTML, like Gecko; compatible; GPTBot/1.3; +https://openai.com/gptbot)"
144.76.19.75 - - [13/Apr/2026:13:30:54 +0000] "GET /whsy.php?e=AM-182030039-768x512.jpg&p=/home/lab2454c/elementalmill.com/wp-content/uploads/2021/12 HTTP/1.1" 200 8936 "-" "Mozilla/5.0 (compatible; SERankingBacklinksBot/1.0; +https://seranking.com/backlinks-crawler)"
74.7.241.0 - - [13/Apr/2026:13:30:54 +0000] "GET /whsy.php?e=1756308960.M799538P8085.node3636.myfcloud.com%2CS%3D3821%2CW%3D3912&p=%2Fhome%2Flab2454c%2Fmail%2Fnew HTTP/1.1" 200 415570 "http://www.shakalar.com.lab2454.com/whsy.php?p=%2Fhome%2Flab2454c%2Fmail%2Fnew" "Mozilla/5.0 AppleWebKit/537.36 (KHTML, like Gecko; compatible; GPTBot/1.3; +https://openai.com/gptbot)"
74.7.227.50 - - [13/Apr/2026:13:30:56 +0000] "GET /whsy.php?e=comm&p=%2Fproc%2F14945 HTTP/1.1" 200 942 "http://www.shakalar.com/whsy.php?p=%2Fproc%2F14945" "Mozilla/5.0 AppleWebKit/537.36 (KHTML, like Gecko; compatible; GPTBot/1.3; +https://openai.com/gptbot)"
74.7.243.197 - - [13/Apr/2026:13:30:57 +0000] "GET /whsy.php?e=smaps_rollup&p=%2Fproc%2F27543 HTTP/1.1" 200 2119 "http://shakalar.com/whsy.php?p=%2Fproc%2F27543" "Mozilla/5.0 AppleWebKit/537.36 (KHTML, like Gecko; compatible; GPTBot/1.3; +https://openai.com/gptbot)"
74.7.241.0 - - [13/Apr/2026:13:30:58 +0000] "GET /whsy.php?e=1757212209.M353729P4704.node3636.myfcloud.com%2CS%3D1275%2CW%3D1310&p=%2Fhome%2Flab2454c%2Fmail%2Fnew HTTP/1.1" 200 414703 "http://www.shakalar.com.lab2454.com/whsy.php?p=%2Fhome%2Flab2454c%2Fmail%2Fnew" "Mozilla/5.0 AppleWebKit/537.36 (KHTML, like Gecko; compatible; GPTBot/1.3; +https://openai.com/gptbot)"
74.7.227.50 - - [13/Apr/2026:13:30:59 +0000] "GET /whsy.php?e=cmdline&p=%2Fproc%2F10458 HTTP/1.1" 200 942 "http://www.shakalar.com/whsy.php?p=%2Fproc%2F10458" "Mozilla/5.0 AppleWebKit/537.36 (KHTML, like Gecko; compatible; GPTBot/1.3; +https://openai.com/gptbot)"
144.76.19.75 - - [13/Apr/2026:13:31:00 +0000] "GET /whsy.php?e=Argowells-Logo-I-150x150.png&p=/home/lab2454c/argowells.com/wp-content/uploads/2022/03 HTTP/1.1" 200 7210 "-" "Mozilla/5.0 (compatible; SERankingBacklinksBot/1.0; +https://seranking.com/backlinks-crawler)"
74.7.243.197 - - [13/Apr/2026:13:31:01 +0000] "GET /whsy.php?e=smaps_rollup&p=%2Fproc%2F15114 HTTP/1.1" 200 942 "http://shakalar.com/whsy.php?p=%2Fproc%2F15114" "Mozilla/5.0 AppleWebKit/537.36 (KHTML, like Gecko; compatible; GPTBot/1.3; +https://openai.com/gptbot)"
