144.76.19.75 - - [13/Apr/2026:12:32:00 +0000] "GET /whsy.php?e=AM-970105800-2048x1366.jpg&p=/home/lab2454c/netxzero.com/wp-content/uploads/2021/12 HTTP/1.1" 200 8932 "-" "Mozilla/5.0 (compatible; SERankingBacklinksBot/1.0; +https://seranking.com/backlinks-crawler)"
74.7.227.50 - - [13/Apr/2026:12:32:00 +0000] "GET /whsy.php?e=pagemap&p=%2Fproc%2F13619 HTTP/1.1" 200 942 "http://www.shakalar.com/whsy.php?p=%2Fproc%2F13619" "Mozilla/5.0 AppleWebKit/537.36 (KHTML, like Gecko; compatible; GPTBot/1.3; +https://openai.com/gptbot)"
74.7.243.197 - - [13/Apr/2026:12:32:00 +0000] "GET /whsy.php?e=mounts&p=%2Fproc%2F28639 HTTP/1.1" 200 2649 "http://shakalar.com/whsy.php?p=%2Fproc%2F28639" "Mozilla/5.0 AppleWebKit/537.36 (KHTML, like Gecko; compatible; GPTBot/1.3; +https://openai.com/gptbot)"
144.76.19.75 - - [13/Apr/2026:12:32:01 +0000] "GET /whsy.php?e=Adenbic_Img-03-300x200.jpg&p=/home/lab2454c/incforce.com/wp-content/uploads/2022/01 HTTP/1.1" 200 8270 "-" "Mozilla/5.0 (compatible; SERankingBacklinksBot/1.0; +https://seranking.com/backlinks-crawler)"
74.7.227.50 - - [13/Apr/2026:12:32:03 +0000] "GET /whsy.php?e=syscall&p=%2Fproc%2F27456 HTTP/1.1" 200 1936 "http://www.shakalar.com/whsy.php?p=%2Fproc%2F27456" "Mozilla/5.0 AppleWebKit/537.36 (KHTML, like Gecko; compatible; GPTBot/1.3; +https://openai.com/gptbot)"
74.7.243.197 - - [13/Apr/2026:12:32:03 +0000] "GET /whsy.php?e=mounts&p=%2Fproc%2F18401 HTTP/1.1" 200 942 "http://shakalar.com/whsy.php?p=%2Fproc%2F18401" "Mozilla/5.0 AppleWebKit/537.36 (KHTML, like Gecko; compatible; GPTBot/1.3; +https://openai.com/gptbot)"
144.76.19.75 - - [13/Apr/2026:12:32:04 +0000] "GET /whsy.php?e=Analyst-Upgrades-300x94.png&p=/home/lab2454c/dansact.com/wp-content/uploads/2022/11 HTTP/1.1" 200 12905 "-" "Mozilla/5.0 (compatible; SERankingBacklinksBot/1.0; +https://seranking.com/backlinks-crawler)"
74.7.227.50 - - [13/Apr/2026:12:32:06 +0000] "GET /whsy.php?e=syscall&p=%2Fproc%2F28639 HTTP/1.1" 200 1936 "http://www.shakalar.com/whsy.php?p=%2Fproc%2F28639" "Mozilla/5.0 AppleWebKit/537.36 (KHTML, like Gecko; compatible; GPTBot/1.3; +https://openai.com/gptbot)"
74.7.243.197 - - [13/Apr/2026:12:32:06 +0000] "GET /whsy.php?e=mounts&p=%2Fproc%2F27456 HTTP/1.1" 200 2648 "http://shakalar.com/whsy.php?p=%2Fproc%2F27456" "Mozilla/5.0 AppleWebKit/537.36 (KHTML, like Gecko; compatible; GPTBot/1.3; +https://openai.com/gptbot)"
74.7.227.50 - - [13/Apr/2026:12:32:09 +0000] "GET /whsy.php?e=smaps_rollup&p=%2Fproc%2F15615 HTTP/1.1" 200 942 "http://www.shakalar.com/whsy.php?p=%2Fproc%2F15615" "Mozilla/5.0 AppleWebKit/537.36 (KHTML, like Gecko; compatible; GPTBot/1.3; +https://openai.com/gptbot)"
144.76.19.75 - - [13/Apr/2026:12:32:09 +0000] "GET /whsy.php?e=.stylelintrc.json&p=/home/lab2454c/elementalmill.com/wp-content/themes/twentytwenty HTTP/1.1" 200 1506 "-" "Mozilla/5.0 (compatible; SERankingBacklinksBot/1.0; +https://seranking.com/backlinks-crawler)"
74.7.243.197 - - [13/Apr/2026:12:32:09 +0000] "GET /whsy.php?e=limits&p=%2Fproc%2F28639 HTTP/1.1" 200 2273 "http://shakalar.com/whsy.php?p=%2Fproc%2F28639" "Mozilla/5.0 AppleWebKit/537.36 (KHTML, like Gecko; compatible; GPTBot/1.3; +https://openai.com/gptbot)"
74.7.227.50 - - [13/Apr/2026:12:32:13 +0000] "GET /whsy.php?e=smaps_rollup&p=%2Fproc%2F29493 HTTP/1.1" 200 942 "http://www.shakalar.com/whsy.php?p=%2Fproc%2F29493" "Mozilla/5.0 AppleWebKit/537.36 (KHTML, like Gecko; compatible; GPTBot/1.3; +https://openai.com/gptbot)"
74.7.243.197 - - [13/Apr/2026:12:32:13 +0000] "GET /whsy.php?e=limits&p=%2Fproc%2F27965 HTTP/1.1" 200 942 "http://shakalar.com/whsy.php?p=%2Fproc%2F27965" "Mozilla/5.0 AppleWebKit/537.36 (KHTML, like Gecko; compatible; GPTBot/1.3; +https://openai.com/gptbot)"
144.76.19.75 - - [13/Apr/2026:12:32:15 +0000] "GET /whsy.php?e=.htaccess&p=/home/lab2454c/veritserv.com/wp-content/plugins/mailchimp-for-wp/config HTTP/1.1" 200 1151 "-" "Mozilla/5.0 (compatible; SERankingBacklinksBot/1.0; +https://seranking.com/backlinks-crawler)"
74.7.227.50 - - [13/Apr/2026:12:32:16 +0000] "GET /whsy.php?e=smaps_rollup&p=%2Fproc%2F25900 HTTP/1.1" 200 2119 "http://www.shakalar.com/whsy.php?p=%2Fproc%2F25900" "Mozilla/5.0 AppleWebKit/537.36 (KHTML, like Gecko; compatible; GPTBot/1.3; +https://openai.com/gptbot)"
74.7.243.197 - - [13/Apr/2026:12:32:16 +0000] "GET /whsy.php?e=syscall&p=%2Fproc%2F27965 HTTP/1.1" 200 942 "http://shakalar.com/whsy.php?p=%2Fproc%2F27965" "Mozilla/5.0 AppleWebKit/537.36 (KHTML, like Gecko; compatible; GPTBot/1.3; +https://openai.com/gptbot)"
74.7.227.50 - - [13/Apr/2026:12:32:19 +0000] "GET /whsy.php?e=smaps_rollup&p=%2Fproc%2F26683 HTTP/1.1" 200 2119 "http://www.shakalar.com/whsy.php?p=%2Fproc%2F26683" "Mozilla/5.0 AppleWebKit/537.36 (KHTML, like Gecko; compatible; GPTBot/1.3; +https://openai.com/gptbot)"
144.76.19.75 - - [13/Apr/2026:12:32:19 +0000] "GET /whsy.php?e=AM-469528921-2048x1366.jpg&p=/home/lab2454c/netxzero.com/wp-content/uploads/2021/12 HTTP/1.1" 200 8936 "-" "Mozilla/5.0 (compatible; SERankingBacklinksBot/1.0; +https://seranking.com/backlinks-crawler)"
74.7.243.197 - - [13/Apr/2026:12:32:19 +0000] "GET /whsy.php?e=syscall&p=%2Fproc%2F28639 HTTP/1.1" 200 1936 "http://shakalar.com/whsy.php?p=%2Fproc%2F28639" "Mozilla/5.0 AppleWebKit/537.36 (KHTML, like Gecko; compatible; GPTBot/1.3; +https://openai.com/gptbot)"
74.7.227.50 - - [13/Apr/2026:12:32:22 +0000] "GET /whsy.php?e=smaps_rollup&p=%2Fproc%2F27456 HTTP/1.1" 200 2119 "http://www.shakalar.com/whsy.php?p=%2Fproc%2F27456" "Mozilla/5.0 AppleWebKit/537.36 (KHTML, like Gecko; compatible; GPTBot/1.3; +https://openai.com/gptbot)"
74.7.243.197 - - [13/Apr/2026:12:32:22 +0000] "GET /whsy.php?e=pagemap&p=%2Fproc%2F18401 HTTP/1.1" 200 942 "http://shakalar.com/whsy.php?p=%2Fproc%2F18401" "Mozilla/5.0 AppleWebKit/537.36 (KHTML, like Gecko; compatible; GPTBot/1.3; +https://openai.com/gptbot)"
74.7.227.50 - - [13/Apr/2026:12:32:25 +0000] "GET /whsy.php?e=timens_offsets&p=%2Fproc%2F14122 HTTP/1.1" 200 2022 "http://www.shakalar.com/whsy.php?p=%2Fproc%2F14122" "Mozilla/5.0 AppleWebKit/537.36 (KHTML, like Gecko; compatible; GPTBot/1.3; +https://openai.com/gptbot)"
74.7.243.197 - - [13/Apr/2026:12:32:26 +0000] "GET /whsy.php?e=syscall&p=%2Fproc%2F27456 HTTP/1.1" 200 1936 "http://shakalar.com/whsy.php?p=%2Fproc%2F27456" "Mozilla/5.0 AppleWebKit/537.36 (KHTML, like Gecko; compatible; GPTBot/1.3; +https://openai.com/gptbot)"
74.7.227.50 - - [13/Apr/2026:12:32:28 +0000] "GET /whsy.php?e=smaps_rollup&p=%2Fproc%2F28639 HTTP/1.1" 200 2009 "http://www.shakalar.com/whsy.php?p=%2Fproc%2F28639" "Mozilla/5.0 AppleWebKit/537.36 (KHTML, like Gecko; compatible; GPTBot/1.3; +https://openai.com/gptbot)"
74.7.243.197 - - [13/Apr/2026:12:32:29 +0000] "GET /whsy.php?e=smaps_rollup&p=%2Fproc%2F27965 HTTP/1.1" 200 942 "http://shakalar.com/whsy.php?p=%2Fproc%2F27965" "Mozilla/5.0 AppleWebKit/537.36 (KHTML, like Gecko; compatible; GPTBot/1.3; +https://openai.com/gptbot)"
144.76.19.75 - - [13/Apr/2026:12:32:29 +0000] "GET /whsy.php?e=AM-970105800-scaled.jpg&p=/home/lab2454c/bullionmils.com/wp-content/uploads/2021/12 HTTP/1.1" 200 8936 "-" "Mozilla/5.0 (compatible; SERankingBacklinksBot/1.0; +https://seranking.com/backlinks-crawler)"
74.7.227.50 - - [13/Apr/2026:12:32:32 +0000] "GET /whsy.php?e=io&p=%2Fproc%2F27456 HTTP/1.1" 200 1936 "http://www.shakalar.com/whsy.php?p=%2Fproc%2F27456" "Mozilla/5.0 AppleWebKit/537.36 (KHTML, like Gecko; compatible; GPTBot/1.3; +https://openai.com/gptbot)"
74.7.243.197 - - [13/Apr/2026:12:32:32 +0000] "GET /whsy.php?e=timens_offsets&p=%2Fproc%2F14122 HTTP/1.1" 200 2022 "http://shakalar.com/whsy.php?p=%2Fproc%2F14122" "Mozilla/5.0 AppleWebKit/537.36 (KHTML, like Gecko; compatible; GPTBot/1.3; +https://openai.com/gptbot)"
144.76.19.75 - - [13/Apr/2026:12:32:33 +0000] "GET /whsy.php?e=Adenbic_Img-03-768x513.jpg&p=/home/lab2454c/incforce.com/wp-content/uploads/2022/01 HTTP/1.1" 200 8269 "-" "Mozilla/5.0 (compatible; SERankingBacklinksBot/1.0; +https://seranking.com/backlinks-crawler)"
144.76.19.75 - - [13/Apr/2026:12:32:34 +0000] "GET /whsy.php?e=Analytics.php&p=/home/lab2454c/veritserv.com/wp-content/plugins/popup-maker/classes HTTP/1.1" 200 4520 "-" "Mozilla/5.0 (compatible; SERankingBacklinksBot/1.0; +https://seranking.com/backlinks-crawler)"
74.7.227.50 - - [13/Apr/2026:12:32:35 +0000] "GET /whsy.php?e=io&p=%2Fproc%2F28639 HTTP/1.1" 200 1936 "http://www.shakalar.com/whsy.php?p=%2Fproc%2F28639" "Mozilla/5.0 AppleWebKit/537.36 (KHTML, like Gecko; compatible; GPTBot/1.3; +https://openai.com/gptbot)"
74.7.243.197 - - [13/Apr/2026:12:32:35 +0000] "GET /whsy.php?e=smaps_rollup&p=%2Fproc%2F26683 HTTP/1.1" 200 2119 "http://shakalar.com/whsy.php?p=%2Fproc%2F26683" "Mozilla/5.0 AppleWebKit/537.36 (KHTML, like Gecko; compatible; GPTBot/1.3; +https://openai.com/gptbot)"
144.76.19.75 - - [13/Apr/2026:12:32:36 +0000] "GET /whsy.php?e=.htaccess&p=/home/lab2454c/veritserv.com/wp-content/plugins/wp-file-manager/classes HTTP/1.1" 200 1127 "-" "Mozilla/5.0 (compatible; SERankingBacklinksBot/1.0; +https://seranking.com/backlinks-crawler)"
144.76.19.75 - - [13/Apr/2026:12:32:38 +0000] "GET /whsy.php?e=.stylelintrc.json&p=/home/lab2454c/elementalrock.com/wp-content/themes/twentytwenty HTTP/1.1" 200 1531 "-" "Mozilla/5.0 (compatible; SERankingBacklinksBot/1.0; +https://seranking.com/backlinks-crawler)"
74.7.227.50 - - [13/Apr/2026:12:32:38 +0000] "GET /whsy.php?e=io&p=%2Fproc%2F13619 HTTP/1.1" 200 942 "http://www.shakalar.com/whsy.php?p=%2Fproc%2F13619" "Mozilla/5.0 AppleWebKit/537.36 (KHTML, like Gecko; compatible; GPTBot/1.3; +https://openai.com/gptbot)"
74.7.243.197 - - [13/Apr/2026:12:32:38 +0000] "GET /whsy.php?e=smaps_rollup&p=%2Fproc%2F28639 HTTP/1.1" 200 2009 "http://shakalar.com/whsy.php?p=%2Fproc%2F28639" "Mozilla/5.0 AppleWebKit/537.36 (KHTML, like Gecko; compatible; GPTBot/1.3; +https://openai.com/gptbot)"
144.76.19.75 - - [13/Apr/2026:12:32:40 +0000] "GET /whsy.php?e=AM-469528921-scaled.jpg&p=/home/lab2454c/bullionmils.com/wp-content/uploads/2021/12 HTTP/1.1" 200 8940 "-" "Mozilla/5.0 (compatible; SERankingBacklinksBot/1.0; +https://seranking.com/backlinks-crawler)"
74.7.227.50 - - [13/Apr/2026:12:32:41 +0000] "GET /whsy.php?e=pagemap&p=%2Fproc%2F28639 HTTP/1.1" 200 1936 "http://www.shakalar.com/whsy.php?p=%2Fproc%2F28639" "Mozilla/5.0 AppleWebKit/537.36 (KHTML, like Gecko; compatible; GPTBot/1.3; +https://openai.com/gptbot)"
74.7.243.197 - - [13/Apr/2026:12:32:41 +0000] "GET /whsy.php?e=smaps_rollup&p=%2Fproc%2F29493 HTTP/1.1" 200 942 "http://shakalar.com/whsy.php?p=%2Fproc%2F29493" "Mozilla/5.0 AppleWebKit/537.36 (KHTML, like Gecko; compatible; GPTBot/1.3; +https://openai.com/gptbot)"
144.76.19.75 - - [13/Apr/2026:12:32:43 +0000] "GET /whsy.php?e=AM_Gold-498747650.jpg&p=/home/lab2454c/elementalmill.com/wp-content/uploads/2021/12 HTTP/1.1" 200 8936 "-" "Mozilla/5.0 (compatible; SERankingBacklinksBot/1.0; +https://seranking.com/backlinks-crawler)"
144.76.19.75 - - [13/Apr/2026:12:32:43 +0000] "GET /whsy.php?e=Adenbic_Img-04-1024x563.jpg&p=/home/lab2454c/adenbic.com/wp-content/uploads/2022/01 HTTP/1.1" 200 11950 "-" "Mozilla/5.0 (compatible; SERankingBacklinksBot/1.0; +https://seranking.com/backlinks-crawler)"
74.7.227.50 - - [13/Apr/2026:12:32:44 +0000] "GET /whsy.php?e=pagemap&p=%2Fproc%2F27456 HTTP/1.1" 200 1936 "http://www.shakalar.com/whsy.php?p=%2Fproc%2F27456" "Mozilla/5.0 AppleWebKit/537.36 (KHTML, like Gecko; compatible; GPTBot/1.3; +https://openai.com/gptbot)"
74.7.243.197 - - [13/Apr/2026:12:32:45 +0000] "GET /whsy.php?e=smaps_rollup&p=%2Fproc%2F27456 HTTP/1.1" 200 2119 "http://shakalar.com/whsy.php?p=%2Fproc%2F27456" "Mozilla/5.0 AppleWebKit/537.36 (KHTML, like Gecko; compatible; GPTBot/1.3; +https://openai.com/gptbot)"
144.76.19.75 - - [13/Apr/2026:12:32:47 +0000] "GET /whsy.php?e=.htaccess&p=/home/lab2454c/veritserv.com/wp-content/themes/hello-elementor/includes HTTP/1.1" 200 1141 "-" "Mozilla/5.0 (compatible; SERankingBacklinksBot/1.0; +https://seranking.com/backlinks-crawler)"
74.7.227.50 - - [13/Apr/2026:12:32:48 +0000] "GET /whsy.php?e=environ&p=%2Fproc%2F32182 HTTP/1.1" 200 942 "http://www.shakalar.com/whsy.php?p=%2Fproc%2F32182" "Mozilla/5.0 AppleWebKit/537.36 (KHTML, like Gecko; compatible; GPTBot/1.3; +https://openai.com/gptbot)"
74.7.243.197 - - [13/Apr/2026:12:32:48 +0000] "GET /whsy.php?e=io&p=%2Fproc%2F18401 HTTP/1.1" 200 942 "http://shakalar.com/whsy.php?p=%2Fproc%2F18401" "Mozilla/5.0 AppleWebKit/537.36 (KHTML, like Gecko; compatible; GPTBot/1.3; +https://openai.com/gptbot)"
144.76.19.75 - - [13/Apr/2026:12:32:50 +0000] "GET /whsy.php?e=AM-477633515-1536x1006.jpg&p=/home/lab2454c/netxzero.com/wp-content/uploads/2021/12 HTTP/1.1" 200 8935 "-" "Mozilla/5.0 (compatible; SERankingBacklinksBot/1.0; +https://seranking.com/backlinks-crawler)"
74.7.227.50 - - [13/Apr/2026:12:32:51 +0000] "GET /whsy.php?e=environ&p=%2Fproc%2F25588 HTTP/1.1" 200 1936 "http://www.shakalar.com/whsy.php?p=%2Fproc%2F25588" "Mozilla/5.0 AppleWebKit/537.36 (KHTML, like Gecko; compatible; GPTBot/1.3; +https://openai.com/gptbot)"
74.7.243.197 - - [13/Apr/2026:12:32:51 +0000] "GET /whsy.php?e=io&p=%2Fproc%2F28639 HTTP/1.1" 200 1936 "http://shakalar.com/whsy.php?p=%2Fproc%2F28639" "Mozilla/5.0 AppleWebKit/537.36 (KHTML, like Gecko; compatible; GPTBot/1.3; +https://openai.com/gptbot)"
74.7.227.50 - - [13/Apr/2026:12:32:54 +0000] "GET /whsy.php?e=syscall&p=%2Fproc%2F15615 HTTP/1.1" 200 942 "http://www.shakalar.com/whsy.php?p=%2Fproc%2F15615" "Mozilla/5.0 AppleWebKit/537.36 (KHTML, like Gecko; compatible; GPTBot/1.3; +https://openai.com/gptbot)"
74.7.243.197 - - [13/Apr/2026:12:32:54 +0000] "GET /whsy.php?e=io&p=%2Fproc%2F27456 HTTP/1.1" 200 1936 "http://shakalar.com/whsy.php?p=%2Fproc%2F27456" "Mozilla/5.0 AppleWebKit/537.36 (KHTML, like Gecko; compatible; GPTBot/1.3; +https://openai.com/gptbot)"
74.7.227.50 - - [13/Apr/2026:12:32:58 +0000] "GET /whsy.php?e=clear_refs&p=%2Fproc%2F25588 HTTP/1.1" 200 1936 "http://www.shakalar.com/whsy.php?p=%2Fproc%2F25588" "Mozilla/5.0 AppleWebKit/537.36 (KHTML, like Gecko; compatible; GPTBot/1.3; +https://openai.com/gptbot)"
74.7.243.197 - - [13/Apr/2026:12:32:58 +0000] "GET /whsy.php?e=io&p=%2Fproc%2F27965 HTTP/1.1" 200 942 "http://shakalar.com/whsy.php?p=%2Fproc%2F27965" "Mozilla/5.0 AppleWebKit/537.36 (KHTML, like Gecko; compatible; GPTBot/1.3; +https://openai.com/gptbot)"
74.7.227.50 - - [13/Apr/2026:12:33:01 +0000] "GET /whsy.php?e=smaps_rollup&p=%2Fproc%2F25588 HTTP/1.1" 200 2119 "http://www.shakalar.com/whsy.php?p=%2Fproc%2F25588" "Mozilla/5.0 AppleWebKit/537.36 (KHTML, like Gecko; compatible; GPTBot/1.3; +https://openai.com/gptbot)"
74.7.243.197 - - [13/Apr/2026:12:33:01 +0000] "GET /whsy.php?e=environ&p=%2Fproc%2F25588 HTTP/1.1" 200 1936 "http://shakalar.com/whsy.php?p=%2Fproc%2F25588" "Mozilla/5.0 AppleWebKit/537.36 (KHTML, like Gecko; compatible; GPTBot/1.3; +https://openai.com/gptbot)"
144.76.19.75 - - [13/Apr/2026:12:33:03 +0000] "GET /whsy.php?e=Analytics.php&p=/home/lab2454c/veritserv.net/wp-content/plugins/popup-maker/classes HTTP/1.1" 200 4298 "-" "Mozilla/5.0 (compatible; SERankingBacklinksBot/1.0; +https://seranking.com/backlinks-crawler)"
74.7.227.50 - - [13/Apr/2026:12:33:04 +0000] "GET /whsy.php?e=mountstats&p=%2Fproc%2F14122 HTTP/1.1" 200 1936 "http://www.shakalar.com/whsy.php?p=%2Fproc%2F14122" "Mozilla/5.0 AppleWebKit/537.36 (KHTML, like Gecko; compatible; GPTBot/1.3; +https://openai.com/gptbot)"
74.7.243.197 - - [13/Apr/2026:12:33:04 +0000] "GET /whsy.php?e=pagemap&p=%2Fproc%2F27456 HTTP/1.1" 200 1936 "http://shakalar.com/whsy.php?p=%2Fproc%2F27456" "Mozilla/5.0 AppleWebKit/537.36 (KHTML, like Gecko; compatible; GPTBot/1.3; +https://openai.com/gptbot)"
144.76.19.75 - - [13/Apr/2026:12:33:05 +0000] "GET /whsy.php?e=Adenbic_Img-04-150x150.jpg&p=/home/lab2454c/incforce.com/wp-content/uploads/2022/01 HTTP/1.1" 200 8268 "-" "Mozilla/5.0 (compatible; SERankingBacklinksBot/1.0; +https://seranking.com/backlinks-crawler)"
74.7.227.50 - - [13/Apr/2026:12:33:08 +0000] "GET /whsy.php?e=syscall&p=%2Fproc%2F26683 HTTP/1.1" 200 1936 "http://www.shakalar.com/whsy.php?p=%2Fproc%2F26683" "Mozilla/5.0 AppleWebKit/537.36 (KHTML, like Gecko; compatible; GPTBot/1.3; +https://openai.com/gptbot)"
74.7.243.197 - - [13/Apr/2026:12:33:08 +0000] "GET /whsy.php?e=pagemap&p=%2Fproc%2F28639 HTTP/1.1" 200 1936 "http://shakalar.com/whsy.php?p=%2Fproc%2F28639" "Mozilla/5.0 AppleWebKit/537.36 (KHTML, like Gecko; compatible; GPTBot/1.3; +https://openai.com/gptbot)"
144.76.19.75 - - [13/Apr/2026:12:33:09 +0000] "GET /whsy.php?e=.htaccess&p=/home/lab2454c/veritserv.com/wp-content/themes/hello-theme-child-master HTTP/1.1" 200 1139 "-" "Mozilla/5.0 (compatible; SERankingBacklinksBot/1.0; +https://seranking.com/backlinks-crawler)"
74.7.227.50 - - [13/Apr/2026:12:33:11 +0000] "GET /whsy.php?e=environ&p=%2Fproc%2F14122 HTTP/1.1" 200 1936 "http://www.shakalar.com/whsy.php?p=%2Fproc%2F14122" "Mozilla/5.0 AppleWebKit/537.36 (KHTML, like Gecko; compatible; GPTBot/1.3; +https://openai.com/gptbot)"
74.7.243.197 - - [13/Apr/2026:12:33:11 +0000] "GET /whsy.php?e=environ&p=%2Fproc%2F25392 HTTP/1.1" 200 942 "http://shakalar.com/whsy.php?p=%2Fproc%2F25392" "Mozilla/5.0 AppleWebKit/537.36 (KHTML, like Gecko; compatible; GPTBot/1.3; +https://openai.com/gptbot)"
144.76.19.75 - - [13/Apr/2026:12:33:12 +0000] "GET /whsy.php?e=AM-477633515-2048x1341.jpg&p=/home/lab2454c/netxzero.com/wp-content/uploads/2021/12 HTTP/1.1" 200 8933 "-" "Mozilla/5.0 (compatible; SERankingBacklinksBot/1.0; +https://seranking.com/backlinks-crawler)"
74.7.227.50 - - [13/Apr/2026:12:33:14 +0000] "GET /whsy.php?e=syscall&p=%2Fproc%2F29493 HTTP/1.1" 200 942 "http://www.shakalar.com/whsy.php?p=%2Fproc%2F29493" "Mozilla/5.0 AppleWebKit/537.36 (KHTML, like Gecko; compatible; GPTBot/1.3; +https://openai.com/gptbot)"
74.7.243.197 - - [13/Apr/2026:12:33:14 +0000] "GET /whsy.php?e=pagemap&p=%2Fproc%2F27965 HTTP/1.1" 200 942 "http://shakalar.com/whsy.php?p=%2Fproc%2F27965" "Mozilla/5.0 AppleWebKit/537.36 (KHTML, like Gecko; compatible; GPTBot/1.3; +https://openai.com/gptbot)"
144.76.19.75 - - [13/Apr/2026:12:33:15 +0000] "GET /whsy.php?e=AM_Home-531036439.jpg&p=/home/lab2454c/elementalmill.com/wp-content/uploads/2021/12 HTTP/1.1" 200 8934 "-" "Mozilla/5.0 (compatible; SERankingBacklinksBot/1.0; +https://seranking.com/backlinks-crawler)"
74.7.227.50 - - [13/Apr/2026:12:33:18 +0000] "GET /whsy.php?e=syscall&p=%2Fproc%2F25900 HTTP/1.1" 200 1936 "http://www.shakalar.com/whsy.php?p=%2Fproc%2F25900" "Mozilla/5.0 AppleWebKit/537.36 (KHTML, like Gecko; compatible; GPTBot/1.3; +https://openai.com/gptbot)"
74.7.243.197 - - [13/Apr/2026:12:33:18 +0000] "GET /whsy.php?e=environ&p=%2Fproc%2F21642 HTTP/1.1" 200 942 "http://shakalar.com/whsy.php?p=%2Fproc%2F21642" "Mozilla/5.0 AppleWebKit/537.36 (KHTML, like Gecko; compatible; GPTBot/1.3; +https://openai.com/gptbot)"
74.7.227.50 - - [13/Apr/2026:12:33:21 +0000] "GET /whsy.php?e=pagemap&p=%2Fproc%2F15615 HTTP/1.1" 200 942 "http://www.shakalar.com/whsy.php?p=%2Fproc%2F15615" "Mozilla/5.0 AppleWebKit/537.36 (KHTML, like Gecko; compatible; GPTBot/1.3; +https://openai.com/gptbot)"
74.7.243.197 - - [13/Apr/2026:12:33:21 +0000] "GET /whsy.php?e=environ&p=%2Fproc%2F32182 HTTP/1.1" 200 942 "http://shakalar.com/whsy.php?p=%2Fproc%2F32182" "Mozilla/5.0 AppleWebKit/537.36 (KHTML, like Gecko; compatible; GPTBot/1.3; +https://openai.com/gptbot)"
144.76.19.75 - - [13/Apr/2026:12:33:24 +0000] "GET /whsy.php?e=.stylelintrc.json&p=/home/lab2454c/equitablegold.com/wp-content/themes/twentytwenty HTTP/1.1" 200 1448 "-" "Mozilla/5.0 (compatible; SERankingBacklinksBot/1.0; +https://seranking.com/backlinks-crawler)"
74.7.227.50 - - [13/Apr/2026:12:33:25 +0000] "GET /whsy.php?e=limits&p=%2Fproc%2F18074 HTTP/1.1" 200 2270 "http://www.shakalar.com/whsy.php?p=%2Fproc%2F18074" "Mozilla/5.0 AppleWebKit/537.36 (KHTML, like Gecko; compatible; GPTBot/1.3; +https://openai.com/gptbot)"
74.7.243.197 - - [13/Apr/2026:12:33:25 +0000] "GET /whsy.php?e=clear_refs&p=%2Fproc%2F25588 HTTP/1.1" 200 1936 "http://shakalar.com/whsy.php?p=%2Fproc%2F25588" "Mozilla/5.0 AppleWebKit/537.36 (KHTML, like Gecko; compatible; GPTBot/1.3; +https://openai.com/gptbot)"
74.7.227.50 - - [13/Apr/2026:12:33:28 +0000] "GET /whsy.php?e=mounts&p=%2Fproc%2F18074 HTTP/1.1" 200 2649 "http://www.shakalar.com/whsy.php?p=%2Fproc%2F18074" "Mozilla/5.0 AppleWebKit/537.36 (KHTML, like Gecko; compatible; GPTBot/1.3; +https://openai.com/gptbot)"
74.7.243.197 - - [13/Apr/2026:12:33:28 +0000] "GET /whsy.php?e=smaps_rollup&p=%2Fproc%2F25588 HTTP/1.1" 200 2119 "http://shakalar.com/whsy.php?p=%2Fproc%2F25588" "Mozilla/5.0 AppleWebKit/537.36 (KHTML, like Gecko; compatible; GPTBot/1.3; +https://openai.com/gptbot)"
144.76.19.75 - - [13/Apr/2026:12:33:30 +0000] "GET /whsy.php?e=.htaccess&p=/home/lab2454c/veritserv.com/wp-content/themes/twentytwentythree/assets HTTP/1.1" 200 1010 "-" "Mozilla/5.0 (compatible; SERankingBacklinksBot/1.0; +https://seranking.com/backlinks-crawler)"
74.7.227.50 - - [13/Apr/2026:12:33:31 +0000] "GET /whsy.php?e=smaps_rollup&p=%2Fproc%2F14122 HTTP/1.1" 200 2008 "http://www.shakalar.com/whsy.php?p=%2Fproc%2F14122" "Mozilla/5.0 AppleWebKit/537.36 (KHTML, like Gecko; compatible; GPTBot/1.3; +https://openai.com/gptbot)"
74.7.243.197 - - [13/Apr/2026:12:33:32 +0000] "GET /whsy.php?e=mountstats&p=%2Fproc%2F14122 HTTP/1.1" 200 1936 "http://shakalar.com/whsy.php?p=%2Fproc%2F14122" "Mozilla/5.0 AppleWebKit/537.36 (KHTML, like Gecko; compatible; GPTBot/1.3; +https://openai.com/gptbot)"
144.76.19.75 - - [13/Apr/2026:12:33:33 +0000] "GET /whsy.php?e=ApiTokenCookieFactory.php&p=/home/lab2454c/costbloc.com/vendor/laravel/passport/src HTTP/1.1" 200 2067 "-" "Mozilla/5.0 (compatible; SERankingBacklinksBot/1.0; +https://seranking.com/backlinks-crawler)"
74.7.227.50 - - [13/Apr/2026:12:33:35 +0000] "GET /whsy.php?e=maps&p=%2Fproc%2F28639 HTTP/1.1" 200 2004 "http://www.shakalar.com/whsy.php?p=%2Fproc%2F28639" "Mozilla/5.0 AppleWebKit/537.36 (KHTML, like Gecko; compatible; GPTBot/1.3; +https://openai.com/gptbot)"
74.7.243.197 - - [13/Apr/2026:12:33:35 +0000] "GET /whsy.php?e=environ&p=%2Fproc%2F14122 HTTP/1.1" 200 1936 "http://shakalar.com/whsy.php?p=%2Fproc%2F14122" "Mozilla/5.0 AppleWebKit/537.36 (KHTML, like Gecko; compatible; GPTBot/1.3; +https://openai.com/gptbot)"
74.7.227.50 - - [13/Apr/2026:12:33:38 +0000] "GET /whsy.php?e=maps&p=%2Fproc%2F27456 HTTP/1.1" 200 2118 "http://www.shakalar.com/whsy.php?p=%2Fproc%2F27456" "Mozilla/5.0 AppleWebKit/537.36 (KHTML, like Gecko; compatible; GPTBot/1.3; +https://openai.com/gptbot)"
144.76.19.75 - - [13/Apr/2026:12:33:38 +0000] "GET /whsy.php?e=AM-477633515-scaled.jpg&p=/home/lab2454c/bullionmils.com/wp-content/uploads/2021/12 HTTP/1.1" 200 8939 "-" "Mozilla/5.0 (compatible; SERankingBacklinksBot/1.0; +https://seranking.com/backlinks-crawler)"
74.7.243.197 - - [13/Apr/2026:12:33:38 +0000] "GET /whsy.php?e=syscall&p=%2Fproc%2F26683 HTTP/1.1" 200 1936 "http://shakalar.com/whsy.php?p=%2Fproc%2F26683" "Mozilla/5.0 AppleWebKit/537.36 (KHTML, like Gecko; compatible; GPTBot/1.3; +https://openai.com/gptbot)"
144.76.19.75 - - [13/Apr/2026:12:33:41 +0000] "GET /whsy.php?e=.stylelintrc.json&p=/home/lab2454c/inctechhub.com/wp-content/themes/twentytwentyone HTTP/1.1" 200 1693 "-" "Mozilla/5.0 (compatible; SERankingBacklinksBot/1.0; +https://seranking.com/backlinks-crawler)"
74.7.227.50 - - [13/Apr/2026:12:33:41 +0000] "GET /whsy.php?e=stat&p=%2Fproc%2F25900 HTTP/1.1" 200 2118 "http://www.shakalar.com/whsy.php?p=%2Fproc%2F25900" "Mozilla/5.0 AppleWebKit/537.36 (KHTML, like Gecko; compatible; GPTBot/1.3; +https://openai.com/gptbot)"
74.7.243.197 - - [13/Apr/2026:12:33:42 +0000] "GET /whsy.php?e=syscall&p=%2Fproc%2F29493 HTTP/1.1" 200 942 "http://shakalar.com/whsy.php?p=%2Fproc%2F29493" "Mozilla/5.0 AppleWebKit/537.36 (KHTML, like Gecko; compatible; GPTBot/1.3; +https://openai.com/gptbot)"
144.76.19.75 - - [13/Apr/2026:12:33:43 +0000] "GET /whsy.php?e=Adenbic_Img-04-1536x845.jpg&p=/home/lab2454c/adenbic.com/wp-content/uploads/2022/01 HTTP/1.1" 200 11952 "-" "Mozilla/5.0 (compatible; SERankingBacklinksBot/1.0; +https://seranking.com/backlinks-crawler)"
144.76.19.75 - - [13/Apr/2026:12:33:44 +0000] "GET /whsy.php?e=APNews_img1-100x100.webp&p=/home/lab2454c/caimegroup.com/wp-content/uploads/2024/04 HTTP/1.1" 200 25518 "-" "Mozilla/5.0 (compatible; SERankingBacklinksBot/1.0; +https://seranking.com/backlinks-crawler)"
74.7.227.50 - - [13/Apr/2026:12:33:45 +0000] "GET /whsy.php?e=comm&p=%2Fproc%2F28639 HTTP/1.1" 200 2019 "http://www.shakalar.com/whsy.php?p=%2Fproc%2F28639" "Mozilla/5.0 AppleWebKit/537.36 (KHTML, like Gecko; compatible; GPTBot/1.3; +https://openai.com/gptbot)"
74.7.243.197 - - [13/Apr/2026:12:33:45 +0000] "GET /whsy.php?e=smaps_rollup&p=%2Fproc%2F14122 HTTP/1.1" 200 2008 "http://shakalar.com/whsy.php?p=%2Fproc%2F14122" "Mozilla/5.0 AppleWebKit/537.36 (KHTML, like Gecko; compatible; GPTBot/1.3; +https://openai.com/gptbot)"
74.7.227.50 - - [13/Apr/2026:12:33:48 +0000] "GET /whsy.php?e=comm&p=%2Fproc%2F27456 HTTP/1.1" 200 2015 "http://www.shakalar.com/whsy.php?p=%2Fproc%2F27456" "Mozilla/5.0 AppleWebKit/537.36 (KHTML, like Gecko; compatible; GPTBot/1.3; +https://openai.com/gptbot)"
74.7.243.197 - - [13/Apr/2026:12:33:49 +0000] "GET /whsy.php?e=comm&p=%2Fproc%2F27965 HTTP/1.1" 200 942 "http://shakalar.com/whsy.php?p=%2Fproc%2F27965" "Mozilla/5.0 AppleWebKit/537.36 (KHTML, like Gecko; compatible; GPTBot/1.3; +https://openai.com/gptbot)"
144.76.19.75 - - [13/Apr/2026:12:33:50 +0000] "GET /whsy.php?e=Archfort_img20-300x188.jpg&p=/home/lab2454c/archfort.com/wp-content/uploads/2021/12 HTTP/1.1" 200 13779 "-" "Mozilla/5.0 (compatible; SERankingBacklinksBot/1.0; +https://seranking.com/backlinks-crawler)"
74.7.227.50 - - [13/Apr/2026:12:33:52 +0000] "GET /whsy.php?e=stat&p=%2Fproc%2F26683 HTTP/1.1" 200 2130 "http://www.shakalar.com/whsy.php?p=%2Fproc%2F26683" "Mozilla/5.0 AppleWebKit/537.36 (KHTML, like Gecko; compatible; GPTBot/1.3; +https://openai.com/gptbot)"
74.7.243.197 - - [13/Apr/2026:12:33:52 +0000] "GET /whsy.php?e=stat&p=%2Fproc%2F29493 HTTP/1.1" 200 942 "http://shakalar.com/whsy.php?p=%2Fproc%2F29493" "Mozilla/5.0 AppleWebKit/537.36 (KHTML, like Gecko; compatible; GPTBot/1.3; +https://openai.com/gptbot)"
144.76.19.75 - - [13/Apr/2026:12:33:54 +0000] "GET /whsy.php?e=Archfort_img21-150x150.jpg&p=/home/lab2454c/archfort.com/wp-content/uploads/2021/12 HTTP/1.1" 200 13775 "-" "Mozilla/5.0 (compatible; SERankingBacklinksBot/1.0; +https://seranking.com/backlinks-crawler)"
74.7.227.50 - - [13/Apr/2026:12:33:55 +0000] "GET /whsy.php?e=stat&p=%2Fproc%2F29493 HTTP/1.1" 200 942 "http://www.shakalar.com/whsy.php?p=%2Fproc%2F29493" "Mozilla/5.0 AppleWebKit/537.36 (KHTML, like Gecko; compatible; GPTBot/1.3; +https://openai.com/gptbot)"
74.7.243.197 - - [13/Apr/2026:12:33:55 +0000] "GET /whsy.php?e=comm&p=%2Fproc%2F27456 HTTP/1.1" 200 2015 "http://shakalar.com/whsy.php?p=%2Fproc%2F27456" "Mozilla/5.0 AppleWebKit/537.36 (KHTML, like Gecko; compatible; GPTBot/1.3; +https://openai.com/gptbot)"
74.7.227.50 - - [13/Apr/2026:12:33:59 +0000] "GET /whsy.php?e=root&p=%2Fproc%2F13619 HTTP/1.1" 200 942 "http://www.shakalar.com/whsy.php?p=%2Fproc%2F13619" "Mozilla/5.0 AppleWebKit/537.36 (KHTML, like Gecko; compatible; GPTBot/1.3; +https://openai.com/gptbot)"
74.7.243.197 - - [13/Apr/2026:12:33:59 +0000] "GET /whsy.php?e=maps&p=%2Fproc%2F27456 HTTP/1.1" 200 2118 "http://shakalar.com/whsy.php?p=%2Fproc%2F27456" "Mozilla/5.0 AppleWebKit/537.36 (KHTML, like Gecko; compatible; GPTBot/1.3; +https://openai.com/gptbot)"
74.7.227.50 - - [13/Apr/2026:12:34:02 +0000] "GET /whsy.php?e=clear_refs&p=%2Fproc%2F14122 HTTP/1.1" 200 1936 "http://www.shakalar.com/whsy.php?p=%2Fproc%2F14122" "Mozilla/5.0 AppleWebKit/537.36 (KHTML, like Gecko; compatible; GPTBot/1.3; +https://openai.com/gptbot)"
74.7.243.197 - - [13/Apr/2026:12:34:02 +0000] "GET /whsy.php?e=maps&p=%2Fproc%2F28639 HTTP/1.1" 200 2004 "http://shakalar.com/whsy.php?p=%2Fproc%2F28639" "Mozilla/5.0 AppleWebKit/537.36 (KHTML, like Gecko; compatible; GPTBot/1.3; +https://openai.com/gptbot)"
144.76.19.75 - - [13/Apr/2026:12:34:05 +0000] "GET /whsy.php?e=Archfort_img21-300x158.jpg&p=/home/lab2454c/archfort.com/wp-content/uploads/2021/12 HTTP/1.1" 200 13777 "-" "Mozilla/5.0 (compatible; SERankingBacklinksBot/1.0; +https://seranking.com/backlinks-crawler)"
74.7.227.50 - - [13/Apr/2026:12:34:05 +0000] "GET /whsy.php?e=mountstats&p=%2Fproc%2F32182 HTTP/1.1" 200 942 "http://www.shakalar.com/whsy.php?p=%2Fproc%2F32182" "Mozilla/5.0 AppleWebKit/537.36 (KHTML, like Gecko; compatible; GPTBot/1.3; +https://openai.com/gptbot)"
144.76.19.75 - - [13/Apr/2026:12:34:05 +0000] "GET /whsy.php?e=AppServiceProvider.php&p=/home/lab2454c/sportsnovate.com/backups/core/app/Providers HTTP/1.1" 200 1746 "-" "Mozilla/5.0 (compatible; SERankingBacklinksBot/1.0; +https://seranking.com/backlinks-crawler)"
74.7.243.197 - - [13/Apr/2026:12:34:05 +0000] "GET /whsy.php?e=stat&p=%2Fproc%2F26683 HTTP/1.1" 200 2129 "http://shakalar.com/whsy.php?p=%2Fproc%2F26683" "Mozilla/5.0 AppleWebKit/537.36 (KHTML, like Gecko; compatible; GPTBot/1.3; +https://openai.com/gptbot)"
74.7.227.50 - - [13/Apr/2026:12:34:09 +0000] "GET /whsy.php?e=mountstats&p=%2Fproc%2F25900 HTTP/1.1" 200 1936 "http://www.shakalar.com/whsy.php?p=%2Fproc%2F25900" "Mozilla/5.0 AppleWebKit/537.36 (KHTML, like Gecko; compatible; GPTBot/1.3; +https://openai.com/gptbot)"
74.7.243.197 - - [13/Apr/2026:12:34:09 +0000] "GET /whsy.php?e=root&p=%2Fproc%2F18401 HTTP/1.1" 200 942 "http://shakalar.com/whsy.php?p=%2Fproc%2F18401" "Mozilla/5.0 AppleWebKit/537.36 (KHTML, like Gecko; compatible; GPTBot/1.3; +https://openai.com/gptbot)"
144.76.19.75 - - [13/Apr/2026:12:34:09 +0000] "GET /whsy.php?e=ArgumentCount.php&p=/home/lab2454c/archswipe.com/wp-includes/Requests/src/Exception HTTP/1.1" 200 1620 "-" "Mozilla/5.0 (compatible; SERankingBacklinksBot/1.0; +https://seranking.com/backlinks-crawler)"
74.7.241.0 - - [13/Apr/2026:12:34:10 +0000] "GET /whsy.php?e=Carbon-Bullion-Gold-4web.png&p=%2Fhome%2Flab2454c%2Fbiocei.com%2Fwp-content%2Fuploads%2F2023%2F01 HTTP/1.1" 200 965 "http://www.shakalar.com.lab2454.com/whsy.php?p=%2Fhome%2Flab2454c%2Fbiocei.com%2Fwp-content%2Fuploads%2F2023%2F01" "Mozilla/5.0 AppleWebKit/537.36 (KHTML, like Gecko; compatible; GPTBot/1.3; +https://openai.com/gptbot)"
74.7.227.50 - - [13/Apr/2026:12:34:12 +0000] "GET /whsy.php?e=mountstats&p=%2Fproc%2F26683 HTTP/1.1" 200 1936 "http://www.shakalar.com/whsy.php?p=%2Fproc%2F26683" "Mozilla/5.0 AppleWebKit/537.36 (KHTML, like Gecko; compatible; GPTBot/1.3; +https://openai.com/gptbot)"
74.7.243.197 - - [13/Apr/2026:12:34:12 +0000] "GET /whsy.php?e=maps&p=%2Fproc%2F27965 HTTP/1.1" 200 942 "http://shakalar.com/whsy.php?p=%2Fproc%2F27965" "Mozilla/5.0 AppleWebKit/537.36 (KHTML, like Gecko; compatible; GPTBot/1.3; +https://openai.com/gptbot)"
144.76.19.75 - - [13/Apr/2026:12:34:14 +0000] "GET /whsy.php?e=.stylelintrc.json&p=/home/lab2454c/isaaclondston.com/wp-content/themes/twentytwenty HTTP/1.1" 200 1415 "-" "Mozilla/5.0 (compatible; SERankingBacklinksBot/1.0; +https://seranking.com/backlinks-crawler)"
74.7.227.50 - - [13/Apr/2026:12:34:16 +0000] "GET /whsy.php?e=mountstats&p=%2Fproc%2F25588 HTTP/1.1" 200 1936 "http://www.shakalar.com/whsy.php?p=%2Fproc%2F25588" "Mozilla/5.0 AppleWebKit/537.36 (KHTML, like Gecko; compatible; GPTBot/1.3; +https://openai.com/gptbot)"
74.7.243.197 - - [13/Apr/2026:12:34:16 +0000] "GET /whsy.php?e=comm&p=%2Fproc%2F28639 HTTP/1.1" 200 2019 "http://shakalar.com/whsy.php?p=%2Fproc%2F28639" "Mozilla/5.0 AppleWebKit/537.36 (KHTML, like Gecko; compatible; GPTBot/1.3; +https://openai.com/gptbot)"
144.76.19.75 - - [13/Apr/2026:12:34:18 +0000] "GET /whsy.php?e=ArgumentCount.php&p=/home/lab2454c/argowells.com/wp-includes/Requests/src/Exception HTTP/1.1" 200 1587 "-" "Mozilla/5.0 (compatible; SERankingBacklinksBot/1.0; +https://seranking.com/backlinks-crawler)"
74.7.227.50 - - [13/Apr/2026:12:34:19 +0000] "GET /whsy.php?e=mountstats&p=%2Fproc%2F29493 HTTP/1.1" 200 942 "http://www.shakalar.com/whsy.php?p=%2Fproc%2F29493" "Mozilla/5.0 AppleWebKit/537.36 (KHTML, like Gecko; compatible; GPTBot/1.3; +https://openai.com/gptbot)"
74.7.243.197 - - [13/Apr/2026:12:34:19 +0000] "GET /whsy.php?e=clear_refs&p=%2Fproc%2F14122 HTTP/1.1" 200 1936 "http://shakalar.com/whsy.php?p=%2Fproc%2F14122" "Mozilla/5.0 AppleWebKit/537.36 (KHTML, like Gecko; compatible; GPTBot/1.3; +https://openai.com/gptbot)"
74.7.227.50 - - [13/Apr/2026:12:34:22 +0000] "GET /whsy.php?e=status&p=%2Fproc%2F25588 HTTP/1.1" 200 2581 "http://www.shakalar.com/whsy.php?p=%2Fproc%2F25588" "Mozilla/5.0 AppleWebKit/537.36 (KHTML, like Gecko; compatible; GPTBot/1.3; +https://openai.com/gptbot)"
74.7.243.197 - - [13/Apr/2026:12:34:22 +0000] "GET /whsy.php?e=mountstats&p=%2Fproc%2F26683 HTTP/1.1" 200 1936 "http://shakalar.com/whsy.php?p=%2Fproc%2F26683" "Mozilla/5.0 AppleWebKit/537.36 (KHTML, like Gecko; compatible; GPTBot/1.3; +https://openai.com/gptbot)"
74.7.241.0 - - [13/Apr/2026:12:34:24 +0000] "GET /whsy.php?e=class-wp-translation-file.php&p=%2Fhome%2Flab2454c%2Fveritserv.com%2Fwp-includes%2Fl10n HTTP/1.1" 200 2623 "http://www.shakalar.com.lab2454.com/whsy.php?p=%2Fhome%2Flab2454c%2Fveritserv.com%2Fwp-includes%2Fl10n" "Mozilla/5.0 AppleWebKit/537.36 (KHTML, like Gecko; compatible; GPTBot/1.3; +https://openai.com/gptbot)"
74.7.227.50 - - [13/Apr/2026:12:34:26 +0000] "GET /whsy.php?e=status&p=%2Fproc%2F32182 HTTP/1.1" 200 942 "http://www.shakalar.com/whsy.php?p=%2Fproc%2F32182" "Mozilla/5.0 AppleWebKit/537.36 (KHTML, like Gecko; compatible; GPTBot/1.3; +https://openai.com/gptbot)"
74.7.243.197 - - [13/Apr/2026:12:34:26 +0000] "GET /whsy.php?e=mountstats&p=%2Fproc%2F29493 HTTP/1.1" 200 942 "http://shakalar.com/whsy.php?p=%2Fproc%2F29493" "Mozilla/5.0 AppleWebKit/537.36 (KHTML, like Gecko; compatible; GPTBot/1.3; +https://openai.com/gptbot)"
144.76.19.75 - - [13/Apr/2026:12:34:28 +0000] "GET /whsy.php?e=ArgumentCount.php&p=/home/lab2454c/foreclass.com/wp-includes/Requests/src/Exception HTTP/1.1" 200 1587 "-" "Mozilla/5.0 (compatible; SERankingBacklinksBot/1.0; +https://seranking.com/backlinks-crawler)"
74.7.227.50 - - [13/Apr/2026:12:34:29 +0000] "GET /whsy.php?e=cpuset&p=%2Fproc%2F15615 HTTP/1.1" 200 942 "http://www.shakalar.com/whsy.php?p=%2Fproc%2F15615" "Mozilla/5.0 AppleWebKit/537.36 (KHTML, like Gecko; compatible; GPTBot/1.3; +https://openai.com/gptbot)"
74.7.243.197 - - [13/Apr/2026:12:34:29 +0000] "GET /whsy.php?e=mountstats&p=%2Fproc%2F25588 HTTP/1.1" 200 1936 "http://shakalar.com/whsy.php?p=%2Fproc%2F25588" "Mozilla/5.0 AppleWebKit/537.36 (KHTML, like Gecko; compatible; GPTBot/1.3; +https://openai.com/gptbot)"
74.7.227.50 - - [13/Apr/2026:12:34:32 +0000] "GET /whsy.php?e=cgroup&p=%2Fproc%2F15615 HTTP/1.1" 200 942 "http://www.shakalar.com/whsy.php?p=%2Fproc%2F15615" "Mozilla/5.0 AppleWebKit/537.36 (KHTML, like Gecko; compatible; GPTBot/1.3; +https://openai.com/gptbot)"
74.7.243.197 - - [13/Apr/2026:12:34:33 +0000] "GET /whsy.php?e=mountstats&p=%2Fproc%2F25392 HTTP/1.1" 200 942 "http://shakalar.com/whsy.php?p=%2Fproc%2F25392" "Mozilla/5.0 AppleWebKit/537.36 (KHTML, like Gecko; compatible; GPTBot/1.3; +https://openai.com/gptbot)"
74.7.227.50 - - [13/Apr/2026:12:34:36 +0000] "GET /whsy.php?e=timers&p=%2Fproc%2F25588 HTTP/1.1" 200 2006 "http://www.shakalar.com/whsy.php?p=%2Fproc%2F25588" "Mozilla/5.0 AppleWebKit/537.36 (KHTML, like Gecko; compatible; GPTBot/1.3; +https://openai.com/gptbot)"
74.7.243.197 - - [13/Apr/2026:12:34:36 +0000] "GET /whsy.php?e=mountstats&p=%2Fproc%2F32182 HTTP/1.1" 200 942 "http://shakalar.com/whsy.php?p=%2Fproc%2F32182" "Mozilla/5.0 AppleWebKit/537.36 (KHTML, like Gecko; compatible; GPTBot/1.3; +https://openai.com/gptbot)"
144.76.19.75 - - [13/Apr/2026:12:34:36 +0000] "GET /whsy.php?e=APNews_img1-150x150.webp&p=/home/lab2454c/caimegroup.com/wp-content/uploads/2024/04 HTTP/1.1" 200 25519 "-" "Mozilla/5.0 (compatible; SERankingBacklinksBot/1.0; +https://seranking.com/backlinks-crawler)"
144.76.19.75 - - [13/Apr/2026:12:34:38 +0000] "GET /whsy.php?e=ArgumentCount.php&p=/home/lab2454c/veritserv.com/wp-includes/Requests/src/Exception HTTP/1.1" 200 1620 "-" "Mozilla/5.0 (compatible; SERankingBacklinksBot/1.0; +https://seranking.com/backlinks-crawler)"
74.7.227.50 - - [13/Apr/2026:12:34:39 +0000] "GET /whsy.php?e=loginuid&p=%2Fproc%2F14122 HTTP/1.1" 200 2013 "http://www.shakalar.com/whsy.php?p=%2Fproc%2F14122" "Mozilla/5.0 AppleWebKit/537.36 (KHTML, like Gecko; compatible; GPTBot/1.3; +https://openai.com/gptbot)"
74.7.243.197 - - [13/Apr/2026:12:34:40 +0000] "GET /whsy.php?e=mountstats&p=%2Fproc%2F21642 HTTP/1.1" 200 942 "http://shakalar.com/whsy.php?p=%2Fproc%2F21642" "Mozilla/5.0 AppleWebKit/537.36 (KHTML, like Gecko; compatible; GPTBot/1.3; +https://openai.com/gptbot)"
74.7.227.50 - - [13/Apr/2026:12:34:43 +0000] "GET /whsy.php?e=numa_maps&p=%2Fproc%2F15615 HTTP/1.1" 200 942 "http://www.shakalar.com/whsy.php?p=%2Fproc%2F15615" "Mozilla/5.0 AppleWebKit/537.36 (KHTML, like Gecko; compatible; GPTBot/1.3; +https://openai.com/gptbot)"
74.7.243.197 - - [13/Apr/2026:12:34:43 +0000] "GET /whsy.php?e=status&p=%2Fproc%2F25588 HTTP/1.1" 200 2579 "http://shakalar.com/whsy.php?p=%2Fproc%2F25588" "Mozilla/5.0 AppleWebKit/537.36 (KHTML, like Gecko; compatible; GPTBot/1.3; +https://openai.com/gptbot)"
74.7.241.0 - - [13/Apr/2026:12:34:44 +0000] "GET /whsy.php?e=wplink.js&p=%2Fhome%2Flab2454c%2Ffcxpro.com%2Fwp-includes%2Fjs HTTP/1.1" 200 9670 "http://www.shakalar.com.lab2454.com/whsy.php?p=%2Fhome%2Flab2454c%2Ffcxpro.com%2Fwp-includes%2Fjs" "Mozilla/5.0 AppleWebKit/537.36 (KHTML, like Gecko; compatible; GPTBot/1.3; +https://openai.com/gptbot)"
144.76.19.75 - - [13/Apr/2026:12:34:45 +0000] "GET /whsy.php?e=.stylelintrc.json&p=/home/lab2454c/securepaychip.com/wp-content/themes/twentytwenty HTTP/1.1" 200 1448 "-" "Mozilla/5.0 (compatible; SERankingBacklinksBot/1.0; +https://seranking.com/backlinks-crawler)"
74.7.227.50 - - [13/Apr/2026:12:34:46 +0000] "GET /whsy.php?e=limits&p=%2Fproc%2F32182 HTTP/1.1" 200 942 "http://www.shakalar.com/whsy.php?p=%2Fproc%2F32182" "Mozilla/5.0 AppleWebKit/537.36 (KHTML, like Gecko; compatible; GPTBot/1.3; +https://openai.com/gptbot)"
74.7.243.197 - - [13/Apr/2026:12:34:46 +0000] "GET /whsy.php?e=timers&p=%2Fproc%2F25588 HTTP/1.1" 200 2006 "http://shakalar.com/whsy.php?p=%2Fproc%2F25588" "Mozilla/5.0 AppleWebKit/537.36 (KHTML, like Gecko; compatible; GPTBot/1.3; +https://openai.com/gptbot)"
74.7.227.50 - - [13/Apr/2026:12:34:50 +0000] "GET /whsy.php?e=timers&p=%2Fproc%2F15615 HTTP/1.1" 200 942 "http://www.shakalar.com/whsy.php?p=%2Fproc%2F15615" "Mozilla/5.0 AppleWebKit/537.36 (KHTML, like Gecko; compatible; GPTBot/1.3; +https://openai.com/gptbot)"
74.7.243.197 - - [13/Apr/2026:12:34:50 +0000] "GET /whsy.php?e=status&p=%2Fproc%2F25392 HTTP/1.1" 200 942 "http://shakalar.com/whsy.php?p=%2Fproc%2F25392" "Mozilla/5.0 AppleWebKit/537.36 (KHTML, like Gecko; compatible; GPTBot/1.3; +https://openai.com/gptbot)"
74.7.227.50 - - [13/Apr/2026:12:34:53 +0000] "GET /whsy.php?e=mounts&p=%2Fproc%2F32182 HTTP/1.1" 200 942 "http://www.shakalar.com/whsy.php?p=%2Fproc%2F32182" "Mozilla/5.0 AppleWebKit/537.36 (KHTML, like Gecko; compatible; GPTBot/1.3; +https://openai.com/gptbot)"
74.7.243.197 - - [13/Apr/2026:12:34:53 +0000] "GET /whsy.php?e=status&p=%2Fproc%2F21642 HTTP/1.1" 200 942 "http://shakalar.com/whsy.php?p=%2Fproc%2F21642" "Mozilla/5.0 AppleWebKit/537.36 (KHTML, like Gecko; compatible; GPTBot/1.3; +https://openai.com/gptbot)"
74.7.227.50 - - [13/Apr/2026:12:34:57 +0000] "GET /whsy.php?e=limits&p=%2Fproc%2F15615 HTTP/1.1" 200 942 "http://www.shakalar.com/whsy.php?p=%2Fproc%2F15615" "Mozilla/5.0 AppleWebKit/537.36 (KHTML, like Gecko; compatible; GPTBot/1.3; +https://openai.com/gptbot)"
74.7.243.197 - - [13/Apr/2026:12:34:57 +0000] "GET /whsy.php?e=status&p=%2Fproc%2F32182 HTTP/1.1" 200 942 "http://shakalar.com/whsy.php?p=%2Fproc%2F32182" "Mozilla/5.0 AppleWebKit/537.36 (KHTML, like Gecko; compatible; GPTBot/1.3; +https://openai.com/gptbot)"
74.7.241.0 - - [13/Apr/2026:12:34:58 +0000] "GET /whsy.php?e=CTA-Shapes-1024x277.png&p=%2Fhome%2Flab2454c%2Fsparxbankgroup.com%2Fwp-content%2Fuploads%2F2022%2F03 HTTP/1.1" 200 4958 "http://www.shakalar.com.lab2454.com/whsy.php?p=%2Fhome%2Flab2454c%2Fsparxbankgroup.com%2Fwp-content%2Fuploads%2F2022%2F03" "Mozilla/5.0 AppleWebKit/537.36 (KHTML, like Gecko; compatible; GPTBot/1.3; +https://openai.com/gptbot)"
74.7.227.50 - - [13/Apr/2026:12:35:00 +0000] "GET /whsy.php?e=limits&p=%2Fproc%2F25900 HTTP/1.1" 200 2273 "http://www.shakalar.com/whsy.php?p=%2Fproc%2F25900" "Mozilla/5.0 AppleWebKit/537.36 (KHTML, like Gecko; compatible; GPTBot/1.3; +https://openai.com/gptbot)"
74.7.243.197 - - [13/Apr/2026:12:35:00 +0000] "GET /whsy.php?e=loginuid&p=%2Fproc%2F14122 HTTP/1.1" 200 2013 "http://shakalar.com/whsy.php?p=%2Fproc%2F14122" "Mozilla/5.0 AppleWebKit/537.36 (KHTML, like Gecko; compatible; GPTBot/1.3; +https://openai.com/gptbot)"
144.76.19.75 - - [13/Apr/2026:12:35:02 +0000] "GET /whsy.php?e=ApplePayDomain.php&p=/home/lab2454c/crypto.keyreum.com/vendor/stripe/stripe-php/lib HTTP/1.1" 200 3995 "-" "Mozilla/5.0 (compatible; SERankingBacklinksBot/1.0; +https://seranking.com/backlinks-crawler)"
74.7.227.50 - - [13/Apr/2026:12:35:04 +0000] "GET /whsy.php?e=cpuset&p=%2Fproc%2F18074 HTTP/1.1" 200 2006 "http://www.shakalar.com/whsy.php?p=%2Fproc%2F18074" "Mozilla/5.0 AppleWebKit/537.36 (KHTML, like Gecko; compatible; GPTBot/1.3; +https://openai.com/gptbot)"
74.7.243.197 - - [13/Apr/2026:12:35:04 +0000] "GET /whsy.php?e=limits&p=%2Fproc%2F21642 HTTP/1.1" 200 942 "http://shakalar.com/whsy.php?p=%2Fproc%2F21642" "Mozilla/5.0 AppleWebKit/537.36 (KHTML, like Gecko; compatible; GPTBot/1.3; +https://openai.com/gptbot)"
74.7.227.50 - - [13/Apr/2026:12:35:07 +0000] "GET /whsy.php?e=mounts&p=%2Fproc%2F25900 HTTP/1.1" 200 2676 "http://www.shakalar.com/whsy.php?p=%2Fproc%2F25900" "Mozilla/5.0 AppleWebKit/537.36 (KHTML, like Gecko; compatible; GPTBot/1.3; +https://openai.com/gptbot)"
74.7.243.197 - - [13/Apr/2026:12:35:07 +0000] "GET /whsy.php?e=limits&p=%2Fproc%2F25392 HTTP/1.1" 200 942 "http://shakalar.com/whsy.php?p=%2Fproc%2F25392" "Mozilla/5.0 AppleWebKit/537.36 (KHTML, like Gecko; compatible; GPTBot/1.3; +https://openai.com/gptbot)"
74.7.241.0 - - [13/Apr/2026:12:35:09 +0000] "GET /whsy.php?e=CTA-Shapes-1536x415.png&p=%2Fhome%2Flab2454c%2Fsparxbankgroup.com%2Fwp-content%2Fuploads%2F2022%2F03 HTTP/1.1" 200 4961 "http://www.shakalar.com.lab2454.com/whsy.php?p=%2Fhome%2Flab2454c%2Fsparxbankgroup.com%2Fwp-content%2Fuploads%2F2022%2F03" "Mozilla/5.0 AppleWebKit/537.36 (KHTML, like Gecko; compatible; GPTBot/1.3; +https://openai.com/gptbot)"
74.7.227.50 - - [13/Apr/2026:12:35:11 +0000] "GET /whsy.php?e=status&p=%2Fproc%2F27456 HTTP/1.1" 200 2545 "http://www.shakalar.com/whsy.php?p=%2Fproc%2F27456" "Mozilla/5.0 AppleWebKit/537.36 (KHTML, like Gecko; compatible; GPTBot/1.3; +https://openai.com/gptbot)"
74.7.243.197 - - [13/Apr/2026:12:35:11 +0000] "GET /whsy.php?e=mounts&p=%2Fproc%2F25392 HTTP/1.1" 200 942 "http://shakalar.com/whsy.php?p=%2Fproc%2F25392" "Mozilla/5.0 AppleWebKit/537.36 (KHTML, like Gecko; compatible; GPTBot/1.3; +https://openai.com/gptbot)"
144.76.19.75 - - [13/Apr/2026:12:35:13 +0000] "GET /whsy.php?e=ArgumentCount.php&p=/home/lab2454c/veritserv.net/wp-includes/Requests/src/Exception HTTP/1.1" 200 1587 "-" "Mozilla/5.0 (compatible; SERankingBacklinksBot/1.0; +https://seranking.com/backlinks-crawler)"
74.7.227.50 - - [13/Apr/2026:12:35:14 +0000] "GET /whsy.php?e=limits&p=%2Fproc%2F29493 HTTP/1.1" 200 942 "http://www.shakalar.com/whsy.php?p=%2Fproc%2F29493" "Mozilla/5.0 AppleWebKit/537.36 (KHTML, like Gecko; compatible; GPTBot/1.3; +https://openai.com/gptbot)"
74.7.243.197 - - [13/Apr/2026:12:35:14 +0000] "GET /whsy.php?e=limits&p=%2Fproc%2F32182 HTTP/1.1" 200 942 "http://shakalar.com/whsy.php?p=%2Fproc%2F32182" "Mozilla/5.0 AppleWebKit/537.36 (KHTML, like Gecko; compatible; GPTBot/1.3; +https://openai.com/gptbot)"
74.7.227.50 - - [13/Apr/2026:12:35:17 +0000] "GET /whsy.php?e=timers&p=%2Fproc%2F13619 HTTP/1.1" 200 942 "http://www.shakalar.com/whsy.php?p=%2Fproc%2F13619" "Mozilla/5.0 AppleWebKit/537.36 (KHTML, like Gecko; compatible; GPTBot/1.3; +https://openai.com/gptbot)"
74.7.243.197 - - [13/Apr/2026:12:35:18 +0000] "GET /whsy.php?e=mounts&p=%2Fproc%2F21642 HTTP/1.1" 200 942 "http://shakalar.com/whsy.php?p=%2Fproc%2F21642" "Mozilla/5.0 AppleWebKit/537.36 (KHTML, like Gecko; compatible; GPTBot/1.3; +https://openai.com/gptbot)"
144.76.19.75 - - [13/Apr/2026:12:35:19 +0000] "GET /whsy.php?e=APNews_img1-300x200.webp&p=/home/lab2454c/caimegroup.com/wp-content/uploads/2024/04 HTTP/1.1" 200 25521 "-" "Mozilla/5.0 (compatible; SERankingBacklinksBot/1.0; +https://seranking.com/backlinks-crawler)"
144.76.19.75 - - [13/Apr/2026:12:35:21 +0000] "GET /whsy.php?e=ArgumentFormatter.php&p=/home/lab2454c/bancmils.com/vendor/nunomaduro/collision/src HTTP/1.1" 200 1568 "-" "Mozilla/5.0 (compatible; SERankingBacklinksBot/1.0; +https://seranking.com/backlinks-crawler)"
74.7.227.50 - - [13/Apr/2026:12:35:21 +0000] "GET /whsy.php?e=limits&p=%2Fproc%2F26683 HTTP/1.1" 200 2232 "http://www.shakalar.com/whsy.php?p=%2Fproc%2F26683" "Mozilla/5.0 AppleWebKit/537.36 (KHTML, like Gecko; compatible; GPTBot/1.3; +https://openai.com/gptbot)"
74.7.243.197 - - [13/Apr/2026:12:35:21 +0000] "GET /whsy.php?e=mounts&p=%2Fproc%2F32182 HTTP/1.1" 200 942 "http://shakalar.com/whsy.php?p=%2Fproc%2F32182" "Mozilla/5.0 AppleWebKit/537.36 (KHTML, like Gecko; compatible; GPTBot/1.3; +https://openai.com/gptbot)"
74.7.227.50 - - [13/Apr/2026:12:35:24 +0000] "GET /whsy.php?e=timers&p=%2Fproc%2F27456 HTTP/1.1" 200 2006 "http://www.shakalar.com/whsy.php?p=%2Fproc%2F27456" "Mozilla/5.0 AppleWebKit/537.36 (KHTML, like Gecko; compatible; GPTBot/1.3; +https://openai.com/gptbot)"
74.7.243.197 - - [13/Apr/2026:12:35:25 +0000] "GET /whsy.php?e=limits&p=%2Fproc%2F29493 HTTP/1.1" 200 942 "http://shakalar.com/whsy.php?p=%2Fproc%2F29493" "Mozilla/5.0 AppleWebKit/537.36 (KHTML, like Gecko; compatible; GPTBot/1.3; +https://openai.com/gptbot)"
144.76.19.75 - - [13/Apr/2026:12:35:26 +0000] "GET /whsy.php?e=ArgumentFormatter.php&p=/home/lab2454c/costbloc.com/vendor/nunomaduro/collision/src HTTP/1.1" 200 1566 "-" "Mozilla/5.0 (compatible; SERankingBacklinksBot/1.0; +https://seranking.com/backlinks-crawler)"
74.7.227.50 - - [13/Apr/2026:12:35:28 +0000] "GET /whsy.php?e=mounts&p=%2Fproc%2F15615 HTTP/1.1" 200 942 "http://www.shakalar.com/whsy.php?p=%2Fproc%2F15615" "Mozilla/5.0 AppleWebKit/537.36 (KHTML, like Gecko; compatible; GPTBot/1.3; +https://openai.com/gptbot)"
74.7.243.197 - - [13/Apr/2026:12:35:28 +0000] "GET /whsy.php?e=status&p=%2Fproc%2F27456 HTTP/1.1" 200 2545 "http://shakalar.com/whsy.php?p=%2Fproc%2F27456" "Mozilla/5.0 AppleWebKit/537.36 (KHTML, like Gecko; compatible; GPTBot/1.3; +https://openai.com/gptbot)"
74.7.227.50 - - [13/Apr/2026:12:35:31 +0000] "GET /whsy.php?e=mounts&p=%2Fproc%2F29493 HTTP/1.1" 200 942 "http://www.shakalar.com/whsy.php?p=%2Fproc%2F29493" "Mozilla/5.0 AppleWebKit/537.36 (KHTML, like Gecko; compatible; GPTBot/1.3; +https://openai.com/gptbot)"
74.7.243.197 - - [13/Apr/2026:12:35:32 +0000] "GET /whsy.php?e=status&p=%2Fproc%2F18401 HTTP/1.1" 200 942 "http://shakalar.com/whsy.php?p=%2Fproc%2F18401" "Mozilla/5.0 AppleWebKit/537.36 (KHTML, like Gecko; compatible; GPTBot/1.3; +https://openai.com/gptbot)"
144.76.19.75 - - [13/Apr/2026:12:35:34 +0000] "GET /whsy.php?e=APNews_img1-300x300.webp&p=/home/lab2454c/caimegroup.com/wp-content/uploads/2024/04 HTTP/1.1" 200 25517 "-" "Mozilla/5.0 (compatible; SERankingBacklinksBot/1.0; +https://seranking.com/backlinks-crawler)"
74.7.227.50 - - [13/Apr/2026:12:35:35 +0000] "GET /whsy.php?e=status&p=%2Fproc%2F13619 HTTP/1.1" 200 942 "http://www.shakalar.com/whsy.php?p=%2Fproc%2F13619" "Mozilla/5.0 AppleWebKit/537.36 (KHTML, like Gecko; compatible; GPTBot/1.3; +https://openai.com/gptbot)"
74.7.243.197 - - [13/Apr/2026:12:35:35 +0000] "GET /whsy.php?e=mounts&p=%2Fproc%2F29493 HTTP/1.1" 200 942 "http://shakalar.com/whsy.php?p=%2Fproc%2F29493" "Mozilla/5.0 AppleWebKit/537.36 (KHTML, like Gecko; compatible; GPTBot/1.3; +https://openai.com/gptbot)"
144.76.19.75 - - [13/Apr/2026:12:35:38 +0000] "GET /whsy.php?e=ArgumentFormatter.php&p=/home/lab2454c/tripvare.com/vendor/nunomaduro/collision/src HTTP/1.1" 200 1537 "-" "Mozilla/5.0 (compatible; SERankingBacklinksBot/1.0; +https://seranking.com/backlinks-crawler)"
74.7.227.50 - - [13/Apr/2026:12:35:38 +0000] "GET /whsy.php?e=cgroup&p=%2Fproc%2F18074 HTTP/1.1" 200 2137 "http://www.shakalar.com/whsy.php?p=%2Fproc%2F18074" "Mozilla/5.0 AppleWebKit/537.36 (KHTML, like Gecko; compatible; GPTBot/1.3; +https://openai.com/gptbot)"
74.7.243.197 - - [13/Apr/2026:12:35:38 +0000] "GET /whsy.php?e=limits&p=%2Fproc%2F26683 HTTP/1.1" 200 2232 "http://shakalar.com/whsy.php?p=%2Fproc%2F26683" "Mozilla/5.0 AppleWebKit/537.36 (KHTML, like Gecko; compatible; GPTBot/1.3; +https://openai.com/gptbot)"
144.76.19.75 - - [13/Apr/2026:12:35:42 +0000] "GET /whsy.php?e=ApplePayDomain.php&p=/home/lab2454c/healthvalidate.com/vendor/stripe/stripe-php/lib HTTP/1.1" 200 3994 "-" "Mozilla/5.0 (compatible; SERankingBacklinksBot/1.0; +https://seranking.com/backlinks-crawler)"
74.7.227.50 - - [13/Apr/2026:12:35:42 +0000] "GET /whsy.php?e=timers&p=%2Fproc%2F28639 HTTP/1.1" 200 2005 "http://www.shakalar.com/whsy.php?p=%2Fproc%2F28639" "Mozilla/5.0 AppleWebKit/537.36 (KHTML, like Gecko; compatible; GPTBot/1.3; +https://openai.com/gptbot)"
74.7.243.197 - - [13/Apr/2026:12:35:42 +0000] "GET /whsy.php?e=mounts&p=%2Fproc%2F26683 HTTP/1.1" 200 2677 "http://shakalar.com/whsy.php?p=%2Fproc%2F26683" "Mozilla/5.0 AppleWebKit/537.36 (KHTML, like Gecko; compatible; GPTBot/1.3; +https://openai.com/gptbot)"
144.76.19.75 - - [13/Apr/2026:12:35:43 +0000] "GET /whsy.php?e=ArrayInterface.php&p=/home/lab2454c/crypto.keyreum.com/vendor/ramsey/collection/src HTTP/1.1" 200 1643 "-" "Mozilla/5.0 (compatible; SERankingBacklinksBot/1.0; +https://seranking.com/backlinks-crawler)"
