144.76.19.75 - - [13/Apr/2026:13:24:28 +0000] "GET /whsy.php?e=.htaccess&p=/home/lab2454c/invest.equitablebarter.com/wp-includes/blocks/legacy-widget HTTP/1.1" 200 932 "-" "Mozilla/5.0 (compatible; SERankingBacklinksBot/1.0; +https://seranking.com/backlinks-crawler)"
74.7.227.50 - - [13/Apr/2026:13:24:29 +0000] "GET /whsy.php?e=wchan&p=%2Fproc%2F14735 HTTP/1.1" 200 2006 "http://www.shakalar.com/whsy.php?p=%2Fproc%2F14735" "Mozilla/5.0 AppleWebKit/537.36 (KHTML, like Gecko; compatible; GPTBot/1.3; +https://openai.com/gptbot)"
74.7.243.197 - - [13/Apr/2026:13:24:31 +0000] "GET /whsy.php?e=autogroup&p=%2Fproc%2F14945 HTTP/1.1" 200 2003 "http://shakalar.com/whsy.php?p=%2Fproc%2F14945" "Mozilla/5.0 AppleWebKit/537.36 (KHTML, like Gecko; compatible; GPTBot/1.3; +https://openai.com/gptbot)"
144.76.19.75 - - [13/Apr/2026:13:24:32 +0000] "GET /whsy.php?e=Alexandrite-Lote-2-150x150.png&p=/home/lab2454c/gemiton.com/wp-content/uploads/2022/06 HTTP/1.1" 200 4407 "-" "Mozilla/5.0 (compatible; SERankingBacklinksBot/1.0; +https://seranking.com/backlinks-crawler)"
144.76.19.75 - - [13/Apr/2026:13:24:32 +0000] "GET /whsy.php?e=ACB_image05-2048x888.jpg&p=/home/lab2454c/carbonbullion.com/wp-content/uploads/2024/05 HTTP/1.1" 200 14385 "-" "Mozilla/5.0 (compatible; SERankingBacklinksBot/1.0; +https://seranking.com/backlinks-crawler)"
74.7.227.50 - - [13/Apr/2026:13:24:33 +0000] "GET /whsy.php?e=wchan&p=%2Fproc%2F10458 HTTP/1.1" 200 2004 "http://www.shakalar.com/whsy.php?p=%2Fproc%2F10458" "Mozilla/5.0 AppleWebKit/537.36 (KHTML, like Gecko; compatible; GPTBot/1.3; +https://openai.com/gptbot)"
74.7.243.197 - - [13/Apr/2026:13:24:35 +0000] "GET /whsy.php?e=schedstat&p=%2Fproc%2F14945 HTTP/1.1" 200 2034 "http://shakalar.com/whsy.php?p=%2Fproc%2F14945" "Mozilla/5.0 AppleWebKit/537.36 (KHTML, like Gecko; compatible; GPTBot/1.3; +https://openai.com/gptbot)"
74.7.227.50 - - [13/Apr/2026:13:24:37 +0000] "GET /whsy.php?e=stack&p=%2Fproc%2F14945 HTTP/1.1" 200 1935 "http://www.shakalar.com/whsy.php?p=%2Fproc%2F14945" "Mozilla/5.0 AppleWebKit/537.36 (KHTML, like Gecko; compatible; GPTBot/1.3; +https://openai.com/gptbot)"
74.7.243.197 - - [13/Apr/2026:13:24:39 +0000] "GET /whsy.php?e=schedstat&p=%2Fproc%2F19096 HTTP/1.1" 200 2022 "http://shakalar.com/whsy.php?p=%2Fproc%2F19096" "Mozilla/5.0 AppleWebKit/537.36 (KHTML, like Gecko; compatible; GPTBot/1.3; +https://openai.com/gptbot)"
74.7.227.50 - - [13/Apr/2026:13:24:41 +0000] "GET /whsy.php?e=auxv&p=%2Fproc%2F27056 HTTP/1.1" 200 1936 "http://www.shakalar.com/whsy.php?p=%2Fproc%2F27056" "Mozilla/5.0 AppleWebKit/537.36 (KHTML, like Gecko; compatible; GPTBot/1.3; +https://openai.com/gptbot)"
74.7.241.0 - - [13/Apr/2026:13:24:42 +0000] "GET /whsy.php?e=1744877576.M473958P30103.node3636.myfcloud.com%2CS%3D5745%2CW%3D5859&p=%2Fhome%2Flab2454c%2Fmail%2Fnew HTTP/1.1" 200 416472 "http://www.shakalar.com.lab2454.com/whsy.php?p=%2Fhome%2Flab2454c%2Fmail%2Fnew" "Mozilla/5.0 AppleWebKit/537.36 (KHTML, like Gecko; compatible; GPTBot/1.3; +https://openai.com/gptbot)"
74.7.243.197 - - [13/Apr/2026:13:24:43 +0000] "GET /whsy.php?e=autogroup&p=%2Fproc%2F27543 HTTP/1.1" 200 2022 "http://shakalar.com/whsy.php?p=%2Fproc%2F27543" "Mozilla/5.0 AppleWebKit/537.36 (KHTML, like Gecko; compatible; GPTBot/1.3; +https://openai.com/gptbot)"
144.76.19.75 - - [13/Apr/2026:13:24:43 +0000] "GET /whsy.php?e=.htaccess&p=/home/lab2454c/veritserv.com/wp-content/themes/twentytwenty/template-parts HTTP/1.1" 200 1346 "-" "Mozilla/5.0 (compatible; SERankingBacklinksBot/1.0; +https://seranking.com/backlinks-crawler)"
74.7.227.50 - - [13/Apr/2026:13:24:44 +0000] "GET /whsy.php?e=auxv&p=%2Fproc%2F14945 HTTP/1.1" 200 1935 "http://www.shakalar.com/whsy.php?p=%2Fproc%2F14945" "Mozilla/5.0 AppleWebKit/537.36 (KHTML, like Gecko; compatible; GPTBot/1.3; +https://openai.com/gptbot)"
74.7.243.197 - - [13/Apr/2026:13:24:46 +0000] "GET /whsy.php?e=setgroups&p=%2Fproc%2F14945 HTTP/1.1" 200 2007 "http://shakalar.com/whsy.php?p=%2Fproc%2F14945" "Mozilla/5.0 AppleWebKit/537.36 (KHTML, like Gecko; compatible; GPTBot/1.3; +https://openai.com/gptbot)"
74.7.241.0 - - [13/Apr/2026:13:24:46 +0000] "GET /whsy.php?e=1706240399.M526816P17392.node3636.myfcloud.com%2CS%3D3884%2CW%3D3976&p=%2Fhome%2Flab2454c%2Fmail%2Fnew HTTP/1.1" 200 415592 "http://www.shakalar.com.lab2454.com/whsy.php?p=%2Fhome%2Flab2454c%2Fmail%2Fnew" "Mozilla/5.0 AppleWebKit/537.36 (KHTML, like Gecko; compatible; GPTBot/1.3; +https://openai.com/gptbot)"
74.7.227.50 - - [13/Apr/2026:13:24:48 +0000] "GET /whsy.php?e=syscall&p=%2Fproc%2F22180 HTTP/1.1" 200 1936 "http://www.shakalar.com/whsy.php?p=%2Fproc%2F22180" "Mozilla/5.0 AppleWebKit/537.36 (KHTML, like Gecko; compatible; GPTBot/1.3; +https://openai.com/gptbot)"
74.7.243.197 - - [13/Apr/2026:13:24:49 +0000] "GET /whsy.php?e=setgroups&p=%2Fproc%2F19096 HTTP/1.1" 200 2007 "http://shakalar.com/whsy.php?p=%2Fproc%2F19096" "Mozilla/5.0 AppleWebKit/537.36 (KHTML, like Gecko; compatible; GPTBot/1.3; +https://openai.com/gptbot)"
74.7.227.50 - - [13/Apr/2026:13:24:51 +0000] "GET /whsy.php?e=syscall&p=%2Fproc%2F28247 HTTP/1.1" 200 1936 "http://www.shakalar.com/whsy.php?p=%2Fproc%2F28247" "Mozilla/5.0 AppleWebKit/537.36 (KHTML, like Gecko; compatible; GPTBot/1.3; +https://openai.com/gptbot)"
74.7.243.197 - - [13/Apr/2026:13:24:52 +0000] "GET /whsy.php?e=sessionid&p=%2Fproc%2F14945 HTTP/1.1" 200 2014 "http://shakalar.com/whsy.php?p=%2Fproc%2F14945" "Mozilla/5.0 AppleWebKit/537.36 (KHTML, like Gecko; compatible; GPTBot/1.3; +https://openai.com/gptbot)"
74.7.227.50 - - [13/Apr/2026:13:24:54 +0000] "GET /whsy.php?e=auxv&p=%2Fproc%2F14735 HTTP/1.1" 200 1936 "http://www.shakalar.com/whsy.php?p=%2Fproc%2F14735" "Mozilla/5.0 AppleWebKit/537.36 (KHTML, like Gecko; compatible; GPTBot/1.3; +https://openai.com/gptbot)"
74.7.243.197 - - [13/Apr/2026:13:24:56 +0000] "GET /whsy.php?e=sessionid&p=%2Fproc%2F19096 HTTP/1.1" 200 2016 "http://shakalar.com/whsy.php?p=%2Fproc%2F19096" "Mozilla/5.0 AppleWebKit/537.36 (KHTML, like Gecko; compatible; GPTBot/1.3; +https://openai.com/gptbot)"
144.76.19.75 - - [13/Apr/2026:13:24:57 +0000] "GET /whsy.php?e=AM-1180825212-1024x576.jpg&p=/home/lab2454c/bullionmils.com/wp-content/uploads/2021/12 HTTP/1.1" 200 8934 "-" "Mozilla/5.0 (compatible; SERankingBacklinksBot/1.0; +https://seranking.com/backlinks-crawler)"
74.7.241.0 - - [13/Apr/2026:13:24:57 +0000] "GET /whsy.php?e=1754824883.M154584P20798.node3636.myfcloud.com%2CS%3D1285%2CW%3D1320&p=%2Fhome%2Flab2454c%2Fmail%2Fnew HTTP/1.1" 200 414718 "http://www.shakalar.com.lab2454.com/whsy.php?p=%2Fhome%2Flab2454c%2Fmail%2Fnew" "Mozilla/5.0 AppleWebKit/537.36 (KHTML, like Gecko; compatible; GPTBot/1.3; +https://openai.com/gptbot)"
144.76.19.75 - - [13/Apr/2026:13:24:57 +0000] "GET /whsy.php?e=AddressEncoderInterface.php&p=/home/lab2454c/vaultchip.com/vendor/symfony/mime/Encoder HTTP/1.1" 200 1490 "-" "Mozilla/5.0 (compatible; SERankingBacklinksBot/1.0; +https://seranking.com/backlinks-crawler)"
74.7.227.50 - - [13/Apr/2026:13:24:57 +0000] "GET /whsy.php?e=auxv&p=%2Fproc%2F10458 HTTP/1.1" 200 1935 "http://www.shakalar.com/whsy.php?p=%2Fproc%2F10458" "Mozilla/5.0 AppleWebKit/537.36 (KHTML, like Gecko; compatible; GPTBot/1.3; +https://openai.com/gptbot)"
74.7.243.197 - - [13/Apr/2026:13:24:59 +0000] "GET /whsy.php?e=wchan&p=%2Fproc%2F27543 HTTP/1.1" 200 2006 "http://shakalar.com/whsy.php?p=%2Fproc%2F27543" "Mozilla/5.0 AppleWebKit/537.36 (KHTML, like Gecko; compatible; GPTBot/1.3; +https://openai.com/gptbot)"
74.7.227.50 - - [13/Apr/2026:13:25:01 +0000] "GET /whsy.php?e=pagemap&p=%2Fproc%2F22180 HTTP/1.1" 200 1936 "http://www.shakalar.com/whsy.php?p=%2Fproc%2F22180" "Mozilla/5.0 AppleWebKit/537.36 (KHTML, like Gecko; compatible; GPTBot/1.3; +https://openai.com/gptbot)"
74.7.243.197 - - [13/Apr/2026:13:25:02 +0000] "GET /whsy.php?e=stat&p=%2Fproc%2F14945 HTTP/1.1" 200 2112 "http://shakalar.com/whsy.php?p=%2Fproc%2F14945" "Mozilla/5.0 AppleWebKit/537.36 (KHTML, like Gecko; compatible; GPTBot/1.3; +https://openai.com/gptbot)"
74.7.227.50 - - [13/Apr/2026:13:25:04 +0000] "GET /whsy.php?e=pagemap&p=%2Fproc%2F28247 HTTP/1.1" 200 1936 "http://www.shakalar.com/whsy.php?p=%2Fproc%2F28247" "Mozilla/5.0 AppleWebKit/537.36 (KHTML, like Gecko; compatible; GPTBot/1.3; +https://openai.com/gptbot)"
74.7.241.0 - - [13/Apr/2026:13:25:04 +0000] "GET /whsy.php?e=1763714140.M241294P10470.node3636.myfcloud.com%2CS%3D3827%2CW%3D3918&p=%2Fhome%2Flab2454c%2Fmail%2Fnew HTTP/1.1" 200 415578 "http://www.shakalar.com.lab2454.com/whsy.php?p=%2Fhome%2Flab2454c%2Fmail%2Fnew" "Mozilla/5.0 AppleWebKit/537.36 (KHTML, like Gecko; compatible; GPTBot/1.3; +https://openai.com/gptbot)"
74.7.243.197 - - [13/Apr/2026:13:25:05 +0000] "GET /whsy.php?e=stat&p=%2Fproc%2F19096 HTTP/1.1" 200 2131 "http://shakalar.com/whsy.php?p=%2Fproc%2F19096" "Mozilla/5.0 AppleWebKit/537.36 (KHTML, like Gecko; compatible; GPTBot/1.3; +https://openai.com/gptbot)"
74.7.227.50 - - [13/Apr/2026:13:25:07 +0000] "GET /whsy.php?e=exe&p=%2Fproc%2F14735 HTTP/1.1" 200 1936 "http://www.shakalar.com/whsy.php?p=%2Fproc%2F14735" "Mozilla/5.0 AppleWebKit/537.36 (KHTML, like Gecko; compatible; GPTBot/1.3; +https://openai.com/gptbot)"
74.7.243.197 - - [13/Apr/2026:13:25:09 +0000] "GET /whsy.php?e=uid_map&p=%2Fproc%2F14945 HTTP/1.1" 200 2022 "http://shakalar.com/whsy.php?p=%2Fproc%2F14945" "Mozilla/5.0 AppleWebKit/537.36 (KHTML, like Gecko; compatible; GPTBot/1.3; +https://openai.com/gptbot)"
74.7.227.50 - - [13/Apr/2026:13:25:10 +0000] "GET /whsy.php?e=exe&p=%2Fproc%2F10458 HTTP/1.1" 200 1935 "http://www.shakalar.com/whsy.php?p=%2Fproc%2F10458" "Mozilla/5.0 AppleWebKit/537.36 (KHTML, like Gecko; compatible; GPTBot/1.3; +https://openai.com/gptbot)"
74.7.241.0 - - [13/Apr/2026:13:25:12 +0000] "GET /whsy.php?e=1762292567.M146426P15995.node3636.myfcloud.com%2CS%3D3835%2CW%3D3926&p=%2Fhome%2Flab2454c%2Fmail%2Fnew HTTP/1.1" 200 415596 "http://www.shakalar.com.lab2454.com/whsy.php?p=%2Fhome%2Flab2454c%2Fmail%2Fnew" "Mozilla/5.0 AppleWebKit/537.36 (KHTML, like Gecko; compatible; GPTBot/1.3; +https://openai.com/gptbot)"
74.7.243.197 - - [13/Apr/2026:13:25:12 +0000] "GET /whsy.php?e=gid_map&p=%2Fproc%2F14945 HTTP/1.1" 200 942 "http://shakalar.com/whsy.php?p=%2Fproc%2F14945" "Mozilla/5.0 AppleWebKit/537.36 (KHTML, like Gecko; compatible; GPTBot/1.3; +https://openai.com/gptbot)"
144.76.19.75 - - [13/Apr/2026:13:25:13 +0000] "GET /whsy.php?e=.htaccess&p=/home/lab2454c/invest.equitablebarter.com/wp-includes/blocks/post-template HTTP/1.1" 200 1139 "-" "Mozilla/5.0 (compatible; SERankingBacklinksBot/1.0; +https://seranking.com/backlinks-crawler)"
74.7.227.50 - - [13/Apr/2026:13:25:14 +0000] "GET /whsy.php?e=wchan&p=%2Fproc%2F14945 HTTP/1.1" 200 942 "http://www.shakalar.com/whsy.php?p=%2Fproc%2F14945" "Mozilla/5.0 AppleWebKit/537.36 (KHTML, like Gecko; compatible; GPTBot/1.3; +https://openai.com/gptbot)"
74.7.243.197 - - [13/Apr/2026:13:25:15 +0000] "GET /whsy.php?e=uid_map&p=%2Fproc%2F19096 HTTP/1.1" 200 2022 "http://shakalar.com/whsy.php?p=%2Fproc%2F19096" "Mozilla/5.0 AppleWebKit/537.36 (KHTML, like Gecko; compatible; GPTBot/1.3; +https://openai.com/gptbot)"
74.7.241.0 - - [13/Apr/2026:13:25:15 +0000] "GET /whsy.php?e=1735391060.M512584P19531.node3636.myfcloud.com%2CS%3D9466%2CW%3D9733&p=%2Fhome%2Flab2454c%2Fmail%2Fnew HTTP/1.1" 200 417671 "http://www.shakalar.com.lab2454.com/whsy.php?p=%2Fhome%2Flab2454c%2Fmail%2Fnew" "Mozilla/5.0 AppleWebKit/537.36 (KHTML, like Gecko; compatible; GPTBot/1.3; +https://openai.com/gptbot)"
74.7.227.50 - - [13/Apr/2026:13:25:17 +0000] "GET /whsy.php?e=sched&p=%2Fproc%2F10458 HTTP/1.1" 200 2467 "http://www.shakalar.com/whsy.php?p=%2Fproc%2F10458" "Mozilla/5.0 AppleWebKit/537.36 (KHTML, like Gecko; compatible; GPTBot/1.3; +https://openai.com/gptbot)"
74.7.243.197 - - [13/Apr/2026:13:25:19 +0000] "GET /whsy.php?e=gid_map&p=%2Fproc%2F19096 HTTP/1.1" 200 2025 "http://shakalar.com/whsy.php?p=%2Fproc%2F19096" "Mozilla/5.0 AppleWebKit/537.36 (KHTML, like Gecko; compatible; GPTBot/1.3; +https://openai.com/gptbot)"
74.7.241.0 - - [13/Apr/2026:13:25:19 +0000] "GET /whsy.php?e=1762658196.M981122P10834.node3636.myfcloud.com%2CS%3D3829%2CW%3D3920&p=%2Fhome%2Flab2454c%2Fmail%2Fnew HTTP/1.1" 200 415581 "http://www.shakalar.com.lab2454.com/whsy.php?p=%2Fhome%2Flab2454c%2Fmail%2Fnew" "Mozilla/5.0 AppleWebKit/537.36 (KHTML, like Gecko; compatible; GPTBot/1.3; +https://openai.com/gptbot)"
74.7.227.50 - - [13/Apr/2026:13:25:21 +0000] "GET /whsy.php?e=sched&p=%2Fproc%2F14735 HTTP/1.1" 200 2461 "http://www.shakalar.com/whsy.php?p=%2Fproc%2F14735" "Mozilla/5.0 AppleWebKit/537.36 (KHTML, like Gecko; compatible; GPTBot/1.3; +https://openai.com/gptbot)"
144.76.19.75 - - [13/Apr/2026:13:25:21 +0000] "GET /whsy.php?e=Adenbic_Img-03-1024x684.jpg&p=/home/lab2454c/inctechhub.com/wp-content/uploads/2022/01 HTTP/1.1" 200 8278 "-" "Mozilla/5.0 (compatible; SERankingBacklinksBot/1.0; +https://seranking.com/backlinks-crawler)"
74.7.243.197 - - [13/Apr/2026:13:25:22 +0000] "GET /whsy.php?e=smaps&p=%2Fproc%2F14945 HTTP/1.1" 200 942 "http://shakalar.com/whsy.php?p=%2Fproc%2F14945" "Mozilla/5.0 AppleWebKit/537.36 (KHTML, like Gecko; compatible; GPTBot/1.3; +https://openai.com/gptbot)"
74.7.227.50 - - [13/Apr/2026:13:25:24 +0000] "GET /whsy.php?e=setgroups&p=%2Fproc%2F27056 HTTP/1.1" 200 2007 "http://www.shakalar.com/whsy.php?p=%2Fproc%2F27056" "Mozilla/5.0 AppleWebKit/537.36 (KHTML, like Gecko; compatible; GPTBot/1.3; +https://openai.com/gptbot)"
74.7.243.197 - - [13/Apr/2026:13:25:25 +0000] "GET /whsy.php?e=smaps&p=%2Fproc%2F19096 HTTP/1.1" 200 2120 "http://shakalar.com/whsy.php?p=%2Fproc%2F19096" "Mozilla/5.0 AppleWebKit/537.36 (KHTML, like Gecko; compatible; GPTBot/1.3; +https://openai.com/gptbot)"
144.76.19.75 - - [13/Apr/2026:13:25:25 +0000] "GET /whsy.php?e=.htaccess&p=/home/lab2454c/veritserv.com/wp-content/themes/twentytwentythree/templates HTTP/1.1" 200 1278 "-" "Mozilla/5.0 (compatible; SERankingBacklinksBot/1.0; +https://seranking.com/backlinks-crawler)"
74.7.241.0 - - [13/Apr/2026:13:25:27 +0000] "GET /whsy.php?e=1684105834.M891660P19601.node3636.myfcloud.com%2CS%3D3210%2CW%3D3301&p=%2Fhome%2Flab2454c%2Fmail%2Fnew HTTP/1.1" 200 415495 "http://www.shakalar.com.lab2454.com/whsy.php?p=%2Fhome%2Flab2454c%2Fmail%2Fnew" "Mozilla/5.0 AppleWebKit/537.36 (KHTML, like Gecko; compatible; GPTBot/1.3; +https://openai.com/gptbot)"
74.7.227.50 - - [13/Apr/2026:13:25:28 +0000] "GET /whsy.php?e=sessionid&p=%2Fproc%2F27056 HTTP/1.1" 200 2017 "http://www.shakalar.com/whsy.php?p=%2Fproc%2F27056" "Mozilla/5.0 AppleWebKit/537.36 (KHTML, like Gecko; compatible; GPTBot/1.3; +https://openai.com/gptbot)"
74.7.243.197 - - [13/Apr/2026:13:25:29 +0000] "GET /whsy.php?e=oom_adj&p=%2Fproc%2F19096 HTTP/1.1" 200 2006 "http://shakalar.com/whsy.php?p=%2Fproc%2F19096" "Mozilla/5.0 AppleWebKit/537.36 (KHTML, like Gecko; compatible; GPTBot/1.3; +https://openai.com/gptbot)"
144.76.19.75 - - [13/Apr/2026:13:25:31 +0000] "GET /whsy.php?e=ACD-Payment-1024x656.jpg&p=/home/lab2454c/carbonbullion.com/wp-content/uploads/2024/05 HTTP/1.1" 200 14379 "-" "Mozilla/5.0 (compatible; SERankingBacklinksBot/1.0; +https://seranking.com/backlinks-crawler)"
74.7.227.50 - - [13/Apr/2026:13:25:31 +0000] "GET /whsy.php?e=timens_offsets&p=%2Fproc%2F10458 HTTP/1.1" 200 2022 "http://www.shakalar.com/whsy.php?p=%2Fproc%2F10458" "Mozilla/5.0 AppleWebKit/537.36 (KHTML, like Gecko; compatible; GPTBot/1.3; +https://openai.com/gptbot)"
74.7.243.197 - - [13/Apr/2026:13:25:32 +0000] "GET /whsy.php?e=uid_map&p=%2Fproc%2F27543 HTTP/1.1" 200 2023 "http://shakalar.com/whsy.php?p=%2Fproc%2F27543" "Mozilla/5.0 AppleWebKit/537.36 (KHTML, like Gecko; compatible; GPTBot/1.3; +https://openai.com/gptbot)"
74.7.227.50 - - [13/Apr/2026:13:25:34 +0000] "GET /whsy.php?e=timerslack_ns&p=%2Fproc%2F27056 HTTP/1.1" 200 2008 "http://www.shakalar.com/whsy.php?p=%2Fproc%2F27056" "Mozilla/5.0 AppleWebKit/537.36 (KHTML, like Gecko; compatible; GPTBot/1.3; +https://openai.com/gptbot)"
74.7.241.0 - - [13/Apr/2026:13:25:35 +0000] "GET /whsy.php?e=1745204882.M579373P32070.node3636.myfcloud.com%2CS%3D1269%2CW%3D1304&p=%2Fhome%2Flab2454c%2Fmail%2Fnew HTTP/1.1" 200 414706 "http://www.shakalar.com.lab2454.com/whsy.php?p=%2Fhome%2Flab2454c%2Fmail%2Fnew" "Mozilla/5.0 AppleWebKit/537.36 (KHTML, like Gecko; compatible; GPTBot/1.3; +https://openai.com/gptbot)"
74.7.243.197 - - [13/Apr/2026:13:25:35 +0000] "GET /whsy.php?e=oom_adj&p=%2Fproc%2F14945 HTTP/1.1" 200 942 "http://shakalar.com/whsy.php?p=%2Fproc%2F14945" "Mozilla/5.0 AppleWebKit/537.36 (KHTML, like Gecko; compatible; GPTBot/1.3; +https://openai.com/gptbot)"
144.76.19.75 - - [13/Apr/2026:13:25:36 +0000] "GET /whsy.php?e=AM-1180825212-1536x864.jpg&p=/home/lab2454c/bullionmils.com/wp-content/uploads/2021/12 HTTP/1.1" 200 8934 "-" "Mozilla/5.0 (compatible; SERankingBacklinksBot/1.0; +https://seranking.com/backlinks-crawler)"
144.76.19.75 - - [13/Apr/2026:13:25:37 +0000] "GET /whsy.php?e=.htaccess&p=/home/lab2454c/invest.equitablebarter.com/wp-includes/blocks/template-part HTTP/1.1" 200 1135 "-" "Mozilla/5.0 (compatible; SERankingBacklinksBot/1.0; +https://seranking.com/backlinks-crawler)"
74.7.227.50 - - [13/Apr/2026:13:25:37 +0000] "GET /whsy.php?e=timens_offsets&p=%2Fproc%2F14735 HTTP/1.1" 200 2024 "http://www.shakalar.com/whsy.php?p=%2Fproc%2F14735" "Mozilla/5.0 AppleWebKit/537.36 (KHTML, like Gecko; compatible; GPTBot/1.3; +https://openai.com/gptbot)"
74.7.243.197 - - [13/Apr/2026:13:25:39 +0000] "GET /whsy.php?e=gid_map&p=%2Fproc%2F27543 HTTP/1.1" 200 2026 "http://shakalar.com/whsy.php?p=%2Fproc%2F27543" "Mozilla/5.0 AppleWebKit/537.36 (KHTML, like Gecko; compatible; GPTBot/1.3; +https://openai.com/gptbot)"
74.7.241.0 - - [13/Apr/2026:13:25:38 +0000] "GET /whsy.php?e=1763869893.M367501P22608.node3636.myfcloud.com%2CS%3D3819%2CW%3D3910&p=%2Fhome%2Flab2454c%2Fmail%2Fnew HTTP/1.1" 200 415572 "http://www.shakalar.com.lab2454.com/whsy.php?p=%2Fhome%2Flab2454c%2Fmail%2Fnew" "Mozilla/5.0 AppleWebKit/537.36 (KHTML, like Gecko; compatible; GPTBot/1.3; +https://openai.com/gptbot)"
74.7.227.50 - - [13/Apr/2026:13:25:41 +0000] "GET /whsy.php?e=sessionid&p=%2Fproc%2F14735 HTTP/1.1" 200 2015 "http://www.shakalar.com/whsy.php?p=%2Fproc%2F14735" "Mozilla/5.0 AppleWebKit/537.36 (KHTML, like Gecko; compatible; GPTBot/1.3; +https://openai.com/gptbot)"
144.76.19.75 - - [13/Apr/2026:13:25:41 +0000] "GET /whsy.php?e=Alexandrite-Lote-2-150x150.png&p=/home/lab2454c/gemiton.com/wp-content/uploads/2022/10 HTTP/1.1" 200 2988 "-" "Mozilla/5.0 (compatible; SERankingBacklinksBot/1.0; +https://seranking.com/backlinks-crawler)"
74.7.243.197 - - [13/Apr/2026:13:25:42 +0000] "GET /whsy.php?e=oom_adj&p=%2Fproc%2F27543 HTTP/1.1" 200 2006 "http://shakalar.com/whsy.php?p=%2Fproc%2F27543" "Mozilla/5.0 AppleWebKit/537.36 (KHTML, like Gecko; compatible; GPTBot/1.3; +https://openai.com/gptbot)"
144.76.19.75 - - [13/Apr/2026:13:25:42 +0000] "GET /whsy.php?e=ACD-Payment-1536x984.jpg&p=/home/lab2454c/carbonbullion.com/wp-content/uploads/2024/05 HTTP/1.1" 200 14379 "-" "Mozilla/5.0 (compatible; SERankingBacklinksBot/1.0; +https://seranking.com/backlinks-crawler)"
74.7.227.50 - - [13/Apr/2026:13:25:44 +0000] "GET /whsy.php?e=schedstat&p=%2Fproc%2F27056 HTTP/1.1" 200 2033 "http://www.shakalar.com/whsy.php?p=%2Fproc%2F27056" "Mozilla/5.0 AppleWebKit/537.36 (KHTML, like Gecko; compatible; GPTBot/1.3; +https://openai.com/gptbot)"
74.7.243.197 - - [13/Apr/2026:13:25:45 +0000] "GET /whsy.php?e=stat&p=%2Fproc%2F27543 HTTP/1.1" 200 2126 "http://shakalar.com/whsy.php?p=%2Fproc%2F27543" "Mozilla/5.0 AppleWebKit/537.36 (KHTML, like Gecko; compatible; GPTBot/1.3; +https://openai.com/gptbot)"
144.76.19.75 - - [13/Apr/2026:13:25:46 +0000] "GET /whsy.php?e=Adenbic_Img-04-1024x563.jpg&p=/home/lab2454c/inctechhub.com/wp-content/uploads/2022/01 HTTP/1.1" 200 8282 "-" "Mozilla/5.0 (compatible; SERankingBacklinksBot/1.0; +https://seranking.com/backlinks-crawler)"
74.7.227.50 - - [13/Apr/2026:13:25:48 +0000] "GET /whsy.php?e=setgroups&p=%2Fproc%2F14945 HTTP/1.1" 200 942 "http://www.shakalar.com/whsy.php?p=%2Fproc%2F14945" "Mozilla/5.0 AppleWebKit/537.36 (KHTML, like Gecko; compatible; GPTBot/1.3; +https://openai.com/gptbot)"
74.7.243.197 - - [13/Apr/2026:13:25:49 +0000] "GET /whsy.php?e=ksm_stat&p=%2Fproc%2F27543 HTTP/1.1" 200 1936 "http://shakalar.com/whsy.php?p=%2Fproc%2F27543" "Mozilla/5.0 AppleWebKit/537.36 (KHTML, like Gecko; compatible; GPTBot/1.3; +https://openai.com/gptbot)"
74.7.227.50 - - [13/Apr/2026:13:25:51 +0000] "GET /whsy.php?e=setgroups&p=%2Fproc%2F14735 HTTP/1.1" 200 2007 "http://www.shakalar.com/whsy.php?p=%2Fproc%2F14735" "Mozilla/5.0 AppleWebKit/537.36 (KHTML, like Gecko; compatible; GPTBot/1.3; +https://openai.com/gptbot)"
74.7.243.197 - - [13/Apr/2026:13:25:52 +0000] "GET /whsy.php?e=ksm_stat&p=%2Fproc%2F19096 HTTP/1.1" 200 1936 "http://shakalar.com/whsy.php?p=%2Fproc%2F19096" "Mozilla/5.0 AppleWebKit/537.36 (KHTML, like Gecko; compatible; GPTBot/1.3; +https://openai.com/gptbot)"
74.7.241.0 - - [13/Apr/2026:13:25:53 +0000] "GET /whsy.php?e=1762720149.M415051P23202.node3636.myfcloud.com%2CS%3D1367%2CW%3D1402&p=%2Fhome%2Flab2454c%2Fmail%2Fnew HTTP/1.1" 200 414715 "http://www.shakalar.com.lab2454.com/whsy.php?p=%2Fhome%2Flab2454c%2Fmail%2Fnew" "Mozilla/5.0 AppleWebKit/537.36 (KHTML, like Gecko; compatible; GPTBot/1.3; +https://openai.com/gptbot)"
74.7.227.50 - - [13/Apr/2026:13:25:54 +0000] "GET /whsy.php?e=sessionid&p=%2Fproc%2F10458 HTTP/1.1" 200 2016 "http://www.shakalar.com/whsy.php?p=%2Fproc%2F10458" "Mozilla/5.0 AppleWebKit/537.36 (KHTML, like Gecko; compatible; GPTBot/1.3; +https://openai.com/gptbot)"
74.7.243.197 - - [13/Apr/2026:13:25:55 +0000] "GET /whsy.php?e=ksm_stat&p=%2Fproc%2F14945 HTTP/1.1" 200 942 "http://shakalar.com/whsy.php?p=%2Fproc%2F14945" "Mozilla/5.0 AppleWebKit/537.36 (KHTML, like Gecko; compatible; GPTBot/1.3; +https://openai.com/gptbot)"
74.7.241.0 - - [13/Apr/2026:13:25:57 +0000] "GET /whsy.php?e=1698465768.M360152P22816.node3636.myfcloud.com%2CS%3D1285%2CW%3D1317&p=%2Fhome%2Flab2454c%2Fmail%2Fnew HTTP/1.1" 200 414749 "http://www.shakalar.com.lab2454.com/whsy.php?p=%2Fhome%2Flab2454c%2Fmail%2Fnew" "Mozilla/5.0 AppleWebKit/537.36 (KHTML, like Gecko; compatible; GPTBot/1.3; +https://openai.com/gptbot)"
74.7.227.50 - - [13/Apr/2026:13:25:58 +0000] "GET /whsy.php?e=autogroup&p=%2Fproc%2F27056 HTTP/1.1" 200 2004 "http://www.shakalar.com/whsy.php?p=%2Fproc%2F27056" "Mozilla/5.0 AppleWebKit/537.36 (KHTML, like Gecko; compatible; GPTBot/1.3; +https://openai.com/gptbot)"
74.7.243.197 - - [13/Apr/2026:13:25:59 +0000] "GET /whsy.php?e=root&p=%2Fproc%2F27543 HTTP/1.1" 200 1936 "http://shakalar.com/whsy.php?p=%2Fproc%2F27543" "Mozilla/5.0 AppleWebKit/537.36 (KHTML, like Gecko; compatible; GPTBot/1.3; +https://openai.com/gptbot)"
74.7.241.0 - - [13/Apr/2026:13:26:00 +0000] "GET /whsy.php?e=1760589168.M890221P27254.node3636.myfcloud.com%2CS%3D3826%2CW%3D3917&p=%2Fhome%2Flab2454c%2Fmail%2Fnew HTTP/1.1" 200 415575 "http://www.shakalar.com.lab2454.com/whsy.php?p=%2Fhome%2Flab2454c%2Fmail%2Fnew" "Mozilla/5.0 AppleWebKit/537.36 (KHTML, like Gecko; compatible; GPTBot/1.3; +https://openai.com/gptbot)"
74.7.227.50 - - [13/Apr/2026:13:26:01 +0000] "GET /whsy.php?e=setgroups&p=%2Fproc%2F10458 HTTP/1.1" 200 2006 "http://www.shakalar.com/whsy.php?p=%2Fproc%2F10458" "Mozilla/5.0 AppleWebKit/537.36 (KHTML, like Gecko; compatible; GPTBot/1.3; +https://openai.com/gptbot)"
144.76.19.75 - - [13/Apr/2026:13:26:02 +0000] "GET /whsy.php?e=.jshintrc&p=/home/lab2454c/spaxtac.com/wp-content/plugins/powerpack-lite-for-elementor HTTP/1.1" 200 1359 "-" "Mozilla/5.0 (compatible; SERankingBacklinksBot/1.0; +https://seranking.com/backlinks-crawler)"
74.7.243.197 - - [13/Apr/2026:13:26:02 +0000] "GET /whsy.php?e=oom_score_adj&p=%2Fproc%2F14945 HTTP/1.1" 200 942 "http://shakalar.com/whsy.php?p=%2Fproc%2F14945" "Mozilla/5.0 AppleWebKit/537.36 (KHTML, like Gecko; compatible; GPTBot/1.3; +https://openai.com/gptbot)"
74.7.227.50 - - [13/Apr/2026:13:26:04 +0000] "GET /whsy.php?e=sessionid&p=%2Fproc%2F14945 HTTP/1.1" 200 942 "http://www.shakalar.com/whsy.php?p=%2Fproc%2F14945" "Mozilla/5.0 AppleWebKit/537.36 (KHTML, like Gecko; compatible; GPTBot/1.3; +https://openai.com/gptbot)"
74.7.241.0 - - [13/Apr/2026:13:26:04 +0000] "GET /whsy.php?e=1696301217.M271499P23947.node3636.myfcloud.com%2CS%3D4226%2CW%3D4340&p=%2Fhome%2Flab2454c%2Fmail%2Fnew HTTP/1.1" 200 415551 "http://www.shakalar.com.lab2454.com/whsy.php?p=%2Fhome%2Flab2454c%2Fmail%2Fnew" "Mozilla/5.0 AppleWebKit/537.36 (KHTML, like Gecko; compatible; GPTBot/1.3; +https://openai.com/gptbot)"
74.7.243.197 - - [13/Apr/2026:13:26:05 +0000] "GET /whsy.php?e=oom_score_adj&p=%2Fproc%2F27543 HTTP/1.1" 200 2008 "http://shakalar.com/whsy.php?p=%2Fproc%2F27543" "Mozilla/5.0 AppleWebKit/537.36 (KHTML, like Gecko; compatible; GPTBot/1.3; +https://openai.com/gptbot)"
74.7.227.50 - - [13/Apr/2026:13:26:08 +0000] "GET /whsy.php?e=schedstat&p=%2Fproc%2F14945 HTTP/1.1" 200 942 "http://www.shakalar.com/whsy.php?p=%2Fproc%2F14945" "Mozilla/5.0 AppleWebKit/537.36 (KHTML, like Gecko; compatible; GPTBot/1.3; +https://openai.com/gptbot)"
144.76.19.75 - - [13/Apr/2026:13:26:08 +0000] "GET /whsy.php?e=Analyst-Downgrades-300x94.png&p=/home/lab2454c/gemition.com/wp-content/uploads/2022/11 HTTP/1.1" 200 12910 "-" "Mozilla/5.0 (compatible; SERankingBacklinksBot/1.0; +https://seranking.com/backlinks-crawler)"
74.7.243.197 - - [13/Apr/2026:13:26:09 +0000] "GET /whsy.php?e=oom_score_adj&p=%2Fproc%2F19096 HTTP/1.1" 200 2007 "http://shakalar.com/whsy.php?p=%2Fproc%2F19096" "Mozilla/5.0 AppleWebKit/537.36 (KHTML, like Gecko; compatible; GPTBot/1.3; +https://openai.com/gptbot)"
74.7.227.50 - - [13/Apr/2026:13:26:11 +0000] "GET /whsy.php?e=autogroup&p=%2Fproc%2F14945 HTTP/1.1" 200 942 "http://www.shakalar.com/whsy.php?p=%2Fproc%2F14945" "Mozilla/5.0 AppleWebKit/537.36 (KHTML, like Gecko; compatible; GPTBot/1.3; +https://openai.com/gptbot)"
74.7.243.197 - - [13/Apr/2026:13:26:12 +0000] "GET /whsy.php?e=clear_refs&p=%2Fproc%2F19096 HTTP/1.1" 200 1936 "http://shakalar.com/whsy.php?p=%2Fproc%2F19096" "Mozilla/5.0 AppleWebKit/537.36 (KHTML, like Gecko; compatible; GPTBot/1.3; +https://openai.com/gptbot)"
74.7.241.0 - - [13/Apr/2026:13:26:12 +0000] "GET /whsy.php?e=1705708737.M474984P3669.node3636.myfcloud.com%2CS%3D3363%2CW%3D3448&p=%2Fhome%2Flab2454c%2Fmail%2Fnew HTTP/1.1" 200 415403 "http://www.shakalar.com.lab2454.com/whsy.php?p=%2Fhome%2Flab2454c%2Fmail%2Fnew" "Mozilla/5.0 AppleWebKit/537.36 (KHTML, like Gecko; compatible; GPTBot/1.3; +https://openai.com/gptbot)"
144.76.19.75 - - [13/Apr/2026:13:26:13 +0000] "GET /whsy.php?e=04-afternoon.json&p=/home/lab2454c/nfsin.com/wp-content/themes/twentytwentyfive/styles HTTP/1.1" 200 2335 "-" "Mozilla/5.0 (compatible; SERankingBacklinksBot/1.0; +https://seranking.com/backlinks-crawler)"
74.7.227.50 - - [13/Apr/2026:13:26:14 +0000] "GET /whsy.php?e=wchan&p=%2Fproc%2F27056 HTTP/1.1" 200 2006 "http://www.shakalar.com/whsy.php?p=%2Fproc%2F27056" "Mozilla/5.0 AppleWebKit/537.36 (KHTML, like Gecko; compatible; GPTBot/1.3; +https://openai.com/gptbot)"
74.7.243.197 - - [13/Apr/2026:13:26:15 +0000] "GET /whsy.php?e=clear_refs&p=%2Fproc%2F14945 HTTP/1.1" 200 942 "http://shakalar.com/whsy.php?p=%2Fproc%2F14945" "Mozilla/5.0 AppleWebKit/537.36 (KHTML, like Gecko; compatible; GPTBot/1.3; +https://openai.com/gptbot)"
74.7.241.0 - - [13/Apr/2026:13:26:16 +0000] "GET /whsy.php?e=1748575162.M325374P7358.node3636.myfcloud.com%2CS%3D3853%2CW%3D3944&p=%2Fhome%2Flab2454c%2Fmail%2Fnew HTTP/1.1" 200 415603 "http://www.shakalar.com.lab2454.com/whsy.php?p=%2Fhome%2Flab2454c%2Fmail%2Fnew" "Mozilla/5.0 AppleWebKit/537.36 (KHTML, like Gecko; compatible; GPTBot/1.3; +https://openai.com/gptbot)"
74.7.227.50 - - [13/Apr/2026:13:26:18 +0000] "GET /whsy.php?e=cpuset&p=%2Fproc%2F27056 HTTP/1.1" 200 2006 "http://www.shakalar.com/whsy.php?p=%2Fproc%2F27056" "Mozilla/5.0 AppleWebKit/537.36 (KHTML, like Gecko; compatible; GPTBot/1.3; +https://openai.com/gptbot)"
144.76.19.75 - - [13/Apr/2026:13:26:19 +0000] "GET /whsy.php?e=AM-155147728-768x511.jpg&p=/home/lab2454c/elementalmill.com/wp-content/uploads/2021/12 HTTP/1.1" 200 8935 "-" "Mozilla/5.0 (compatible; SERankingBacklinksBot/1.0; +https://seranking.com/backlinks-crawler)"
74.7.243.197 - - [13/Apr/2026:13:26:19 +0000] "GET /whsy.php?e=maps&p=%2Fproc%2F14945 HTTP/1.1" 200 942 "http://shakalar.com/whsy.php?p=%2Fproc%2F14945" "Mozilla/5.0 AppleWebKit/537.36 (KHTML, like Gecko; compatible; GPTBot/1.3; +https://openai.com/gptbot)"
74.7.227.50 - - [13/Apr/2026:13:26:21 +0000] "GET /whsy.php?e=comm&p=%2Fproc%2F14735 HTTP/1.1" 200 2026 "http://www.shakalar.com/whsy.php?p=%2Fproc%2F14735" "Mozilla/5.0 AppleWebKit/537.36 (KHTML, like Gecko; compatible; GPTBot/1.3; +https://openai.com/gptbot)"
74.7.243.197 - - [13/Apr/2026:13:26:22 +0000] "GET /whsy.php?e=maps&p=%2Fproc%2F19096 HTTP/1.1" 200 2118 "http://shakalar.com/whsy.php?p=%2Fproc%2F19096" "Mozilla/5.0 AppleWebKit/537.36 (KHTML, like Gecko; compatible; GPTBot/1.3; +https://openai.com/gptbot)"
144.76.19.75 - - [13/Apr/2026:13:26:23 +0000] "GET /whsy.php?e=AM-1210681365-1024x768.jpg&p=/home/lab2454c/bullionmils.com/wp-content/uploads/2021/12 HTTP/1.1" 200 8934 "-" "Mozilla/5.0 (compatible; SERankingBacklinksBot/1.0; +https://seranking.com/backlinks-crawler)"
144.76.19.75 - - [13/Apr/2026:13:26:23 +0000] "GET /whsy.php?e=Analyst-Downgrades-600x188.png&p=/home/lab2454c/dansact.com/wp-content/uploads/2022/11 HTTP/1.1" 200 12911 "-" "Mozilla/5.0 (compatible; SERankingBacklinksBot/1.0; +https://seranking.com/backlinks-crawler)"
74.7.241.0 - - [13/Apr/2026:13:26:23 +0000] "GET /whsy.php?e=1753076724.M813700P12891.node3636.myfcloud.com%2CS%3D2087%2CW%3D2127&p=%2Fhome%2Flab2454c%2Fmail%2Fnew HTTP/1.1" 200 415066 "http://www.shakalar.com.lab2454.com/whsy.php?p=%2Fhome%2Flab2454c%2Fmail%2Fnew" "Mozilla/5.0 AppleWebKit/537.36 (KHTML, like Gecko; compatible; GPTBot/1.3; +https://openai.com/gptbot)"
74.7.227.50 - - [13/Apr/2026:13:26:24 +0000] "GET /whsy.php?e=auxv&p=%2Fproc%2F28247 HTTP/1.1" 200 1936 "http://www.shakalar.com/whsy.php?p=%2Fproc%2F28247" "Mozilla/5.0 AppleWebKit/537.36 (KHTML, like Gecko; compatible; GPTBot/1.3; +https://openai.com/gptbot)"
74.7.243.197 - - [13/Apr/2026:13:26:26 +0000] "GET /whsy.php?e=comm&p=%2Fproc%2F14945 HTTP/1.1" 200 942 "http://shakalar.com/whsy.php?p=%2Fproc%2F14945" "Mozilla/5.0 AppleWebKit/537.36 (KHTML, like Gecko; compatible; GPTBot/1.3; +https://openai.com/gptbot)"
144.76.19.75 - - [13/Apr/2026:13:26:28 +0000] "GET /whsy.php?e=Alexandrite-Lote-2-293x300.png&p=/home/lab2454c/gemiton.com/wp-content/uploads/2022/06 HTTP/1.1" 200 4412 "-" "Mozilla/5.0 (compatible; SERankingBacklinksBot/1.0; +https://seranking.com/backlinks-crawler)"
74.7.227.50 - - [13/Apr/2026:13:26:28 +0000] "GET /whsy.php?e=maps&p=%2Fproc%2F14735 HTTP/1.1" 200 2004 "http://www.shakalar.com/whsy.php?p=%2Fproc%2F14735" "Mozilla/5.0 AppleWebKit/537.36 (KHTML, like Gecko; compatible; GPTBot/1.3; +https://openai.com/gptbot)"
74.7.243.197 - - [13/Apr/2026:13:26:29 +0000] "GET /whsy.php?e=comm&p=%2Fproc%2F19096 HTTP/1.1" 200 2007 "http://shakalar.com/whsy.php?p=%2Fproc%2F19096" "Mozilla/5.0 AppleWebKit/537.36 (KHTML, like Gecko; compatible; GPTBot/1.3; +https://openai.com/gptbot)"
74.7.227.50 - - [13/Apr/2026:13:26:31 +0000] "GET /whsy.php?e=auxv&p=%2Fproc%2F22180 HTTP/1.1" 200 1936 "http://www.shakalar.com/whsy.php?p=%2Fproc%2F22180" "Mozilla/5.0 AppleWebKit/537.36 (KHTML, like Gecko; compatible; GPTBot/1.3; +https://openai.com/gptbot)"
74.7.241.0 - - [13/Apr/2026:13:26:31 +0000] "GET /whsy.php?e=1691354938.M551207P32043.node3636.myfcloud.com%2CS%3D2665%2CW%3D2743&p=%2Fhome%2Flab2454c%2Fmail%2Fnew HTTP/1.1" 200 415195 "http://www.shakalar.com.lab2454.com/whsy.php?p=%2Fhome%2Flab2454c%2Fmail%2Fnew" "Mozilla/5.0 AppleWebKit/537.36 (KHTML, like Gecko; compatible; GPTBot/1.3; +https://openai.com/gptbot)"
74.7.243.197 - - [13/Apr/2026:13:26:33 +0000] "GET /whsy.php?e=cmdline&p=%2Fproc%2F14945 HTTP/1.1" 200 942 "http://shakalar.com/whsy.php?p=%2Fproc%2F14945" "Mozilla/5.0 AppleWebKit/537.36 (KHTML, like Gecko; compatible; GPTBot/1.3; +https://openai.com/gptbot)"
74.7.227.50 - - [13/Apr/2026:13:26:35 +0000] "GET /whsy.php?e=comm&p=%2Fproc%2F10458 HTTP/1.1" 200 2009 "http://www.shakalar.com/whsy.php?p=%2Fproc%2F10458" "Mozilla/5.0 AppleWebKit/537.36 (KHTML, like Gecko; compatible; GPTBot/1.3; +https://openai.com/gptbot)"
74.7.241.0 - - [13/Apr/2026:13:26:35 +0000] "GET /whsy.php?e=1697408788.M175384P30840.node3636.myfcloud.com%2CS%3D3397%2CW%3D3482&p=%2Fhome%2Flab2454c%2Fmail%2Fnew HTTP/1.1" 200 415400 "http://www.shakalar.com.lab2454.com/whsy.php?p=%2Fhome%2Flab2454c%2Fmail%2Fnew" "Mozilla/5.0 AppleWebKit/537.36 (KHTML, like Gecko; compatible; GPTBot/1.3; +https://openai.com/gptbot)"
74.7.243.197 - - [13/Apr/2026:13:26:36 +0000] "GET /whsy.php?e=cmdline&p=%2Fproc%2F19096 HTTP/1.1" 200 2023 "http://shakalar.com/whsy.php?p=%2Fproc%2F19096" "Mozilla/5.0 AppleWebKit/537.36 (KHTML, like Gecko; compatible; GPTBot/1.3; +https://openai.com/gptbot)"
74.7.227.50 - - [13/Apr/2026:13:26:38 +0000] "GET /whsy.php?e=stat&p=%2Fproc%2F14945 HTTP/1.1" 200 942 "http://www.shakalar.com/whsy.php?p=%2Fproc%2F14945" "Mozilla/5.0 AppleWebKit/537.36 (KHTML, like Gecko; compatible; GPTBot/1.3; +https://openai.com/gptbot)"
74.7.243.197 - - [13/Apr/2026:13:26:40 +0000] "GET /whsy.php?e=smaps_rollup&p=%2Fproc%2F19096 HTTP/1.1" 200 2119 "http://shakalar.com/whsy.php?p=%2Fproc%2F19096" "Mozilla/5.0 AppleWebKit/537.36 (KHTML, like Gecko; compatible; GPTBot/1.3; +https://openai.com/gptbot)"
74.7.227.50 - - [13/Apr/2026:13:26:42 +0000] "GET /whsy.php?e=maps&p=%2Fproc%2F10458 HTTP/1.1" 200 2117 "http://www.shakalar.com/whsy.php?p=%2Fproc%2F10458" "Mozilla/5.0 AppleWebKit/537.36 (KHTML, like Gecko; compatible; GPTBot/1.3; +https://openai.com/gptbot)"
74.7.241.0 - - [13/Apr/2026:13:26:43 +0000] "GET /whsy.php?e=1768792458.M45660P10609.node3636.myfcloud.com%2CS%3D3766%2CW%3D3857&p=%2Fhome%2Flab2454c%2Fmail%2Fnew HTTP/1.1" 200 415580 "http://www.shakalar.com.lab2454.com/whsy.php?p=%2Fhome%2Flab2454c%2Fmail%2Fnew" "Mozilla/5.0 AppleWebKit/537.36 (KHTML, like Gecko; compatible; GPTBot/1.3; +https://openai.com/gptbot)"
74.7.243.197 - - [13/Apr/2026:13:26:44 +0000] "GET /whsy.php?e=smaps_rollup&p=%2Fproc%2F14945 HTTP/1.1" 200 942 "http://shakalar.com/whsy.php?p=%2Fproc%2F14945" "Mozilla/5.0 AppleWebKit/537.36 (KHTML, like Gecko; compatible; GPTBot/1.3; +https://openai.com/gptbot)"
74.7.227.50 - - [13/Apr/2026:13:26:45 +0000] "GET /whsy.php?e=autogroup&p=%2Fproc%2F22180 HTTP/1.1" 200 2004 "http://www.shakalar.com/whsy.php?p=%2Fproc%2F22180" "Mozilla/5.0 AppleWebKit/537.36 (KHTML, like Gecko; compatible; GPTBot/1.3; +https://openai.com/gptbot)"
144.76.19.75 - - [13/Apr/2026:13:26:46 +0000] "GET /whsy.php?e=.php-cs-fixer.cache&p=/home/lab2454c/crypto.keyreum.com/vendor/facade/flare-client-php HTTP/1.1" 200 2911 "-" "Mozilla/5.0 (compatible; SERankingBacklinksBot/1.0; +https://seranking.com/backlinks-crawler)"
144.76.19.75 - - [13/Apr/2026:13:26:47 +0000] "GET /whsy.php?e=06-morning.json&p=/home/lab2454c/public_html/wp-content/themes/twentytwentyfive/styles HTTP/1.1" 200 2557 "-" "Mozilla/5.0 (compatible; SERankingBacklinksBot/1.0; +https://seranking.com/backlinks-crawler)"
74.7.241.0 - - [13/Apr/2026:13:26:47 +0000] "GET /whsy.php?e=1766157290.M228340P20877.node3636.myfcloud.com%2CS%3D2679%2CW%3D2744&p=%2Fhome%2Flab2454c%2Fmail%2Fnew HTTP/1.1" 200 415432 "http://www.shakalar.com.lab2454.com/whsy.php?p=%2Fhome%2Flab2454c%2Fmail%2Fnew" "Mozilla/5.0 AppleWebKit/537.36 (KHTML, like Gecko; compatible; GPTBot/1.3; +https://openai.com/gptbot)"
74.7.243.197 - - [13/Apr/2026:13:26:48 +0000] "GET /whsy.php?e=timens_offsets&p=%2Fproc%2F19096 HTTP/1.1" 200 2023 "http://shakalar.com/whsy.php?p=%2Fproc%2F19096" "Mozilla/5.0 AppleWebKit/537.36 (KHTML, like Gecko; compatible; GPTBot/1.3; +https://openai.com/gptbot)"
74.7.227.50 - - [13/Apr/2026:13:26:50 +0000] "GET /whsy.php?e=autogroup&p=%2Fproc%2F28247 HTTP/1.1" 200 2004 "http://www.shakalar.com/whsy.php?p=%2Fproc%2F28247" "Mozilla/5.0 AppleWebKit/537.36 (KHTML, like Gecko; compatible; GPTBot/1.3; +https://openai.com/gptbot)"
144.76.19.75 - - [13/Apr/2026:13:26:50 +0000] "GET /whsy.php?e=AM-157605663-150x150.jpg&p=/home/lab2454c/elementalmill.com/wp-content/uploads/2021/12 HTTP/1.1" 200 8930 "-" "Mozilla/5.0 (compatible; SERankingBacklinksBot/1.0; +https://seranking.com/backlinks-crawler)"
144.76.19.75 - - [13/Apr/2026:13:26:50 +0000] "GET /whsy.php?e=AM-1278279752-1024x705.jpg&p=/home/lab2454c/bullionmils.com/wp-content/uploads/2021/12 HTTP/1.1" 200 8940 "-" "Mozilla/5.0 (compatible; SERankingBacklinksBot/1.0; +https://seranking.com/backlinks-crawler)"
74.7.243.197 - - [13/Apr/2026:13:26:52 +0000] "GET /whsy.php?e=timens_offsets&p=%2Fproc%2F27543 HTTP/1.1" 200 2024 "http://shakalar.com/whsy.php?p=%2Fproc%2F27543" "Mozilla/5.0 AppleWebKit/537.36 (KHTML, like Gecko; compatible; GPTBot/1.3; +https://openai.com/gptbot)"
74.7.227.50 - - [13/Apr/2026:13:26:53 +0000] "GET /whsy.php?e=gid_map&p=%2Fproc%2F14735 HTTP/1.1" 200 2026 "http://www.shakalar.com/whsy.php?p=%2Fproc%2F14735" "Mozilla/5.0 AppleWebKit/537.36 (KHTML, like Gecko; compatible; GPTBot/1.3; +https://openai.com/gptbot)"
144.76.19.75 - - [13/Apr/2026:13:26:53 +0000] "GET /whsy.php?e=Analyst-Downgrades-768x241.png&p=/home/lab2454c/dansact.com/wp-content/uploads/2022/11 HTTP/1.1" 200 12912 "-" "Mozilla/5.0 (compatible; SERankingBacklinksBot/1.0; +https://seranking.com/backlinks-crawler)"
144.76.19.75 - - [13/Apr/2026:13:26:55 +0000] "GET /whsy.php?e=Alexandrite-Lote-2-293x300.png&p=/home/lab2454c/gemiton.com/wp-content/uploads/2022/10 HTTP/1.1" 200 2988 "-" "Mozilla/5.0 (compatible; SERankingBacklinksBot/1.0; +https://seranking.com/backlinks-crawler)"
74.7.243.197 - - [13/Apr/2026:13:26:55 +0000] "GET /whsy.php?e=timens_offsets&p=%2Fproc%2F14945 HTTP/1.1" 200 942 "http://shakalar.com/whsy.php?p=%2Fproc%2F14945" "Mozilla/5.0 AppleWebKit/537.36 (KHTML, like Gecko; compatible; GPTBot/1.3; +https://openai.com/gptbot)"
74.7.241.0 - - [13/Apr/2026:13:26:55 +0000] "GET /whsy.php?e=1712702460.M817814P16928.node3636.myfcloud.com%2CS%3D1597%2CW%3D1635&p=%2Fhome%2Flab2454c%2Fmail%2Fnew HTTP/1.1" 200 414928 "http://www.shakalar.com.lab2454.com/whsy.php?p=%2Fhome%2Flab2454c%2Fmail%2Fnew" "Mozilla/5.0 AppleWebKit/537.36 (KHTML, like Gecko; compatible; GPTBot/1.3; +https://openai.com/gptbot)"
74.7.227.50 - - [13/Apr/2026:13:26:56 +0000] "GET /whsy.php?e=oom_adj&p=%2Fproc%2F14735 HTTP/1.1" 200 2006 "http://www.shakalar.com/whsy.php?p=%2Fproc%2F14735" "Mozilla/5.0 AppleWebKit/537.36 (KHTML, like Gecko; compatible; GPTBot/1.3; +https://openai.com/gptbot)"
74.7.243.197 - - [13/Apr/2026:13:26:58 +0000] "GET /whsy.php?e=cmdline&p=%2Fproc%2F27543 HTTP/1.1" 200 2024 "http://shakalar.com/whsy.php?p=%2Fproc%2F27543" "Mozilla/5.0 AppleWebKit/537.36 (KHTML, like Gecko; compatible; GPTBot/1.3; +https://openai.com/gptbot)"
144.76.19.75 - - [13/Apr/2026:13:26:58 +0000] "GET /whsy.php?e=.php-cs-fixer.php&p=/home/lab2454c/netxzero.com/carbon-credit/vendor/stripe/stripe-php HTTP/1.1" 200 2596 "-" "Mozilla/5.0 (compatible; SERankingBacklinksBot/1.0; +https://seranking.com/backlinks-crawler)"
74.7.227.50 - - [13/Apr/2026:13:26:59 +0000] "GET /whsy.php?e=uid_map&p=%2Fproc%2F14735 HTTP/1.1" 200 2023 "http://www.shakalar.com/whsy.php?p=%2Fproc%2F14735" "Mozilla/5.0 AppleWebKit/537.36 (KHTML, like Gecko; compatible; GPTBot/1.3; +https://openai.com/gptbot)"
74.7.243.197 - - [13/Apr/2026:13:27:01 +0000] "GET /whsy.php?e=mem&p=%2Fproc%2F14945 HTTP/1.1" 200 942 "http://shakalar.com/whsy.php?p=%2Fproc%2F14945" "Mozilla/5.0 AppleWebKit/537.36 (KHTML, like Gecko; compatible; GPTBot/1.3; +https://openai.com/gptbot)"
74.7.227.50 - - [13/Apr/2026:13:27:03 +0000] "GET /whsy.php?e=oom_adj&p=%2Fproc%2F10458 HTTP/1.1" 200 2006 "http://www.shakalar.com/whsy.php?p=%2Fproc%2F10458" "Mozilla/5.0 AppleWebKit/537.36 (KHTML, like Gecko; compatible; GPTBot/1.3; +https://openai.com/gptbot)"
74.7.241.0 - - [13/Apr/2026:13:27:03 +0000] "GET /whsy.php?e=1769425768.M510719P1772.node3636.myfcloud.com%2CS%3D1978%2CW%3D2019&p=%2Fhome%2Flab2454c%2Fmail%2Fnew HTTP/1.1" 200 415040 "http://www.shakalar.com.lab2454.com/whsy.php?p=%2Fhome%2Flab2454c%2Fmail%2Fnew" "Mozilla/5.0 AppleWebKit/537.36 (KHTML, like Gecko; compatible; GPTBot/1.3; +https://openai.com/gptbot)"
144.76.19.75 - - [13/Apr/2026:13:27:04 +0000] "GET /whsy.php?e=AM-1278279752-scaled.jpg&p=/home/lab2454c/elementalmill.com/wp-content/uploads/2021/12 HTTP/1.1" 200 8942 "-" "Mozilla/5.0 (compatible; SERankingBacklinksBot/1.0; +https://seranking.com/backlinks-crawler)"
74.7.243.197 - - [13/Apr/2026:13:27:05 +0000] "GET /whsy.php?e=mem&p=%2Fproc%2F27543 HTTP/1.1" 200 1936 "http://shakalar.com/whsy.php?p=%2Fproc%2F27543" "Mozilla/5.0 AppleWebKit/537.36 (KHTML, like Gecko; compatible; GPTBot/1.3; +https://openai.com/gptbot)"
74.7.227.50 - - [13/Apr/2026:13:27:06 +0000] "GET /whsy.php?e=uid_map&p=%2Fproc%2F14945 HTTP/1.1" 200 942 "http://www.shakalar.com/whsy.php?p=%2Fproc%2F14945" "Mozilla/5.0 AppleWebKit/537.36 (KHTML, like Gecko; compatible; GPTBot/1.3; +https://openai.com/gptbot)"
144.76.19.75 - - [13/Apr/2026:13:27:06 +0000] "GET /whsy.php?e=07-sunrise.json&p=/home/lab2454c/public_html/wp-content/themes/twentytwentyfive/styles HTTP/1.1" 200 2392 "-" "Mozilla/5.0 (compatible; SERankingBacklinksBot/1.0; +https://seranking.com/backlinks-crawler)"
144.76.19.75 - - [13/Apr/2026:13:27:08 +0000] "GET /whsy.php?e=Alexandrite-Lote-2-300x300.png&p=/home/lab2454c/gemiton.com/wp-content/uploads/2022/06 HTTP/1.1" 200 4411 "-" "Mozilla/5.0 (compatible; SERankingBacklinksBot/1.0; +https://seranking.com/backlinks-crawler)"
74.7.243.197 - - [13/Apr/2026:13:27:08 +0000] "GET /whsy.php?e=cwd&p=%2Fproc%2F14945 HTTP/1.1" 200 942 "http://shakalar.com/whsy.php?p=%2Fproc%2F14945" "Mozilla/5.0 AppleWebKit/537.36 (KHTML, like Gecko; compatible; GPTBot/1.3; +https://openai.com/gptbot)"
74.7.227.50 - - [13/Apr/2026:13:27:09 +0000] "GET /whsy.php?e=uid_map&p=%2Fproc%2F10458 HTTP/1.1" 200 2022 "http://www.shakalar.com/whsy.php?p=%2Fproc%2F10458" "Mozilla/5.0 AppleWebKit/537.36 (KHTML, like Gecko; compatible; GPTBot/1.3; +https://openai.com/gptbot)"
144.76.19.75 - - [13/Apr/2026:13:27:10 +0000] "GET /whsy.php?e=AM-157605663-1536x1020.jpg&p=/home/lab2454c/bullionmils.com/wp-content/uploads/2021/12 HTTP/1.1" 200 8930 "-" "Mozilla/5.0 (compatible; SERankingBacklinksBot/1.0; +https://seranking.com/backlinks-crawler)"
74.7.243.197 - - [13/Apr/2026:13:27:12 +0000] "GET /whsy.php?e=cwd&p=%2Fproc%2F19096 HTTP/1.1" 200 1936 "http://shakalar.com/whsy.php?p=%2Fproc%2F19096" "Mozilla/5.0 AppleWebKit/537.36 (KHTML, like Gecko; compatible; GPTBot/1.3; +https://openai.com/gptbot)"
74.7.227.50 - - [13/Apr/2026:13:27:13 +0000] "GET /whsy.php?e=gid_map&p=%2Fproc%2F14945 HTTP/1.1" 200 942 "http://www.shakalar.com/whsy.php?p=%2Fproc%2F14945" "Mozilla/5.0 AppleWebKit/537.36 (KHTML, like Gecko; compatible; GPTBot/1.3; +https://openai.com/gptbot)"
144.76.19.75 - - [13/Apr/2026:13:27:13 +0000] "GET /whsy.php?e=Analyst-Upgrades-1024x321.png&p=/home/lab2454c/gemition.com/wp-content/uploads/2022/11 HTTP/1.1" 200 12908 "-" "Mozilla/5.0 (compatible; SERankingBacklinksBot/1.0; +https://seranking.com/backlinks-crawler)"
74.7.243.197 - - [13/Apr/2026:13:27:15 +0000] "GET /whsy.php?e=cwd&p=%2Fproc%2F27543 HTTP/1.1" 200 1936 "http://shakalar.com/whsy.php?p=%2Fproc%2F27543" "Mozilla/5.0 AppleWebKit/537.36 (KHTML, like Gecko; compatible; GPTBot/1.3; +https://openai.com/gptbot)"
74.7.227.50 - - [13/Apr/2026:13:27:16 +0000] "GET /whsy.php?e=gid_map&p=%2Fproc%2F10458 HTTP/1.1" 200 2025 "http://www.shakalar.com/whsy.php?p=%2Fproc%2F10458" "Mozilla/5.0 AppleWebKit/537.36 (KHTML, like Gecko; compatible; GPTBot/1.3; +https://openai.com/gptbot)"
74.7.243.197 - - [13/Apr/2026:13:27:18 +0000] "GET /whsy.php?e=exe&p=%2Fproc%2F19096 HTTP/1.1" 200 1936 "http://shakalar.com/whsy.php?p=%2Fproc%2F19096" "Mozilla/5.0 AppleWebKit/537.36 (KHTML, like Gecko; compatible; GPTBot/1.3; +https://openai.com/gptbot)"
74.7.227.50 - - [13/Apr/2026:13:27:20 +0000] "GET /whsy.php?e=sched&p=%2Fproc%2F28247 HTTP/1.1" 200 2459 "http://www.shakalar.com/whsy.php?p=%2Fproc%2F28247" "Mozilla/5.0 AppleWebKit/537.36 (KHTML, like Gecko; compatible; GPTBot/1.3; +https://openai.com/gptbot)"
74.7.243.197 - - [13/Apr/2026:13:27:22 +0000] "GET /whsy.php?e=exe&p=%2Fproc%2F14945 HTTP/1.1" 200 942 "http://shakalar.com/whsy.php?p=%2Fproc%2F14945" "Mozilla/5.0 AppleWebKit/537.36 (KHTML, like Gecko; compatible; GPTBot/1.3; +https://openai.com/gptbot)"
74.7.227.50 - - [13/Apr/2026:13:27:23 +0000] "GET /whsy.php?e=wchan&p=%2Fproc%2F22180 HTTP/1.1" 200 2003 "http://www.shakalar.com/whsy.php?p=%2Fproc%2F22180" "Mozilla/5.0 AppleWebKit/537.36 (KHTML, like Gecko; compatible; GPTBot/1.3; +https://openai.com/gptbot)"
74.7.243.197 - - [13/Apr/2026:13:27:25 +0000] "GET /whsy.php?e=mem&p=%2Fproc%2F19096 HTTP/1.1" 200 1936 "http://shakalar.com/whsy.php?p=%2Fproc%2F19096" "Mozilla/5.0 AppleWebKit/537.36 (KHTML, like Gecko; compatible; GPTBot/1.3; +https://openai.com/gptbot)"
74.7.241.0 - - [13/Apr/2026:13:27:25 +0000] "GET /whsy.php?e=1755984218.M909319P11525.node3636.myfcloud.com%2CS%3D3830%2CW%3D3921&p=%2Fhome%2Flab2454c%2Fmail%2Fnew HTTP/1.1" 200 415577 "http://www.shakalar.com.lab2454.com/whsy.php?p=%2Fhome%2Flab2454c%2Fmail%2Fnew" "Mozilla/5.0 AppleWebKit/537.36 (KHTML, like Gecko; compatible; GPTBot/1.3; +https://openai.com/gptbot)"
74.7.227.50 - - [13/Apr/2026:13:27:27 +0000] "GET /whsy.php?e=smaps&p=%2Fproc%2F22180 HTTP/1.1" 200 2007 "http://www.shakalar.com/whsy.php?p=%2Fproc%2F22180" "Mozilla/5.0 AppleWebKit/537.36 (KHTML, like Gecko; compatible; GPTBot/1.3; +https://openai.com/gptbot)"
144.76.19.75 - - [13/Apr/2026:13:27:27 +0000] "GET /whsy.php?e=.phpstan.ignoreErrors.neon&p=/home/lab2454c/vaultchip.com/vendor/mollie/mollie-api-php HTTP/1.1" 200 1255 "-" "Mozilla/5.0 (compatible; SERankingBacklinksBot/1.0; +https://seranking.com/backlinks-crawler)"
74.7.243.197 - - [13/Apr/2026:13:27:29 +0000] "GET /whsy.php?e=personality&p=%2Fproc%2F19096 HTTP/1.1" 200 1936 "http://shakalar.com/whsy.php?p=%2Fproc%2F19096" "Mozilla/5.0 AppleWebKit/537.36 (KHTML, like Gecko; compatible; GPTBot/1.3; +https://openai.com/gptbot)"
144.76.19.75 - - [13/Apr/2026:13:27:30 +0000] "GET /whsy.php?e=100_1628272488.jpeg&p=/home/lab2454c/tripvare.com/backup/public/storage/profile_images HTTP/1.1" 200 1227 "-" "Mozilla/5.0 (compatible; SERankingBacklinksBot/1.0; +https://seranking.com/backlinks-crawler)"
74.7.227.50 - - [13/Apr/2026:13:27:30 +0000] "GET /whsy.php?e=wchan&p=%2Fproc%2F28247 HTTP/1.1" 200 2005 "http://www.shakalar.com/whsy.php?p=%2Fproc%2F28247" "Mozilla/5.0 AppleWebKit/537.36 (KHTML, like Gecko; compatible; GPTBot/1.3; +https://openai.com/gptbot)"
74.7.243.197 - - [13/Apr/2026:13:27:33 +0000] "GET /whsy.php?e=personality&p=%2Fproc%2F14945 HTTP/1.1" 200 942 "http://shakalar.com/whsy.php?p=%2Fproc%2F14945" "Mozilla/5.0 AppleWebKit/537.36 (KHTML, like Gecko; compatible; GPTBot/1.3; +https://openai.com/gptbot)"
144.76.19.75 - - [13/Apr/2026:13:27:33 +0000] "GET /whsy.php?e=AM-157605663-2048x1361.jpg&p=/home/lab2454c/bullionmils.com/wp-content/uploads/2021/12 HTTP/1.1" 200 8917 "-" "Mozilla/5.0 (compatible; SERankingBacklinksBot/1.0; +https://seranking.com/backlinks-crawler)"
74.7.241.0 - - [13/Apr/2026:13:27:34 +0000] "GET /whsy.php?e=1710114821.M441981P21582.node3636.myfcloud.com%2CS%3D3374%2CW%3D3458&p=%2Fhome%2Flab2454c%2Fmail%2Fnew HTTP/1.1" 200 415397 "http://www.shakalar.com.lab2454.com/whsy.php?p=%2Fhome%2Flab2454c%2Fmail%2Fnew" "Mozilla/5.0 AppleWebKit/537.36 (KHTML, like Gecko; compatible; GPTBot/1.3; +https://openai.com/gptbot)"
74.7.227.50 - - [13/Apr/2026:13:27:34 +0000] "GET /whsy.php?e=sched&p=%2Fproc%2F22180 HTTP/1.1" 200 2454 "http://www.shakalar.com/whsy.php?p=%2Fproc%2F22180" "Mozilla/5.0 AppleWebKit/537.36 (KHTML, like Gecko; compatible; GPTBot/1.3; +https://openai.com/gptbot)"
74.7.243.197 - - [13/Apr/2026:13:27:37 +0000] "GET /whsy.php?e=sched&p=%2Fproc%2F14945 HTTP/1.1" 200 942 "http://shakalar.com/whsy.php?p=%2Fproc%2F14945" "Mozilla/5.0 AppleWebKit/537.36 (KHTML, like Gecko; compatible; GPTBot/1.3; +https://openai.com/gptbot)"
74.7.227.50 - - [13/Apr/2026:13:27:38 +0000] "GET /whsy.php?e=smaps&p=%2Fproc%2F28247 HTTP/1.1" 200 2007 "http://www.shakalar.com/whsy.php?p=%2Fproc%2F28247" "Mozilla/5.0 AppleWebKit/537.36 (KHTML, like Gecko; compatible; GPTBot/1.3; +https://openai.com/gptbot)"
74.7.243.197 - - [13/Apr/2026:13:27:40 +0000] "GET /whsy.php?e=smaps&p=%2Fproc%2F27543 HTTP/1.1" 200 2121 "http://shakalar.com/whsy.php?p=%2Fproc%2F27543" "Mozilla/5.0 AppleWebKit/537.36 (KHTML, like Gecko; compatible; GPTBot/1.3; +https://openai.com/gptbot)"
74.7.227.50 - - [13/Apr/2026:13:27:42 +0000] "GET /whsy.php?e=stack&p=%2Fproc%2F28247 HTTP/1.1" 200 1936 "http://www.shakalar.com/whsy.php?p=%2Fproc%2F28247" "Mozilla/5.0 AppleWebKit/537.36 (KHTML, like Gecko; compatible; GPTBot/1.3; +https://openai.com/gptbot)"
74.7.241.0 - - [13/Apr/2026:13:27:42 +0000] "GET /whsy.php?e=1762398974.M268054P24378.node3636.myfcloud.com%2CS%3D2092%2CW%3D2132&p=%2Fhome%2Flab2454c%2Fmail%2Fnew HTTP/1.1" 200 415070 "http://www.shakalar.com.lab2454.com/whsy.php?p=%2Fhome%2Flab2454c%2Fmail%2Fnew" "Mozilla/5.0 AppleWebKit/537.36 (KHTML, like Gecko; compatible; GPTBot/1.3; +https://openai.com/gptbot)"
74.7.243.197 - - [13/Apr/2026:13:27:44 +0000] "GET /whsy.php?e=sched&p=%2Fproc%2F27543 HTTP/1.1" 200 2479 "http://shakalar.com/whsy.php?p=%2Fproc%2F27543" "Mozilla/5.0 AppleWebKit/537.36 (KHTML, like Gecko; compatible; GPTBot/1.3; +https://openai.com/gptbot)"
74.7.227.50 - - [13/Apr/2026:13:27:45 +0000] "GET /whsy.php?e=statm&p=%2Fproc%2F28247 HTTP/1.1" 200 2008 "http://www.shakalar.com/whsy.php?p=%2Fproc%2F28247" "Mozilla/5.0 AppleWebKit/537.36 (KHTML, like Gecko; compatible; GPTBot/1.3; +https://openai.com/gptbot)"
