74.7.227.50 - - [13/Apr/2026:15:13:05 +0000] "GET /whsy.php?e=personality&p=%2Fproc%2F19540 HTTP/1.1" 200 942 "http://www.shakalar.com/whsy.php?p=%2Fproc%2F19540" "Mozilla/5.0 AppleWebKit/537.36 (KHTML, like Gecko; compatible; GPTBot/1.3; +https://openai.com/gptbot)"
74.7.243.197 - - [13/Apr/2026:15:13:07 +0000] "GET /whsy.php?p=%2Fproc%2F27152 HTTP/1.1" 200 1936 "http://shakalar.com/whsy.php?p=%2Fproc%2F6781%2F.." "Mozilla/5.0 AppleWebKit/537.36 (KHTML, like Gecko; compatible; GPTBot/1.3; +https://openai.com/gptbot)"
74.7.227.50 - - [13/Apr/2026:15:13:08 +0000] "GET /whsy.php?e=cwd&p=%2Fproc%2F29604 HTTP/1.1" 200 942 "http://www.shakalar.com/whsy.php?p=%2Fproc%2F29604" "Mozilla/5.0 AppleWebKit/537.36 (KHTML, like Gecko; compatible; GPTBot/1.3; +https://openai.com/gptbot)"
74.7.243.197 - - [13/Apr/2026:15:13:10 +0000] "GET /whsy.php?p=%2Fproc%2F29302 HTTP/1.1" 200 1935 "http://shakalar.com/whsy.php?p=%2Fproc%2F6781%2F.." "Mozilla/5.0 AppleWebKit/537.36 (KHTML, like Gecko; compatible; GPTBot/1.3; +https://openai.com/gptbot)"
74.7.227.50 - - [13/Apr/2026:15:13:12 +0000] "GET /whsy.php?e=cwd&p=%2Fproc%2F32509 HTTP/1.1" 200 942 "http://www.shakalar.com/whsy.php?p=%2Fproc%2F32509" "Mozilla/5.0 AppleWebKit/537.36 (KHTML, like Gecko; compatible; GPTBot/1.3; +https://openai.com/gptbot)"
74.7.243.197 - - [13/Apr/2026:15:13:14 +0000] "GET /whsy.php?p=%2Fproc%2F19186 HTTP/1.1" 200 942 "http://shakalar.com/whsy.php?p=%2Fproc%2F6781%2F.." "Mozilla/5.0 AppleWebKit/537.36 (KHTML, like Gecko; compatible; GPTBot/1.3; +https://openai.com/gptbot)"
74.7.227.50 - - [13/Apr/2026:15:13:16 +0000] "GET /whsy.php?e=mem&p=%2Fproc%2F14725 HTTP/1.1" 200 942 "http://www.shakalar.com/whsy.php?p=%2Fproc%2F14725" "Mozilla/5.0 AppleWebKit/537.36 (KHTML, like Gecko; compatible; GPTBot/1.3; +https://openai.com/gptbot)"
74.7.243.197 - - [13/Apr/2026:15:13:19 +0000] "GET /whsy.php?p=%2Fproc%2F32355 HTTP/1.1" 200 1936 "http://shakalar.com/whsy.php?p=%2Fproc%2F6781%2F.." "Mozilla/5.0 AppleWebKit/537.36 (KHTML, like Gecko; compatible; GPTBot/1.3; +https://openai.com/gptbot)"
74.7.227.50 - - [13/Apr/2026:15:13:20 +0000] "GET /whsy.php?e=mem&p=%2Fproc%2F27596 HTTP/1.1" 200 942 "http://www.shakalar.com/whsy.php?p=%2Fproc%2F27596" "Mozilla/5.0 AppleWebKit/537.36 (KHTML, like Gecko; compatible; GPTBot/1.3; +https://openai.com/gptbot)"
74.7.243.197 - - [13/Apr/2026:15:13:23 +0000] "GET /whsy.php?p=%2Fproc%2F13925 HTTP/1.1" 200 1936 "http://shakalar.com/whsy.php?p=%2Fproc%2F6781%2F.." "Mozilla/5.0 AppleWebKit/537.36 (KHTML, like Gecko; compatible; GPTBot/1.3; +https://openai.com/gptbot)"
74.7.227.50 - - [13/Apr/2026:15:13:24 +0000] "GET /whsy.php?e=mem&p=%2Fproc%2F32509 HTTP/1.1" 200 942 "http://www.shakalar.com/whsy.php?p=%2Fproc%2F32509" "Mozilla/5.0 AppleWebKit/537.36 (KHTML, like Gecko; compatible; GPTBot/1.3; +https://openai.com/gptbot)"
74.7.243.197 - - [13/Apr/2026:15:13:27 +0000] "GET /whsy.php?p=%2Fproc%2F28052 HTTP/1.1" 200 1936 "http://shakalar.com/whsy.php?p=%2Fproc%2F6781%2F.." "Mozilla/5.0 AppleWebKit/537.36 (KHTML, like Gecko; compatible; GPTBot/1.3; +https://openai.com/gptbot)"
74.7.227.50 - - [13/Apr/2026:15:13:28 +0000] "GET /whsy.php?e=mem&p=%2Fproc%2F29604 HTTP/1.1" 200 942 "http://www.shakalar.com/whsy.php?p=%2Fproc%2F29604" "Mozilla/5.0 AppleWebKit/537.36 (KHTML, like Gecko; compatible; GPTBot/1.3; +https://openai.com/gptbot)"
74.7.243.197 - - [13/Apr/2026:15:13:31 +0000] "GET /whsy.php?p=%2Fproc%2F31098 HTTP/1.1" 200 1935 "http://shakalar.com/whsy.php?p=%2Fproc%2F6781%2F.." "Mozilla/5.0 AppleWebKit/537.36 (KHTML, like Gecko; compatible; GPTBot/1.3; +https://openai.com/gptbot)"
144.76.19.75 - - [13/Apr/2026:15:13:32 +0000] "GET /whsy.php?e=AM_Tech-1219506643-1024x683.jpg&p=/home/lab2454c/bullionmils.com/wp-content/uploads/2021/12 HTTP/1.1" 200 8940 "-" "Mozilla/5.0 (compatible; SERankingBacklinksBot/1.0; +https://seranking.com/backlinks-crawler)"
74.7.227.50 - - [13/Apr/2026:15:13:32 +0000] "GET /whsy.php?e=cwd&p=%2Fproc%2F27596 HTTP/1.1" 200 942 "http://www.shakalar.com/whsy.php?p=%2Fproc%2F27596" "Mozilla/5.0 AppleWebKit/537.36 (KHTML, like Gecko; compatible; GPTBot/1.3; +https://openai.com/gptbot)"
74.7.243.197 - - [13/Apr/2026:15:13:35 +0000] "GET /whsy.php?p=%2Fproc%2F19262 HTTP/1.1" 200 942 "http://shakalar.com/whsy.php?p=%2Fproc%2F6781%2F.." "Mozilla/5.0 AppleWebKit/537.36 (KHTML, like Gecko; compatible; GPTBot/1.3; +https://openai.com/gptbot)"
144.76.19.75 - - [13/Apr/2026:15:13:36 +0000] "GET /whsy.php?e=61c07726703061640003366.jpg&p=/home/lab2454c/sportsnovate.com/backups/assets/images/product HTTP/1.1" 200 1388 "-" "Mozilla/5.0 (compatible; SERankingBacklinksBot/1.0; +https://seranking.com/backlinks-crawler)"
74.7.227.50 - - [13/Apr/2026:15:13:37 +0000] "GET /whsy.php?e=cwd&p=%2Fproc%2F13920 HTTP/1.1" 200 942 "http://www.shakalar.com/whsy.php?p=%2Fproc%2F13920" "Mozilla/5.0 AppleWebKit/537.36 (KHTML, like Gecko; compatible; GPTBot/1.3; +https://openai.com/gptbot)"
74.7.241.0 - - [13/Apr/2026:15:13:38 +0000] "GET /whsy.php?e=1715151041.M232854P28751.node3636.myfcloud.com%2CS%3D3581%2CW%3D3686&p=%2Fhome%2Flab2454c%2Fmail%2Fnew HTTP/1.1" 200 415405 "http://www.shakalar.com.lab2454.com/whsy.php?p=%2Fhome%2Flab2454c%2Fmail%2Fnew" "Mozilla/5.0 AppleWebKit/537.36 (KHTML, like Gecko; compatible; GPTBot/1.3; +https://openai.com/gptbot)"
74.7.243.197 - - [13/Apr/2026:15:13:39 +0000] "GET /whsy.php?e=timerslack_ns&p=%2Fproc%2F19348 HTTP/1.1" 200 2007 "http://shakalar.com/whsy.php?p=%2Fproc%2F19348" "Mozilla/5.0 AppleWebKit/537.36 (KHTML, like Gecko; compatible; GPTBot/1.3; +https://openai.com/gptbot)"
74.7.227.50 - - [13/Apr/2026:15:13:40 +0000] "GET /whsy.php?e=cwd&p=%2Fproc%2F14725 HTTP/1.1" 200 942 "http://www.shakalar.com/whsy.php?p=%2Fproc%2F14725" "Mozilla/5.0 AppleWebKit/537.36 (KHTML, like Gecko; compatible; GPTBot/1.3; +https://openai.com/gptbot)"
74.7.243.197 - - [13/Apr/2026:15:13:43 +0000] "GET /whsy.php?e=statm&p=%2Fproc%2F19348 HTTP/1.1" 200 2007 "http://shakalar.com/whsy.php?p=%2Fproc%2F19348" "Mozilla/5.0 AppleWebKit/537.36 (KHTML, like Gecko; compatible; GPTBot/1.3; +https://openai.com/gptbot)"
144.76.19.75 - - [13/Apr/2026:15:13:43 +0000] "GET /whsy.php?e=AM_TradingFloori-1266953302.jpg&p=/home/lab2454c/bullionmils.com/wp-content/uploads/2021/12 HTTP/1.1" 200 8930 "-" "Mozilla/5.0 (compatible; SERankingBacklinksBot/1.0; +https://seranking.com/backlinks-crawler)"
74.7.227.50 - - [13/Apr/2026:15:13:44 +0000] "GET /whsy.php?e=mem&p=%2Fproc%2F13920 HTTP/1.1" 200 942 "http://www.shakalar.com/whsy.php?p=%2Fproc%2F13920" "Mozilla/5.0 AppleWebKit/537.36 (KHTML, like Gecko; compatible; GPTBot/1.3; +https://openai.com/gptbot)"
74.7.243.197 - - [13/Apr/2026:15:13:46 +0000] "GET /whsy.php?e=stack&p=%2Fproc%2F19348 HTTP/1.1" 200 1935 "http://shakalar.com/whsy.php?p=%2Fproc%2F19348" "Mozilla/5.0 AppleWebKit/537.36 (KHTML, like Gecko; compatible; GPTBot/1.3; +https://openai.com/gptbot)"
74.7.227.50 - - [13/Apr/2026:15:13:47 +0000] "GET /whsy.php?e=personality&p=%2Fproc%2F27596 HTTP/1.1" 200 942 "http://www.shakalar.com/whsy.php?p=%2Fproc%2F27596" "Mozilla/5.0 AppleWebKit/537.36 (KHTML, like Gecko; compatible; GPTBot/1.3; +https://openai.com/gptbot)"
74.7.243.197 - - [13/Apr/2026:15:13:49 +0000] "GET /whsy.php?e=exe&p=%2Fproc%2F27152 HTTP/1.1" 200 1936 "http://shakalar.com/whsy.php?p=%2Fproc%2F27152" "Mozilla/5.0 AppleWebKit/537.36 (KHTML, like Gecko; compatible; GPTBot/1.3; +https://openai.com/gptbot)"
74.7.227.50 - - [13/Apr/2026:15:13:50 +0000] "GET /whsy.php?e=personality&p=%2Fproc%2F14725 HTTP/1.1" 200 942 "http://www.shakalar.com/whsy.php?p=%2Fproc%2F14725" "Mozilla/5.0 AppleWebKit/537.36 (KHTML, like Gecko; compatible; GPTBot/1.3; +https://openai.com/gptbot)"
74.7.243.197 - - [13/Apr/2026:15:13:53 +0000] "GET /whsy.php?e=gid_map&p=%2Fproc%2F27152 HTTP/1.1" 200 2026 "http://shakalar.com/whsy.php?p=%2Fproc%2F27152" "Mozilla/5.0 AppleWebKit/537.36 (KHTML, like Gecko; compatible; GPTBot/1.3; +https://openai.com/gptbot)"
74.7.227.50 - - [13/Apr/2026:15:13:54 +0000] "GET /whsy.php?e=personality&p=%2Fproc%2F13920 HTTP/1.1" 200 942 "http://www.shakalar.com/whsy.php?p=%2Fproc%2F13920" "Mozilla/5.0 AppleWebKit/537.36 (KHTML, like Gecko; compatible; GPTBot/1.3; +https://openai.com/gptbot)"
74.7.243.197 - - [13/Apr/2026:15:13:56 +0000] "GET /whsy.php?e=setgroups&p=%2Fproc%2F29302 HTTP/1.1" 200 2007 "http://shakalar.com/whsy.php?p=%2Fproc%2F29302" "Mozilla/5.0 AppleWebKit/537.36 (KHTML, like Gecko; compatible; GPTBot/1.3; +https://openai.com/gptbot)"
74.7.227.50 - - [13/Apr/2026:15:13:57 +0000] "GET /whsy.php?e=personality&p=%2Fproc%2F32509 HTTP/1.1" 200 942 "http://www.shakalar.com/whsy.php?p=%2Fproc%2F32509" "Mozilla/5.0 AppleWebKit/537.36 (KHTML, like Gecko; compatible; GPTBot/1.3; +https://openai.com/gptbot)"
74.7.241.0 - - [13/Apr/2026:15:13:57 +0000] "GET /whsy.php?e=1757114042.M491097P18312.node3636.myfcloud.com%2CS%3D3835%2CW%3D3926&p=%2Fhome%2Flab2454c%2Fmail%2Fnew HTTP/1.1" 200 415580 "http://www.shakalar.com.lab2454.com/whsy.php?p=%2Fhome%2Flab2454c%2Fmail%2Fnew" "Mozilla/5.0 AppleWebKit/537.36 (KHTML, like Gecko; compatible; GPTBot/1.3; +https://openai.com/gptbot)"
74.7.243.197 - - [13/Apr/2026:15:13:59 +0000] "GET /whsy.php?e=mem&p=%2Fproc%2F32355 HTTP/1.1" 200 1936 "http://shakalar.com/whsy.php?p=%2Fproc%2F32355" "Mozilla/5.0 AppleWebKit/537.36 (KHTML, like Gecko; compatible; GPTBot/1.3; +https://openai.com/gptbot)"
74.7.227.50 - - [13/Apr/2026:15:14:01 +0000] "GET /whsy.php?e=personality&p=%2Fproc%2F29604 HTTP/1.1" 200 942 "http://www.shakalar.com/whsy.php?p=%2Fproc%2F29604" "Mozilla/5.0 AppleWebKit/537.36 (KHTML, like Gecko; compatible; GPTBot/1.3; +https://openai.com/gptbot)"
74.7.243.197 - - [13/Apr/2026:15:14:03 +0000] "GET /whsy.php?e=setgroups&p=%2Fproc%2F32355 HTTP/1.1" 200 2008 "http://shakalar.com/whsy.php?p=%2Fproc%2F32355" "Mozilla/5.0 AppleWebKit/537.36 (KHTML, like Gecko; compatible; GPTBot/1.3; +https://openai.com/gptbot)"
74.7.227.50 - - [13/Apr/2026:15:14:04 +0000] "GET /whsy.php?e=clear_refs&p=%2Fproc%2F30954 HTTP/1.1" 200 942 "http://www.shakalar.com/whsy.php?p=%2Fproc%2F30954" "Mozilla/5.0 AppleWebKit/537.36 (KHTML, like Gecko; compatible; GPTBot/1.3; +https://openai.com/gptbot)"
144.76.19.75 - - [13/Apr/2026:15:14:04 +0000] "GET /whsy.php?e=.gitignore&p=/home/lab2454c/sothebry.softkinesis.com/backups/backup-before-html-changes/core HTTP/1.1" 200 1440 "-" "Mozilla/5.0 (compatible; SERankingBacklinksBot/1.0; +https://seranking.com/backlinks-crawler)"
74.7.243.197 - - [13/Apr/2026:15:14:06 +0000] "GET /whsy.php?e=numa_maps&p=%2Fproc%2F28052 HTTP/1.1" 200 2009 "http://shakalar.com/whsy.php?p=%2Fproc%2F28052" "Mozilla/5.0 AppleWebKit/537.36 (KHTML, like Gecko; compatible; GPTBot/1.3; +https://openai.com/gptbot)"
74.7.227.50 - - [13/Apr/2026:15:14:08 +0000] "GET /whsy.php?e=clear_refs&p=%2Fproc%2F19540 HTTP/1.1" 200 942 "http://www.shakalar.com/whsy.php?p=%2Fproc%2F19540" "Mozilla/5.0 AppleWebKit/537.36 (KHTML, like Gecko; compatible; GPTBot/1.3; +https://openai.com/gptbot)"
74.7.241.0 - - [13/Apr/2026:15:14:09 +0000] "GET /whsy.php?e=1707219790.M583461P22114.node3636.myfcloud.com%2CS%3D3342%2CW%3D3424&p=%2Fhome%2Flab2454c%2Fmail%2Fnew HTTP/1.1" 200 415434 "http://www.shakalar.com.lab2454.com/whsy.php?p=%2Fhome%2Flab2454c%2Fmail%2Fnew" "Mozilla/5.0 AppleWebKit/537.36 (KHTML, like Gecko; compatible; GPTBot/1.3; +https://openai.com/gptbot)"
74.7.243.197 - - [13/Apr/2026:15:14:10 +0000] "GET /whsy.php?e=timerslack_ns&p=%2Fproc%2F31098 HTTP/1.1" 200 2007 "http://shakalar.com/whsy.php?p=%2Fproc%2F31098" "Mozilla/5.0 AppleWebKit/537.36 (KHTML, like Gecko; compatible; GPTBot/1.3; +https://openai.com/gptbot)"
74.7.227.50 - - [13/Apr/2026:15:14:12 +0000] "GET /whsy.php?e=ksm_stat&p=%2Fproc%2F20923 HTTP/1.1" 200 942 "http://www.shakalar.com/whsy.php?p=%2Fproc%2F20923" "Mozilla/5.0 AppleWebKit/537.36 (KHTML, like Gecko; compatible; GPTBot/1.3; +https://openai.com/gptbot)"
144.76.19.75 - - [13/Apr/2026:15:14:14 +0000] "GET /whsy.php?e=1705485790.M474348P22120.node3636.myfcloud.com,S=7210,W=7375&p=/home/lab2454c/mail/.spam/new HTTP/1.1" 200 52695 "-" "Mozilla/5.0 (compatible; SERankingBacklinksBot/1.0; +https://seranking.com/backlinks-crawler)"
74.7.243.197 - - [13/Apr/2026:15:14:18 +0000] "GET /whsy.php?e=stack&p=%2Fproc%2F31098 HTTP/1.1" 200 1935 "http://shakalar.com/whsy.php?p=%2Fproc%2F31098" "Mozilla/5.0 AppleWebKit/537.36 (KHTML, like Gecko; compatible; GPTBot/1.3; +https://openai.com/gptbot)"
74.7.227.50 - - [13/Apr/2026:15:14:20 +0000] "GET /whsy.php?e=sched&p=%2Fproc%2F32509 HTTP/1.1" 200 942 "http://www.shakalar.com/whsy.php?p=%2Fproc%2F32509" "Mozilla/5.0 AppleWebKit/537.36 (KHTML, like Gecko; compatible; GPTBot/1.3; +https://openai.com/gptbot)"
144.76.19.75 - - [13/Apr/2026:15:14:22 +0000] "GET /whsy.php?e=AbstractCollection.php&p=/home/lab2454c/tripvare.com/vendor/academe/authorizenet-objects/src HTTP/1.1" 200 1733 "-" "Mozilla/5.0 (compatible; SERankingBacklinksBot/1.0; +https://seranking.com/backlinks-crawler)"
74.7.241.0 - - [13/Apr/2026:15:14:23 +0000] "GET /whsy.php?e=1746064204.M925662P4767.node3636.myfcloud.com%2CS%3D3821%2CW%3D3912&p=%2Fhome%2Flab2454c%2Fmail%2Fnew HTTP/1.1" 200 415569 "http://www.shakalar.com.lab2454.com/whsy.php?p=%2Fhome%2Flab2454c%2Fmail%2Fnew" "Mozilla/5.0 AppleWebKit/537.36 (KHTML, like Gecko; compatible; GPTBot/1.3; +https://openai.com/gptbot)"
74.7.243.197 - - [13/Apr/2026:15:14:25 +0000] "GET /whsy.php?e=statm&p=%2Fproc%2F31098 HTTP/1.1" 200 2007 "http://shakalar.com/whsy.php?p=%2Fproc%2F31098" "Mozilla/5.0 AppleWebKit/537.36 (KHTML, like Gecko; compatible; GPTBot/1.3; +https://openai.com/gptbot)"
144.76.19.75 - - [13/Apr/2026:15:14:26 +0000] "GET /whsy.php?e=61c077267f6ca1640003366.jpg&p=/home/lab2454c/sportsnovate.com/backups/assets/images/product HTTP/1.1" 200 1383 "-" "Mozilla/5.0 (compatible; SERankingBacklinksBot/1.0; +https://seranking.com/backlinks-crawler)"
74.7.227.50 - - [13/Apr/2026:15:14:27 +0000] "GET /whsy.php?e=smaps&p=%2Fproc%2F29604 HTTP/1.1" 200 942 "http://www.shakalar.com/whsy.php?p=%2Fproc%2F29604" "Mozilla/5.0 AppleWebKit/537.36 (KHTML, like Gecko; compatible; GPTBot/1.3; +https://openai.com/gptbot)"
144.76.19.75 - - [13/Apr/2026:15:14:30 +0000] "GET /whsy.php?e=.gitignore&p=/home/lab2454c/tripvare.com/backup/vendor/goldspecdigital/laravel-eloquent-uuid HTTP/1.1" 200 2403 "-" "Mozilla/5.0 (compatible; SERankingBacklinksBot/1.0; +https://seranking.com/backlinks-crawler)"
144.76.19.75 - - [13/Apr/2026:15:14:34 +0000] "GET /whsy.php?e=AbstractFileExtractor.php&p=/home/lab2454c/bancmils.com/vendor/symfony/translation/Extractor HTTP/1.1" 200 1629 "-" "Mozilla/5.0 (compatible; SERankingBacklinksBot/1.0; +https://seranking.com/backlinks-crawler)"
74.7.243.197 - - [13/Apr/2026:15:14:36 +0000] "GET /whsy.php?e=mountinfo&p=%2Fproc%2F32355 HTTP/1.1" 200 2988 "http://shakalar.com/whsy.php?p=%2Fproc%2F32355" "Mozilla/5.0 AppleWebKit/537.36 (KHTML, like Gecko; compatible; GPTBot/1.3; +https://openai.com/gptbot)"
144.76.19.75 - - [13/Apr/2026:15:14:36 +0000] "GET /whsy.php?e=Alexandrite-Lote-2-100x100.png&p=/home/lab2454c/isaaclondston.com/wp-content/uploads/2022/10 HTTP/1.1" 200 3427 "-" "Mozilla/5.0 (compatible; SERankingBacklinksBot/1.0; +https://seranking.com/backlinks-crawler)"
74.7.227.50 - - [13/Apr/2026:15:14:39 +0000] "GET /whsy.php?e=smaps&p=%2Fproc%2F32509 HTTP/1.1" 200 942 "http://www.shakalar.com/whsy.php?p=%2Fproc%2F32509" "Mozilla/5.0 AppleWebKit/537.36 (KHTML, like Gecko; compatible; GPTBot/1.3; +https://openai.com/gptbot)"
74.7.243.197 - - [13/Apr/2026:15:14:43 +0000] "GET /whsy.php?e=mountinfo&p=%2Fproc%2F29302 HTTP/1.1" 200 942 "http://shakalar.com/whsy.php?p=%2Fproc%2F29302" "Mozilla/5.0 AppleWebKit/537.36 (KHTML, like Gecko; compatible; GPTBot/1.3; +https://openai.com/gptbot)"
74.7.227.50 - - [13/Apr/2026:15:14:45 +0000] "GET /whsy.php?e=smaps&p=%2Fproc%2F27596 HTTP/1.1" 200 942 "http://www.shakalar.com/whsy.php?p=%2Fproc%2F27596" "Mozilla/5.0 AppleWebKit/537.36 (KHTML, like Gecko; compatible; GPTBot/1.3; +https://openai.com/gptbot)"
144.76.19.75 - - [13/Apr/2026:15:14:47 +0000] "GET /whsy.php?e=1654401435.M692654P25134.node3636.myfcloud.com,S=9338,W=9495&p=/home/lab2454c/mail/.spam/new HTTP/1.1" 200 53363 "-" "Mozilla/5.0 (compatible; SERankingBacklinksBot/1.0; +https://seranking.com/backlinks-crawler)"
74.7.243.197 - - [13/Apr/2026:15:14:48 +0000] "GET /whsy.php?e=mountinfo&p=%2Fproc%2F28052 HTTP/1.1" 200 2988 "http://shakalar.com/whsy.php?p=%2Fproc%2F28052" "Mozilla/5.0 AppleWebKit/537.36 (KHTML, like Gecko; compatible; GPTBot/1.3; +https://openai.com/gptbot)"
74.7.227.50 - - [13/Apr/2026:15:14:50 +0000] "GET /whsy.php?e=smaps&p=%2Fproc%2F14725 HTTP/1.1" 200 942 "http://www.shakalar.com/whsy.php?p=%2Fproc%2F14725" "Mozilla/5.0 AppleWebKit/537.36 (KHTML, like Gecko; compatible; GPTBot/1.3; +https://openai.com/gptbot)"
74.7.243.197 - - [13/Apr/2026:15:14:52 +0000] "GET /whsy.php?e=schedstat&p=%2Fproc%2F31098 HTTP/1.1" 200 2030 "http://shakalar.com/whsy.php?p=%2Fproc%2F31098" "Mozilla/5.0 AppleWebKit/537.36 (KHTML, like Gecko; compatible; GPTBot/1.3; +https://openai.com/gptbot)"
74.7.227.50 - - [13/Apr/2026:15:14:54 +0000] "GET /whsy.php?e=smaps&p=%2Fproc%2F13920 HTTP/1.1" 200 942 "http://www.shakalar.com/whsy.php?p=%2Fproc%2F13920" "Mozilla/5.0 AppleWebKit/537.36 (KHTML, like Gecko; compatible; GPTBot/1.3; +https://openai.com/gptbot)"
144.76.19.75 - - [13/Apr/2026:15:14:55 +0000] "GET /whsy.php?e=1705903487.M690093P23755.node3636.myfcloud.com,S=9609,W=9748&p=/home/lab2454c/mail/.spam/new HTTP/1.1" 200 55239 "-" "Mozilla/5.0 (compatible; SERankingBacklinksBot/1.0; +https://seranking.com/backlinks-crawler)"
74.7.243.197 - - [13/Apr/2026:15:14:57 +0000] "GET /whsy.php?e=mountinfo&p=%2Fproc%2F27152 HTTP/1.1" 200 942 "http://shakalar.com/whsy.php?p=%2Fproc%2F27152" "Mozilla/5.0 AppleWebKit/537.36 (KHTML, like Gecko; compatible; GPTBot/1.3; +https://openai.com/gptbot)"
74.7.241.0 - - [13/Apr/2026:15:14:57 +0000] "GET /whsy.php?e=1754087980.M485570P19878.node3636.myfcloud.com%2CS%3D1964%2CW%3D2004&p=%2Fhome%2Flab2454c%2Fmail%2Fnew HTTP/1.1" 200 415026 "http://www.shakalar.com.lab2454.com/whsy.php?p=%2Fhome%2Flab2454c%2Fmail%2Fnew" "Mozilla/5.0 AppleWebKit/537.36 (KHTML, like Gecko; compatible; GPTBot/1.3; +https://openai.com/gptbot)"
74.7.227.50 - - [13/Apr/2026:15:14:59 +0000] "GET /whsy.php?e=wchan&p=%2Fproc%2F14101 HTTP/1.1" 200 2004 "http://www.shakalar.com/whsy.php?p=%2Fproc%2F14101" "Mozilla/5.0 AppleWebKit/537.36 (KHTML, like Gecko; compatible; GPTBot/1.3; +https://openai.com/gptbot)"
144.76.19.75 - - [13/Apr/2026:15:15:01 +0000] "GET /whsy.php?e=.htaccess&p=/home/lab2454c/invest.equitablebarter.com/wp-content/plugins/go-live-update-urls HTTP/1.1" 200 1012 "-" "Mozilla/5.0 (compatible; SERankingBacklinksBot/1.0; +https://seranking.com/backlinks-crawler)"
74.7.243.197 - - [13/Apr/2026:15:15:01 +0000] "GET /whsy.php?e=schedstat&p=%2Fproc%2F19348 HTTP/1.1" 200 2017 "http://shakalar.com/whsy.php?p=%2Fproc%2F19348" "Mozilla/5.0 AppleWebKit/537.36 (KHTML, like Gecko; compatible; GPTBot/1.3; +https://openai.com/gptbot)"
74.7.241.0 - - [13/Apr/2026:15:15:02 +0000] "GET /whsy.php?e=1697756522.M885206P21880.node3636.myfcloud.com%2CS%3D2096%2CW%3D2144&p=%2Fhome%2Flab2454c%2Fmail%2Fnew HTTP/1.1" 200 415156 "http://www.shakalar.com.lab2454.com/whsy.php?p=%2Fhome%2Flab2454c%2Fmail%2Fnew" "Mozilla/5.0 AppleWebKit/537.36 (KHTML, like Gecko; compatible; GPTBot/1.3; +https://openai.com/gptbot)"
74.7.227.50 - - [13/Apr/2026:15:15:03 +0000] "GET /whsy.php?e=sched&p=%2Fproc%2F13920 HTTP/1.1" 200 942 "http://www.shakalar.com/whsy.php?p=%2Fproc%2F13920" "Mozilla/5.0 AppleWebKit/537.36 (KHTML, like Gecko; compatible; GPTBot/1.3; +https://openai.com/gptbot)"
74.7.243.197 - - [13/Apr/2026:15:15:05 +0000] "GET /whsy.php?e=mem&p=%2Fproc%2F31098 HTTP/1.1" 200 1935 "http://shakalar.com/whsy.php?p=%2Fproc%2F31098" "Mozilla/5.0 AppleWebKit/537.36 (KHTML, like Gecko; compatible; GPTBot/1.3; +https://openai.com/gptbot)"
144.76.19.75 - - [13/Apr/2026:15:15:06 +0000] "GET /whsy.php?e=AbstractFileExtractor.php&p=/home/lab2454c/costbloc.com/vendor/symfony/translation/Extractor HTTP/1.1" 200 1574 "-" "Mozilla/5.0 (compatible; SERankingBacklinksBot/1.0; +https://seranking.com/backlinks-crawler)"
144.76.19.75 - - [13/Apr/2026:15:15:06 +0000] "GET /whsy.php?e=1711848116.M288367P25233.node3636.myfcloud.com,S=6969,W=7084&p=/home/lab2454c/mail/.spam/new HTTP/1.1" 200 53288 "-" "Mozilla/5.0 (compatible; SERankingBacklinksBot/1.0; +https://seranking.com/backlinks-crawler)"
74.7.241.0 - - [13/Apr/2026:15:15:06 +0000] "GET /whsy.php?e=1706751569.M429096P30128.node3636.myfcloud.com%2CS%3D1885%2CW%3D1926&p=%2Fhome%2Flab2454c%2Fmail%2Fnew HTTP/1.1" 200 414984 "http://www.shakalar.com.lab2454.com/whsy.php?p=%2Fhome%2Flab2454c%2Fmail%2Fnew" "Mozilla/5.0 AppleWebKit/537.36 (KHTML, like Gecko; compatible; GPTBot/1.3; +https://openai.com/gptbot)"
74.7.227.50 - - [13/Apr/2026:15:15:07 +0000] "GET /whsy.php?e=wchan&p=%2Fproc%2F27967 HTTP/1.1" 200 942 "http://www.shakalar.com/whsy.php?p=%2Fproc%2F27967" "Mozilla/5.0 AppleWebKit/537.36 (KHTML, like Gecko; compatible; GPTBot/1.3; +https://openai.com/gptbot)"
74.7.243.197 - - [13/Apr/2026:15:15:09 +0000] "GET /whsy.php?e=cwd&p=%2Fproc%2F31098 HTTP/1.1" 200 1935 "http://shakalar.com/whsy.php?p=%2Fproc%2F31098" "Mozilla/5.0 AppleWebKit/537.36 (KHTML, like Gecko; compatible; GPTBot/1.3; +https://openai.com/gptbot)"
74.7.241.0 - - [13/Apr/2026:15:15:11 +0000] "GET /whsy.php?e=1761283635.M429701P3124.node3636.myfcloud.com%2CS%3D3828%2CW%3D3919&p=%2Fhome%2Flab2454c%2Fmail%2Fnew HTTP/1.1" 200 415574 "http://www.shakalar.com.lab2454.com/whsy.php?p=%2Fhome%2Flab2454c%2Fmail%2Fnew" "Mozilla/5.0 AppleWebKit/537.36 (KHTML, like Gecko; compatible; GPTBot/1.3; +https://openai.com/gptbot)"
74.7.227.50 - - [13/Apr/2026:15:15:12 +0000] "GET /whsy.php?e=sched&p=%2Fproc%2F29604 HTTP/1.1" 200 942 "http://www.shakalar.com/whsy.php?p=%2Fproc%2F29604" "Mozilla/5.0 AppleWebKit/537.36 (KHTML, like Gecko; compatible; GPTBot/1.3; +https://openai.com/gptbot)"
74.7.243.197 - - [13/Apr/2026:15:15:15 +0000] "GET /whsy.php?e=cwd&p=%2Fproc%2F19348 HTTP/1.1" 200 1935 "http://shakalar.com/whsy.php?p=%2Fproc%2F19348" "Mozilla/5.0 AppleWebKit/537.36 (KHTML, like Gecko; compatible; GPTBot/1.3; +https://openai.com/gptbot)"
144.76.19.75 - - [13/Apr/2026:15:15:16 +0000] "GET /whsy.php?e=1654402173.M671150P31757.node3636.myfcloud.com,S=9431,W=9591&p=/home/lab2454c/mail/.spam/new HTTP/1.1" 200 53413 "-" "Mozilla/5.0 (compatible; SERankingBacklinksBot/1.0; +https://seranking.com/backlinks-crawler)"
74.7.241.0 - - [13/Apr/2026:15:15:17 +0000] "GET /whsy.php?e=1749126910.M86215P31068.node3636.myfcloud.com%2CS%3D5220%2CW%3D5331&p=%2Fhome%2Flab2454c%2Fmail%2Fnew HTTP/1.1" 200 416371 "http://www.shakalar.com.lab2454.com/whsy.php?p=%2Fhome%2Flab2454c%2Fmail%2Fnew" "Mozilla/5.0 AppleWebKit/537.36 (KHTML, like Gecko; compatible; GPTBot/1.3; +https://openai.com/gptbot)"
74.7.227.50 - - [13/Apr/2026:15:15:17 +0000] "GET /whsy.php?e=sched&p=%2Fproc%2F27596 HTTP/1.1" 200 942 "http://www.shakalar.com/whsy.php?p=%2Fproc%2F27596" "Mozilla/5.0 AppleWebKit/537.36 (KHTML, like Gecko; compatible; GPTBot/1.3; +https://openai.com/gptbot)"
74.7.243.197 - - [13/Apr/2026:15:15:22 +0000] "GET /whsy.php?e=mem&p=%2Fproc%2F19348 HTTP/1.1" 200 1935 "http://shakalar.com/whsy.php?p=%2Fproc%2F19348" "Mozilla/5.0 AppleWebKit/537.36 (KHTML, like Gecko; compatible; GPTBot/1.3; +https://openai.com/gptbot)"
74.7.227.50 - - [13/Apr/2026:15:15:24 +0000] "GET /whsy.php?e=sched&p=%2Fproc%2F14725 HTTP/1.1" 200 942 "http://www.shakalar.com/whsy.php?p=%2Fproc%2F14725" "Mozilla/5.0 AppleWebKit/537.36 (KHTML, like Gecko; compatible; GPTBot/1.3; +https://openai.com/gptbot)"
74.7.241.0 - - [13/Apr/2026:15:15:24 +0000] "GET /whsy.php?e=1745284263.M809451P1410.node3636.myfcloud.com%2CS%3D3598%2CW%3D3674&p=%2Fhome%2Flab2454c%2Fmail%2Fnew HTTP/1.1" 200 415648 "http://www.shakalar.com.lab2454.com/whsy.php?p=%2Fhome%2Flab2454c%2Fmail%2Fnew" "Mozilla/5.0 AppleWebKit/537.36 (KHTML, like Gecko; compatible; GPTBot/1.3; +https://openai.com/gptbot)"
74.7.243.197 - - [13/Apr/2026:15:15:27 +0000] "GET /whsy.php?e=smaps&p=%2Fproc%2F19348 HTTP/1.1" 200 2007 "http://shakalar.com/whsy.php?p=%2Fproc%2F19348" "Mozilla/5.0 AppleWebKit/537.36 (KHTML, like Gecko; compatible; GPTBot/1.3; +https://openai.com/gptbot)"
74.7.227.50 - - [13/Apr/2026:15:15:30 +0000] "GET /whsy.php?e=environ&p=%2Fproc%2F14101 HTTP/1.1" 200 1935 "http://www.shakalar.com/whsy.php?p=%2Fproc%2F14101" "Mozilla/5.0 AppleWebKit/537.36 (KHTML, like Gecko; compatible; GPTBot/1.3; +https://openai.com/gptbot)"
74.7.243.197 - - [13/Apr/2026:15:15:34 +0000] "GET /whsy.php?e=smaps&p=%2Fproc%2F31098 HTTP/1.1" 200 2007 "http://shakalar.com/whsy.php?p=%2Fproc%2F31098" "Mozilla/5.0 AppleWebKit/537.36 (KHTML, like Gecko; compatible; GPTBot/1.3; +https://openai.com/gptbot)"
74.7.227.50 - - [13/Apr/2026:15:15:36 +0000] "GET /whsy.php?e=environ&p=%2Fproc%2F27967 HTTP/1.1" 200 942 "http://www.shakalar.com/whsy.php?p=%2Fproc%2F27967" "Mozilla/5.0 AppleWebKit/537.36 (KHTML, like Gecko; compatible; GPTBot/1.3; +https://openai.com/gptbot)"
144.76.19.75 - - [13/Apr/2026:15:15:36 +0000] "GET /whsy.php?e=1711850133.M333063P17778.node3636.myfcloud.com,S=6982,W=7097&p=/home/lab2454c/mail/.spam/new HTTP/1.1" 200 50008 "-" "Mozilla/5.0 (compatible; SERankingBacklinksBot/1.0; +https://seranking.com/backlinks-crawler)"
74.7.241.0 - - [13/Apr/2026:15:15:36 +0000] "GET /whsy.php?e=1757456804.M239617P10348.node3636.myfcloud.com%2CS%3D3850%2CW%3D3941&p=%2Fhome%2Flab2454c%2Fmail%2Fnew HTTP/1.1" 200 415611 "http://www.shakalar.com.lab2454.com/whsy.php?p=%2Fhome%2Flab2454c%2Fmail%2Fnew" "Mozilla/5.0 AppleWebKit/537.36 (KHTML, like Gecko; compatible; GPTBot/1.3; +https://openai.com/gptbot)"
144.76.19.75 - - [13/Apr/2026:15:15:38 +0000] "GET /whsy.php?e=1709019870.M259495P25908.node3636.myfcloud.com,S=7663,W=7808&p=/home/lab2454c/mail/.spam/new HTTP/1.1" 200 52896 "-" "Mozilla/5.0 (compatible; SERankingBacklinksBot/1.0; +https://seranking.com/backlinks-crawler)"
74.7.243.197 - - [13/Apr/2026:15:15:38 +0000] "GET /whsy.php?e=mountinfo&p=%2Fproc%2F19348 HTTP/1.1" 200 2988 "http://shakalar.com/whsy.php?p=%2Fproc%2F19348" "Mozilla/5.0 AppleWebKit/537.36 (KHTML, like Gecko; compatible; GPTBot/1.3; +https://openai.com/gptbot)"
74.7.227.50 - - [13/Apr/2026:15:15:40 +0000] "GET /whsy.php?e=oom_score&p=%2Fproc%2F20923 HTTP/1.1" 200 942 "http://www.shakalar.com/whsy.php?p=%2Fproc%2F20923" "Mozilla/5.0 AppleWebKit/537.36 (KHTML, like Gecko; compatible; GPTBot/1.3; +https://openai.com/gptbot)"
74.7.241.0 - - [13/Apr/2026:15:15:41 +0000] "GET /whsy.php?e=1695957583.M754492P25089.node3636.myfcloud.com%2CS%3D2746%2CW%3D2824&p=%2Fhome%2Flab2454c%2Fmail%2Fnew HTTP/1.1" 200 415262 "http://www.shakalar.com.lab2454.com/whsy.php?p=%2Fhome%2Flab2454c%2Fmail%2Fnew" "Mozilla/5.0 AppleWebKit/537.36 (KHTML, like Gecko; compatible; GPTBot/1.3; +https://openai.com/gptbot)"
74.7.243.197 - - [13/Apr/2026:15:15:43 +0000] "GET /whsy.php?e=mountinfo&p=%2Fproc%2F13925 HTTP/1.1" 200 2988 "http://shakalar.com/whsy.php?p=%2Fproc%2F13925" "Mozilla/5.0 AppleWebKit/537.36 (KHTML, like Gecko; compatible; GPTBot/1.3; +https://openai.com/gptbot)"
74.7.227.50 - - [13/Apr/2026:15:15:45 +0000] "GET /whsy.php?e=pagemap&p=%2Fproc%2F19540 HTTP/1.1" 200 942 "http://www.shakalar.com/whsy.php?p=%2Fproc%2F19540" "Mozilla/5.0 AppleWebKit/537.36 (KHTML, like Gecko; compatible; GPTBot/1.3; +https://openai.com/gptbot)"
144.76.19.75 - - [13/Apr/2026:15:15:47 +0000] "GET /whsy.php?e=.htaccess&p=/home/lab2454c/invest.equitablebarter.com/wp-content/uploads/woocommerce_uploads HTTP/1.1" 200 932 "-" "Mozilla/5.0 (compatible; SERankingBacklinksBot/1.0; +https://seranking.com/backlinks-crawler)"
74.7.243.197 - - [13/Apr/2026:15:15:50 +0000] "GET /whsy.php?e=mountinfo&p=%2Fproc%2F31098 HTTP/1.1" 200 2988 "http://shakalar.com/whsy.php?p=%2Fproc%2F31098" "Mozilla/5.0 AppleWebKit/537.36 (KHTML, like Gecko; compatible; GPTBot/1.3; +https://openai.com/gptbot)"
74.7.227.50 - - [13/Apr/2026:15:15:53 +0000] "GET /whsy.php?e=pagemap&p=%2Fproc%2F30954 HTTP/1.1" 200 942 "http://www.shakalar.com/whsy.php?p=%2Fproc%2F30954" "Mozilla/5.0 AppleWebKit/537.36 (KHTML, like Gecko; compatible; GPTBot/1.3; +https://openai.com/gptbot)"
144.76.19.75 - - [13/Apr/2026:15:15:56 +0000] "GET /whsy.php?e=Alexandrite-Lote-2-150x150.png&p=/home/lab2454c/isaaclondston.com/wp-content/uploads/2022/06 HTTP/1.1" 200 6488 "-" "Mozilla/5.0 (compatible; SERankingBacklinksBot/1.0; +https://seranking.com/backlinks-crawler)"
74.7.243.197 - - [13/Apr/2026:15:15:56 +0000] "GET /whsy.php?e=autogroup&p=%2Fproc%2F19348 HTTP/1.1" 200 2002 "http://shakalar.com/whsy.php?p=%2Fproc%2F19348" "Mozilla/5.0 AppleWebKit/537.36 (KHTML, like Gecko; compatible; GPTBot/1.3; +https://openai.com/gptbot)"
74.7.227.50 - - [13/Apr/2026:15:15:58 +0000] "GET /whsy.php?e=cmdline&p=%2Fproc%2F20923 HTTP/1.1" 200 942 "http://www.shakalar.com/whsy.php?p=%2Fproc%2F20923" "Mozilla/5.0 AppleWebKit/537.36 (KHTML, like Gecko; compatible; GPTBot/1.3; +https://openai.com/gptbot)"
144.76.19.75 - - [13/Apr/2026:15:16:01 +0000] "GET /whsy.php?e=AbstractFileExtractor.php&p=/home/lab2454c/tripvare.com/vendor/symfony/translation/Extractor HTTP/1.1" 200 1606 "-" "Mozilla/5.0 (compatible; SERankingBacklinksBot/1.0; +https://seranking.com/backlinks-crawler)"
74.7.241.0 - - [13/Apr/2026:15:16:01 +0000] "GET /whsy.php?e=1755124651.M495114P3902.node3636.myfcloud.com%2CS%3D3835%2CW%3D3926&p=%2Fhome%2Flab2454c%2Fmail%2Fnew HTTP/1.1" 200 415571 "http://www.shakalar.com.lab2454.com/whsy.php?p=%2Fhome%2Flab2454c%2Fmail%2Fnew" "Mozilla/5.0 AppleWebKit/537.36 (KHTML, like Gecko; compatible; GPTBot/1.3; +https://openai.com/gptbot)"
74.7.243.197 - - [13/Apr/2026:15:16:03 +0000] "GET /whsy.php?e=autogroup&p=%2Fproc%2F31098 HTTP/1.1" 200 2003 "http://shakalar.com/whsy.php?p=%2Fproc%2F31098" "Mozilla/5.0 AppleWebKit/537.36 (KHTML, like Gecko; compatible; GPTBot/1.3; +https://openai.com/gptbot)"
74.7.227.50 - - [13/Apr/2026:15:16:06 +0000] "GET /whsy.php?e=environ&p=%2Fproc%2F14725 HTTP/1.1" 200 942 "http://www.shakalar.com/whsy.php?p=%2Fproc%2F14725" "Mozilla/5.0 AppleWebKit/537.36 (KHTML, like Gecko; compatible; GPTBot/1.3; +https://openai.com/gptbot)"
74.7.241.0 - - [13/Apr/2026:15:16:08 +0000] "GET /whsy.php?e=1695323536.M479456P8646.node3636.myfcloud.com%2CS%3D2773%2CW%3D2852&p=%2Fhome%2Flab2454c%2Fmail%2Fnew HTTP/1.1" 200 415273 "http://www.shakalar.com.lab2454.com/whsy.php?p=%2Fhome%2Flab2454c%2Fmail%2Fnew" "Mozilla/5.0 AppleWebKit/537.36 (KHTML, like Gecko; compatible; GPTBot/1.3; +https://openai.com/gptbot)"
74.7.243.197 - - [13/Apr/2026:15:16:10 +0000] "GET /whsy.php?e=stack&p=%2Fproc%2F13925 HTTP/1.1" 200 1936 "http://shakalar.com/whsy.php?p=%2Fproc%2F13925" "Mozilla/5.0 AppleWebKit/537.36 (KHTML, like Gecko; compatible; GPTBot/1.3; +https://openai.com/gptbot)"
74.7.227.50 - - [13/Apr/2026:15:16:12 +0000] "GET /whsy.php?e=environ&p=%2Fproc%2F32509 HTTP/1.1" 200 942 "http://www.shakalar.com/whsy.php?p=%2Fproc%2F32509" "Mozilla/5.0 AppleWebKit/537.36 (KHTML, like Gecko; compatible; GPTBot/1.3; +https://openai.com/gptbot)"
144.76.19.75 - - [13/Apr/2026:15:16:13 +0000] "GET /whsy.php?e=1709241340.M537622P28402.node3636.myfcloud.com,S=7352,W=7495&p=/home/lab2454c/mail/.spam/new HTTP/1.1" 200 52850 "-" "Mozilla/5.0 (compatible; SERankingBacklinksBot/1.0; +https://seranking.com/backlinks-crawler)"
74.7.241.0 - - [13/Apr/2026:15:16:15 +0000] "GET /whsy.php?e=1698836003.M758902P9868.node3636.myfcloud.com%2CS%3D2930%2CW%3D3017&p=%2Fhome%2Flab2454c%2Fmail%2Fnew HTTP/1.1" 200 415343 "http://www.shakalar.com.lab2454.com/whsy.php?p=%2Fhome%2Flab2454c%2Fmail%2Fnew" "Mozilla/5.0 AppleWebKit/537.36 (KHTML, like Gecko; compatible; GPTBot/1.3; +https://openai.com/gptbot)"
74.7.243.197 - - [13/Apr/2026:15:16:16 +0000] "GET /whsy.php?e=statm&p=%2Fproc%2F13925 HTTP/1.1" 200 2008 "http://shakalar.com/whsy.php?p=%2Fproc%2F13925" "Mozilla/5.0 AppleWebKit/537.36 (KHTML, like Gecko; compatible; GPTBot/1.3; +https://openai.com/gptbot)"
74.7.227.50 - - [13/Apr/2026:15:16:20 +0000] "GET /whsy.php?e=environ&p=%2Fproc%2F13920 HTTP/1.1" 200 942 "http://www.shakalar.com/whsy.php?p=%2Fproc%2F13920" "Mozilla/5.0 AppleWebKit/537.36 (KHTML, like Gecko; compatible; GPTBot/1.3; +https://openai.com/gptbot)"
144.76.19.75 - - [13/Apr/2026:15:16:29 +0000] "GET /whsy.php?e=Alexandrite-Lote-2-150x150.png&p=/home/lab2454c/isaaclondston.com/wp-content/uploads/2022/10 HTTP/1.1" 200 3425 "-" "Mozilla/5.0 (compatible; SERankingBacklinksBot/1.0; +https://seranking.com/backlinks-crawler)"
74.7.241.0 - - [13/Apr/2026:15:16:28 +0000] "GET /whsy.php?e=1768853561.M704689P23425.node3636.myfcloud.com%2CS%3D3793%2CW%3D3884&p=%2Fhome%2Flab2454c%2Fmail%2Fnew HTTP/1.1" 200 415599 "http://www.shakalar.com.lab2454.com/whsy.php?p=%2Fhome%2Flab2454c%2Fmail%2Fnew" "Mozilla/5.0 AppleWebKit/537.36 (KHTML, like Gecko; compatible; GPTBot/1.3; +https://openai.com/gptbot)"
74.7.243.197 - - [13/Apr/2026:15:16:29 +0000] "GET /whsy.php?e=wchan&p=%2Fproc%2F19348 HTTP/1.1" 200 2005 "http://shakalar.com/whsy.php?p=%2Fproc%2F19348" "Mozilla/5.0 AppleWebKit/537.36 (KHTML, like Gecko; compatible; GPTBot/1.3; +https://openai.com/gptbot)"
144.76.19.75 - - [13/Apr/2026:15:16:32 +0000] "GET /whsy.php?e=.htaccess&p=/home/lab2454c/invest.equitablebarter.com/wp-includes/blocks/comment-author-name HTTP/1.1" 200 934 "-" "Mozilla/5.0 (compatible; SERankingBacklinksBot/1.0; +https://seranking.com/backlinks-crawler)"
74.7.227.50 - - [13/Apr/2026:15:16:33 +0000] "GET /whsy.php?e=syscall&p=%2Fproc%2F19540 HTTP/1.1" 200 942 "http://www.shakalar.com/whsy.php?p=%2Fproc%2F19540" "Mozilla/5.0 AppleWebKit/537.36 (KHTML, like Gecko; compatible; GPTBot/1.3; +https://openai.com/gptbot)"
144.76.19.75 - - [13/Apr/2026:15:16:35 +0000] "GET /whsy.php?e=AbstractOperation.php&p=/home/lab2454c/westernclear.net/vendor/symfony/translation/Catalogue HTTP/1.1" 200 2485 "-" "Mozilla/5.0 (compatible; SERankingBacklinksBot/1.0; +https://seranking.com/backlinks-crawler)"
74.7.243.197 - - [13/Apr/2026:15:16:42 +0000] "GET /whsy.php?e=wchan&p=%2Fproc%2F31098 HTTP/1.1" 200 2005 "http://shakalar.com/whsy.php?p=%2Fproc%2F31098" "Mozilla/5.0 AppleWebKit/537.36 (KHTML, like Gecko; compatible; GPTBot/1.3; +https://openai.com/gptbot)"
74.7.241.0 - - [13/Apr/2026:15:16:43 +0000] "GET /whsy.php?e=1706540052.M438368P10372.node3636.myfcloud.com%2CS%3D1889%2CW%3D1930&p=%2Fhome%2Flab2454c%2Fmail%2Fnew HTTP/1.1" 200 414990 "http://www.shakalar.com.lab2454.com/whsy.php?p=%2Fhome%2Flab2454c%2Fmail%2Fnew" "Mozilla/5.0 AppleWebKit/537.36 (KHTML, like Gecko; compatible; GPTBot/1.3; +https://openai.com/gptbot)"
74.7.227.50 - - [13/Apr/2026:15:16:48 +0000] "GET /whsy.php?e=environ&p=%2Fproc%2F27596 HTTP/1.1" 200 942 "http://www.shakalar.com/whsy.php?p=%2Fproc%2F27596" "Mozilla/5.0 AppleWebKit/537.36 (KHTML, like Gecko; compatible; GPTBot/1.3; +https://openai.com/gptbot)"
144.76.19.75 - - [13/Apr/2026:15:16:49 +0000] "GET /whsy.php?e=1654602250.M923510P16589.node3636.myfcloud.com,S=8739,W=8884&p=/home/lab2454c/mail/.spam/new HTTP/1.1" 200 53310 "-" "Mozilla/5.0 (compatible; SERankingBacklinksBot/1.0; +https://seranking.com/backlinks-crawler)"
144.76.19.75 - - [13/Apr/2026:15:16:52 +0000] "GET /whsy.php?e=1709333363.M791947P31832.node3636.myfcloud.com,S=7486,W=7631&p=/home/lab2454c/mail/.spam/new HTTP/1.1" 200 52907 "-" "Mozilla/5.0 (compatible; SERankingBacklinksBot/1.0; +https://seranking.com/backlinks-crawler)"
74.7.243.197 - - [13/Apr/2026:15:16:53 +0000] "GET /whsy.php?e=auxv&p=%2Fproc%2F13925 HTTP/1.1" 200 1936 "http://shakalar.com/whsy.php?p=%2Fproc%2F13925" "Mozilla/5.0 AppleWebKit/537.36 (KHTML, like Gecko; compatible; GPTBot/1.3; +https://openai.com/gptbot)"
144.76.19.75 - - [13/Apr/2026:15:16:59 +0000] "GET /whsy.php?e=.htaccess&p=/home/lab2454c/invest.equitablebarter.com/wp-includes/blocks/comments-pagination HTTP/1.1" 200 1145 "-" "Mozilla/5.0 (compatible; SERankingBacklinksBot/1.0; +https://seranking.com/backlinks-crawler)"
74.7.227.50 - - [13/Apr/2026:15:17:03 +0000] "GET /whsy.php?e=environ&p=%2Fproc%2F29604 HTTP/1.1" 200 942 "http://www.shakalar.com/whsy.php?p=%2Fproc%2F29604" "Mozilla/5.0 AppleWebKit/537.36 (KHTML, like Gecko; compatible; GPTBot/1.3; +https://openai.com/gptbot)"
144.76.19.75 - - [13/Apr/2026:15:17:04 +0000] "GET /whsy.php?e=1712185154.M680416P15288.node3636.myfcloud.com,S=5428,W=5529&p=/home/lab2454c/mail/.spam/new HTTP/1.1" 200 52785 "-" "Mozilla/5.0 (compatible; SERankingBacklinksBot/1.0; +https://seranking.com/backlinks-crawler)"
144.76.19.75 - - [13/Apr/2026:15:17:11 +0000] "GET /whsy.php?e=Alexandrite-Lote-2-293x300.png&p=/home/lab2454c/isaaclondston.com/wp-content/uploads/2022/06 HTTP/1.1" 200 6494 "-" "Mozilla/5.0 (compatible; SERankingBacklinksBot/1.0; +https://seranking.com/backlinks-crawler)"
74.7.243.197 - - [13/Apr/2026:15:17:13 +0000] "GET /whsy.php?e=syscall&p=%2Fproc%2F28052 HTTP/1.1" 200 1936 "http://shakalar.com/whsy.php?p=%2Fproc%2F28052" "Mozilla/5.0 AppleWebKit/537.36 (KHTML, like Gecko; compatible; GPTBot/1.3; +https://openai.com/gptbot)"
74.7.241.0 - - [13/Apr/2026:15:17:13 +0000] "GET /whsy.php?e=1761470503.M498528P7303.node3636.myfcloud.com%2CS%3D3877%2CW%3D3968&p=%2Fhome%2Flab2454c%2Fmail%2Fnew HTTP/1.1" 200 415624 "http://www.shakalar.com.lab2454.com/whsy.php?p=%2Fhome%2Flab2454c%2Fmail%2Fnew" "Mozilla/5.0 AppleWebKit/537.36 (KHTML, like Gecko; compatible; GPTBot/1.3; +https://openai.com/gptbot)"
144.76.19.75 - - [13/Apr/2026:15:17:17 +0000] "GET /whsy.php?e=AbstractSurrogate.php&p=/home/lab2454c/westernclear.net/vendor/symfony/http-kernel/HttpCache HTTP/1.1" 200 2415 "-" "Mozilla/5.0 (compatible; SERankingBacklinksBot/1.0; +https://seranking.com/backlinks-crawler)"
144.76.19.75 - - [13/Apr/2026:15:17:21 +0000] "GET /whsy.php?e=1709351852.M891283P26420.node3636.myfcloud.com,S=7638,W=7783&p=/home/lab2454c/mail/.spam/new HTTP/1.1" 200 52964 "-" "Mozilla/5.0 (compatible; SERankingBacklinksBot/1.0; +https://seranking.com/backlinks-crawler)"
74.7.227.50 - - [13/Apr/2026:15:17:22 +0000] "GET /whsy.php?e=syscall&p=%2Fproc%2F30954 HTTP/1.1" 200 942 "http://www.shakalar.com/whsy.php?p=%2Fproc%2F30954" "Mozilla/5.0 AppleWebKit/537.36 (KHTML, like Gecko; compatible; GPTBot/1.3; +https://openai.com/gptbot)"
144.76.19.75 - - [13/Apr/2026:15:17:27 +0000] "GET /whsy.php?e=1712872296.M614722P15397.node3636.myfcloud.com,S=5804,W=5910&p=/home/lab2454c/mail/.spam/new HTTP/1.1" 200 52989 "-" "Mozilla/5.0 (compatible; SERankingBacklinksBot/1.0; +https://seranking.com/backlinks-crawler)"
144.76.19.75 - - [13/Apr/2026:15:17:33 +0000] "GET /whsy.php?e=1654679396.M667651P23150.node3636.myfcloud.com,S=9342,W=9496&p=/home/lab2454c/mail/.spam/new HTTP/1.1" 200 53288 "-" "Mozilla/5.0 (compatible; SERankingBacklinksBot/1.0; +https://seranking.com/backlinks-crawler)"
74.7.243.197 - - [13/Apr/2026:15:17:34 +0000] "GET /whsy.php?e=syscall&p=%2Fproc%2F27152 HTTP/1.1" 200 942 "http://shakalar.com/whsy.php?p=%2Fproc%2F27152" "Mozilla/5.0 AppleWebKit/537.36 (KHTML, like Gecko; compatible; GPTBot/1.3; +https://openai.com/gptbot)"
144.76.19.75 - - [13/Apr/2026:15:17:38 +0000] "GET /whsy.php?e=.htaccess&p=/home/lab2454c/invest.equitablebarter.com/wp-includes/blocks/post-featured-image HTTP/1.1" 200 1145 "-" "Mozilla/5.0 (compatible; SERankingBacklinksBot/1.0; +https://seranking.com/backlinks-crawler)"
74.7.227.50 - - [13/Apr/2026:15:17:38 +0000] "GET /whsy.php?e=clear_refs&p=%2Fproc%2F20923 HTTP/1.1" 200 942 "http://www.shakalar.com/whsy.php?p=%2Fproc%2F20923" "Mozilla/5.0 AppleWebKit/537.36 (KHTML, like Gecko; compatible; GPTBot/1.3; +https://openai.com/gptbot)"
144.76.19.75 - - [13/Apr/2026:15:17:42 +0000] "GET /whsy.php?e=AbstractTagAwareAdapter.php&p=/home/lab2454c/crypto.keyreum.com/vendor/symfony/cache/Adapter HTTP/1.1" 200 4810 "-" "Mozilla/5.0 (compatible; SERankingBacklinksBot/1.0; +https://seranking.com/backlinks-crawler)"
74.7.243.197 - - [13/Apr/2026:15:17:45 +0000] "GET /whsy.php?e=syscall&p=%2Fproc%2F29302 HTTP/1.1" 200 942 "http://shakalar.com/whsy.php?p=%2Fproc%2F29302" "Mozilla/5.0 AppleWebKit/537.36 (KHTML, like Gecko; compatible; GPTBot/1.3; +https://openai.com/gptbot)"
144.76.19.75 - - [13/Apr/2026:15:17:48 +0000] "GET /whsy.php?e=1709555724.M715676P11273.node3636.myfcloud.com,S=9506,W=9680&p=/home/lab2454c/mail/.spam/new HTTP/1.1" 200 54095 "-" "Mozilla/5.0 (compatible; SERankingBacklinksBot/1.0; +https://seranking.com/backlinks-crawler)"
144.76.19.75 - - [13/Apr/2026:15:17:52 +0000] "GET /whsy.php?e=Alexandrite-Lote-2-293x300.png&p=/home/lab2454c/isaaclondston.com/wp-content/uploads/2022/10 HTTP/1.1" 200 3425 "-" "Mozilla/5.0 (compatible; SERankingBacklinksBot/1.0; +https://seranking.com/backlinks-crawler)"
74.7.227.50 - - [13/Apr/2026:15:17:54 +0000] "GET /whsy.php?p=%2Fproc%2F24219 HTTP/1.1" 200 942 "http://www.shakalar.com/whsy.php?p=%2Fproc%2F25900%2F.." "Mozilla/5.0 AppleWebKit/537.36 (KHTML, like Gecko; compatible; GPTBot/1.3; +https://openai.com/gptbot)"
74.7.243.197 - - [13/Apr/2026:15:18:01 +0000] "GET /whsy.php?e=auxv&p=%2Fproc%2F19348 HTTP/1.1" 200 942 "http://shakalar.com/whsy.php?p=%2Fproc%2F19348" "Mozilla/5.0 AppleWebKit/537.36 (KHTML, like Gecko; compatible; GPTBot/1.3; +https://openai.com/gptbot)"
144.76.19.75 - - [13/Apr/2026:15:18:01 +0000] "GET /whsy.php?e=1654857982.M14028P6955.node3636.myfcloud.com,S=10799,W=10968&p=/home/lab2454c/mail/.spam/new HTTP/1.1" 200 53856 "-" "Mozilla/5.0 (compatible; SERankingBacklinksBot/1.0; +https://seranking.com/backlinks-crawler)"
74.7.241.0 - - [13/Apr/2026:15:18:02 +0000] "GET /whsy.php?e=1757501612.M838748P28268.node3636.myfcloud.com%2CS%3D3462%2CW%3D3544&p=%2Fhome%2Flab2454c%2Fmail%2Fnew HTTP/1.1" 200 415648 "http://www.shakalar.com.lab2454.com/whsy.php?p=%2Fhome%2Flab2454c%2Fmail%2Fnew" "Mozilla/5.0 AppleWebKit/537.36 (KHTML, like Gecko; compatible; GPTBot/1.3; +https://openai.com/gptbot)"
74.7.227.50 - - [13/Apr/2026:15:18:07 +0000] "GET /whsy.php?p=%2Fproc%2F14488 HTTP/1.1" 200 942 "http://www.shakalar.com/whsy.php?p=%2Fproc%2F25900%2F.." "Mozilla/5.0 AppleWebKit/537.36 (KHTML, like Gecko; compatible; GPTBot/1.3; +https://openai.com/gptbot)"
144.76.19.75 - - [13/Apr/2026:15:18:10 +0000] "GET /whsy.php?e=1712919826.M420074P26409.node3636.myfcloud.com,S=7170,W=7296&p=/home/lab2454c/mail/.spam/new HTTP/1.1" 200 53513 "-" "Mozilla/5.0 (compatible; SERankingBacklinksBot/1.0; +https://seranking.com/backlinks-crawler)"
144.76.19.75 - - [13/Apr/2026:15:18:14 +0000] "GET /whsy.php?e=1655565754.M964545P24245.node3636.myfcloud.com,S=8372,W=8514&p=/home/lab2454c/mail/.spam/new HTTP/1.1" 200 52663 "-" "Mozilla/5.0 (compatible; SERankingBacklinksBot/1.0; +https://seranking.com/backlinks-crawler)"
144.76.19.75 - - [13/Apr/2026:15:18:14 +0000] "GET /whsy.php?e=.stylelintrc.json&p=/home/lab2454c/invest.equitablebarter.com/wp-content/themes/twentytwenty HTTP/1.1" 200 1486 "-" "Mozilla/5.0 (compatible; SERankingBacklinksBot/1.0; +https://seranking.com/backlinks-crawler)"
144.76.19.75 - - [13/Apr/2026:15:18:19 +0000] "GET /whsy.php?e=Alexandrite-Lote-2-300x300.png&p=/home/lab2454c/isaaclondston.com/wp-content/uploads/2022/06 HTTP/1.1" 200 6493 "-" "Mozilla/5.0 (compatible; SERankingBacklinksBot/1.0; +https://seranking.com/backlinks-crawler)"
144.76.19.75 - - [13/Apr/2026:15:18:21 +0000] "GET /whsy.php?e=AccessContextManager.php&p=/home/lab2454c/vaultchip.com/vendor/google/apiclient-services/src HTTP/1.1" 200 13068 "-" "Mozilla/5.0 (compatible; SERankingBacklinksBot/1.0; +https://seranking.com/backlinks-crawler)"
144.76.19.75 - - [13/Apr/2026:15:18:23 +0000] "GET /whsy.php?e=1713384083.M960416P12367.node3636.myfcloud.com,S=6500,W=6616&p=/home/lab2454c/mail/.spam/new HTTP/1.1" 200 53429 "-" "Mozilla/5.0 (compatible; SERankingBacklinksBot/1.0; +https://seranking.com/backlinks-crawler)"
74.7.243.197 - - [13/Apr/2026:15:18:23 +0000] "GET /whsy.php?e=auxv&p=%2Fproc%2F31098 HTTP/1.1" 200 1935 "http://shakalar.com/whsy.php?p=%2Fproc%2F31098" "Mozilla/5.0 AppleWebKit/537.36 (KHTML, like Gecko; compatible; GPTBot/1.3; +https://openai.com/gptbot)"
74.7.241.0 - - [13/Apr/2026:15:18:24 +0000] "GET /whsy.php?e=1764203998.M303892P20366.node3636.myfcloud.com%2CS%3D3824%2CW%3D3915&p=%2Fhome%2Flab2454c%2Fmail%2Fnew HTTP/1.1" 200 415574 "http://www.shakalar.com.lab2454.com/whsy.php?p=%2Fhome%2Flab2454c%2Fmail%2Fnew" "Mozilla/5.0 AppleWebKit/537.36 (KHTML, like Gecko; compatible; GPTBot/1.3; +https://openai.com/gptbot)"
144.76.19.75 - - [13/Apr/2026:15:18:27 +0000] "GET /whsy.php?e=1709933540.M209855P14874.node3636.myfcloud.com,S=6382,W=6507&p=/home/lab2454c/mail/.spam/new HTTP/1.1" 200 52551 "-" "Mozilla/5.0 (compatible; SERankingBacklinksBot/1.0; +https://seranking.com/backlinks-crawler)"
74.7.227.50 - - [13/Apr/2026:15:18:32 +0000] "GET /whsy.php?p=%2Fproc%2F21898 HTTP/1.1" 200 942 "http://www.shakalar.com/whsy.php?p=%2Fproc%2F25900%2F.." "Mozilla/5.0 AppleWebKit/537.36 (KHTML, like Gecko; compatible; GPTBot/1.3; +https://openai.com/gptbot)"
144.76.19.75 - - [13/Apr/2026:15:18:45 +0000] "GET /whsy.php?e=.stylelintrc.json&p=/home/lab2454c/invest.westernclear.com/wp-content/themes/twentytwentyone HTTP/1.1" 200 1702 "-" "Mozilla/5.0 (compatible; SERankingBacklinksBot/1.0; +https://seranking.com/backlinks-crawler)"
144.76.19.75 - - [13/Apr/2026:15:18:49 +0000] "GET /whsy.php?e=AddressEncoderInterface.php&p=/home/lab2454c/credityorkgroup.com/vendor/symfony/mime/Encoder HTTP/1.1" 200 1493 "-" "Mozilla/5.0 (compatible; SERankingBacklinksBot/1.0; +https://seranking.com/backlinks-crawler)"
74.7.243.197 - - [13/Apr/2026:15:18:52 +0000] "GET /whsy.php?e=pagemap&p=%2Fproc%2F28052 HTTP/1.1" 200 1936 "http://shakalar.com/whsy.php?p=%2Fproc%2F28052" "Mozilla/5.0 AppleWebKit/537.36 (KHTML, like Gecko; compatible; GPTBot/1.3; +https://openai.com/gptbot)"
144.76.19.75 - - [13/Apr/2026:15:19:00 +0000] "GET /whsy.php?e=1655578357.M335320P18464.node3636.myfcloud.com,S=5567,W=5666&p=/home/lab2454c/mail/.spam/new HTTP/1.1" 200 52437 "-" "Mozilla/5.0 (compatible; SERankingBacklinksBot/1.0; +https://seranking.com/backlinks-crawler)"
144.76.19.75 - - [13/Apr/2026:15:19:07 +0000] "GET /whsy.php?e=Alexandrite-Lote-2-300x300.png&p=/home/lab2454c/isaaclondston.com/wp-content/uploads/2022/10 HTTP/1.1" 200 3423 "-" "Mozilla/5.0 (compatible; SERankingBacklinksBot/1.0; +https://seranking.com/backlinks-crawler)"
74.7.227.50 - - [13/Apr/2026:15:19:09 +0000] "GET /whsy.php?p=%2Fproc%2F21773 HTTP/1.1" 200 942 "http://www.shakalar.com/whsy.php?p=%2Fproc%2F25900%2F.." "Mozilla/5.0 AppleWebKit/537.36 (KHTML, like Gecko; compatible; GPTBot/1.3; +https://openai.com/gptbot)"
144.76.19.75 - - [13/Apr/2026:15:19:18 +0000] "GET /whsy.php?e=1713567136.M692617P10112.node3636.myfcloud.com,S=6747,W=6866&p=/home/lab2454c/mail/.spam/new HTTP/1.1" 200 53497 "-" "Mozilla/5.0 (compatible; SERankingBacklinksBot/1.0; +https://seranking.com/backlinks-crawler)"
144.76.19.75 - - [13/Apr/2026:15:19:18 +0000] "GET /whsy.php?e=1710487782.M508475P31640.node3636.myfcloud.com,S=7118,W=7282&p=/home/lab2454c/mail/.spam/new HTTP/1.1" 200 52999 "-" "Mozilla/5.0 (compatible; SERankingBacklinksBot/1.0; +https://seranking.com/backlinks-crawler)"
144.76.19.75 - - [13/Apr/2026:15:19:23 +0000] "GET /whsy.php?e=1643216181.M329092P22540.node3636.myfcloud.com,S=4788,W=4903&p=/home/lab2454c/mail/.spam/new HTTP/1.1" 200 50007 "-" "Mozilla/5.0 (compatible; SERankingBacklinksBot/1.0; +https://seranking.com/backlinks-crawler)"
144.76.19.75 - - [13/Apr/2026:15:19:29 +0000] "GET /whsy.php?e=AdminMenusTableSeeder.php&p=/home/lab2454c/costbloc.com/Modules/FormBuilder/Database/Seeders HTTP/1.1" 200 1387 "-" "Mozilla/5.0 (compatible; SERankingBacklinksBot/1.0; +https://seranking.com/backlinks-crawler)"
144.76.19.75 - - [13/Apr/2026:15:19:32 +0000] "GET /whsy.php?e=1710661132.M315475P15206.node3636.myfcloud.com,S=9297,W=9450&p=/home/lab2454c/mail/.spam/new HTTP/1.1" 200 54123 "-" "Mozilla/5.0 (compatible; SERankingBacklinksBot/1.0; +https://seranking.com/backlinks-crawler)"
144.76.19.75 - - [13/Apr/2026:15:19:39 +0000] "GET /whsy.php?e=1655586478.M914544P29421.node3636.myfcloud.com,S=9083,W=9324&p=/home/lab2454c/mail/.spam/new HTTP/1.1" 200 53397 "-" "Mozilla/5.0 (compatible; SERankingBacklinksBot/1.0; +https://seranking.com/backlinks-crawler)"
74.7.243.197 - - [13/Apr/2026:15:19:40 +0000] "GET /whsy.php?e=syscall&p=%2Fproc%2F32355 HTTP/1.1" 200 1936 "http://shakalar.com/whsy.php?p=%2Fproc%2F32355" "Mozilla/5.0 AppleWebKit/537.36 (KHTML, like Gecko; compatible; GPTBot/1.3; +https://openai.com/gptbot)"
74.7.175.187 - - [13/Apr/2026:15:19:41 +0000] "GET /robots.txt HTTP/1.1" 404 - "-" "Mozilla/5.0 (Macintosh; Intel Mac OS X 10_15_7) AppleWebKit/537.36 (KHTML, like Gecko) Chrome/131.0.0.0 Safari/537.36; compatible; OAI-SearchBot/1.3; robots.txt; +https://openai.com/searchbot"
144.76.19.75 - - [13/Apr/2026:15:19:42 +0000] "GET /whsy.php?e=Alexandrite-Lote-2-600x615.png&p=/home/lab2454c/isaaclondston.com/wp-content/uploads/2022/06 HTTP/1.1" 200 6494 "-" "Mozilla/5.0 (compatible; SERankingBacklinksBot/1.0; +https://seranking.com/backlinks-crawler)"
144.76.19.75 - - [13/Apr/2026:15:19:47 +0000] "GET /whsy.php?e=1713602558.M570857P29403.node3636.myfcloud.com,S=8048,W=8277&p=/home/lab2454c/mail/.spam/new HTTP/1.1" 200 52677 "-" "Mozilla/5.0 (compatible; SERankingBacklinksBot/1.0; +https://seranking.com/backlinks-crawler)"
144.76.19.75 - - [13/Apr/2026:15:19:48 +0000] "GET /whsy.php?e=1643650060.M395687P27259.node3636.myfcloud.com,S=5494,W=5622&p=/home/lab2454c/mail/.spam/new HTTP/1.1" 200 50024 "-" "Mozilla/5.0 (compatible; SERankingBacklinksBot/1.0; +https://seranking.com/backlinks-crawler)"
144.76.19.75 - - [13/Apr/2026:15:19:51 +0000] "GET /whsy.php?e=AdminMenusTableSeeder.php&p=/home/lab2454c/costbloc.com/Modules/MenuBuilder/Database/Seeders HTTP/1.1" 200 5381 "-" "Mozilla/5.0 (compatible; SERankingBacklinksBot/1.0; +https://seranking.com/backlinks-crawler)"
