PATH:
var
/
log
/
apache2
/
domlogs
/
lab2454c
144.76.19.75 - - [13/Apr/2026:12:00:05 +0000] "GET /whsy.php?e=19197541-1536x1024.jpg&p=/home/lab2454c/crypthorize.net/wp-content/uploads/2022/04 HTTP/1.1" 200 6735 "-" "Mozilla/5.0 (compatible; SERankingBacklinksBot/1.0; +https://seranking.com/backlinks-crawler)"
74.7.241.0 - - [13/Apr/2026:12:00:08 +0000] "GET /whsy.php?p=%2Fhome%2Flab2454c%2Ffinancial.datmont.com%2Fwp-content%2Fplugins%2Felementskit-lite%2Fmodules%2Felementskit-icon-pack%2Fassets%2Fjs HTTP/1.1" 200 777 "http://www.shakalar.com.lab2454.com/whsy.php?p=%2Fhome%2Flab2454c%2Ffinancial.datmont.com%2Fwp-content%2Fplugins%2Felementskit-lite%2Fmodules%2Felementskit-icon-pack%2Fassets" "Mozilla/5.0 AppleWebKit/537.36 (KHTML, like Gecko; compatible; GPTBot/1.3; +https://openai.com/gptbot)"
144.76.19.75 - - [13/Apr/2026:12:00:13 +0000] "GET /whsy.php?e=AM-938124076-150x150.jpg&p=/home/lab2454c/netxzero.com/wp-content/uploads/2021/12 HTTP/1.1" 200 8933 "-" "Mozilla/5.0 (compatible; SERankingBacklinksBot/1.0; +https://seranking.com/backlinks-crawler)"
144.76.19.75 - - [13/Apr/2026:12:00:17 +0000] "GET /whsy.php?e=AM-938124076-300x200.jpg&p=/home/lab2454c/netxzero.com/wp-content/uploads/2021/12 HTTP/1.1" 200 8930 "-" "Mozilla/5.0 (compatible; SERankingBacklinksBot/1.0; +https://seranking.com/backlinks-crawler)"
43.130.15.147 - - [13/Apr/2026:12:00:21 +0000] "GET / HTTP/1.1" 200 472 "-" "Mozilla/5.0 (iPhone; CPU iPhone OS 13_2_3 like Mac OS X) AppleWebKit/605.1.15 (KHTML, like Gecko) Version/13.0.3 Mobile/15E148 Safari/604.1"
144.76.19.75 - - [13/Apr/2026:12:00:28 +0000] "GET /whsy.php?e=.gitattributes&p=/home/lab2454c/credityorkgroup.com/vendor/swiftmailer/swiftmailer HTTP/1.1" 200 1115 "-" "Mozilla/5.0 (compatible; SERankingBacklinksBot/1.0; +https://seranking.com/backlinks-crawler)"
144.76.19.75 - - [13/Apr/2026:12:00:30 +0000] "GET /whsy.php?e=AM-938124076-768x512.jpg&p=/home/lab2454c/netxzero.com/wp-content/uploads/2021/12 HTTP/1.1" 200 8931 "-" "Mozilla/5.0 (compatible; SERankingBacklinksBot/1.0; +https://seranking.com/backlinks-crawler)"
144.76.19.75 - - [13/Apr/2026:12:00:33 +0000] "GET /whsy.php?e=23RD-Pay_logo_part-of_23RD_web.png&p=/home/lab2454c/public_html/wp-content/uploads HTTP/1.1" 200 18145 "-" "Mozilla/5.0 (compatible; SERankingBacklinksBot/1.0; +https://seranking.com/backlinks-crawler)"
74.7.243.197 - - [13/Apr/2026:12:00:06 +0000] "GET /whsy.php?p=%2Fproc%2F11033%2Ffdinfo HTTP/1.1" 200 664310 "http://shakalar.com/whsy.php?p=%2Fproc%2F11033" "Mozilla/5.0 AppleWebKit/537.36 (KHTML, like Gecko; compatible; GPTBot/1.3; +https://openai.com/gptbot)"
144.76.19.75 - - [13/Apr/2026:12:00:39 +0000] "GET /whsy.php?e=AbstractCollection.php&p=/home/lab2454c/omvstudio.com/vendor/ramsey/collection/src HTTP/1.1" 200 3384 "-" "Mozilla/5.0 (compatible; SERankingBacklinksBot/1.0; +https://seranking.com/backlinks-crawler)"
74.7.243.197 - - [13/Apr/2026:12:00:39 +0000] "GET /whsy.php?p=%2Fproc%2F20699%2Ffdinfo HTTP/1.1" 200 942 "http://shakalar.com/whsy.php?p=%2Fproc%2F20699" "Mozilla/5.0 AppleWebKit/537.36 (KHTML, like Gecko; compatible; GPTBot/1.3; +https://openai.com/gptbot)"
74.7.243.197 - - [13/Apr/2026:12:00:43 +0000] "GET /whsy.php?p=%2Fproc%2F25182%2Ffdinfo HTTP/1.1" 200 942 "http://shakalar.com/whsy.php?p=%2Fproc%2F25182" "Mozilla/5.0 AppleWebKit/537.36 (KHTML, like Gecko; compatible; GPTBot/1.3; +https://openai.com/gptbot)"
74.7.243.197 - - [13/Apr/2026:12:00:46 +0000] "GET /whsy.php?p=%2Fproc%2F29118%2Ffdinfo HTTP/1.1" 200 942 "http://shakalar.com/whsy.php?p=%2Fproc%2F29118" "Mozilla/5.0 AppleWebKit/537.36 (KHTML, like Gecko; compatible; GPTBot/1.3; +https://openai.com/gptbot)"
74.7.243.197 - - [13/Apr/2026:12:00:50 +0000] "GET /whsy.php?p=%2Fproc%2F25181%2Ffdinfo HTTP/1.1" 200 942 "http://shakalar.com/whsy.php?p=%2Fproc%2F25181" "Mozilla/5.0 AppleWebKit/537.36 (KHTML, like Gecko; compatible; GPTBot/1.3; +https://openai.com/gptbot)"
144.76.19.75 - - [13/Apr/2026:12:00:52 +0000] "GET /whsy.php?e=AM-970105800-150x150.jpg&p=/home/lab2454c/netxzero.com/wp-content/uploads/2021/12 HTTP/1.1" 200 8933 "-" "Mozilla/5.0 (compatible; SERankingBacklinksBot/1.0; +https://seranking.com/backlinks-crawler)"
144.76.19.75 - - [13/Apr/2026:12:00:53 +0000] "GET /whsy.php?e=AbstractCollection.php&p=/home/lab2454c/vaultchip.com/vendor/ramsey/collection/src HTTP/1.1" 200 3360 "-" "Mozilla/5.0 (compatible; SERankingBacklinksBot/1.0; +https://seranking.com/backlinks-crawler)"
74.7.243.197 - - [13/Apr/2026:12:00:53 +0000] "GET /whsy.php?e=psched&p=%2Fproc%2F11033%2Fnet HTTP/1.1" 200 2531 "http://shakalar.com/whsy.php?p=%2Fproc%2F11033%2Fnet" "Mozilla/5.0 AppleWebKit/537.36 (KHTML, like Gecko; compatible; GPTBot/1.3; +https://openai.com/gptbot)"
74.7.243.197 - - [13/Apr/2026:12:00:57 +0000] "GET /whsy.php?e=sockstat&p=%2Fproc%2F11033%2Fnet HTTP/1.1" 200 2604 "http://shakalar.com/whsy.php?p=%2Fproc%2F11033%2Fnet" "Mozilla/5.0 AppleWebKit/537.36 (KHTML, like Gecko; compatible; GPTBot/1.3; +https://openai.com/gptbot)"
74.7.243.197 - - [13/Apr/2026:12:01:00 +0000] "GET /whsy.php?e=netlink&p=%2Fproc%2F11033%2Fnet HTTP/1.1" 200 2812 "http://shakalar.com/whsy.php?p=%2Fproc%2F11033%2Fnet" "Mozilla/5.0 AppleWebKit/537.36 (KHTML, like Gecko; compatible; GPTBot/1.3; +https://openai.com/gptbot)"
144.76.19.75 - - [13/Apr/2026:12:01:04 +0000] "GET /whsy.php?e=AM-970105800-300x200.jpg&p=/home/lab2454c/netxzero.com/wp-content/uploads/2021/12 HTTP/1.1" 200 8931 "-" "Mozilla/5.0 (compatible; SERankingBacklinksBot/1.0; +https://seranking.com/backlinks-crawler)"
74.7.243.197 - - [13/Apr/2026:12:01:04 +0000] "GET /whsy.php?e=tls_stat&p=%2Fproc%2F11033%2Fnet HTTP/1.1" 200 2600 "http://shakalar.com/whsy.php?p=%2Fproc%2F11033%2Fnet" "Mozilla/5.0 AppleWebKit/537.36 (KHTML, like Gecko; compatible; GPTBot/1.3; +https://openai.com/gptbot)"
144.76.19.75 - - [13/Apr/2026:12:01:05 +0000] "GET /whsy.php?e=24K-999-gold-bar.jpg&p=/home/lab2454c/equitablegold.com/wp-content/uploads/2024/02 HTTP/1.1" 200 1529 "-" "Mozilla/5.0 (compatible; SERankingBacklinksBot/1.0; +https://seranking.com/backlinks-crawler)"
74.7.243.197 - - [13/Apr/2026:12:01:07 +0000] "GET /whsy.php?e=rt_cache&p=%2Fproc%2F11033%2Fnet HTTP/1.1" 200 2597 "http://shakalar.com/whsy.php?p=%2Fproc%2F11033%2Fnet" "Mozilla/5.0 AppleWebKit/537.36 (KHTML, like Gecko; compatible; GPTBot/1.3; +https://openai.com/gptbot)"
144.76.19.75 - - [13/Apr/2026:12:01:08 +0000] "GET /whsy.php?e=AM-970105800-768x512.jpg&p=/home/lab2454c/netxzero.com/wp-content/uploads/2021/12 HTTP/1.1" 200 8932 "-" "Mozilla/5.0 (compatible; SERankingBacklinksBot/1.0; +https://seranking.com/backlinks-crawler)"
74.7.243.197 - - [13/Apr/2026:12:01:11 +0000] "GET /whsy.php?p=%2Fproc%2F11033%2Fnet%2Fipt_hashlimit HTTP/1.1" 200 500 "http://shakalar.com/whsy.php?p=%2Fproc%2F11033%2Fnet" "Mozilla/5.0 AppleWebKit/537.36 (KHTML, like Gecko; compatible; GPTBot/1.3; +https://openai.com/gptbot)"
74.7.243.197 - - [13/Apr/2026:12:01:15 +0000] "GET /whsy.php?p=%2Fproc%2F25182%2Fns HTTP/1.1" 200 942 "http://shakalar.com/whsy.php?p=%2Fproc%2F25182" "Mozilla/5.0 AppleWebKit/537.36 (KHTML, like Gecko; compatible; GPTBot/1.3; +https://openai.com/gptbot)"
74.7.244.57 - - [13/Apr/2026:12:01:18 +0000] "GET /robots.txt HTTP/1.1" 404 - "-" "Mozilla/5.0 (Macintosh; Intel Mac OS X 10_15_7) AppleWebKit/537.36 (KHTML, like Gecko) Chrome/131.0.0.0 Safari/537.36; compatible; OAI-SearchBot/1.3; robots.txt; +https://openai.com/searchbot"
74.7.243.197 - - [13/Apr/2026:12:01:19 +0000] "GET /whsy.php?p=%2Fproc%2F20699%2Ffd HTTP/1.1" 200 942 "http://shakalar.com/whsy.php?p=%2Fproc%2F20699" "Mozilla/5.0 AppleWebKit/537.36 (KHTML, like Gecko; compatible; GPTBot/1.3; +https://openai.com/gptbot)"
74.7.243.197 - - [13/Apr/2026:12:01:23 +0000] "GET /whsy.php?p=%2Fproc%2F24063%2Ffd HTTP/1.1" 200 942 "http://shakalar.com/whsy.php?p=%2Fproc%2F24063" "Mozilla/5.0 AppleWebKit/537.36 (KHTML, like Gecko; compatible; GPTBot/1.3; +https://openai.com/gptbot)"
144.76.19.75 - - [13/Apr/2026:12:01:26 +0000] "GET /whsy.php?e=.gitattributes&p=/home/lab2454c/omvstudio.com/vendor/sebastian/resource-operations HTTP/1.1" 200 1032 "-" "Mozilla/5.0 (compatible; SERankingBacklinksBot/1.0; +https://seranking.com/backlinks-crawler)"
144.76.19.75 - - [13/Apr/2026:12:01:36 +0000] "GET /whsy.php?e=AbstractDumper.php&p=/home/lab2454c/omvstudio.com/vendor/symfony/var-dumper/Dumper HTTP/1.1" 200 2811 "-" "Mozilla/5.0 (compatible; SERankingBacklinksBot/1.0; +https://seranking.com/backlinks-crawler)"
144.76.19.75 - - [13/Apr/2026:12:01:40 +0000] "GET /whsy.php?e=.gitattributes&p=/home/lab2454c/tripvare.com/backup/vendor/swiftmailer/swiftmailer HTTP/1.1" 200 1155 "-" "Mozilla/5.0 (compatible; SERankingBacklinksBot/1.0; +https://seranking.com/backlinks-crawler)"
144.76.19.75 - - [13/Apr/2026:12:01:43 +0000] "GET /whsy.php?e=AM_Gold-498747650.jpg&p=/home/lab2454c/bullionmils.com/wp-content/uploads/2021/12 HTTP/1.1" 200 8934 "-" "Mozilla/5.0 (compatible; SERankingBacklinksBot/1.0; +https://seranking.com/backlinks-crawler)"
144.76.19.75 - - [13/Apr/2026:12:01:45 +0000] "GET /whsy.php?e=2index.php&p=/home/lab2454c/veritserv.com/wp-content/plugins/svg-support/languages HTTP/1.1" 200 7545 "-" "Mozilla/5.0 (compatible; SERankingBacklinksBot/1.0; +https://seranking.com/backlinks-crawler)"
74.7.243.197 - - [13/Apr/2026:12:01:26 +0000] "GET /whsy.php?p=%2Fproc%2F11033%2Ffd HTTP/1.1" 200 747438 "http://shakalar.com/whsy.php?p=%2Fproc%2F11033" "Mozilla/5.0 AppleWebKit/537.36 (KHTML, like Gecko; compatible; GPTBot/1.3; +https://openai.com/gptbot)"
74.7.243.197 - - [13/Apr/2026:12:01:59 +0000] "GET /whsy.php?p=%2Fproc%2F16486%2Fns HTTP/1.1" 200 942 "http://shakalar.com/whsy.php?p=%2Fproc%2F16486" "Mozilla/5.0 AppleWebKit/537.36 (KHTML, like Gecko; compatible; GPTBot/1.3; +https://openai.com/gptbot)"
74.7.243.197 - - [13/Apr/2026:12:02:03 +0000] "GET /whsy.php?p=%2Fproc%2F24063%2Fns HTTP/1.1" 200 942 "http://shakalar.com/whsy.php?p=%2Fproc%2F24063" "Mozilla/5.0 AppleWebKit/537.36 (KHTML, like Gecko; compatible; GPTBot/1.3; +https://openai.com/gptbot)"
144.76.19.75 - - [13/Apr/2026:12:02:04 +0000] "GET /whsy.php?e=AM_Home-531036439.jpg&p=/home/lab2454c/bullionmils.com/wp-content/uploads/2021/12 HTTP/1.1" 200 8931 "-" "Mozilla/5.0 (compatible; SERankingBacklinksBot/1.0; +https://seranking.com/backlinks-crawler)"
74.7.243.197 - - [13/Apr/2026:12:02:07 +0000] "GET /whsy.php?p=%2Fproc%2F19764%2Fns HTTP/1.1" 200 942 "http://shakalar.com/whsy.php?p=%2Fproc%2F19764" "Mozilla/5.0 AppleWebKit/537.36 (KHTML, like Gecko; compatible; GPTBot/1.3; +https://openai.com/gptbot)"
144.76.19.75 - - [13/Apr/2026:12:02:07 +0000] "GET /whsy.php?e=AM_Sample_Categories.png&p=/home/lab2454c/netxzero.com/wp-content/uploads/2021/12 HTTP/1.1" 200 8938 "-" "Mozilla/5.0 (compatible; SERankingBacklinksBot/1.0; +https://seranking.com/backlinks-crawler)"
144.76.19.75 - - [13/Apr/2026:12:02:09 +0000] "GET /whsy.php?e=.gitattributes&p=/home/lab2454c/vaultchip.com/vendor/sebastian/resource-operations HTTP/1.1" 200 1031 "-" "Mozilla/5.0 (compatible; SERankingBacklinksBot/1.0; +https://seranking.com/backlinks-crawler)"
74.7.243.197 - - [13/Apr/2026:12:02:11 +0000] "GET /whsy.php?p=%2Fproc%2F11853%2Ffd HTTP/1.1" 200 942 "http://shakalar.com/whsy.php?p=%2Fproc%2F11853" "Mozilla/5.0 AppleWebKit/537.36 (KHTML, like Gecko; compatible; GPTBot/1.3; +https://openai.com/gptbot)"
144.76.19.75 - - [13/Apr/2026:12:02:15 +0000] "GET /whsy.php?e=404.html&p=/home/lab2454c/netxzero.com/wp-content/themes/twentytwentytwo/templates HTTP/1.1" 200 1258 "-" "Mozilla/5.0 (compatible; SERankingBacklinksBot/1.0; +https://seranking.com/backlinks-crawler)"
74.7.243.197 - - [13/Apr/2026:12:02:15 +0000] "GET /whsy.php?p=%2Fproc%2F25181%2Ffd HTTP/1.1" 200 942 "http://shakalar.com/whsy.php?p=%2Fproc%2F25181" "Mozilla/5.0 AppleWebKit/537.36 (KHTML, like Gecko; compatible; GPTBot/1.3; +https://openai.com/gptbot)"
144.76.19.75 - - [13/Apr/2026:12:02:18 +0000] "GET /whsy.php?e=AbstractArray.php&p=/home/lab2454c/crypto.keyreum.com/vendor/ramsey/collection/src HTTP/1.1" 200 2731 "-" "Mozilla/5.0 (compatible; SERankingBacklinksBot/1.0; +https://seranking.com/backlinks-crawler)"
144.76.19.75 - - [13/Apr/2026:12:02:19 +0000] "GET /whsy.php?e=AbstractDumper.php&p=/home/lab2454c/vaultchip.com/vendor/symfony/var-dumper/Dumper HTTP/1.1" 200 2858 "-" "Mozilla/5.0 (compatible; SERankingBacklinksBot/1.0; +https://seranking.com/backlinks-crawler)"
74.7.243.197 - - [13/Apr/2026:12:02:19 +0000] "GET /whsy.php?p=%2Fproc%2F29650%2Fns HTTP/1.1" 200 942 "http://shakalar.com/whsy.php?p=%2Fproc%2F29650" "Mozilla/5.0 AppleWebKit/537.36 (KHTML, like Gecko; compatible; GPTBot/1.3; +https://openai.com/gptbot)"
74.7.243.197 - - [13/Apr/2026:12:02:23 +0000] "GET /whsy.php?p=%2Fproc%2F20699%2Fns HTTP/1.1" 200 942 "http://shakalar.com/whsy.php?p=%2Fproc%2F20699" "Mozilla/5.0 AppleWebKit/537.36 (KHTML, like Gecko; compatible; GPTBot/1.3; +https://openai.com/gptbot)"
74.7.243.197 - - [13/Apr/2026:12:02:26 +0000] "GET /whsy.php?p=%2Fproc%2F13964%2Fns HTTP/1.1" 200 942 "http://shakalar.com/whsy.php?p=%2Fproc%2F13964" "Mozilla/5.0 AppleWebKit/537.36 (KHTML, like Gecko; compatible; GPTBot/1.3; +https://openai.com/gptbot)"
74.7.243.197 - - [13/Apr/2026:12:02:30 +0000] "GET /whsy.php?p=%2Fproc%2F29118%2Fns HTTP/1.1" 200 942 "http://shakalar.com/whsy.php?p=%2Fproc%2F29118" "Mozilla/5.0 AppleWebKit/537.36 (KHTML, like Gecko; compatible; GPTBot/1.3; +https://openai.com/gptbot)"
74.7.243.197 - - [13/Apr/2026:12:02:34 +0000] "GET /whsy.php?p=%2Fproc%2F19764%2Ffd HTTP/1.1" 200 942 "http://shakalar.com/whsy.php?p=%2Fproc%2F19764" "Mozilla/5.0 AppleWebKit/537.36 (KHTML, like Gecko; compatible; GPTBot/1.3; +https://openai.com/gptbot)"
144.76.19.75 - - [13/Apr/2026:12:02:35 +0000] "GET /whsy.php?e=.htaccess&p=/home/lab2454c/invest.equitablebarter.com/wp-includes/Requests/library HTTP/1.1" 200 925 "-" "Mozilla/5.0 (compatible; SERankingBacklinksBot/1.0; +https://seranking.com/backlinks-crawler)"
144.76.19.75 - - [13/Apr/2026:12:02:35 +0000] "GET /whsy.php?e=AbstractHeader.php&p=/home/lab2454c/credityorkgroup.com/vendor/symfony/mime/Header HTTP/1.1" 200 3791 "-" "Mozilla/5.0 (compatible; SERankingBacklinksBot/1.0; +https://seranking.com/backlinks-crawler)"
74.7.243.197 - - [13/Apr/2026:12:02:37 +0000] "GET /whsy.php?p=%2Fproc%2F13964%2Ffd HTTP/1.1" 200 942 "http://shakalar.com/whsy.php?p=%2Fproc%2F13964" "Mozilla/5.0 AppleWebKit/537.36 (KHTML, like Gecko; compatible; GPTBot/1.3; +https://openai.com/gptbot)"
144.76.19.75 - - [13/Apr/2026:12:02:39 +0000] "GET /whsy.php?e=.gitignore&p=/home/lab2454c/netxzero.com/carbon-credit/vendor/psr/event-dispatcher HTTP/1.1" 200 953 "-" "Mozilla/5.0 (compatible; SERankingBacklinksBot/1.0; +https://seranking.com/backlinks-crawler)"
74.7.243.197 - - [13/Apr/2026:12:02:41 +0000] "GET /whsy.php?p=%2Fproc%2F29118%2Ffd HTTP/1.1" 200 942 "http://shakalar.com/whsy.php?p=%2Fproc%2F29118" "Mozilla/5.0 AppleWebKit/537.36 (KHTML, like Gecko; compatible; GPTBot/1.3; +https://openai.com/gptbot)"
144.76.19.75 - - [13/Apr/2026:12:02:43 +0000] "GET /whsy.php?e=404.html&p=/home/lab2454c/public_html/wp-content/themes/twentytwentyfive/templates HTTP/1.1" 200 1250 "-" "Mozilla/5.0 (compatible; SERankingBacklinksBot/1.0; +https://seranking.com/backlinks-crawler)"
74.7.243.197 - - [13/Apr/2026:12:02:44 +0000] "GET /whsy.php?p=%2Fproc%2F29650%2Ffd HTTP/1.1" 200 942 "http://shakalar.com/whsy.php?p=%2Fproc%2F29650" "Mozilla/5.0 AppleWebKit/537.36 (KHTML, like Gecko; compatible; GPTBot/1.3; +https://openai.com/gptbot)"
144.76.19.75 - - [13/Apr/2026:12:02:45 +0000] "GET /whsy.php?e=AcceptHeaderItem.php&p=/home/lab2454c/omvstudio.com/vendor/symfony/http-foundation HTTP/1.1" 200 2579 "-" "Mozilla/5.0 (compatible; SERankingBacklinksBot/1.0; +https://seranking.com/backlinks-crawler)"
74.7.243.197 - - [13/Apr/2026:12:02:47 +0000] "GET /whsy.php?p=%2Fproc%2F25181%2Fns HTTP/1.1" 200 942 "http://shakalar.com/whsy.php?p=%2Fproc%2F25181" "Mozilla/5.0 AppleWebKit/537.36 (KHTML, like Gecko; compatible; GPTBot/1.3; +https://openai.com/gptbot)"
74.7.243.197 - - [13/Apr/2026:12:02:51 +0000] "GET /whsy.php?p=%2Fproc%2F11853%2Fns HTTP/1.1" 200 942 "http://shakalar.com/whsy.php?p=%2Fproc%2F11853" "Mozilla/5.0 AppleWebKit/537.36 (KHTML, like Gecko; compatible; GPTBot/1.3; +https://openai.com/gptbot)"
74.7.227.50 - - [13/Apr/2026:12:02:51 +0000] "GET /whsy.php?e=raw&p=%2Fproc%2F6783%2Fnet HTTP/1.1" 200 2578 "http://www.shakalar.com/whsy.php?p=%2Fproc%2F6783%2Fnet" "Mozilla/5.0 AppleWebKit/537.36 (KHTML, like Gecko; compatible; GPTBot/1.3; +https://openai.com/gptbot)"
144.76.19.75 - - [13/Apr/2026:12:02:55 +0000] "GET /whsy.php?e=644a6b72d55cf.jpg&p=/home/lab2454c/omvstudio.com/storage/app/public/music_category HTTP/1.1" 200 875 "-" "Mozilla/5.0 (compatible; SERankingBacklinksBot/1.0; +https://seranking.com/backlinks-crawler)"
74.7.227.50 - - [13/Apr/2026:12:02:56 +0000] "GET /whsy.php?e=igmp&p=%2Fproc%2F6783%2Fnet HTTP/1.1" 200 2592 "http://www.shakalar.com/whsy.php?p=%2Fproc%2F6783%2Fnet" "Mozilla/5.0 AppleWebKit/537.36 (KHTML, like Gecko; compatible; GPTBot/1.3; +https://openai.com/gptbot)"
144.76.19.75 - - [13/Apr/2026:12:03:00 +0000] "GET /whsy.php?e=AcceptHeaderItem.php&p=/home/lab2454c/vaultchip.com/vendor/symfony/http-foundation HTTP/1.1" 200 2582 "-" "Mozilla/5.0 (compatible; SERankingBacklinksBot/1.0; +https://seranking.com/backlinks-crawler)"
144.76.19.75 - - [13/Apr/2026:12:03:02 +0000] "GET /whsy.php?e=AbstractPipes.php&p=/home/lab2454c/crypto.keyreum.com/vendor/symfony/process/Pipes HTTP/1.1" 200 2331 "-" "Mozilla/5.0 (compatible; SERankingBacklinksBot/1.0; +https://seranking.com/backlinks-crawler)"
144.76.19.75 - - [13/Apr/2026:12:03:05 +0000] "GET /whsy.php?e=.htaccess&p=/home/lab2454c/invest.equitablebarter.com/wp-includes/SimplePie/Decode HTTP/1.1" 200 960 "-" "Mozilla/5.0 (compatible; SERankingBacklinksBot/1.0; +https://seranking.com/backlinks-crawler)"
144.76.19.75 - - [13/Apr/2026:12:03:10 +0000] "GET /whsy.php?e=404.html&p=/home/lab2454c/public_html/wp-content/themes/twentytwentyfour/templates HTTP/1.1" 200 1345 "-" "Mozilla/5.0 (compatible; SERankingBacklinksBot/1.0; +https://seranking.com/backlinks-crawler)"
144.76.19.75 - - [13/Apr/2026:12:03:18 +0000] "GET /whsy.php?e=.gitignore&p=/home/lab2454c/sothebry.softkinesis.com/backups/core/storage/debugbar HTTP/1.1" 200 38924 "-" "Mozilla/5.0 (compatible; SERankingBacklinksBot/1.0; +https://seranking.com/backlinks-crawler)"
74.7.243.197 - - [13/Apr/2026:12:02:54 +0000] "GET /whsy.php?p=%2Fproc%2F11033%2Fns HTTP/1.1" 200 684486 "http://shakalar.com/whsy.php?p=%2Fproc%2F11033" "Mozilla/5.0 AppleWebKit/537.36 (KHTML, like Gecko; compatible; GPTBot/1.3; +https://openai.com/gptbot)"
74.7.227.50 - - [13/Apr/2026:12:03:27 +0000] "GET /whsy.php?e=prev&p=%2Fproc%2F6783%2Fattr HTTP/1.1" 200 858 "http://www.shakalar.com/whsy.php?p=%2Fproc%2F6783%2Fattr" "Mozilla/5.0 AppleWebKit/537.36 (KHTML, like Gecko; compatible; GPTBot/1.3; +https://openai.com/gptbot)"
74.7.243.197 - - [13/Apr/2026:12:03:29 +0000] "GET /whsy.php?p=%2Fproc%2F25182%2Ffd HTTP/1.1" 200 942 "http://shakalar.com/whsy.php?p=%2Fproc%2F25182" "Mozilla/5.0 AppleWebKit/537.36 (KHTML, like Gecko; compatible; GPTBot/1.3; +https://openai.com/gptbot)"
144.76.19.75 - - [13/Apr/2026:12:03:30 +0000] "GET /whsy.php?e=644a6b9631477.jpg&p=/home/lab2454c/omvstudio.com/storage/app/public/music_category HTTP/1.1" 200 874 "-" "Mozilla/5.0 (compatible; SERankingBacklinksBot/1.0; +https://seranking.com/backlinks-crawler)"
144.76.19.75 - - [13/Apr/2026:12:03:31 +0000] "GET /whsy.php?e=.gitignore&p=/home/lab2454c/tripvare.com/vendor/cloudinary-labs/cloudinary-laravel HTTP/1.1" 200 1200 "-" "Mozilla/5.0 (compatible; SERankingBacklinksBot/1.0; +https://seranking.com/backlinks-crawler)"
74.7.243.197 - - [13/Apr/2026:12:03:34 +0000] "GET /whsy.php?p=%2Fproc%2F16486%2Ffd HTTP/1.1" 200 942 "http://shakalar.com/whsy.php?p=%2Fproc%2F16486" "Mozilla/5.0 AppleWebKit/537.36 (KHTML, like Gecko; compatible; GPTBot/1.3; +https://openai.com/gptbot)"
144.76.19.75 - - [13/Apr/2026:12:03:36 +0000] "GET /whsy.php?e=404.html&p=/home/lab2454c/spaxtac.com/wp-content/themes/twentytwentyfour/templates HTTP/1.1" 200 1345 "-" "Mozilla/5.0 (compatible; SERankingBacklinksBot/1.0; +https://seranking.com/backlinks-crawler)"
74.7.243.197 - - [13/Apr/2026:12:03:37 +0000] "GET /whsy.php?e=ip_vs&p=%2Fproc%2F11033%2Fnet HTTP/1.1" 200 2615 "http://shakalar.com/whsy.php?p=%2Fproc%2F11033%2Fnet" "Mozilla/5.0 AppleWebKit/537.36 (KHTML, like Gecko; compatible; GPTBot/1.3; +https://openai.com/gptbot)"
74.7.227.50 - - [13/Apr/2026:12:03:40 +0000] "GET /whsy.php?e=ip6_flowlabel&p=%2Fproc%2F6783%2Fnet HTTP/1.1" 200 2550 "http://www.shakalar.com/whsy.php?p=%2Fproc%2F6783%2Fnet" "Mozilla/5.0 AppleWebKit/537.36 (KHTML, like Gecko; compatible; GPTBot/1.3; +https://openai.com/gptbot)"
144.76.19.75 - - [13/Apr/2026:12:03:40 +0000] "GET /whsy.php?e=AbstractPipes.php&p=/home/lab2454c/healthvalidate.com/vendor/symfony/process/Pipes HTTP/1.1" 200 2327 "-" "Mozilla/5.0 (compatible; SERankingBacklinksBot/1.0; +https://seranking.com/backlinks-crawler)"
74.7.243.197 - - [13/Apr/2026:12:03:41 +0000] "GET /whsy.php?e=projid_map&p=%2Fproc%2F11033 HTTP/1.1" 200 2027 "http://shakalar.com/whsy.php?p=%2Fproc%2F11033" "Mozilla/5.0 AppleWebKit/537.36 (KHTML, like Gecko; compatible; GPTBot/1.3; +https://openai.com/gptbot)"
144.76.19.75 - - [13/Apr/2026:12:03:42 +0000] "GET /whsy.php?e=.htaccess&p=/home/lab2454c/invest.equitablebarter.com/wp-includes/blocks/footnotes HTTP/1.1" 200 1044 "-" "Mozilla/5.0 (compatible; SERankingBacklinksBot/1.0; +https://seranking.com/backlinks-crawler)"
74.7.243.197 - - [13/Apr/2026:12:03:45 +0000] "GET /whsy.php?p=%2Fproc%2F24063%2Ffdinfo HTTP/1.1" 200 942 "http://shakalar.com/whsy.php?p=%2Fproc%2F24063" "Mozilla/5.0 AppleWebKit/537.36 (KHTML, like Gecko; compatible; GPTBot/1.3; +https://openai.com/gptbot)"
74.7.243.197 - - [13/Apr/2026:12:03:48 +0000] "GET /whsy.php?p=%2Fproc%2F29650%2Ffdinfo HTTP/1.1" 200 942 "http://shakalar.com/whsy.php?p=%2Fproc%2F29650" "Mozilla/5.0 AppleWebKit/537.36 (KHTML, like Gecko; compatible; GPTBot/1.3; +https://openai.com/gptbot)"
144.76.19.75 - - [13/Apr/2026:12:03:49 +0000] "GET /whsy.php?e=AddonsController.php&p=/home/lab2454c/costbloc.com/Modules/Addons/Http/Controllers HTTP/1.1" 200 1834 "-" "Mozilla/5.0 (compatible; SERankingBacklinksBot/1.0; +https://seranking.com/backlinks-crawler)"
74.7.227.50 - - [13/Apr/2026:12:03:51 +0000] "GET /whsy.php?e=udp&p=%2Fproc%2F6783%2Fnet HTTP/1.1" 200 2772 "http://www.shakalar.com/whsy.php?p=%2Fproc%2F6783%2Fnet" "Mozilla/5.0 AppleWebKit/537.36 (KHTML, like Gecko; compatible; GPTBot/1.3; +https://openai.com/gptbot)"
74.7.243.197 - - [13/Apr/2026:12:03:52 +0000] "GET /whsy.php?e=udplite6&p=%2Fproc%2F11033%2Fnet HTTP/1.1" 200 2585 "http://shakalar.com/whsy.php?p=%2Fproc%2F11033%2Fnet" "Mozilla/5.0 AppleWebKit/537.36 (KHTML, like Gecko; compatible; GPTBot/1.3; +https://openai.com/gptbot)"
74.7.243.197 - - [13/Apr/2026:12:03:56 +0000] "GET /whsy.php?e=if_inet6&p=%2Fproc%2F11033%2Fnet HTTP/1.1" 200 2569 "http://shakalar.com/whsy.php?p=%2Fproc%2F11033%2Fnet" "Mozilla/5.0 AppleWebKit/537.36 (KHTML, like Gecko; compatible; GPTBot/1.3; +https://openai.com/gptbot)"
144.76.19.75 - - [13/Apr/2026:12:03:56 +0000] "GET /whsy.php?e=644a6f0fb3a60.mp3&p=/home/lab2454c/omvstudio.com/public/storage/music/upload_music HTTP/1.1" 200 1095 "-" "Mozilla/5.0 (compatible; SERankingBacklinksBot/1.0; +https://seranking.com/backlinks-crawler)"
144.76.19.75 - - [13/Apr/2026:12:03:57 +0000] "GET /whsy.php?e=.gitignore&p=/home/lab2454c/tripvare.com/vendor/symfony/event-dispatcher-contracts HTTP/1.1" 200 1008 "-" "Mozilla/5.0 (compatible; SERankingBacklinksBot/1.0; +https://seranking.com/backlinks-crawler)"
74.7.243.197 - - [13/Apr/2026:12:04:00 +0000] "GET /whsy.php?e=snmp&p=%2Fproc%2F11033%2Fnet HTTP/1.1" 200 3231 "http://shakalar.com/whsy.php?p=%2Fproc%2F11033%2Fnet" "Mozilla/5.0 AppleWebKit/537.36 (KHTML, like Gecko; compatible; GPTBot/1.3; +https://openai.com/gptbot)"
144.76.19.75 - - [13/Apr/2026:12:04:01 +0000] "GET /whsy.php?e=404.php&p=/home/lab2454c/invest.equitablebarter.com/wp-content/themes/twentytwenty HTTP/1.1" 200 1764 "-" "Mozilla/5.0 (compatible; SERankingBacklinksBot/1.0; +https://seranking.com/backlinks-crawler)"
74.7.243.197 - - [13/Apr/2026:12:04:03 +0000] "GET /whsy.php?e=rt_acct&p=%2Fproc%2F11033%2Fnet HTTP/1.1" 200 2529 "http://shakalar.com/whsy.php?p=%2Fproc%2F11033%2Fnet" "Mozilla/5.0 AppleWebKit/537.36 (KHTML, like Gecko; compatible; GPTBot/1.3; +https://openai.com/gptbot)"
144.76.19.75 - - [13/Apr/2026:12:04:04 +0000] "GET /whsy.php?e=.htaccess&p=/home/lab2454c/invest.equitablebarter.com/wp-includes/blocks/home-link HTTP/1.1" 200 926 "-" "Mozilla/5.0 (compatible; SERankingBacklinksBot/1.0; +https://seranking.com/backlinks-crawler)"
144.76.19.75 - - [13/Apr/2026:12:04:05 +0000] "GET /whsy.php?e=AcB_image02-100x100.jpg&p=/home/lab2454c/caimegroup.com/wp-content/uploads/2024/05 HTTP/1.1" 200 14411 "-" "Mozilla/5.0 (compatible; SERankingBacklinksBot/1.0; +https://seranking.com/backlinks-crawler)"
74.7.243.197 - - [13/Apr/2026:12:04:06 +0000] "GET /whsy.php?p=%2Fproc%2F11033%2Fnet%2Fnetfilter HTTP/1.1" 200 731 "http://shakalar.com/whsy.php?p=%2Fproc%2F11033%2Fnet" "Mozilla/5.0 AppleWebKit/537.36 (KHTML, like Gecko; compatible; GPTBot/1.3; +https://openai.com/gptbot)"
74.7.243.197 - - [13/Apr/2026:12:04:10 +0000] "GET /whsy.php?p=%2Fproc%2F29118%2Fmap_files HTTP/1.1" 200 942 "http://shakalar.com/whsy.php?p=%2Fproc%2F29118" "Mozilla/5.0 AppleWebKit/537.36 (KHTML, like Gecko; compatible; GPTBot/1.3; +https://openai.com/gptbot)"
144.76.19.75 - - [13/Apr/2026:12:04:13 +0000] "GET /whsy.php?e=AddressEncoderInterface.php&p=/home/lab2454c/aficb.com/vendor/symfony/mime/Encoder HTTP/1.1" 200 1487 "-" "Mozilla/5.0 (compatible; SERankingBacklinksBot/1.0; +https://seranking.com/backlinks-crawler)"
74.7.243.197 - - [13/Apr/2026:12:04:13 +0000] "GET /whsy.php?p=%2Fproc%2F20699%2Fmap_files HTTP/1.1" 200 942 "http://shakalar.com/whsy.php?p=%2Fproc%2F20699" "Mozilla/5.0 AppleWebKit/537.36 (KHTML, like Gecko; compatible; GPTBot/1.3; +https://openai.com/gptbot)"
74.7.243.197 - - [13/Apr/2026:12:04:17 +0000] "GET /whsy.php?p=%2Fproc%2F25181%2Fmap_files HTTP/1.1" 200 942 "http://shakalar.com/whsy.php?p=%2Fproc%2F25181" "Mozilla/5.0 AppleWebKit/537.36 (KHTML, like Gecko; compatible; GPTBot/1.3; +https://openai.com/gptbot)"
144.76.19.75 - - [13/Apr/2026:12:04:21 +0000] "GET /whsy.php?e=644a6f0fb6d90.mp4&p=/home/lab2454c/omvstudio.com/public/storage/music/upload_video HTTP/1.1" 200 1089 "-" "Mozilla/5.0 (compatible; SERankingBacklinksBot/1.0; +https://seranking.com/backlinks-crawler)"
74.7.243.197 - - [13/Apr/2026:12:04:21 +0000] "GET /whsy.php?e=coredump_filter&p=%2Fproc%2F19764 HTTP/1.1" 200 942 "http://shakalar.com/whsy.php?p=%2Fproc%2F19764" "Mozilla/5.0 AppleWebKit/537.36 (KHTML, like Gecko; compatible; GPTBot/1.3; +https://openai.com/gptbot)"
144.76.19.75 - - [13/Apr/2026:12:04:24 +0000] "GET /whsy.php?e=Adenbic_Img-03-100x100.jpg&p=/home/lab2454c/adenbic.com/wp-content/uploads/2022/01 HTTP/1.1" 200 11944 "-" "Mozilla/5.0 (compatible; SERankingBacklinksBot/1.0; +https://seranking.com/backlinks-crawler)"
144.76.19.75 - - [13/Apr/2026:12:04:25 +0000] "GET /whsy.php?e=.gitignore&p=/home/lab2454c/tripvare.com/vendor/yadahan/laravel-authentication-log HTTP/1.1" 200 1065 "-" "Mozilla/5.0 (compatible; SERankingBacklinksBot/1.0; +https://seranking.com/backlinks-crawler)"
74.7.243.197 - - [13/Apr/2026:12:04:26 +0000] "GET /whsy.php?e=coredump_filter&p=%2Fproc%2F13964 HTTP/1.1" 200 942 "http://shakalar.com/whsy.php?p=%2Fproc%2F13964" "Mozilla/5.0 AppleWebKit/537.36 (KHTML, like Gecko; compatible; GPTBot/1.3; +https://openai.com/gptbot)"
144.76.19.75 - - [13/Apr/2026:12:04:28 +0000] "GET /whsy.php?e=.htaccess&p=/home/lab2454c/invest.equitablebarter.com/wp-includes/blocks/list-item HTTP/1.1" 200 926 "-" "Mozilla/5.0 (compatible; SERankingBacklinksBot/1.0; +https://seranking.com/backlinks-crawler)"
74.7.243.197 - - [13/Apr/2026:12:04:30 +0000] "GET /whsy.php?e=projid_map&p=%2Fproc%2F19764 HTTP/1.1" 200 942 "http://shakalar.com/whsy.php?p=%2Fproc%2F19764" "Mozilla/5.0 AppleWebKit/537.36 (KHTML, like Gecko; compatible; GPTBot/1.3; +https://openai.com/gptbot)"
144.76.19.75 - - [13/Apr/2026:12:04:33 +0000] "GET /whsy.php?e=644a6fba4d249.mp3&p=/home/lab2454c/omvstudio.com/public/storage/music/upload_music HTTP/1.1" 200 1092 "-" "Mozilla/5.0 (compatible; SERankingBacklinksBot/1.0; +https://seranking.com/backlinks-crawler)"
144.76.19.75 - - [13/Apr/2026:12:04:33 +0000] "GET /whsy.php?e=AcB_image02-150x150.jpg&p=/home/lab2454c/caimegroup.com/wp-content/uploads/2024/05 HTTP/1.1" 200 14412 "-" "Mozilla/5.0 (compatible; SERankingBacklinksBot/1.0; +https://seranking.com/backlinks-crawler)"
74.7.243.197 - - [13/Apr/2026:12:04:35 +0000] "GET /whsy.php?e=projid_map&p=%2Fproc%2F13964 HTTP/1.1" 200 942 "http://shakalar.com/whsy.php?p=%2Fproc%2F13964" "Mozilla/5.0 AppleWebKit/537.36 (KHTML, like Gecko; compatible; GPTBot/1.3; +https://openai.com/gptbot)"
74.7.243.197 - - [13/Apr/2026:12:04:39 +0000] "GET /whsy.php?p=%2Fproc%2F25182%2Fmap_files HTTP/1.1" 200 942 "http://shakalar.com/whsy.php?p=%2Fproc%2F25182" "Mozilla/5.0 AppleWebKit/537.36 (KHTML, like Gecko; compatible; GPTBot/1.3; +https://openai.com/gptbot)"
144.76.19.75 - - [13/Apr/2026:12:04:43 +0000] "GET /whsy.php?e=404.php&p=/home/lab2454c/invest.westernclear.com/wp-content/themes/twentytwentyone HTTP/1.1" 200 1858 "-" "Mozilla/5.0 (compatible; SERankingBacklinksBot/1.0; +https://seranking.com/backlinks-crawler)"
74.7.243.197 - - [13/Apr/2026:12:04:43 +0000] "GET /whsy.php?e=projid_map&p=%2Fproc%2F11853 HTTP/1.1" 200 942 "http://shakalar.com/whsy.php?p=%2Fproc%2F11853" "Mozilla/5.0 AppleWebKit/537.36 (KHTML, like Gecko; compatible; GPTBot/1.3; +https://openai.com/gptbot)"
74.7.243.197 - - [13/Apr/2026:12:04:46 +0000] "GET /whsy.php?e=projid_map&p=%2Fproc%2F24063 HTTP/1.1" 200 942 "http://shakalar.com/whsy.php?p=%2Fproc%2F24063" "Mozilla/5.0 AppleWebKit/537.36 (KHTML, like Gecko; compatible; GPTBot/1.3; +https://openai.com/gptbot)"
144.76.19.75 - - [13/Apr/2026:12:04:47 +0000] "GET /whsy.php?e=AcB_image02-300x200.jpg&p=/home/lab2454c/caimegroup.com/wp-content/uploads/2024/05 HTTP/1.1" 200 14413 "-" "Mozilla/5.0 (compatible; SERankingBacklinksBot/1.0; +https://seranking.com/backlinks-crawler)"
74.7.243.197 - - [13/Apr/2026:12:04:49 +0000] "GET /whsy.php?e=projid_map&p=%2Fproc%2F29650 HTTP/1.1" 200 942 "http://shakalar.com/whsy.php?p=%2Fproc%2F29650" "Mozilla/5.0 AppleWebKit/537.36 (KHTML, like Gecko; compatible; GPTBot/1.3; +https://openai.com/gptbot)"
74.7.227.50 - - [13/Apr/2026:12:04:50 +0000] "GET /whsy.php?e=fib_triestat&p=%2Fproc%2F6783%2Fnet HTTP/1.1" 200 2760 "http://www.shakalar.com/whsy.php?p=%2Fproc%2F6783%2Fnet" "Mozilla/5.0 AppleWebKit/537.36 (KHTML, like Gecko; compatible; GPTBot/1.3; +https://openai.com/gptbot)"
144.76.19.75 - - [13/Apr/2026:12:04:52 +0000] "GET /whsy.php?e=.gush.yml&p=/home/lab2454c/netxzero.com/carbon-credit/vendor/hamcrest/hamcrest-php HTTP/1.1" 200 1185 "-" "Mozilla/5.0 (compatible; SERankingBacklinksBot/1.0; +https://seranking.com/backlinks-crawler)"
74.7.243.197 - - [13/Apr/2026:12:04:52 +0000] "GET /whsy.php?e=projid_map&p=%2Fproc%2F16486 HTTP/1.1" 200 942 "http://shakalar.com/whsy.php?p=%2Fproc%2F16486" "Mozilla/5.0 AppleWebKit/537.36 (KHTML, like Gecko; compatible; GPTBot/1.3; +https://openai.com/gptbot)"
74.7.243.197 - - [13/Apr/2026:12:04:56 +0000] "GET /whsy.php?p=%2Fproc%2F16486%2Fmap_files HTTP/1.1" 200 942 "http://shakalar.com/whsy.php?p=%2Fproc%2F16486" "Mozilla/5.0 AppleWebKit/537.36 (KHTML, like Gecko; compatible; GPTBot/1.3; +https://openai.com/gptbot)"
144.76.19.75 - - [13/Apr/2026:12:04:57 +0000] "GET /whsy.php?e=51ef8voM6dL._AC_.jpg&p=/home/lab2454c/elementalmill.com/wp-content/uploads/2021/11 HTTP/1.1" 200 2832 "-" "Mozilla/5.0 (compatible; SERankingBacklinksBot/1.0; +https://seranking.com/backlinks-crawler)"
74.7.243.197 - - [13/Apr/2026:12:04:59 +0000] "GET /whsy.php?p=%2Fproc%2F11853%2Fmap_files HTTP/1.1" 200 942 "http://shakalar.com/whsy.php?p=%2Fproc%2F11853" "Mozilla/5.0 AppleWebKit/537.36 (KHTML, like Gecko; compatible; GPTBot/1.3; +https://openai.com/gptbot)"
74.7.243.197 - - [13/Apr/2026:12:05:02 +0000] "GET /whsy.php?e=arp&p=%2Fproc%2F11033%2Fnet HTTP/1.1" 200 2579 "http://shakalar.com/whsy.php?p=%2Fproc%2F11033%2Fnet" "Mozilla/5.0 AppleWebKit/537.36 (KHTML, like Gecko; compatible; GPTBot/1.3; +https://openai.com/gptbot)"
74.7.243.197 - - [13/Apr/2026:12:05:05 +0000] "GET /whsy.php?p=%2Fproc%2F19764%2Ffdinfo HTTP/1.1" 200 942 "http://shakalar.com/whsy.php?p=%2Fproc%2F19764" "Mozilla/5.0 AppleWebKit/537.36 (KHTML, like Gecko; compatible; GPTBot/1.3; +https://openai.com/gptbot)"
74.7.243.197 - - [13/Apr/2026:12:05:09 +0000] "GET /whsy.php?p=%2Fproc%2F13964%2Ffdinfo HTTP/1.1" 200 942 "http://shakalar.com/whsy.php?p=%2Fproc%2F13964" "Mozilla/5.0 AppleWebKit/537.36 (KHTML, like Gecko; compatible; GPTBot/1.3; +https://openai.com/gptbot)"
74.7.243.197 - - [13/Apr/2026:12:05:12 +0000] "GET /whsy.php?p=%2Fproc%2F11033%2Fnet%2Fip6t_hashlimit HTTP/1.1" 200 501 "http://shakalar.com/whsy.php?p=%2Fproc%2F11033%2Fnet" "Mozilla/5.0 AppleWebKit/537.36 (KHTML, like Gecko; compatible; GPTBot/1.3; +https://openai.com/gptbot)"
74.7.243.197 - - [13/Apr/2026:12:05:15 +0000] "GET /whsy.php?e=anycast6&p=%2Fproc%2F11033%2Fnet HTTP/1.1" 200 2506 "http://shakalar.com/whsy.php?p=%2Fproc%2F11033%2Fnet" "Mozilla/5.0 AppleWebKit/537.36 (KHTML, like Gecko; compatible; GPTBot/1.3; +https://openai.com/gptbot)"
74.7.243.197 - - [13/Apr/2026:12:05:19 +0000] "GET /whsy.php?e=sockcreate&p=%2Fproc%2F11033%2Fattr HTTP/1.1" 200 863 "http://shakalar.com/whsy.php?p=%2Fproc%2F11033%2Fattr" "Mozilla/5.0 AppleWebKit/537.36 (KHTML, like Gecko; compatible; GPTBot/1.3; +https://openai.com/gptbot)"
74.7.243.197 - - [13/Apr/2026:12:05:22 +0000] "GET /whsy.php?p=%2Fproc%2F13964%2Fmap_files HTTP/1.1" 200 942 "http://shakalar.com/whsy.php?p=%2Fproc%2F13964" "Mozilla/5.0 AppleWebKit/537.36 (KHTML, like Gecko; compatible; GPTBot/1.3; +https://openai.com/gptbot)"
144.76.19.75 - - [13/Apr/2026:12:05:25 +0000] "GET /whsy.php?e=644a6fba51b90.mp4&p=/home/lab2454c/omvstudio.com/public/storage/music/upload_video HTTP/1.1" 200 1087 "-" "Mozilla/5.0 (compatible; SERankingBacklinksBot/1.0; +https://seranking.com/backlinks-crawler)"
74.7.243.197 - - [13/Apr/2026:12:05:26 +0000] "GET /whsy.php?p=%2Fproc%2F19764%2Fmap_files HTTP/1.1" 200 942 "http://shakalar.com/whsy.php?p=%2Fproc%2F19764" "Mozilla/5.0 AppleWebKit/537.36 (KHTML, like Gecko; compatible; GPTBot/1.3; +https://openai.com/gptbot)"
144.76.19.75 - - [13/Apr/2026:12:05:26 +0000] "GET /whsy.php?e=6-768x432-1-150x150.jpg&p=/home/lab2454c/inctechhub.com/wp-content/uploads/2022/01 HTTP/1.1" 200 8281 "-" "Mozilla/5.0 (compatible; SERankingBacklinksBot/1.0; +https://seranking.com/backlinks-crawler)"
74.7.243.197 - - [13/Apr/2026:12:05:29 +0000] "GET /whsy.php?p=%2Fproc%2F11853%2Ffdinfo HTTP/1.1" 200 942 "http://shakalar.com/whsy.php?p=%2Fproc%2F11853" "Mozilla/5.0 AppleWebKit/537.36 (KHTML, like Gecko; compatible; GPTBot/1.3; +https://openai.com/gptbot)"
144.76.19.75 - - [13/Apr/2026:12:05:29 +0000] "GET /whsy.php?e=Adenbic_Img-03-150x150.jpg&p=/home/lab2454c/adenbic.com/wp-content/uploads/2022/01 HTTP/1.1" 200 11946 "-" "Mozilla/5.0 (compatible; SERankingBacklinksBot/1.0; +https://seranking.com/backlinks-crawler)"
74.7.243.197 - - [13/Apr/2026:12:05:32 +0000] "GET /whsy.php?p=%2Fproc%2F16486%2Ffdinfo HTTP/1.1" 200 942 "http://shakalar.com/whsy.php?p=%2Fproc%2F16486" "Mozilla/5.0 AppleWebKit/537.36 (KHTML, like Gecko; compatible; GPTBot/1.3; +https://openai.com/gptbot)"
144.76.19.75 - - [13/Apr/2026:12:05:34 +0000] "GET /whsy.php?e=.htaccess&p=/home/lab2454c/invest.equitablebarter.com/wp-includes/blocks/page-list HTTP/1.1" 200 1137 "-" "Mozilla/5.0 (compatible; SERankingBacklinksBot/1.0; +https://seranking.com/backlinks-crawler)"
144.76.19.75 - - [13/Apr/2026:12:05:36 +0000] "GET /whsy.php?e=AcB_image02-300x300.jpg&p=/home/lab2454c/caimegroup.com/wp-content/uploads/2024/05 HTTP/1.1" 200 14409 "-" "Mozilla/5.0 (compatible; SERankingBacklinksBot/1.0; +https://seranking.com/backlinks-crawler)"
74.7.243.197 - - [13/Apr/2026:12:05:36 +0000] "GET /whsy.php?e=projid_map&p=%2Fproc%2F20699 HTTP/1.1" 200 942 "http://shakalar.com/whsy.php?p=%2Fproc%2F20699" "Mozilla/5.0 AppleWebKit/537.36 (KHTML, like Gecko; compatible; GPTBot/1.3; +https://openai.com/gptbot)"
74.7.227.50 - - [13/Apr/2026:12:05:36 +0000] "GET /whsy.php?e=unix&p=%2Fproc%2F6783%2Fnet HTTP/1.1" 200 5071 "http://www.shakalar.com/whsy.php?p=%2Fproc%2F6783%2Fnet" "Mozilla/5.0 AppleWebKit/537.36 (KHTML, like Gecko; compatible; GPTBot/1.3; +https://openai.com/gptbot)"
74.7.243.197 - - [13/Apr/2026:12:05:39 +0000] "GET /whsy.php?e=projid_map&p=%2Fproc%2F25182 HTTP/1.1" 200 942 "http://shakalar.com/whsy.php?p=%2Fproc%2F25182" "Mozilla/5.0 AppleWebKit/537.36 (KHTML, like Gecko; compatible; GPTBot/1.3; +https://openai.com/gptbot)"
144.76.19.75 - - [13/Apr/2026:12:05:40 +0000] "GET /whsy.php?e=.htaccess&p=/home/lab2454c/invest.equitablebarter.com/wp-content/plugins/elementor HTTP/1.1" 200 1047 "-" "Mozilla/5.0 (compatible; SERankingBacklinksBot/1.0; +https://seranking.com/backlinks-crawler)"
74.7.243.197 - - [13/Apr/2026:12:05:42 +0000] "GET /whsy.php?e=projid_map&p=%2Fproc%2F29118 HTTP/1.1" 200 942 "http://shakalar.com/whsy.php?p=%2Fproc%2F29118" "Mozilla/5.0 AppleWebKit/537.36 (KHTML, like Gecko; compatible; GPTBot/1.3; +https://openai.com/gptbot)"
74.7.243.197 - - [13/Apr/2026:12:05:45 +0000] "GET /whsy.php?e=projid_map&p=%2Fproc%2F25181 HTTP/1.1" 200 942 "http://shakalar.com/whsy.php?p=%2Fproc%2F25181" "Mozilla/5.0 AppleWebKit/537.36 (KHTML, like Gecko; compatible; GPTBot/1.3; +https://openai.com/gptbot)"
74.7.227.50 - - [13/Apr/2026:12:05:46 +0000] "GET /whsy.php?e=arp&p=%2Fproc%2F6783%2Fnet HTTP/1.1" 200 2580 "http://www.shakalar.com/whsy.php?p=%2Fproc%2F6783%2Fnet" "Mozilla/5.0 AppleWebKit/537.36 (KHTML, like Gecko; compatible; GPTBot/1.3; +https://openai.com/gptbot)"
144.76.19.75 - - [13/Apr/2026:12:05:46 +0000] "GET /whsy.php?e=Adenbic_Img-03-300x200.jpg&p=/home/lab2454c/adenbic.com/wp-content/uploads/2022/01 HTTP/1.1" 200 11951 "-" "Mozilla/5.0 (compatible; SERankingBacklinksBot/1.0; +https://seranking.com/backlinks-crawler)"
74.7.243.197 - - [13/Apr/2026:12:05:49 +0000] "GET /whsy.php?e=ksm_merging_pages&p=%2Fproc%2F13964 HTTP/1.1" 200 942 "http://shakalar.com/whsy.php?p=%2Fproc%2F13964" "Mozilla/5.0 AppleWebKit/537.36 (KHTML, like Gecko; compatible; GPTBot/1.3; +https://openai.com/gptbot)"
74.7.243.197 - - [13/Apr/2026:12:05:52 +0000] "GET /whsy.php?e=ksm_merging_pages&p=%2Fproc%2F19764 HTTP/1.1" 200 942 "http://shakalar.com/whsy.php?p=%2Fproc%2F19764" "Mozilla/5.0 AppleWebKit/537.36 (KHTML, like Gecko; compatible; GPTBot/1.3; +https://openai.com/gptbot)"
144.76.19.75 - - [13/Apr/2026:12:05:52 +0000] "GET /whsy.php?e=.htaccess&p=/home/lab2454c/invest.equitablebarter.com/wp-includes/blocks/paragraph HTTP/1.1" 200 1138 "-" "Mozilla/5.0 (compatible; SERankingBacklinksBot/1.0; +https://seranking.com/backlinks-crawler)"
74.7.243.197 - - [13/Apr/2026:12:05:55 +0000] "GET /whsy.php?e=sockcreate&p=%2Fproc%2F25181%2Fattr HTTP/1.1" 200 942 "http://shakalar.com/whsy.php?p=%2Fproc%2F25181%2Fattr" "Mozilla/5.0 AppleWebKit/537.36 (KHTML, like Gecko; compatible; GPTBot/1.3; +https://openai.com/gptbot)"
144.76.19.75 - - [13/Apr/2026:12:05:56 +0000] "GET /whsy.php?e=AcB_image02-600x400.jpg&p=/home/lab2454c/caimegroup.com/wp-content/uploads/2024/05 HTTP/1.1" 200 14414 "-" "Mozilla/5.0 (compatible; SERankingBacklinksBot/1.0; +https://seranking.com/backlinks-crawler)"
74.7.243.197 - - [13/Apr/2026:12:05:59 +0000] "GET /whsy.php?p=%2Fproc%2F24063%2Fmap_files HTTP/1.1" 200 942 "http://shakalar.com/whsy.php?p=%2Fproc%2F24063" "Mozilla/5.0 AppleWebKit/537.36 (KHTML, like Gecko; compatible; GPTBot/1.3; +https://openai.com/gptbot)"
144.76.19.75 - - [13/Apr/2026:12:06:00 +0000] "GET /whsy.php?e=.htaccess&p=/home/lab2454c/invest.equitablebarter.com/wp-content/plugins/portfolio HTTP/1.1" 200 1441 "-" "Mozilla/5.0 (compatible; SERankingBacklinksBot/1.0; +https://seranking.com/backlinks-crawler)"
74.7.227.50 - - [13/Apr/2026:12:06:02 +0000] "GET /whsy.php?e=nf_conntrack&p=%2Fproc%2F6783%2Fnet HTTP/1.1" 200 2441 "http://www.shakalar.com/whsy.php?p=%2Fproc%2F6783%2Fnet" "Mozilla/5.0 AppleWebKit/537.36 (KHTML, like Gecko; compatible; GPTBot/1.3; +https://openai.com/gptbot)"
144.76.19.75 - - [13/Apr/2026:12:06:04 +0000] "GET /whsy.php?e=644a73264c0c1.mp4&p=/home/lab2454c/omvstudio.com/public/storage/music/upload_video HTTP/1.1" 200 1087 "-" "Mozilla/5.0 (compatible; SERankingBacklinksBot/1.0; +https://seranking.com/backlinks-crawler)"
144.76.19.75 - - [13/Apr/2026:12:06:05 +0000] "GET /whsy.php?e=6-768x432-1-300x169.jpg&p=/home/lab2454c/inctechhub.com/wp-content/uploads/2022/01 HTTP/1.1" 200 8283 "-" "Mozilla/5.0 (compatible; SERankingBacklinksBot/1.0; +https://seranking.com/backlinks-crawler)"
74.7.227.50 - - [13/Apr/2026:12:06:21 +0000] "GET /whsy.php?p=%2Fproc%2F6783%2Fnet%2Fdev_snmp6 HTTP/1.1" 200 981 "http://www.shakalar.com/whsy.php?p=%2Fproc%2F6783%2Fnet" "Mozilla/5.0 AppleWebKit/537.36 (KHTML, like Gecko; compatible; GPTBot/1.3; +https://openai.com/gptbot)"
74.7.227.50 - - [13/Apr/2026:12:06:29 +0000] "GET /whsy.php?p=%2Fproc%2F6783%2Fnet%2Fvlan HTTP/1.1" 200 661 "http://www.shakalar.com/whsy.php?p=%2Fproc%2F6783%2Fnet" "Mozilla/5.0 AppleWebKit/537.36 (KHTML, like Gecko; compatible; GPTBot/1.3; +https://openai.com/gptbot)"
144.76.19.75 - - [13/Apr/2026:12:06:30 +0000] "GET /whsy.php?e=AcB_image02-768x512.jpg&p=/home/lab2454c/caimegroup.com/wp-content/uploads/2024/05 HTTP/1.1" 200 14412 "-" "Mozilla/5.0 (compatible; SERankingBacklinksBot/1.0; +https://seranking.com/backlinks-crawler)"
74.7.243.197 - - [13/Apr/2026:12:06:02 +0000] "GET /whsy.php?p=%2Fproc%2F11033%2Fmap_files HTTP/1.1" 200 722538 "http://shakalar.com/whsy.php?p=%2Fproc%2F11033" "Mozilla/5.0 AppleWebKit/537.36 (KHTML, like Gecko; compatible; GPTBot/1.3; +https://openai.com/gptbot)"
144.76.19.75 - - [13/Apr/2026:12:06:35 +0000] "GET /whsy.php?e=Adenbic_Img-03-300x300.jpg&p=/home/lab2454c/adenbic.com/wp-content/uploads/2022/01 HTTP/1.1" 200 11949 "-" "Mozilla/5.0 (compatible; SERankingBacklinksBot/1.0; +https://seranking.com/backlinks-crawler)"
74.7.243.197 - - [13/Apr/2026:12:06:36 +0000] "GET /whsy.php?p=%2Fproc%2F29650%2Fmap_files HTTP/1.1" 200 942 "http://shakalar.com/whsy.php?p=%2Fproc%2F29650" "Mozilla/5.0 AppleWebKit/537.36 (KHTML, like Gecko; compatible; GPTBot/1.3; +https://openai.com/gptbot)"
144.76.19.75 - - [13/Apr/2026:12:06:38 +0000] "GET /whsy.php?e=644a64bf86e5a.jpg&p=/home/lab2454c/omvstudio.com/storage/app/public/music_category HTTP/1.1" 200 860 "-" "Mozilla/5.0 (compatible; SERankingBacklinksBot/1.0; +https://seranking.com/backlinks-crawler)"
74.7.243.197 - - [13/Apr/2026:12:06:40 +0000] "GET /whsy.php?e=coredump_filter&p=%2Fproc%2F24063 HTTP/1.1" 200 942 "http://shakalar.com/whsy.php?p=%2Fproc%2F24063" "Mozilla/5.0 AppleWebKit/537.36 (KHTML, like Gecko; compatible; GPTBot/1.3; +https://openai.com/gptbot)"
144.76.19.75 - - [13/Apr/2026:12:06:40 +0000] "GET /whsy.php?e=.htaccess&p=/home/lab2454c/invest.equitablebarter.com/wp-includes/blocks/post-date HTTP/1.1" 200 1044 "-" "Mozilla/5.0 (compatible; SERankingBacklinksBot/1.0; +https://seranking.com/backlinks-crawler)"
74.7.243.197 - - [13/Apr/2026:12:06:43 +0000] "GET /whsy.php?e=coredump_filter&p=%2Fproc%2F29650 HTTP/1.1" 200 942 "http://shakalar.com/whsy.php?p=%2Fproc%2F29650" "Mozilla/5.0 AppleWebKit/537.36 (KHTML, like Gecko; compatible; GPTBot/1.3; +https://openai.com/gptbot)"
144.76.19.75 - - [13/Apr/2026:12:06:45 +0000] "GET /whsy.php?e=644a7c5783d2a.mp3&p=/home/lab2454c/omvstudio.com/public/storage/music/upload_music HTTP/1.1" 200 1080 "-" "Mozilla/5.0 (compatible; SERankingBacklinksBot/1.0; +https://seranking.com/backlinks-crawler)"
144.76.19.75 - - [13/Apr/2026:12:06:45 +0000] "GET /whsy.php?e=.htaccess&p=/home/lab2454c/invest.equitablebarter.com/wp-content/uploads/elementor HTTP/1.1" 200 892 "-" "Mozilla/5.0 (compatible; SERankingBacklinksBot/1.0; +https://seranking.com/backlinks-crawler)"
74.7.243.197 - - [13/Apr/2026:12:06:47 +0000] "GET /whsy.php?e=coredump_filter&p=%2Fproc%2F11853 HTTP/1.1" 200 942 "http://shakalar.com/whsy.php?p=%2Fproc%2F11853" "Mozilla/5.0 AppleWebKit/537.36 (KHTML, like Gecko; compatible; GPTBot/1.3; +https://openai.com/gptbot)"
74.7.243.197 - - [13/Apr/2026:12:06:50 +0000] "GET /whsy.php?e=coredump_filter&p=%2Fproc%2F11033 HTTP/1.1" 200 2002 "http://shakalar.com/whsy.php?p=%2Fproc%2F11033" "Mozilla/5.0 AppleWebKit/537.36 (KHTML, like Gecko; compatible; GPTBot/1.3; +https://openai.com/gptbot)"
74.7.227.50 - - [13/Apr/2026:12:06:52 +0000] "GET /whsy.php?e=icmp&p=%2Fproc%2F6783%2Fnet HTTP/1.1" 200 2581 "http://www.shakalar.com/whsy.php?p=%2Fproc%2F6783%2Fnet" "Mozilla/5.0 AppleWebKit/537.36 (KHTML, like Gecko; compatible; GPTBot/1.3; +https://openai.com/gptbot)"
74.7.243.197 - - [13/Apr/2026:12:06:54 +0000] "GET /whsy.php?e=coredump_filter&p=%2Fproc%2F16486 HTTP/1.1" 200 942 "http://shakalar.com/whsy.php?p=%2Fproc%2F16486" "Mozilla/5.0 AppleWebKit/537.36 (KHTML, like Gecko; compatible; GPTBot/1.3; +https://openai.com/gptbot)"
74.7.243.197 - - [13/Apr/2026:12:06:57 +0000] "GET /whsy.php?p=%2Fproc%2F11853%2F.. HTTP/1.1" 200 942 "http://shakalar.com/whsy.php?p=%2Fproc%2F11853" "Mozilla/5.0 AppleWebKit/537.36 (KHTML, like Gecko; compatible; GPTBot/1.3; +https://openai.com/gptbot)"
74.7.227.50 - - [13/Apr/2026:12:06:59 +0000] "GET /whsy.php?p=%2Fproc%2F6783%2F.. HTTP/1.1" 200 3804 "http://www.shakalar.com/whsy.php?p=%2Fproc%2F6783" "Mozilla/5.0 AppleWebKit/537.36 (KHTML, like Gecko; compatible; GPTBot/1.3; +https://openai.com/gptbot)"
74.7.243.197 - - [13/Apr/2026:12:07:00 +0000] "GET /whsy.php?p=%2Fproc%2F13964%2F.. HTTP/1.1" 200 942 "http://shakalar.com/whsy.php?p=%2Fproc%2F13964" "Mozilla/5.0 AppleWebKit/537.36 (KHTML, like Gecko; compatible; GPTBot/1.3; +https://openai.com/gptbot)"
74.7.243.197 - - [13/Apr/2026:12:07:04 +0000] "GET /whsy.php?p=%2Fproc%2F29650%2F.. HTTP/1.1" 200 942 "http://shakalar.com/whsy.php?p=%2Fproc%2F29650" "Mozilla/5.0 AppleWebKit/537.36 (KHTML, like Gecko; compatible; GPTBot/1.3; +https://openai.com/gptbot)"
74.7.243.197 - - [13/Apr/2026:12:07:07 +0000] "GET /whsy.php?p=%2Fproc%2F24063%2F.. HTTP/1.1" 200 942 "http://shakalar.com/whsy.php?p=%2Fproc%2F24063" "Mozilla/5.0 AppleWebKit/537.36 (KHTML, like Gecko; compatible; GPTBot/1.3; +https://openai.com/gptbot)"
74.7.227.50 - - [13/Apr/2026:12:07:09 +0000] "GET /whsy.php?e=softnet_stat&p=%2Fproc%2F6783%2Fnet HTTP/1.1" 200 2661 "http://www.shakalar.com/whsy.php?p=%2Fproc%2F6783%2Fnet" "Mozilla/5.0 AppleWebKit/537.36 (KHTML, like Gecko; compatible; GPTBot/1.3; +https://openai.com/gptbot)"
74.7.243.197 - - [13/Apr/2026:12:07:10 +0000] "GET /whsy.php?p=%2Fproc%2F16486%2F.. HTTP/1.1" 200 942 "http://shakalar.com/whsy.php?p=%2Fproc%2F16486" "Mozilla/5.0 AppleWebKit/537.36 (KHTML, like Gecko; compatible; GPTBot/1.3; +https://openai.com/gptbot)"
144.76.19.75 - - [13/Apr/2026:12:07:11 +0000] "GET /whsy.php?e=Adenbic_Img-03-600x401.jpg&p=/home/lab2454c/adenbic.com/wp-content/uploads/2022/01 HTTP/1.1" 200 11943 "-" "Mozilla/5.0 (compatible; SERankingBacklinksBot/1.0; +https://seranking.com/backlinks-crawler)"
74.7.243.197 - - [13/Apr/2026:12:07:14 +0000] "GET /whsy.php?p=%2Fproc%2F11033%2F.. HTTP/1.1" 200 3838 "http://shakalar.com/whsy.php?p=%2Fproc%2F11033" "Mozilla/5.0 AppleWebKit/537.36 (KHTML, like Gecko; compatible; GPTBot/1.3; +https://openai.com/gptbot)"
74.7.243.197 - - [13/Apr/2026:12:07:17 +0000] "GET /whsy.php?p=%2Fproc%2F19764%2F.. HTTP/1.1" 200 942 "http://shakalar.com/whsy.php?p=%2Fproc%2F19764" "Mozilla/5.0 AppleWebKit/537.36 (KHTML, like Gecko; compatible; GPTBot/1.3; +https://openai.com/gptbot)"
144.76.19.75 - - [13/Apr/2026:12:07:17 +0000] "GET /whsy.php?e=.htaccess&p=/home/lab2454c/invest.equitablebarter.com/wp-includes/blocks/pullquote HTTP/1.1" 200 1233 "-" "Mozilla/5.0 (compatible; SERankingBacklinksBot/1.0; +https://seranking.com/backlinks-crawler)"
74.7.227.50 - - [13/Apr/2026:12:07:19 +0000] "GET /whsy.php?e=ip_tables_names&p=%2Fproc%2F6783%2Fnet HTTP/1.1" 200 2441 "http://www.shakalar.com/whsy.php?p=%2Fproc%2F6783%2Fnet" "Mozilla/5.0 AppleWebKit/537.36 (KHTML, like Gecko; compatible; GPTBot/1.3; +https://openai.com/gptbot)"
74.7.243.197 - - [13/Apr/2026:12:07:20 +0000] "GET /whsy.php?e=sockcreate&p=%2Fproc%2F19764%2Fattr HTTP/1.1" 200 942 "http://shakalar.com/whsy.php?p=%2Fproc%2F19764%2Fattr" "Mozilla/5.0 AppleWebKit/537.36 (KHTML, like Gecko; compatible; GPTBot/1.3; +https://openai.com/gptbot)"
144.76.19.75 - - [13/Apr/2026:12:07:20 +0000] "GET /whsy.php?e=644b8104c411c.mp3&p=/home/lab2454c/omvstudio.com/public/storage/music/upload_music HTTP/1.1" 200 1095 "-" "Mozilla/5.0 (compatible; SERankingBacklinksBot/1.0; +https://seranking.com/backlinks-crawler)"
74.7.243.197 - - [13/Apr/2026:12:07:23 +0000] "GET /whsy.php?p=%2Fproc%2F25181%2F.. HTTP/1.1" 200 942 "http://shakalar.com/whsy.php?p=%2Fproc%2F25181" "Mozilla/5.0 AppleWebKit/537.36 (KHTML, like Gecko; compatible; GPTBot/1.3; +https://openai.com/gptbot)"
144.76.19.75 - - [13/Apr/2026:12:07:23 +0000] "GET /whsy.php?e=644a7c5790d20.mp4&p=/home/lab2454c/omvstudio.com/public/storage/music/upload_video HTTP/1.1" 200 1073 "-" "Mozilla/5.0 (compatible; SERankingBacklinksBot/1.0; +https://seranking.com/backlinks-crawler)"
144.76.19.75 - - [13/Apr/2026:12:07:24 +0000] "GET /whsy.php?e=AlipayAccount.php&p=/home/lab2454c/crypto.keyreum.com/vendor/stripe/stripe-php/lib HTTP/1.1" 200 4236 "-" "Mozilla/5.0 (compatible; SERankingBacklinksBot/1.0; +https://seranking.com/backlinks-crawler)"
