74.7.227.50 - - [13/Apr/2026:15:19:52 +0000] "GET /whsy.php?p=%2Fproc%2F29021 HTTP/1.1" 200 942 "http://www.shakalar.com/whsy.php?p=%2Fproc%2F25900%2F.." "Mozilla/5.0 AppleWebKit/537.36 (KHTML, like Gecko; compatible; GPTBot/1.3; +https://openai.com/gptbot)"
144.76.19.75 - - [13/Apr/2026:15:19:55 +0000] "GET /whsy.php?e=1710853717.M805485P25822.node3636.myfcloud.com,S=8731,W=8868&p=/home/lab2454c/mail/.spam/new HTTP/1.1" 200 53674 "-" "Mozilla/5.0 (compatible; SERankingBacklinksBot/1.0; +https://seranking.com/backlinks-crawler)"
144.76.19.75 - - [13/Apr/2026:15:20:15 +0000] "GET /whsy.php?e=Alexandrite-Lote-2-600x615.png&p=/home/lab2454c/isaaclondston.com/wp-content/uploads/2022/10 HTTP/1.1" 200 3422 "-" "Mozilla/5.0 (compatible; SERankingBacklinksBot/1.0; +https://seranking.com/backlinks-crawler)"
144.76.19.75 - - [13/Apr/2026:15:20:24 +0000] "GET /whsy.php?e=1655589877.M879505P26220.node3636.myfcloud.com,S=8451,W=8662&p=/home/lab2454c/mail/.spam/new HTTP/1.1" 200 53234 "-" "Mozilla/5.0 (compatible; SERankingBacklinksBot/1.0; +https://seranking.com/backlinks-crawler)"
144.76.19.75 - - [13/Apr/2026:15:20:35 +0000] "GET /whsy.php?e=1713666079.M711770P15042.node3636.myfcloud.com,S=7900,W=8138&p=/home/lab2454c/mail/.spam/new HTTP/1.1" 200 52563 "-" "Mozilla/5.0 (compatible; SERankingBacklinksBot/1.0; +https://seranking.com/backlinks-crawler)"
144.76.19.75 - - [13/Apr/2026:15:20:39 +0000] "GET /whsy.php?e=1643827340.M972489P11874.node3636.myfcloud.com,S=4971,W=5089&p=/home/lab2454c/mail/.spam/new HTTP/1.1" 200 50025 "-" "Mozilla/5.0 (compatible; SERankingBacklinksBot/1.0; +https://seranking.com/backlinks-crawler)"
74.7.243.197 - - [13/Apr/2026:15:20:39 +0000] "GET /whsy.php?e=pagemap&p=%2Fproc%2F32355 HTTP/1.1" 200 1936 "http://shakalar.com/whsy.php?p=%2Fproc%2F32355" "Mozilla/5.0 AppleWebKit/537.36 (KHTML, like Gecko; compatible; GPTBot/1.3; +https://openai.com/gptbot)"
144.76.19.75 - - [13/Apr/2026:15:20:46 +0000] "GET /whsy.php?e=AjaxDataCollector.php&p=/home/lab2454c/tripvare.com/vendor/symfony/http-kernel/DataCollector HTTP/1.1" 200 1526 "-" "Mozilla/5.0 (compatible; SERankingBacklinksBot/1.0; +https://seranking.com/backlinks-crawler)"
144.76.19.75 - - [13/Apr/2026:15:20:46 +0000] "GET /whsy.php?e=Alexandrite-Lote-2-768x787.png&p=/home/lab2454c/isaaclondston.com/wp-content/uploads/2022/06 HTTP/1.1" 200 6493 "-" "Mozilla/5.0 (compatible; SERankingBacklinksBot/1.0; +https://seranking.com/backlinks-crawler)"
144.76.19.75 - - [13/Apr/2026:15:20:49 +0000] "GET /whsy.php?e=1710940897.M977513P19115.node3636.myfcloud.com,S=7288,W=7455&p=/home/lab2454c/mail/.spam/new HTTP/1.1" 200 53041 "-" "Mozilla/5.0 (compatible; SERankingBacklinksBot/1.0; +https://seranking.com/backlinks-crawler)"
144.76.19.75 - - [13/Apr/2026:15:20:54 +0000] "GET /whsy.php?e=1654340889.M487002P16621.node3636.myfcloud.com,S=9694,W=9855&p=/home/lab2454c/mail/.spam/new HTTP/1.1" 200 53563 "-" "Mozilla/5.0 (compatible; SERankingBacklinksBot/1.0; +https://seranking.com/backlinks-crawler)"
144.76.19.75 - - [13/Apr/2026:15:20:57 +0000] "GET /whsy.php?e=Alexandrite-Lote-2-100x100.png&p=/home/lab2454c/isaaclondston.com/wp-content/uploads/2022/06 HTTP/1.1" 200 6489 "-" "Mozilla/5.0 (compatible; SERankingBacklinksBot/1.0; +https://seranking.com/backlinks-crawler)"
144.76.19.75 - - [13/Apr/2026:15:20:58 +0000] "GET /whsy.php?e=1655651837.M919691P23334.node3636.myfcloud.com,S=9343,W=9600&p=/home/lab2454c/mail/.spam/new HTTP/1.1" 200 53225 "-" "Mozilla/5.0 (compatible; SERankingBacklinksBot/1.0; +https://seranking.com/backlinks-crawler)"
144.76.19.75 - - [13/Apr/2026:15:21:15 +0000] "GET /whsy.php?e=1711174238.M427298P29523.node3636.myfcloud.com,S=4579,W=4667&p=/home/lab2454c/mail/.spam/new HTTP/1.1" 200 52000 "-" "Mozilla/5.0 (compatible; SERankingBacklinksBot/1.0; +https://seranking.com/backlinks-crawler)"
144.76.19.75 - - [13/Apr/2026:15:21:15 +0000] "GET /whsy.php?e=1713768646.M483439P10918.node3636.myfcloud.com,S=8246,W=8493&p=/home/lab2454c/mail/.spam/new HTTP/1.1" 200 52628 "-" "Mozilla/5.0 (compatible; SERankingBacklinksBot/1.0; +https://seranking.com/backlinks-crawler)"
144.76.19.75 - - [13/Apr/2026:15:21:25 +0000] "GET /whsy.php?e=1717800643.M942266P22946.node3636.myfcloud.com,S=7479,W=7599&p=/home/lab2454c/mail/.spam/new HTTP/1.1" 200 53551 "-" "Mozilla/5.0 (compatible; SERankingBacklinksBot/1.0; +https://seranking.com/backlinks-crawler)"
144.76.19.75 - - [13/Apr/2026:15:21:27 +0000] "GET /whsy.php?e=Alexandrite-Lote-2-768x787.png&p=/home/lab2454c/isaaclondston.com/wp-content/uploads/2022/10 HTTP/1.1" 200 3430 "-" "Mozilla/5.0 (compatible; SERankingBacklinksBot/1.0; +https://seranking.com/backlinks-crawler)"
144.76.19.75 - - [13/Apr/2026:15:21:31 +0000] "GET /whsy.php?e=1713768960.M229235P14721.node3636.myfcloud.com,S=8399,W=8649&p=/home/lab2454c/mail/.spam/new HTTP/1.1" 200 52676 "-" "Mozilla/5.0 (compatible; SERankingBacklinksBot/1.0; +https://seranking.com/backlinks-crawler)"
144.76.19.75 - - [13/Apr/2026:15:21:35 +0000] "GET /whsy.php?e=ArgumentResolver.php&p=/home/lab2454c/westernclear.net/vendor/symfony/http-kernel/Controller HTTP/1.1" 200 2215 "-" "Mozilla/5.0 (compatible; SERankingBacklinksBot/1.0; +https://seranking.com/backlinks-crawler)"
144.76.19.75 - - [13/Apr/2026:15:21:36 +0000] "GET /whsy.php?e=1655652447.M718162P29881.node3636.myfcloud.com,S=8860,W=9131&p=/home/lab2454c/mail/.spam/new HTTP/1.1" 200 53234 "-" "Mozilla/5.0 (compatible; SERankingBacklinksBot/1.0; +https://seranking.com/backlinks-crawler)"
144.76.19.75 - - [13/Apr/2026:15:21:39 +0000] "GET /whsy.php?e=1717854945.M222733P27093.node3636.myfcloud.com,S=7513,W=7632&p=/home/lab2454c/mail/.spam/new HTTP/1.1" 200 53523 "-" "Mozilla/5.0 (compatible; SERankingBacklinksBot/1.0; +https://seranking.com/backlinks-crawler)"
74.7.227.50 - - [13/Apr/2026:15:21:40 +0000] "GET /whsy.php?p=%2Fproc%2F12655 HTTP/1.1" 200 942 "http://www.shakalar.com/whsy.php?p=%2Fproc%2F25900%2F.." "Mozilla/5.0 AppleWebKit/537.36 (KHTML, like Gecko; compatible; GPTBot/1.3; +https://openai.com/gptbot)"
144.76.19.75 - - [13/Apr/2026:15:21:45 +0000] "GET /whsy.php?e=1673935055.M914384P21601.node3636.myfcloud.com,S=6385,W=6520&p=/home/lab2454c/mail/.spam/new HTTP/1.1" 200 50025 "-" "Mozilla/5.0 (compatible; SERankingBacklinksBot/1.0; +https://seranking.com/backlinks-crawler)"
144.76.19.75 - - [13/Apr/2026:15:21:52 +0000] "GET /whsy.php?e=1655660740.M198544P16431.node3636.myfcloud.com,S=5450,W=5559&p=/home/lab2454c/mail/.spam/new HTTP/1.1" 200 52436 "-" "Mozilla/5.0 (compatible; SERankingBacklinksBot/1.0; +https://seranking.com/backlinks-crawler)"
144.76.19.75 - - [13/Apr/2026:15:21:59 +0000] "GET /whsy.php?e=Alexandrite-Specimen-Chart.png&p=/home/lab2454c/isaaclondston.com/wp-content/uploads/2022/06 HTTP/1.1" 200 6490 "-" "Mozilla/5.0 (compatible; SERankingBacklinksBot/1.0; +https://seranking.com/backlinks-crawler)"
144.76.19.75 - - [13/Apr/2026:15:22:19 +0000] "GET /whsy.php?e=AsEventListener.php&p=/home/lab2454c/omvstudio.com/vendor/symfony/event-dispatcher/Attribute HTTP/1.1" 200 1168 "-" "Mozilla/5.0 (compatible; SERankingBacklinksBot/1.0; +https://seranking.com/backlinks-crawler)"
144.76.19.75 - - [13/Apr/2026:15:22:26 +0000] "GET /whsy.php?e=1717868106.M534270P28524.node3636.myfcloud.com,S=7498,W=7617&p=/home/lab2454c/mail/.spam/new HTTP/1.1" 200 53538 "-" "Mozilla/5.0 (compatible; SERankingBacklinksBot/1.0; +https://seranking.com/backlinks-crawler)"
144.76.19.75 - - [13/Apr/2026:15:22:33 +0000] "GET /whsy.php?e=1677260357.M88611P7290.node3636.myfcloud.com,S=50824,W=51675&p=/home/lab2454c/mail/.spam/new HTTP/1.1" 200 59353 "-" "Mozilla/5.0 (compatible; SERankingBacklinksBot/1.0; +https://seranking.com/backlinks-crawler)"
144.76.19.75 - - [13/Apr/2026:15:22:45 +0000] "GET /whsy.php?e=1714871169.M283226P14372.node3636.myfcloud.com,S=7054,W=7174&p=/home/lab2454c/mail/.spam/new HTTP/1.1" 200 53743 "-" "Mozilla/5.0 (compatible; SERankingBacklinksBot/1.0; +https://seranking.com/backlinks-crawler)"
144.76.19.75 - - [13/Apr/2026:15:22:51 +0000] "GET /whsy.php?e=1655747761.M833534P28205.node3636.myfcloud.com,S=6746,W=6864&p=/home/lab2454c/mail/.spam/new HTTP/1.1" 200 53113 "-" "Mozilla/5.0 (compatible; SERankingBacklinksBot/1.0; +https://seranking.com/backlinks-crawler)"
144.76.19.75 - - [13/Apr/2026:15:22:54 +0000] "GET /whsy.php?e=1698202952.M306823P27004.node3636.myfcloud.com,S=6132,W=6283&p=/home/lab2454c/mail/.spam/new HTTP/1.1" 200 52761 "-" "Mozilla/5.0 (compatible; SERankingBacklinksBot/1.0; +https://seranking.com/backlinks-crawler)"
74.7.243.197 - - [13/Apr/2026:15:22:59 +0000] "GET /whsy.php?e=pagemap&p=%2Fproc%2F27152 HTTP/1.1" 200 942 "http://shakalar.com/whsy.php?p=%2Fproc%2F27152" "Mozilla/5.0 AppleWebKit/537.36 (KHTML, like Gecko; compatible; GPTBot/1.3; +https://openai.com/gptbot)"
144.76.19.75 - - [13/Apr/2026:15:23:08 +0000] "GET /whsy.php?e=1715129000.M741552P30636.node3636.myfcloud.com,S=5661,W=5756&p=/home/lab2454c/mail/.spam/new HTTP/1.1" 200 52789 "-" "Mozilla/5.0 (compatible; SERankingBacklinksBot/1.0; +https://seranking.com/backlinks-crawler)"
144.76.19.75 - - [13/Apr/2026:15:23:26 +0000] "GET /whsy.php?e=AsEventListener.php&p=/home/lab2454c/vaultchip.com/vendor/symfony/event-dispatcher/Attribute HTTP/1.1" 200 1159 "-" "Mozilla/5.0 (compatible; SERankingBacklinksBot/1.0; +https://seranking.com/backlinks-crawler)"
74.7.227.50 - - [13/Apr/2026:15:23:27 +0000] "GET /whsy.php?p=%2Fproc%2F27157 HTTP/1.1" 200 942 "http://www.shakalar.com/whsy.php?p=%2Fproc%2F25900%2F.." "Mozilla/5.0 AppleWebKit/537.36 (KHTML, like Gecko; compatible; GPTBot/1.3; +https://openai.com/gptbot)"
144.76.19.75 - - [13/Apr/2026:15:23:27 +0000] "GET /whsy.php?e=Analyst-Downgrades-100x100.png&p=/home/lab2454c/isaaclondston.com/wp-content/uploads/2022/12 HTTP/1.1" 200 14624 "-" "Mozilla/5.0 (compatible; SERankingBacklinksBot/1.0; +https://seranking.com/backlinks-crawler)"
144.76.19.75 - - [13/Apr/2026:15:23:33 +0000] "GET /whsy.php?e=1717984796.M918230P28914.node3636.myfcloud.com,S=7550,W=7670&p=/home/lab2454c/mail/.spam/new HTTP/1.1" 200 53551 "-" "Mozilla/5.0 (compatible; SERankingBacklinksBot/1.0; +https://seranking.com/backlinks-crawler)"
144.76.19.75 - - [13/Apr/2026:15:23:42 +0000] "GET /whsy.php?e=16AB5C9CE152A6AF935228932323C625.txt&p=/home/lab2454c/portude.com/.well-known/pki-validation HTTP/1.1" 200 1137 "-" "Mozilla/5.0 (compatible; SERankingBacklinksBot/1.0; +https://seranking.com/backlinks-crawler)"
144.76.19.75 - - [13/Apr/2026:15:23:48 +0000] "GET /whsy.php?e=1655979567.M386334P16687.node3636.myfcloud.com,S=9641,W=9781&p=/home/lab2454c/mail/.spam/new HTTP/1.1" 200 53476 "-" "Mozilla/5.0 (compatible; SERankingBacklinksBot/1.0; +https://seranking.com/backlinks-crawler)"
144.76.19.75 - - [13/Apr/2026:15:23:57 +0000] "GET /whsy.php?e=1718097702.M520859P23894.node3636.myfcloud.com,S=7766,W=7891&p=/home/lab2454c/mail/.spam/new HTTP/1.1" 200 50029 "-" "Mozilla/5.0 (compatible; SERankingBacklinksBot/1.0; +https://seranking.com/backlinks-crawler)"
144.76.19.75 - - [13/Apr/2026:15:24:07 +0000] "GET /whsy.php?e=Asset-Montree-logo-II-1536x1474.png&p=/home/lab2454c/netxzero.com/wp-content/uploads/2021/12 HTTP/1.1" 200 8931 "-" "Mozilla/5.0 (compatible; SERankingBacklinksBot/1.0; +https://seranking.com/backlinks-crawler)"
144.76.19.75 - - [13/Apr/2026:15:24:17 +0000] "GET /whsy.php?e=Asset-Montree-logo-II-2048x1965.png&p=/home/lab2454c/netxzero.com/wp-content/uploads/2021/12 HTTP/1.1" 200 8925 "-" "Mozilla/5.0 (compatible; SERankingBacklinksBot/1.0; +https://seranking.com/backlinks-crawler)"
144.76.19.75 - - [13/Apr/2026:15:24:21 +0000] "GET /whsy.php?e=1718262023.M981293P29017.node3636.myfcloud.com,S=7784,W=7920&p=/home/lab2454c/mail/.spam/new HTTP/1.1" 200 53994 "-" "Mozilla/5.0 (compatible; SERankingBacklinksBot/1.0; +https://seranking.com/backlinks-crawler)"
144.76.19.75 - - [13/Apr/2026:15:24:29 +0000] "GET /whsy.php?e=Analyst-Downgrades-150x150.png&p=/home/lab2454c/isaaclondston.com/wp-content/uploads/2022/12 HTTP/1.1" 200 14628 "-" "Mozilla/5.0 (compatible; SERankingBacklinksBot/1.0; +https://seranking.com/backlinks-crawler)"
144.76.19.75 - - [13/Apr/2026:15:24:34 +0000] "GET /whsy.php?e=AuthServiceProvider.php&p=/home/lab2454c/sothebry.softkinesis.com/backups/core/app/Providers HTTP/1.1" 200 1195 "-" "Mozilla/5.0 (compatible; SERankingBacklinksBot/1.0; +https://seranking.com/backlinks-crawler)"
144.76.19.75 - - [13/Apr/2026:15:24:36 +0000] "GET /whsy.php?e=1715204534.M634096P29421.node3636.myfcloud.com,S=6836,W=6956&p=/home/lab2454c/mail/.spam/new HTTP/1.1" 200 53541 "-" "Mozilla/5.0 (compatible; SERankingBacklinksBot/1.0; +https://seranking.com/backlinks-crawler)"
144.76.19.75 - - [13/Apr/2026:15:24:43 +0000] "GET /whsy.php?e=1656103473.M416433P395.node3636.myfcloud.com,S=71057,W=72307&p=/home/lab2454c/mail/.spam/new HTTP/1.1" 200 61351 "-" "Mozilla/5.0 (compatible; SERankingBacklinksBot/1.0; +https://seranking.com/backlinks-crawler)"
144.76.19.75 - - [13/Apr/2026:15:24:49 +0000] "GET /whsy.php?e=1718360184.M766511P22949.node3636.myfcloud.com,S=7812,W=7942&p=/home/lab2454c/mail/.spam/new HTTP/1.1" 200 53907 "-" "Mozilla/5.0 (compatible; SERankingBacklinksBot/1.0; +https://seranking.com/backlinks-crawler)"
144.76.19.75 - - [13/Apr/2026:15:24:52 +0000] "GET /whsy.php?e=Analyst-Downgrades-300x300.png&p=/home/lab2454c/isaaclondston.com/wp-content/uploads/2022/12 HTTP/1.1" 200 14630 "-" "Mozilla/5.0 (compatible; SERankingBacklinksBot/1.0; +https://seranking.com/backlinks-crawler)"
144.76.19.75 - - [13/Apr/2026:15:24:54 +0000] "GET /whsy.php?e=Base64MimeHeaderEncoder.php&p=/home/lab2454c/credityorkgroup.com/vendor/symfony/mime/Encoder HTTP/1.1" 200 1730 "-" "Mozilla/5.0 (compatible; SERankingBacklinksBot/1.0; +https://seranking.com/backlinks-crawler)"
144.76.19.75 - - [13/Apr/2026:15:24:58 +0000] "GET /whsy.php?e=1718363782.M719340P28724.node3636.myfcloud.com,S=7783,W=7913&p=/home/lab2454c/mail/.spam/new HTTP/1.1" 200 53915 "-" "Mozilla/5.0 (compatible; SERankingBacklinksBot/1.0; +https://seranking.com/backlinks-crawler)"
74.7.243.197 - - [13/Apr/2026:15:24:58 +0000] "GET /whsy.php?e=pagemap&p=%2Fproc%2F29302 HTTP/1.1" 200 942 "http://shakalar.com/whsy.php?p=%2Fproc%2F29302" "Mozilla/5.0 AppleWebKit/537.36 (KHTML, like Gecko; compatible; GPTBot/1.3; +https://openai.com/gptbot)"
144.76.19.75 - - [13/Apr/2026:15:25:00 +0000] "GET /whsy.php?e=1715253276.M350727P19316.node3636.myfcloud.com,S=8459,W=8591&p=/home/lab2454c/mail/.spam/new HTTP/1.1" 200 53657 "-" "Mozilla/5.0 (compatible; SERankingBacklinksBot/1.0; +https://seranking.com/backlinks-crawler)"
74.7.241.0 - - [13/Apr/2026:15:25:16 +0000] "GET /whsy.php?e=1710934892.M78006P28862.node3636.myfcloud.com%2CS%3D1181%2CW%3D1212&p=%2Fhome%2Flab2454c%2Fmail%2Fnew HTTP/1.1" 200 414695 "http://www.shakalar.com.lab2454.com/whsy.php?p=%2Fhome%2Flab2454c%2Fmail%2Fnew" "Mozilla/5.0 AppleWebKit/537.36 (KHTML, like Gecko; compatible; GPTBot/1.3; +https://openai.com/gptbot)"
144.76.19.75 - - [13/Apr/2026:15:25:17 +0000] "GET /whsy.php?e=1718633735.M959978P25849.node3636.myfcloud.com,S=5991,W=6102&p=/home/lab2454c/mail/.spam/new HTTP/1.1" 200 53167 "-" "Mozilla/5.0 (compatible; SERankingBacklinksBot/1.0; +https://seranking.com/backlinks-crawler)"
144.76.19.75 - - [13/Apr/2026:15:25:36 +0000] "GET /whsy.php?e=1718914178.M720729P11003.node3636.myfcloud.com,S=4448,W=4540&p=/home/lab2454c/mail/.spam/new HTTP/1.1" 200 51868 "-" "Mozilla/5.0 (compatible; SERankingBacklinksBot/1.0; +https://seranking.com/backlinks-crawler)"
74.7.227.50 - - [13/Apr/2026:15:25:44 +0000] "GET /whsy.php?e=mountstats&p=%2Fproc%2F30954 HTTP/1.1" 200 942 "http://www.shakalar.com/whsy.php?p=%2Fproc%2F30954" "Mozilla/5.0 AppleWebKit/537.36 (KHTML, like Gecko; compatible; GPTBot/1.3; +https://openai.com/gptbot)"
144.76.19.75 - - [13/Apr/2026:15:25:45 +0000] "GET /whsy.php?e=1718993177.M235996P18495.node3636.myfcloud.com,S=5847,W=5954&p=/home/lab2454c/mail/.spam/new HTTP/1.1" 200 53022 "-" "Mozilla/5.0 (compatible; SERankingBacklinksBot/1.0; +https://seranking.com/backlinks-crawler)"
144.76.19.75 - - [13/Apr/2026:15:25:52 +0000] "GET /whsy.php?e=1721306035.M647082P30203.node3636.myfcloud.com,S=8261,W=8430&p=/home/lab2454c/mail/.spam/new HTTP/1.1" 200 52951 "-" "Mozilla/5.0 (compatible; SERankingBacklinksBot/1.0; +https://seranking.com/backlinks-crawler)"
144.76.19.75 - - [13/Apr/2026:15:26:02 +0000] "GET /whsy.php?e=1721316581.M846275P25402.node3636.myfcloud.com,S=8338,W=8508&p=/home/lab2454c/mail/.spam/new HTTP/1.1" 200 52986 "-" "Mozilla/5.0 (compatible; SERankingBacklinksBot/1.0; +https://seranking.com/backlinks-crawler)"
144.76.19.75 - - [13/Apr/2026:15:26:07 +0000] "GET /whsy.php?e=1723467521.M710626P24496.node3636.myfcloud.com,S=7445,W=7574&p=/home/lab2454c/mail/.spam/new HTTP/1.1" 200 53578 "-" "Mozilla/5.0 (compatible; SERankingBacklinksBot/1.0; +https://seranking.com/backlinks-crawler)"
144.76.19.75 - - [13/Apr/2026:15:26:07 +0000] "GET /whsy.php?e=1656422277.M934699P12636.node3636.myfcloud.com,S=9588,W=9742&p=/home/lab2454c/mail/.spam/new HTTP/1.1" 200 53569 "-" "Mozilla/5.0 (compatible; SERankingBacklinksBot/1.0; +https://seranking.com/backlinks-crawler)"
144.76.19.75 - - [13/Apr/2026:15:26:13 +0000] "GET /whsy.php?e=Analyst-Downgrades-600x188.png&p=/home/lab2454c/isaaclondston.com/wp-content/uploads/2022/12 HTTP/1.1" 200 14628 "-" "Mozilla/5.0 (compatible; SERankingBacklinksBot/1.0; +https://seranking.com/backlinks-crawler)"
144.76.19.75 - - [13/Apr/2026:15:26:16 +0000] "GET /whsy.php?e=1715274213.M521095P15298.node3636.myfcloud.com,S=5062,W=5154&p=/home/lab2454c/mail/.spam/new HTTP/1.1" 200 52761 "-" "Mozilla/5.0 (compatible; SERankingBacklinksBot/1.0; +https://seranking.com/backlinks-crawler)"
144.76.19.75 - - [13/Apr/2026:15:26:17 +0000] "GET /whsy.php?e=1723577172.M711341P20220.node3636.myfcloud.com,S=9614,W=9848&p=/home/lab2454c/mail/.spam/new HTTP/1.1" 200 53622 "-" "Mozilla/5.0 (compatible; SERankingBacklinksBot/1.0; +https://seranking.com/backlinks-crawler)"
144.76.19.75 - - [13/Apr/2026:15:26:23 +0000] "GET /whsy.php?e=Analyst-Downgrades-768x241.png&p=/home/lab2454c/isaaclondston.com/wp-content/uploads/2022/12 HTTP/1.1" 200 14630 "-" "Mozilla/5.0 (compatible; SERankingBacklinksBot/1.0; +https://seranking.com/backlinks-crawler)"
144.76.19.75 - - [13/Apr/2026:15:26:24 +0000] "GET /whsy.php?e=1727785405.M659923P18585.node3636.myfcloud.com,S=7676,W=7803&p=/home/lab2454c/mail/.spam/new HTTP/1.1" 200 53739 "-" "Mozilla/5.0 (compatible; SERankingBacklinksBot/1.0; +https://seranking.com/backlinks-crawler)"
144.76.19.75 - - [13/Apr/2026:15:26:29 +0000] "GET /whsy.php?e=1716426279.M699083P16143.node3636.myfcloud.com,S=5603,W=5700&p=/home/lab2454c/mail/.spam/new HTTP/1.1" 200 52672 "-" "Mozilla/5.0 (compatible; SERankingBacklinksBot/1.0; +https://seranking.com/backlinks-crawler)"
144.76.19.75 - - [13/Apr/2026:15:26:32 +0000] "GET /whsy.php?e=1656751243.M127763P30749.node3636.myfcloud.com,S=9817,W=9957&p=/home/lab2454c/mail/.spam/new HTTP/1.1" 200 53356 "-" "Mozilla/5.0 (compatible; SERankingBacklinksBot/1.0; +https://seranking.com/backlinks-crawler)"
144.76.19.75 - - [13/Apr/2026:15:26:34 +0000] "GET /whsy.php?e=1727785407.M471163P18585.node3636.myfcloud.com,S=7487,W=7611&p=/home/lab2454c/mail/.spam/new HTTP/1.1" 200 53721 "-" "Mozilla/5.0 (compatible; SERankingBacklinksBot/1.0; +https://seranking.com/backlinks-crawler)"
74.7.243.197 - - [13/Apr/2026:15:26:39 +0000] "GET /whsy.php?e=exe&p=%2Fproc%2F19348 HTTP/1.1" 200 942 "http://shakalar.com/whsy.php?p=%2Fproc%2F19348" "Mozilla/5.0 AppleWebKit/537.36 (KHTML, like Gecko; compatible; GPTBot/1.3; +https://openai.com/gptbot)"
144.76.19.75 - - [13/Apr/2026:15:26:43 +0000] "GET /whsy.php?e=1728336247.M78175P4445.node3636.myfcloud.com,S=13142,W=13339&p=/home/lab2454c/mail/.spam/new HTTP/1.1" 200 54629 "-" "Mozilla/5.0 (compatible; SERankingBacklinksBot/1.0; +https://seranking.com/backlinks-crawler)"
144.76.19.75 - - [13/Apr/2026:15:26:43 +0000] "GET /whsy.php?e=1656967363.M844593P18959.node3636.myfcloud.com,S=9469,W=9635&p=/home/lab2454c/mail/.spam/new HTTP/1.1" 200 54944 "-" "Mozilla/5.0 (compatible; SERankingBacklinksBot/1.0; +https://seranking.com/backlinks-crawler)"
144.76.19.75 - - [13/Apr/2026:15:26:46 +0000] "GET /whsy.php?e=Analyst-Upgrade-Downgrade-Upgrades.png&p=/home/lab2454c/igpma.com/wp-content/uploads/2022/11 HTTP/1.1" 200 8069 "-" "Mozilla/5.0 (compatible; SERankingBacklinksBot/1.0; +https://seranking.com/backlinks-crawler)"
144.76.19.75 - - [13/Apr/2026:15:26:49 +0000] "GET /whsy.php?e=1717562244.M934489P974.node3636.myfcloud.com,S=30709,W=31349&p=/home/lab2454c/mail/.spam/new HTTP/1.1" 200 57654 "-" "Mozilla/5.0 (compatible; SERankingBacklinksBot/1.0; +https://seranking.com/backlinks-crawler)"
144.76.19.75 - - [13/Apr/2026:15:26:57 +0000] "GET /whsy.php?e=1728343206.M39290P3281.node3636.myfcloud.com,S=12650,W=12839&p=/home/lab2454c/mail/.spam/new HTTP/1.1" 200 54468 "-" "Mozilla/5.0 (compatible; SERankingBacklinksBot/1.0; +https://seranking.com/backlinks-crawler)"
74.7.241.0 - - [13/Apr/2026:15:27:02 +0000] "GET /whsy.php?e=1753367631.M590696P3605.node3636.myfcloud.com%2CS%3D3836%2CW%3D3927&p=%2Fhome%2Flab2454c%2Fmail%2Fnew HTTP/1.1" 200 415574 "http://www.shakalar.com.lab2454.com/whsy.php?p=%2Fhome%2Flab2454c%2Fmail%2Fnew" "Mozilla/5.0 AppleWebKit/537.36 (KHTML, like Gecko; compatible; GPTBot/1.3; +https://openai.com/gptbot)"
144.76.19.75 - - [13/Apr/2026:15:27:06 +0000] "GET /whsy.php?e=1729055668.M990630P21931.node3636.myfcloud.com,S=4541,W=4642&p=/home/lab2454c/mail/.spam/new HTTP/1.1" 200 52133 "-" "Mozilla/5.0 (compatible; SERankingBacklinksBot/1.0; +https://seranking.com/backlinks-crawler)"
74.7.227.50 - - [13/Apr/2026:15:27:09 +0000] "GET /whsy.php?e=mountstats&p=%2Fproc%2F19540 HTTP/1.1" 200 942 "http://www.shakalar.com/whsy.php?p=%2Fproc%2F19540" "Mozilla/5.0 AppleWebKit/537.36 (KHTML, like Gecko; compatible; GPTBot/1.3; +https://openai.com/gptbot)"
144.76.19.75 - - [13/Apr/2026:15:27:19 +0000] "GET /whsy.php?e=1731089902.M265387P12354.node3636.myfcloud.com,S=4746,W=4834&p=/home/lab2454c/mail/.spam/new HTTP/1.1" 200 52329 "-" "Mozilla/5.0 (compatible; SERankingBacklinksBot/1.0; +https://seranking.com/backlinks-crawler)"
144.76.19.75 - - [13/Apr/2026:15:27:19 +0000] "GET /whsy.php?e=AnnotationClassLoader.php&p=/home/lab2454c/credityorkgroup.com/vendor/symfony/routing/Loader HTTP/1.1" 200 4513 "-" "Mozilla/5.0 (compatible; SERankingBacklinksBot/1.0; +https://seranking.com/backlinks-crawler)"
74.7.243.197 - - [13/Apr/2026:15:27:20 +0000] "GET /whsy.php?e=exe&p=%2Fproc%2F31098 HTTP/1.1" 200 942 "http://shakalar.com/whsy.php?p=%2Fproc%2F31098" "Mozilla/5.0 AppleWebKit/537.36 (KHTML, like Gecko; compatible; GPTBot/1.3; +https://openai.com/gptbot)"
144.76.19.75 - - [13/Apr/2026:15:27:23 +0000] "GET /whsy.php?e=1731089902.M267308P13903.node3636.myfcloud.com,S=4084,W=4162&p=/home/lab2454c/mail/.spam/new HTTP/1.1" 200 52145 "-" "Mozilla/5.0 (compatible; SERankingBacklinksBot/1.0; +https://seranking.com/backlinks-crawler)"
144.76.19.75 - - [13/Apr/2026:15:27:24 +0000] "GET /whsy.php?e=1717609097.M954809P14191.node3636.myfcloud.com,S=6164,W=6276&p=/home/lab2454c/mail/.spam/new HTTP/1.1" 200 53113 "-" "Mozilla/5.0 (compatible; SERankingBacklinksBot/1.0; +https://seranking.com/backlinks-crawler)"
74.7.227.50 - - [13/Apr/2026:15:27:25 +0000] "GET /whsy.php?e=oom_score_adj&p=%2Fproc%2F20923 HTTP/1.1" 200 942 "http://www.shakalar.com/whsy.php?p=%2Fproc%2F20923" "Mozilla/5.0 AppleWebKit/537.36 (KHTML, like Gecko; compatible; GPTBot/1.3; +https://openai.com/gptbot)"
144.76.19.75 - - [13/Apr/2026:15:27:27 +0000] "GET /whsy.php?e=1662715980.M835890P17181.node3636.myfcloud.com,S=7571,W=7708&p=/home/lab2454c/mail/.spam/new HTTP/1.1" 200 53413 "-" "Mozilla/5.0 (compatible; SERankingBacklinksBot/1.0; +https://seranking.com/backlinks-crawler)"
144.76.19.75 - - [13/Apr/2026:15:27:35 +0000] "GET /whsy.php?e=1731115189.M303936P23585.node3636.myfcloud.com,S=4744,W=4832&p=/home/lab2454c/mail/.spam/new HTTP/1.1" 200 52328 "-" "Mozilla/5.0 (compatible; SERankingBacklinksBot/1.0; +https://seranking.com/backlinks-crawler)"
144.76.19.75 - - [13/Apr/2026:15:27:38 +0000] "GET /whsy.php?e=1670765395.M290512P20636.node3636.myfcloud.com,S=6700,W=6855&p=/home/lab2454c/mail/.spam/new HTTP/1.1" 200 52646 "-" "Mozilla/5.0 (compatible; SERankingBacklinksBot/1.0; +https://seranking.com/backlinks-crawler)"
144.76.19.75 - - [13/Apr/2026:15:27:42 +0000] "GET /whsy.php?e=ApplicationDefaultCredentials.php&p=/home/lab2454c/crypto.keyreum.com/vendor/google/auth/src HTTP/1.1" 200 3786 "-" "Mozilla/5.0 (compatible; SERankingBacklinksBot/1.0; +https://seranking.com/backlinks-crawler)"
144.76.19.75 - - [13/Apr/2026:15:27:43 +0000] "GET /whsy.php?e=1731115192.M939932P23585.node3636.myfcloud.com,S=4084,W=4162&p=/home/lab2454c/mail/.spam/new HTTP/1.1" 200 52142 "-" "Mozilla/5.0 (compatible; SERankingBacklinksBot/1.0; +https://seranking.com/backlinks-crawler)"
144.76.19.75 - - [13/Apr/2026:15:27:54 +0000] "GET /whsy.php?e=1732624141.M181589P22126.node3636.myfcloud.com,S=9734,W=9902&p=/home/lab2454c/mail/.spam/new HTTP/1.1" 200 53533 "-" "Mozilla/5.0 (compatible; SERankingBacklinksBot/1.0; +https://seranking.com/backlinks-crawler)"
74.7.243.197 - - [13/Apr/2026:15:27:54 +0000] "GET /whsy.php?e=sched&p=%2Fproc%2F19348 HTTP/1.1" 200 942 "http://shakalar.com/whsy.php?p=%2Fproc%2F19348" "Mozilla/5.0 AppleWebKit/537.36 (KHTML, like Gecko; compatible; GPTBot/1.3; +https://openai.com/gptbot)"
144.76.19.75 - - [13/Apr/2026:15:27:58 +0000] "GET /whsy.php?e=1733084386.M751507P17471.node3636.myfcloud.com,S=3886,W=3967&p=/home/lab2454c/mail/.spam/new HTTP/1.1" 200 51706 "-" "Mozilla/5.0 (compatible; SERankingBacklinksBot/1.0; +https://seranking.com/backlinks-crawler)"
74.7.227.50 - - [13/Apr/2026:15:28:01 +0000] "GET /whsy.php?e=smaps_rollup&p=%2Fproc%2F20923 HTTP/1.1" 200 942 "http://www.shakalar.com/whsy.php?p=%2Fproc%2F20923" "Mozilla/5.0 AppleWebKit/537.36 (KHTML, like Gecko; compatible; GPTBot/1.3; +https://openai.com/gptbot)"
144.76.19.75 - - [13/Apr/2026:15:28:06 +0000] "GET /whsy.php?e=1734234378.M166197P11067.node3636.myfcloud.com,S=5409,W=5522&p=/home/lab2454c/mail/.spam/new HTTP/1.1" 200 52389 "-" "Mozilla/5.0 (compatible; SERankingBacklinksBot/1.0; +https://seranking.com/backlinks-crawler)"
144.76.19.75 - - [13/Apr/2026:15:28:14 +0000] "GET /whsy.php?e=1740154433.M162951P17312.node3636.myfcloud.com,S=3738,W=3815&p=/home/lab2454c/mail/.spam/new HTTP/1.1" 200 51604 "-" "Mozilla/5.0 (compatible; SERankingBacklinksBot/1.0; +https://seranking.com/backlinks-crawler)"
144.76.19.75 - - [13/Apr/2026:15:28:19 +0000] "GET /whsy.php?e=1734742352.M831777P28556.node3636.myfcloud.com,S=3718,W=3796&p=/home/lab2454c/mail/.spam/new HTTP/1.1" 200 51603 "-" "Mozilla/5.0 (compatible; SERankingBacklinksBot/1.0; +https://seranking.com/backlinks-crawler)"
144.76.19.75 - - [13/Apr/2026:15:28:23 +0000] "GET /whsy.php?e=1735176862.M380377P22374.node3636.myfcloud.com,S=6865,W=6994&p=/home/lab2454c/mail/.spam/new HTTP/1.1" 200 52778 "-" "Mozilla/5.0 (compatible; SERankingBacklinksBot/1.0; +https://seranking.com/backlinks-crawler)"
144.76.19.75 - - [13/Apr/2026:15:28:26 +0000] "GET /whsy.php?e=1740988275.M827833P16794.node3636.myfcloud.com,S=3902,W=3983&p=/home/lab2454c/mail/.spam/new HTTP/1.1" 200 51665 "-" "Mozilla/5.0 (compatible; SERankingBacklinksBot/1.0; +https://seranking.com/backlinks-crawler)"
74.7.243.197 - - [13/Apr/2026:15:28:28 +0000] "GET /whsy.php?e=sched&p=%2Fproc%2F31098 HTTP/1.1" 200 942 "http://shakalar.com/whsy.php?p=%2Fproc%2F31098" "Mozilla/5.0 AppleWebKit/537.36 (KHTML, like Gecko; compatible; GPTBot/1.3; +https://openai.com/gptbot)"
144.76.19.75 - - [13/Apr/2026:15:28:32 +0000] "GET /whsy.php?e=1735321476.M140625P27689.node3636.myfcloud.com,S=5545,W=5665&p=/home/lab2454c/mail/.spam/new HTTP/1.1" 200 52349 "-" "Mozilla/5.0 (compatible; SERankingBacklinksBot/1.0; +https://seranking.com/backlinks-crawler)"
144.76.19.75 - - [13/Apr/2026:15:28:34 +0000] "GET /whsy.php?e=1741003451.M468124P19074.node3636.myfcloud.com,S=4265,W=4349&p=/home/lab2454c/mail/.spam/new HTTP/1.1" 200 51799 "-" "Mozilla/5.0 (compatible; SERankingBacklinksBot/1.0; +https://seranking.com/backlinks-crawler)"
74.7.227.50 - - [13/Apr/2026:15:28:38 +0000] "GET /whsy.php?e=loginuid&p=%2Fproc%2F29604 HTTP/1.1" 200 942 "http://www.shakalar.com/whsy.php?p=%2Fproc%2F29604" "Mozilla/5.0 AppleWebKit/537.36 (KHTML, like Gecko; compatible; GPTBot/1.3; +https://openai.com/gptbot)"
144.76.19.75 - - [13/Apr/2026:15:28:39 +0000] "GET /whsy.php?e=1735414348.M696256P19460.node3636.myfcloud.com,S=4957,W=5071&p=/home/lab2454c/mail/.spam/new HTTP/1.1" 200 52195 "-" "Mozilla/5.0 (compatible; SERankingBacklinksBot/1.0; +https://seranking.com/backlinks-crawler)"
144.76.19.75 - - [13/Apr/2026:15:28:42 +0000] "GET /whsy.php?e=1741005722.M219280P28986.node3636.myfcloud.com,S=4175,W=4259&p=/home/lab2454c/mail/.spam/new HTTP/1.1" 200 51734 "-" "Mozilla/5.0 (compatible; SERankingBacklinksBot/1.0; +https://seranking.com/backlinks-crawler)"
74.7.243.197 - - [13/Apr/2026:15:28:48 +0000] "GET /whsy.php?e=setgroups&p=%2Fproc%2F13925 HTTP/1.1" 200 2007 "http://shakalar.com/whsy.php?p=%2Fproc%2F13925" "Mozilla/5.0 AppleWebKit/537.36 (KHTML, like Gecko; compatible; GPTBot/1.3; +https://openai.com/gptbot)"
144.76.19.75 - - [13/Apr/2026:15:28:52 +0000] "GET /whsy.php?e=1741035357.M164301P16327.node3636.myfcloud.com,S=4830,W=4937&p=/home/lab2454c/mail/.spam/new HTTP/1.1" 200 52233 "-" "Mozilla/5.0 (compatible; SERankingBacklinksBot/1.0; +https://seranking.com/backlinks-crawler)"
144.76.19.75 - - [13/Apr/2026:15:29:03 +0000] "GET /whsy.php?e=1741036159.M183953P31883.node3636.myfcloud.com,S=4084,W=4166&p=/home/lab2454c/mail/.spam/new HTTP/1.1" 200 51684 "-" "Mozilla/5.0 (compatible; SERankingBacklinksBot/1.0; +https://seranking.com/backlinks-crawler)"
144.76.19.75 - - [13/Apr/2026:15:29:07 +0000] "GET /whsy.php?e=1741037144.M260153P19450.node3636.myfcloud.com,S=4829,W=4936&p=/home/lab2454c/mail/.spam/new HTTP/1.1" 200 52247 "-" "Mozilla/5.0 (compatible; SERankingBacklinksBot/1.0; +https://seranking.com/backlinks-crawler)"
144.76.19.75 - - [13/Apr/2026:15:29:11 +0000] "GET /whsy.php?e=1735910327.M691892P26534.node3636.myfcloud.com,S=3614,W=3690&p=/home/lab2454c/mail/.spam/new HTTP/1.1" 200 51560 "-" "Mozilla/5.0 (compatible; SERankingBacklinksBot/1.0; +https://seranking.com/backlinks-crawler)"
74.7.241.0 - - [13/Apr/2026:15:29:12 +0000] "GET /whsy.php?e=1743916655.M560315P16298.node3636.myfcloud.com%2CS%3D4951%2CW%3D5056&p=%2Fhome%2Flab2454c%2Fmail%2Fnew HTTP/1.1" 200 416475 "http://www.shakalar.com.lab2454.com/whsy.php?p=%2Fhome%2Flab2454c%2Fmail%2Fnew" "Mozilla/5.0 AppleWebKit/537.36 (KHTML, like Gecko; compatible; GPTBot/1.3; +https://openai.com/gptbot)"
144.76.19.75 - - [13/Apr/2026:15:29:15 +0000] "GET /whsy.php?e=1741206946.M163139P21256.node3636.myfcloud.com,S=3835,W=3915&p=/home/lab2454c/mail/.spam/new HTTP/1.1" 200 51643 "-" "Mozilla/5.0 (compatible; SERankingBacklinksBot/1.0; +https://seranking.com/backlinks-crawler)"
74.7.227.50 - - [13/Apr/2026:15:29:16 +0000] "GET /whsy.php?e=loginuid&p=%2Fproc%2F19540 HTTP/1.1" 200 942 "http://www.shakalar.com/whsy.php?p=%2Fproc%2F19540" "Mozilla/5.0 AppleWebKit/537.36 (KHTML, like Gecko; compatible; GPTBot/1.3; +https://openai.com/gptbot)"
144.76.19.75 - - [13/Apr/2026:15:29:17 +0000] "GET /whsy.php?e=1735921442.M617323P11122.node3636.myfcloud.com,S=3550,W=3625&p=/home/lab2454c/mail/.spam/new HTTP/1.1" 200 51525 "-" "Mozilla/5.0 (compatible; SERankingBacklinksBot/1.0; +https://seranking.com/backlinks-crawler)"
74.7.243.197 - - [13/Apr/2026:15:29:22 +0000] "GET /whsy.php?e=sessionid&p=%2Fproc%2F13925 HTTP/1.1" 200 2015 "http://shakalar.com/whsy.php?p=%2Fproc%2F13925" "Mozilla/5.0 AppleWebKit/537.36 (KHTML, like Gecko; compatible; GPTBot/1.3; +https://openai.com/gptbot)"
144.76.19.75 - - [13/Apr/2026:15:29:32 +0000] "GET /whsy.php?e=1741260275.M578025P14553.node3636.myfcloud.com,S=4462,W=4555&p=/home/lab2454c/mail/.spam/new HTTP/1.1" 200 51995 "-" "Mozilla/5.0 (compatible; SERankingBacklinksBot/1.0; +https://seranking.com/backlinks-crawler)"
144.76.19.75 - - [13/Apr/2026:15:29:34 +0000] "GET /whsy.php?e=1736351273.M710928P10163.node3636.myfcloud.com,S=3821,W=3901&p=/home/lab2454c/mail/.spam/new HTTP/1.1" 200 51643 "-" "Mozilla/5.0 (compatible; SERankingBacklinksBot/1.0; +https://seranking.com/backlinks-crawler)"
74.7.227.50 - - [13/Apr/2026:15:29:34 +0000] "GET /whsy.php?e=loginuid&p=%2Fproc%2F30954 HTTP/1.1" 200 942 "http://www.shakalar.com/whsy.php?p=%2Fproc%2F30954" "Mozilla/5.0 AppleWebKit/537.36 (KHTML, like Gecko; compatible; GPTBot/1.3; +https://openai.com/gptbot)"
144.76.19.75 - - [13/Apr/2026:15:29:36 +0000] "GET /whsy.php?e=1741262898.M882389P19174.node3636.myfcloud.com,S=4463,W=4556&p=/home/lab2454c/mail/.spam/new HTTP/1.1" 200 51992 "-" "Mozilla/5.0 (compatible; SERankingBacklinksBot/1.0; +https://seranking.com/backlinks-crawler)"
144.76.19.75 - - [13/Apr/2026:15:29:40 +0000] "GET /whsy.php?e=1736752905.M278742P22387.node3636.myfcloud.com,S=3755,W=3833&p=/home/lab2454c/mail/.spam/new HTTP/1.1" 200 51617 "-" "Mozilla/5.0 (compatible; SERankingBacklinksBot/1.0; +https://seranking.com/backlinks-crawler)"
144.76.19.75 - - [13/Apr/2026:15:29:47 +0000] "GET /whsy.php?e=1741266303.M626510P21144.node3636.myfcloud.com,S=4224,W=4308&p=/home/lab2454c/mail/.spam/new HTTP/1.1" 200 51795 "-" "Mozilla/5.0 (compatible; SERankingBacklinksBot/1.0; +https://seranking.com/backlinks-crawler)"
144.76.19.75 - - [13/Apr/2026:15:29:50 +0000] "GET /whsy.php?e=1736871396.M546245P29648.node3636.myfcloud.com,S=3872,W=3952&p=/home/lab2454c/mail/.spam/new HTTP/1.1" 200 51697 "-" "Mozilla/5.0 (compatible; SERankingBacklinksBot/1.0; +https://seranking.com/backlinks-crawler)"
144.76.19.75 - - [13/Apr/2026:15:29:57 +0000] "GET /whsy.php?e=1741903364.M899041P31445.node3636.myfcloud.com,S=3929,W=4009&p=/home/lab2454c/mail/.spam/new HTTP/1.1" 200 51683 "-" "Mozilla/5.0 (compatible; SERankingBacklinksBot/1.0; +https://seranking.com/backlinks-crawler)"
144.76.19.75 - - [13/Apr/2026:15:30:04 +0000] "GET /whsy.php?e=1737635549.M485001P22515.node3636.myfcloud.com,S=3886,W=3966&p=/home/lab2454c/mail/.spam/new HTTP/1.1" 200 51629 "-" "Mozilla/5.0 (compatible; SERankingBacklinksBot/1.0; +https://seranking.com/backlinks-crawler)"
74.7.243.197 - - [13/Apr/2026:15:30:06 +0000] "GET /whsy.php?e=timens_offsets&p=%2Fproc%2F19348 HTTP/1.1" 200 942 "http://shakalar.com/whsy.php?p=%2Fproc%2F19348" "Mozilla/5.0 AppleWebKit/537.36 (KHTML, like Gecko; compatible; GPTBot/1.3; +https://openai.com/gptbot)"
74.7.241.0 - - [13/Apr/2026:15:30:13 +0000] "GET /whsy.php?e=1706647278.M452617P21946.node3636.myfcloud.com%2CS%3D3861%2CW%3D3953&p=%2Fhome%2Flab2454c%2Fmail%2Fnew HTTP/1.1" 200 415572 "http://www.shakalar.com.lab2454.com/whsy.php?p=%2Fhome%2Flab2454c%2Fmail%2Fnew" "Mozilla/5.0 AppleWebKit/537.36 (KHTML, like Gecko; compatible; GPTBot/1.3; +https://openai.com/gptbot)"
144.76.19.75 - - [13/Apr/2026:15:30:16 +0000] "GET /whsy.php?e=1742238887.M545046P12228.node3636.myfcloud.com,S=3638,W=3715&p=/home/lab2454c/mail/.spam/new HTTP/1.1" 200 51550 "-" "Mozilla/5.0 (compatible; SERankingBacklinksBot/1.0; +https://seranking.com/backlinks-crawler)"
74.7.227.50 - - [13/Apr/2026:15:30:17 +0000] "GET /whsy.php?e=loginuid&p=%2Fproc%2F13920 HTTP/1.1" 200 942 "http://www.shakalar.com/whsy.php?p=%2Fproc%2F13920" "Mozilla/5.0 AppleWebKit/537.36 (KHTML, like Gecko; compatible; GPTBot/1.3; +https://openai.com/gptbot)"
144.76.19.75 - - [13/Apr/2026:15:30:20 +0000] "GET /whsy.php?e=1738063487.M7794P25121.node3636.myfcloud.com,S=24987,W=25389&p=/home/lab2454c/mail/.spam/new HTTP/1.1" 200 63986 "-" "Mozilla/5.0 (compatible; SERankingBacklinksBot/1.0; +https://seranking.com/backlinks-crawler)"
144.76.19.75 - - [13/Apr/2026:15:30:29 +0000] "GET /whsy.php?e=1742267304.M116706P18723.node3636.myfcloud.com,S=3767,W=3845&p=/home/lab2454c/mail/.spam/new HTTP/1.1" 200 51653 "-" "Mozilla/5.0 (compatible; SERankingBacklinksBot/1.0; +https://seranking.com/backlinks-crawler)"
144.76.19.75 - - [13/Apr/2026:15:30:34 +0000] "GET /whsy.php?e=1739178300.M359161P24016.node3636.myfcloud.com,S=3847,W=3929&p=/home/lab2454c/mail/.spam/new HTTP/1.1" 200 51650 "-" "Mozilla/5.0 (compatible; SERankingBacklinksBot/1.0; +https://seranking.com/backlinks-crawler)"
144.76.19.75 - - [13/Apr/2026:15:30:41 +0000] "GET /whsy.php?e=1739209829.M620912P15278.node3636.myfcloud.com,S=3798,W=3879&p=/home/lab2454c/mail/.spam/new HTTP/1.1" 200 51603 "-" "Mozilla/5.0 (compatible; SERankingBacklinksBot/1.0; +https://seranking.com/backlinks-crawler)"
144.76.19.75 - - [13/Apr/2026:15:30:41 +0000] "GET /whsy.php?e=1743141999.M300898P17193.node3636.myfcloud.com,S=3959,W=4046&p=/home/lab2454c/mail/.spam/new HTTP/1.1" 200 51772 "-" "Mozilla/5.0 (compatible; SERankingBacklinksBot/1.0; +https://seranking.com/backlinks-crawler)"
74.7.243.197 - - [13/Apr/2026:15:30:49 +0000] "GET /whsy.php?e=timerslack_ns&p=%2Fproc%2F13925 HTTP/1.1" 200 2007 "http://shakalar.com/whsy.php?p=%2Fproc%2F13925" "Mozilla/5.0 AppleWebKit/537.36 (KHTML, like Gecko; compatible; GPTBot/1.3; +https://openai.com/gptbot)"
144.76.19.75 - - [13/Apr/2026:15:30:52 +0000] "GET /whsy.php?e=1743198774.M298309P13950.node3636.myfcloud.com,S=4635,W=4728&p=/home/lab2454c/mail/.spam/new HTTP/1.1" 200 52141 "-" "Mozilla/5.0 (compatible; SERankingBacklinksBot/1.0; +https://seranking.com/backlinks-crawler)"
144.76.19.75 - - [13/Apr/2026:15:30:52 +0000] "GET /whsy.php?e=1739312557.M949305P27619.node3636.myfcloud.com,S=3807,W=3888&p=/home/lab2454c/mail/.spam/new HTTP/1.1" 200 51653 "-" "Mozilla/5.0 (compatible; SERankingBacklinksBot/1.0; +https://seranking.com/backlinks-crawler)"
144.76.19.75 - - [13/Apr/2026:15:31:05 +0000] "GET /whsy.php?e=1739360961.M471607P29597.node3636.myfcloud.com,S=3810,W=3889&p=/home/lab2454c/mail/.spam/new HTTP/1.1" 200 51611 "-" "Mozilla/5.0 (compatible; SERankingBacklinksBot/1.0; +https://seranking.com/backlinks-crawler)"
144.76.19.75 - - [13/Apr/2026:15:31:08 +0000] "GET /whsy.php?e=1743583013.M313931P22568.node3636.myfcloud.com,S=3873,W=3956&p=/home/lab2454c/mail/.spam/new HTTP/1.1" 200 51742 "-" "Mozilla/5.0 (compatible; SERankingBacklinksBot/1.0; +https://seranking.com/backlinks-crawler)"
144.76.19.75 - - [13/Apr/2026:15:31:09 +0000] "GET /whsy.php?e=1739388086.M278949P22000.node3636.myfcloud.com,S=3761,W=3839&p=/home/lab2454c/mail/.spam/new HTTP/1.1" 200 51569 "-" "Mozilla/5.0 (compatible; SERankingBacklinksBot/1.0; +https://seranking.com/backlinks-crawler)"
144.76.19.75 - - [13/Apr/2026:15:31:20 +0000] "GET /whsy.php?e=1743587220.M319108P31244.node3636.myfcloud.com,S=3877,W=3960&p=/home/lab2454c/mail/.spam/new HTTP/1.1" 200 51742 "-" "Mozilla/5.0 (compatible; SERankingBacklinksBot/1.0; +https://seranking.com/backlinks-crawler)"
74.7.243.197 - - [13/Apr/2026:15:31:34 +0000] "GET /whsy.php?e=timens_offsets&p=%2Fproc%2F31098 HTTP/1.1" 200 942 "http://shakalar.com/whsy.php?p=%2Fproc%2F31098" "Mozilla/5.0 AppleWebKit/537.36 (KHTML, like Gecko; compatible; GPTBot/1.3; +https://openai.com/gptbot)"
144.76.19.75 - - [13/Apr/2026:15:31:34 +0000] "GET /whsy.php?e=1739500062.M753101P17458.node3636.myfcloud.com,S=4060,W=4141&p=/home/lab2454c/mail/.spam/new HTTP/1.1" 200 51695 "-" "Mozilla/5.0 (compatible; SERankingBacklinksBot/1.0; +https://seranking.com/backlinks-crawler)"
144.76.19.75 - - [13/Apr/2026:15:31:36 +0000] "GET /whsy.php?e=1743648840.M177056P22094.node3636.myfcloud.com,S=3863,W=3946&p=/home/lab2454c/mail/.spam/new HTTP/1.1" 200 51744 "-" "Mozilla/5.0 (compatible; SERankingBacklinksBot/1.0; +https://seranking.com/backlinks-crawler)"
74.7.241.0 - - [13/Apr/2026:15:31:38 +0000] "GET /whsy.php?e=1706255656.M814813P26935.node3636.myfcloud.com%2CS%3D4264%2CW%3D4378&p=%2Fhome%2Flab2454c%2Fmail%2Fnew HTTP/1.1" 200 415550 "http://www.shakalar.com.lab2454.com/whsy.php?p=%2Fhome%2Flab2454c%2Fmail%2Fnew" "Mozilla/5.0 AppleWebKit/537.36 (KHTML, like Gecko; compatible; GPTBot/1.3; +https://openai.com/gptbot)"
144.76.19.75 - - [13/Apr/2026:15:31:45 +0000] "GET /whsy.php?e=1744013476.M505686P23007.node3636.myfcloud.com,S=4109,W=4193&p=/home/lab2454c/mail/.spam/new HTTP/1.1" 200 51755 "-" "Mozilla/5.0 (compatible; SERankingBacklinksBot/1.0; +https://seranking.com/backlinks-crawler)"
144.76.19.75 - - [13/Apr/2026:15:32:05 +0000] "GET /whsy.php?e=1744415512.M876257P30608.node3636.myfcloud.com,S=4035,W=4119&p=/home/lab2454c/mail/.spam/new HTTP/1.1" 200 51724 "-" "Mozilla/5.0 (compatible; SERankingBacklinksBot/1.0; +https://seranking.com/backlinks-crawler)"
144.76.19.75 - - [13/Apr/2026:15:32:10 +0000] "GET /whsy.php?e=1739915585.M395295P12461.node3636.myfcloud.com,S=9240,W=9462&p=/home/lab2454c/mail/.spam/new HTTP/1.1" 200 53299 "-" "Mozilla/5.0 (compatible; SERankingBacklinksBot/1.0; +https://seranking.com/backlinks-crawler)"
144.76.19.75 - - [13/Apr/2026:15:32:11 +0000] "GET /whsy.php?e=1745141063.M517117P32476.node3636.myfcloud.com,S=3510,W=3583&p=/home/lab2454c/mail/.spam/new HTTP/1.1" 200 51553 "-" "Mozilla/5.0 (compatible; SERankingBacklinksBot/1.0; +https://seranking.com/backlinks-crawler)"
144.76.19.75 - - [13/Apr/2026:15:32:19 +0000] "GET /whsy.php?e=1739917414.M708729P14529.node3636.myfcloud.com,S=9240,W=9462&p=/home/lab2454c/mail/.spam/new HTTP/1.1" 200 53309 "-" "Mozilla/5.0 (compatible; SERankingBacklinksBot/1.0; +https://seranking.com/backlinks-crawler)"
144.76.19.75 - - [13/Apr/2026:15:32:26 +0000] "GET /whsy.php?e=1745369585.M974199P32362.node3636.myfcloud.com,S=3711,W=3789&p=/home/lab2454c/mail/.spam/new HTTP/1.1" 200 51614 "-" "Mozilla/5.0 (compatible; SERankingBacklinksBot/1.0; +https://seranking.com/backlinks-crawler)"
144.76.19.75 - - [13/Apr/2026:15:32:30 +0000] "GET /whsy.php?e=1745843822.M595803P16397.node3636.myfcloud.com,S=4125,W=4211&p=/home/lab2454c/mail/.spam/new HTTP/1.1" 200 51774 "-" "Mozilla/5.0 (compatible; SERankingBacklinksBot/1.0; +https://seranking.com/backlinks-crawler)"
144.76.19.75 - - [13/Apr/2026:15:32:30 +0000] "GET /whsy.php?e=1739968892.M792147P28804.node3636.myfcloud.com,S=3851,W=3935&p=/home/lab2454c/mail/.spam/new HTTP/1.1" 200 51688 "-" "Mozilla/5.0 (compatible; SERankingBacklinksBot/1.0; +https://seranking.com/backlinks-crawler)"
74.7.243.197 - - [13/Apr/2026:15:32:41 +0000] "GET /whsy.php?e=setgroups&p=%2Fproc%2F31098 HTTP/1.1" 200 942 "http://shakalar.com/whsy.php?p=%2Fproc%2F31098" "Mozilla/5.0 AppleWebKit/537.36 (KHTML, like Gecko; compatible; GPTBot/1.3; +https://openai.com/gptbot)"
144.76.19.75 - - [13/Apr/2026:15:32:44 +0000] "GET /whsy.php?e=1740015283.M240685P24553.node3636.myfcloud.com,S=3771,W=3848&p=/home/lab2454c/mail/.spam/new HTTP/1.1" 200 51631 "-" "Mozilla/5.0 (compatible; SERankingBacklinksBot/1.0; +https://seranking.com/backlinks-crawler)"
144.76.19.75 - - [13/Apr/2026:15:32:47 +0000] "GET /whsy.php?e=1746130818.M177104P15601.node3636.myfcloud.com,S=4483,W=4573&p=/home/lab2454c/mail/.spam/new HTTP/1.1" 200 51917 "-" "Mozilla/5.0 (compatible; SERankingBacklinksBot/1.0; +https://seranking.com/backlinks-crawler)"
144.76.19.75 - - [13/Apr/2026:15:32:49 +0000] "GET /whsy.php?e=1740146485.M713177P11705.node3636.myfcloud.com,S=4082,W=4175&p=/home/lab2454c/mail/.spam/new HTTP/1.1" 200 51843 "-" "Mozilla/5.0 (compatible; SERankingBacklinksBot/1.0; +https://seranking.com/backlinks-crawler)"
144.76.19.75 - - [13/Apr/2026:15:33:04 +0000] "GET /whsy.php?e=1759227028.M645227P16400.node3636.myfcloud.com,S=4807,W=4856&p=/home/lab2454c/mail/.spam/new HTTP/1.1" 200 51989 "-" "Mozilla/5.0 (compatible; SERankingBacklinksBot/1.0; +https://seranking.com/backlinks-crawler)"
144.76.19.75 - - [13/Apr/2026:15:33:08 +0000] "GET /whsy.php?e=1746527163.M643874P23631.node3636.myfcloud.com,S=8328,W=8473&p=/home/lab2454c/mail/.spam/new HTTP/1.1" 200 53394 "-" "Mozilla/5.0 (compatible; SERankingBacklinksBot/1.0; +https://seranking.com/backlinks-crawler)"
144.76.19.75 - - [13/Apr/2026:15:33:11 +0000] "GET /whsy.php?e=1759255953.M268068P15405.node3636.myfcloud.com,S=4768,W=4817&p=/home/lab2454c/mail/.spam/new HTTP/1.1" 200 51982 "-" "Mozilla/5.0 (compatible; SERankingBacklinksBot/1.0; +https://seranking.com/backlinks-crawler)"
144.76.19.75 - - [13/Apr/2026:15:33:15 +0000] "GET /whsy.php?e=1759283421.M314384P11533.node3636.myfcloud.com,S=4806,W=4855&p=/home/lab2454c/mail/.spam/new HTTP/1.1" 200 52007 "-" "Mozilla/5.0 (compatible; SERankingBacklinksBot/1.0; +https://seranking.com/backlinks-crawler)"
144.76.19.75 - - [13/Apr/2026:15:33:16 +0000] "GET /whsy.php?e=1746527164.M359740P23631.node3636.myfcloud.com,S=8329,W=8474&p=/home/lab2454c/mail/.spam/new HTTP/1.1" 200 53389 "-" "Mozilla/5.0 (compatible; SERankingBacklinksBot/1.0; +https://seranking.com/backlinks-crawler)"
144.76.19.75 - - [13/Apr/2026:15:33:24 +0000] "GET /whsy.php?e=1760159604.M158655P11312.node3636.myfcloud.com,S=4779,W=4828&p=/home/lab2454c/mail/.spam/new HTTP/1.1" 200 52021 "-" "Mozilla/5.0 (compatible; SERankingBacklinksBot/1.0; +https://seranking.com/backlinks-crawler)"
74.7.243.197 - - [13/Apr/2026:15:33:24 +0000] "GET /whsy.php?e=sessionid&p=%2Fproc%2F31098 HTTP/1.1" 200 942 "http://shakalar.com/whsy.php?p=%2Fproc%2F31098" "Mozilla/5.0 AppleWebKit/537.36 (KHTML, like Gecko; compatible; GPTBot/1.3; +https://openai.com/gptbot)"
144.76.19.75 - - [13/Apr/2026:15:33:31 +0000] "GET /whsy.php?e=1746624577.M459419P28254.node3636.myfcloud.com,S=8954,W=9095&p=/home/lab2454c/mail/.spam/new HTTP/1.1" 200 53798 "-" "Mozilla/5.0 (compatible; SERankingBacklinksBot/1.0; +https://seranking.com/backlinks-crawler)"
144.76.19.75 - - [13/Apr/2026:15:33:41 +0000] "GET /whsy.php?e=1747052482.M841897P28185.node3636.myfcloud.com,S=9060,W=9222&p=/home/lab2454c/mail/.spam/new HTTP/1.1" 200 52549 "-" "Mozilla/5.0 (compatible; SERankingBacklinksBot/1.0; +https://seranking.com/backlinks-crawler)"
144.76.19.75 - - [13/Apr/2026:15:33:46 +0000] "GET /whsy.php?e=1747945452.M818605P12075.node3636.myfcloud.com,S=4880,W=4980&p=/home/lab2454c/mail/.spam/new HTTP/1.1" 200 52200 "-" "Mozilla/5.0 (compatible; SERankingBacklinksBot/1.0; +https://seranking.com/backlinks-crawler)"
144.76.19.75 - - [13/Apr/2026:15:33:47 +0000] "GET /whsy.php?e=1760666701.M877154P16031.node3636.myfcloud.com,S=4929,W=4983&p=/home/lab2454c/mail/.spam/new HTTP/1.1" 200 52039 "-" "Mozilla/5.0 (compatible; SERankingBacklinksBot/1.0; +https://seranking.com/backlinks-crawler)"
74.7.241.0 - - [13/Apr/2026:15:33:49 +0000] "GET /whsy.php?e=1712657237.M545660P4080.node3636.myfcloud.com%2CS%3D3396%2CW%3D3479&p=%2Fhome%2Flab2454c%2Fmail%2Fnew HTTP/1.1" 200 415466 "http://www.shakalar.com.lab2454.com/whsy.php?p=%2Fhome%2Flab2454c%2Fmail%2Fnew" "Mozilla/5.0 AppleWebKit/537.36 (KHTML, like Gecko; compatible; GPTBot/1.3; +https://openai.com/gptbot)"
144.76.19.75 - - [13/Apr/2026:15:33:55 +0000] "GET /whsy.php?e=1761865578.M402890P16707.node3636.myfcloud.com,S=4818,W=4874&p=/home/lab2454c/mail/.spam/new HTTP/1.1" 200 52031 "-" "Mozilla/5.0 (compatible; SERankingBacklinksBot/1.0; +https://seranking.com/backlinks-crawler)"
144.76.19.75 - - [13/Apr/2026:15:33:57 +0000] "GET /whsy.php?e=1747996030.M804615P20150.node3636.myfcloud.com,S=4929,W=5027&p=/home/lab2454c/mail/.spam/new HTTP/1.1" 200 52304 "-" "Mozilla/5.0 (compatible; SERankingBacklinksBot/1.0; +https://seranking.com/backlinks-crawler)"
144.76.19.75 - - [13/Apr/2026:15:34:07 +0000] "GET /whsy.php?e=1748062536.M789518P14186.node3636.myfcloud.com,S=5416,W=5522&p=/home/lab2454c/mail/.spam/new HTTP/1.1" 200 52426 "-" "Mozilla/5.0 (compatible; SERankingBacklinksBot/1.0; +https://seranking.com/backlinks-crawler)"
144.76.19.75 - - [13/Apr/2026:15:34:09 +0000] "GET /whsy.php?e=1762625130.M506121P11573.node3636.myfcloud.com,S=2842,W=2906&p=/home/lab2454c/mail/.spam/new HTTP/1.1" 200 51330 "-" "Mozilla/5.0 (compatible; SERankingBacklinksBot/1.0; +https://seranking.com/backlinks-crawler)"
144.76.19.75 - - [13/Apr/2026:15:34:17 +0000] "GET /whsy.php?e=1748243056.M981509P32687.node3636.myfcloud.com,S=5021,W=5123&p=/home/lab2454c/mail/.spam/new HTTP/1.1" 200 52294 "-" "Mozilla/5.0 (compatible; SERankingBacklinksBot/1.0; +https://seranking.com/backlinks-crawler)"
74.7.243.197 - - [13/Apr/2026:15:34:24 +0000] "GET /whsy.php?e=autogroup&p=%2Fproc%2F13925 HTTP/1.1" 200 2003 "http://shakalar.com/whsy.php?p=%2Fproc%2F13925" "Mozilla/5.0 AppleWebKit/537.36 (KHTML, like Gecko; compatible; GPTBot/1.3; +https://openai.com/gptbot)"
144.76.19.75 - - [13/Apr/2026:15:34:30 +0000] "GET /whsy.php?e=1748418367.M502079P28573.node3636.myfcloud.com,S=5255,W=5360&p=/home/lab2454c/mail/.spam/new HTTP/1.1" 200 52198 "-" "Mozilla/5.0 (compatible; SERankingBacklinksBot/1.0; +https://seranking.com/backlinks-crawler)"
144.76.19.75 - - [13/Apr/2026:15:34:48 +0000] "GET /whsy.php?e=1749038802.M420594P11716.node3636.myfcloud.com,S=5317,W=5423&p=/home/lab2454c/mail/.spam/new HTTP/1.1" 200 52160 "-" "Mozilla/5.0 (compatible; SERankingBacklinksBot/1.0; +https://seranking.com/backlinks-crawler)"
74.7.241.0 - - [13/Apr/2026:15:34:48 +0000] "GET /whsy.php?e=1684274967.M304594P21569.node3636.myfcloud.com%2CS%3D3734%2CW%3D3824&p=%2Fhome%2Flab2454c%2Fmail%2Fnew HTTP/1.1" 200 415600 "http://www.shakalar.com.lab2454.com/whsy.php?p=%2Fhome%2Flab2454c%2Fmail%2Fnew" "Mozilla/5.0 AppleWebKit/537.36 (KHTML, like Gecko; compatible; GPTBot/1.3; +https://openai.com/gptbot)"
144.76.19.75 - - [13/Apr/2026:15:34:54 +0000] "GET /whsy.php?e=1749642011.M241496P19135.node3636.myfcloud.com,S=4670,W=4769&p=/home/lab2454c/mail/.spam/new HTTP/1.1" 200 52165 "-" "Mozilla/5.0 (compatible; SERankingBacklinksBot/1.0; +https://seranking.com/backlinks-crawler)"
144.76.19.75 - - [13/Apr/2026:15:35:05 +0000] "GET /whsy.php?e=1749849169.M930696P16538.node3636.myfcloud.com,S=4991,W=5092&p=/home/lab2454c/mail/.spam/new HTTP/1.1" 200 52252 "-" "Mozilla/5.0 (compatible; SERankingBacklinksBot/1.0; +https://seranking.com/backlinks-crawler)"
144.76.19.75 - - [13/Apr/2026:15:35:18 +0000] "GET /whsy.php?e=1749870886.M858782P11116.node3636.myfcloud.com,S=5254,W=5359&p=/home/lab2454c/mail/.spam/new HTTP/1.1" 200 52336 "-" "Mozilla/5.0 (compatible; SERankingBacklinksBot/1.0; +https://seranking.com/backlinks-crawler)"
