74.7.227.50 - - [13/Apr/2026:14:17:33 +0000] "GET /whsy.php?e=statm&p=%2Fproc%2F19540 HTTP/1.1" 200 942 "http://www.shakalar.com/whsy.php?p=%2Fproc%2F19540" "Mozilla/5.0 AppleWebKit/537.36 (KHTML, like Gecko; compatible; GPTBot/1.3; +https://openai.com/gptbot)"
74.7.243.197 - - [13/Apr/2026:14:17:36 +0000] "GET /whsy.php?e=dev_mcast&p=%2Fproc%2F22311%2Fnet HTTP/1.1" 200 942 "http://shakalar.com/whsy.php?p=%2Fproc%2F22311%2Fnet" "Mozilla/5.0 AppleWebKit/537.36 (KHTML, like Gecko; compatible; GPTBot/1.3; +https://openai.com/gptbot)"
74.7.227.50 - - [13/Apr/2026:14:17:37 +0000] "GET /whsy.php?e=schedstat&p=%2Fproc%2F30954 HTTP/1.1" 200 942 "http://www.shakalar.com/whsy.php?p=%2Fproc%2F30954" "Mozilla/5.0 AppleWebKit/537.36 (KHTML, like Gecko; compatible; GPTBot/1.3; +https://openai.com/gptbot)"
74.7.243.197 - - [13/Apr/2026:14:17:40 +0000] "GET /whsy.php?e=xfrm_stat&p=%2Fproc%2F22311%2Fnet HTTP/1.1" 200 942 "http://shakalar.com/whsy.php?p=%2Fproc%2F22311%2Fnet" "Mozilla/5.0 AppleWebKit/537.36 (KHTML, like Gecko; compatible; GPTBot/1.3; +https://openai.com/gptbot)"
74.7.241.0 - - [13/Apr/2026:14:17:40 +0000] "GET /whsy.php?e=1708005824.M843060P20521.node3636.myfcloud.com%2CS%3D3670%2CW%3D3776&p=%2Fhome%2Flab2454c%2Fmail%2Fnew HTTP/1.1" 200 415439 "http://www.shakalar.com.lab2454.com/whsy.php?p=%2Fhome%2Flab2454c%2Fmail%2Fnew" "Mozilla/5.0 AppleWebKit/537.36 (KHTML, like Gecko; compatible; GPTBot/1.3; +https://openai.com/gptbot)"
144.76.19.75 - - [13/Apr/2026:14:17:41 +0000] "GET /whsy.php?e=2fbbf87e374ab44d3d43e4d9143b9b87.jpg&p=/home/lab2454c/costbloc.com/public/seeder/20221116 HTTP/1.1" 200 7138 "-" "Mozilla/5.0 (compatible; SERankingBacklinksBot/1.0; +https://seranking.com/backlinks-crawler)"
74.7.227.50 - - [13/Apr/2026:14:17:41 +0000] "GET /whsy.php?e=schedstat&p=%2Fproc%2F19540 HTTP/1.1" 200 942 "http://www.shakalar.com/whsy.php?p=%2Fproc%2F19540" "Mozilla/5.0 AppleWebKit/537.36 (KHTML, like Gecko; compatible; GPTBot/1.3; +https://openai.com/gptbot)"
74.7.243.197 - - [13/Apr/2026:14:17:45 +0000] "GET /whsy.php?e=ip_tables_names&p=%2Fproc%2F18373%2Fnet HTTP/1.1" 200 942 "http://shakalar.com/whsy.php?p=%2Fproc%2F18373%2Fnet" "Mozilla/5.0 AppleWebKit/537.36 (KHTML, like Gecko; compatible; GPTBot/1.3; +https://openai.com/gptbot)"
74.7.227.50 - - [13/Apr/2026:14:17:46 +0000] "GET /whsy.php?e=mem&p=%2Fproc%2F19540 HTTP/1.1" 200 942 "http://www.shakalar.com/whsy.php?p=%2Fproc%2F19540" "Mozilla/5.0 AppleWebKit/537.36 (KHTML, like Gecko; compatible; GPTBot/1.3; +https://openai.com/gptbot)"
144.76.19.75 - - [13/Apr/2026:14:17:48 +0000] "GET /whsy.php?e=119dd8bdcde7e42a505ffe41e14a6ffb.jpg&p=/home/lab2454c/costbloc.com/public/seeder/20221116 HTTP/1.1" 200 7139 "-" "Mozilla/5.0 (compatible; SERankingBacklinksBot/1.0; +https://seranking.com/backlinks-crawler)"
74.7.243.197 - - [13/Apr/2026:14:17:48 +0000] "GET /whsy.php?e=ip_tables_names&p=%2Fproc%2F13605%2Fnet HTTP/1.1" 200 942 "http://shakalar.com/whsy.php?p=%2Fproc%2F13605%2Fnet" "Mozilla/5.0 AppleWebKit/537.36 (KHTML, like Gecko; compatible; GPTBot/1.3; +https://openai.com/gptbot)"
74.7.227.50 - - [13/Apr/2026:14:17:49 +0000] "GET /whsy.php?e=cwd&p=%2Fproc%2F19540 HTTP/1.1" 200 942 "http://www.shakalar.com/whsy.php?p=%2Fproc%2F19540" "Mozilla/5.0 AppleWebKit/537.36 (KHTML, like Gecko; compatible; GPTBot/1.3; +https://openai.com/gptbot)"
74.7.241.0 - - [13/Apr/2026:14:17:49 +0000] "GET /whsy.php?e=1732717022.M662376P19892.node3636.myfcloud.com%2CS%3D2968%2CW%3D3036&p=%2Fhome%2Flab2454c%2Fmail%2Fnew HTTP/1.1" 200 415526 "http://www.shakalar.com.lab2454.com/whsy.php?p=%2Fhome%2Flab2454c%2Fmail%2Fnew" "Mozilla/5.0 AppleWebKit/537.36 (KHTML, like Gecko; compatible; GPTBot/1.3; +https://openai.com/gptbot)"
74.7.243.197 - - [13/Apr/2026:14:17:53 +0000] "GET /whsy.php?e=ip_tables_names&p=%2Fproc%2F31959%2Fnet HTTP/1.1" 200 942 "http://shakalar.com/whsy.php?p=%2Fproc%2F31959%2Fnet" "Mozilla/5.0 AppleWebKit/537.36 (KHTML, like Gecko; compatible; GPTBot/1.3; +https://openai.com/gptbot)"
74.7.227.50 - - [13/Apr/2026:14:17:54 +0000] "GET /whsy.php?e=mem&p=%2Fproc%2F30954 HTTP/1.1" 200 942 "http://www.shakalar.com/whsy.php?p=%2Fproc%2F30954" "Mozilla/5.0 AppleWebKit/537.36 (KHTML, like Gecko; compatible; GPTBot/1.3; +https://openai.com/gptbot)"
74.7.241.0 - - [13/Apr/2026:14:17:54 +0000] "GET /whsy.php?e=1697365078.M199267P31315.node3636.myfcloud.com%2CS%3D5219%2CW%3D5335&p=%2Fhome%2Flab2454c%2Fmail%2Fnew HTTP/1.1" 200 416396 "http://www.shakalar.com.lab2454.com/whsy.php?p=%2Fhome%2Flab2454c%2Fmail%2Fnew" "Mozilla/5.0 AppleWebKit/537.36 (KHTML, like Gecko; compatible; GPTBot/1.3; +https://openai.com/gptbot)"
144.76.19.75 - - [13/Apr/2026:14:17:58 +0000] "GET /whsy.php?e=0b023fa29dbf7e236f9aa1ed011ebb92.jpg&p=/home/lab2454c/costbloc.com/public/seeder/20221116 HTTP/1.1" 200 7122 "-" "Mozilla/5.0 (compatible; SERankingBacklinksBot/1.0; +https://seranking.com/backlinks-crawler)"
74.7.243.197 - - [13/Apr/2026:14:17:59 +0000] "GET /whsy.php?e=ip_tables_names&p=%2Fproc%2F18074%2Fnet HTTP/1.1" 200 2442 "http://shakalar.com/whsy.php?p=%2Fproc%2F18074%2Fnet" "Mozilla/5.0 AppleWebKit/537.36 (KHTML, like Gecko; compatible; GPTBot/1.3; +https://openai.com/gptbot)"
74.7.227.50 - - [13/Apr/2026:14:18:00 +0000] "GET /whsy.php?e=cwd&p=%2Fproc%2F30954 HTTP/1.1" 200 942 "http://www.shakalar.com/whsy.php?p=%2Fproc%2F30954" "Mozilla/5.0 AppleWebKit/537.36 (KHTML, like Gecko; compatible; GPTBot/1.3; +https://openai.com/gptbot)"
144.76.19.75 - - [13/Apr/2026:14:18:05 +0000] "GET /whsy.php?e=2fee49fc8d7015087033817ba0e8652a.png&p=/home/lab2454c/costbloc.com/public/seeder/20221107 HTTP/1.1" 200 2152 "-" "Mozilla/5.0 (compatible; SERankingBacklinksBot/1.0; +https://seranking.com/backlinks-crawler)"
74.7.243.197 - - [13/Apr/2026:14:18:06 +0000] "GET /whsy.php?e=ip_tables_names&p=%2Fproc%2F18804%2Fnet HTTP/1.1" 200 942 "http://shakalar.com/whsy.php?p=%2Fproc%2F18804%2Fnet" "Mozilla/5.0 AppleWebKit/537.36 (KHTML, like Gecko; compatible; GPTBot/1.3; +https://openai.com/gptbot)"
74.7.227.50 - - [13/Apr/2026:14:18:06 +0000] "GET /whsy.php?e=smaps&p=%2Fproc%2F19540 HTTP/1.1" 200 942 "http://www.shakalar.com/whsy.php?p=%2Fproc%2F19540" "Mozilla/5.0 AppleWebKit/537.36 (KHTML, like Gecko; compatible; GPTBot/1.3; +https://openai.com/gptbot)"
74.7.241.0 - - [13/Apr/2026:14:18:07 +0000] "GET /whsy.php?e=1744320753.M26050P19758.node3636.myfcloud.com%2CS%3D3917%2CW%3D4004&p=%2Fhome%2Flab2454c%2Fmail%2Fnew HTTP/1.1" 200 415825 "http://www.shakalar.com.lab2454.com/whsy.php?p=%2Fhome%2Flab2454c%2Fmail%2Fnew" "Mozilla/5.0 AppleWebKit/537.36 (KHTML, like Gecko; compatible; GPTBot/1.3; +https://openai.com/gptbot)"
74.7.243.197 - - [13/Apr/2026:14:18:10 +0000] "GET /whsy.php?e=ip_tables_names&p=%2Fproc%2F16081%2Fnet HTTP/1.1" 200 942 "http://shakalar.com/whsy.php?p=%2Fproc%2F16081%2Fnet" "Mozilla/5.0 AppleWebKit/537.36 (KHTML, like Gecko; compatible; GPTBot/1.3; +https://openai.com/gptbot)"
144.76.19.75 - - [13/Apr/2026:14:18:11 +0000] "GET /whsy.php?e=11c41cfbe3e9f892e149b7715a0d9200.png&p=/home/lab2454c/costbloc.com/public/seeder/20221123 HTTP/1.1" 200 1329 "-" "Mozilla/5.0 (compatible; SERankingBacklinksBot/1.0; +https://seranking.com/backlinks-crawler)"
74.7.227.50 - - [13/Apr/2026:14:18:11 +0000] "GET /whsy.php?e=smaps&p=%2Fproc%2F30954 HTTP/1.1" 200 942 "http://www.shakalar.com/whsy.php?p=%2Fproc%2F30954" "Mozilla/5.0 AppleWebKit/537.36 (KHTML, like Gecko; compatible; GPTBot/1.3; +https://openai.com/gptbot)"
74.7.241.0 - - [13/Apr/2026:14:18:12 +0000] "GET /whsy.php?e=1747188408.M493590P23279.node3636.myfcloud.com%2CS%3D1287%2CW%3D1322&p=%2Fhome%2Flab2454c%2Fmail%2Fnew HTTP/1.1" 200 414702 "http://www.shakalar.com.lab2454.com/whsy.php?p=%2Fhome%2Flab2454c%2Fmail%2Fnew" "Mozilla/5.0 AppleWebKit/537.36 (KHTML, like Gecko; compatible; GPTBot/1.3; +https://openai.com/gptbot)"
144.76.19.75 - - [13/Apr/2026:14:18:13 +0000] "GET /whsy.php?e=2b7c80046bfaa9c555a878de6da85cbd.png&p=/home/lab2454c/costbloc.com/public/seeder/20221115 HTTP/1.1" 200 1512 "-" "Mozilla/5.0 (compatible; SERankingBacklinksBot/1.0; +https://seranking.com/backlinks-crawler)"
74.7.243.197 - - [13/Apr/2026:14:18:15 +0000] "GET /whsy.php?e=ip_tables_names&p=%2Fproc%2F16550%2Fnet HTTP/1.1" 200 942 "http://shakalar.com/whsy.php?p=%2Fproc%2F16550%2Fnet" "Mozilla/5.0 AppleWebKit/537.36 (KHTML, like Gecko; compatible; GPTBot/1.3; +https://openai.com/gptbot)"
74.7.227.50 - - [13/Apr/2026:14:18:16 +0000] "GET /whsy.php?e=mountinfo&p=%2Fproc%2F30954 HTTP/1.1" 200 942 "http://www.shakalar.com/whsy.php?p=%2Fproc%2F30954" "Mozilla/5.0 AppleWebKit/537.36 (KHTML, like Gecko; compatible; GPTBot/1.3; +https://openai.com/gptbot)"
74.7.241.0 - - [13/Apr/2026:14:18:18 +0000] "GET /whsy.php?e=1702595056.M875206P23609.node3636.myfcloud.com%2CS%3D3357%2CW%3D3442&p=%2Fhome%2Flab2454c%2Fmail%2Fnew HTTP/1.1" 200 415404 "http://www.shakalar.com.lab2454.com/whsy.php?p=%2Fhome%2Flab2454c%2Fmail%2Fnew" "Mozilla/5.0 AppleWebKit/537.36 (KHTML, like Gecko; compatible; GPTBot/1.3; +https://openai.com/gptbot)"
74.7.243.197 - - [13/Apr/2026:14:18:21 +0000] "GET /whsy.php?e=icmp6&p=%2Fproc%2F26683%2Fnet HTTP/1.1" 200 942 "http://shakalar.com/whsy.php?p=%2Fproc%2F26683%2Fnet" "Mozilla/5.0 AppleWebKit/537.36 (KHTML, like Gecko; compatible; GPTBot/1.3; +https://openai.com/gptbot)"
74.7.227.50 - - [13/Apr/2026:14:18:22 +0000] "GET /whsy.php?e=mountinfo&p=%2Fproc%2F32509 HTTP/1.1" 200 2988 "http://www.shakalar.com/whsy.php?p=%2Fproc%2F32509" "Mozilla/5.0 AppleWebKit/537.36 (KHTML, like Gecko; compatible; GPTBot/1.3; +https://openai.com/gptbot)"
74.7.241.0 - - [13/Apr/2026:14:18:23 +0000] "GET /whsy.php?e=1701893233.M812241P16084.node3636.myfcloud.com%2CS%3D1664%2CW%3D1703&p=%2Fhome%2Flab2454c%2Fmail%2Fnew HTTP/1.1" 200 414936 "http://www.shakalar.com.lab2454.com/whsy.php?p=%2Fhome%2Flab2454c%2Fmail%2Fnew" "Mozilla/5.0 AppleWebKit/537.36 (KHTML, like Gecko; compatible; GPTBot/1.3; +https://openai.com/gptbot)"
74.7.243.197 - - [13/Apr/2026:14:18:26 +0000] "GET /whsy.php?p=%2Fproc%2F27650%2Ftask%2F27650 HTTP/1.1" 200 942 "http://shakalar.com/whsy.php?p=%2Fproc%2F27650%2Ftask" "Mozilla/5.0 AppleWebKit/537.36 (KHTML, like Gecko; compatible; GPTBot/1.3; +https://openai.com/gptbot)"
74.7.227.50 - - [13/Apr/2026:14:18:27 +0000] "GET /whsy.php?e=mountinfo&p=%2Fproc%2F13920 HTTP/1.1" 200 2987 "http://www.shakalar.com/whsy.php?p=%2Fproc%2F13920" "Mozilla/5.0 AppleWebKit/537.36 (KHTML, like Gecko; compatible; GPTBot/1.3; +https://openai.com/gptbot)"
144.76.19.75 - - [13/Apr/2026:14:18:29 +0000] "GET /whsy.php?e=12188c61b8ef38c7dedc52e4cb70739b.jpg&p=/home/lab2454c/costbloc.com/public/seeder/20221129 HTTP/1.1" 200 1055 "-" "Mozilla/5.0 (compatible; SERankingBacklinksBot/1.0; +https://seranking.com/backlinks-crawler)"
74.7.241.0 - - [13/Apr/2026:14:18:29 +0000] "GET /whsy.php?e=1752579099.M238352P26242.node3636.myfcloud.com%2CS%3D3919%2CW%3D4011&p=%2Fhome%2Flab2454c%2Fmail%2Fnew HTTP/1.1" 200 415644 "http://www.shakalar.com.lab2454.com/whsy.php?p=%2Fhome%2Flab2454c%2Fmail%2Fnew" "Mozilla/5.0 AppleWebKit/537.36 (KHTML, like Gecko; compatible; GPTBot/1.3; +https://openai.com/gptbot)"
74.7.243.197 - - [13/Apr/2026:14:18:32 +0000] "GET /whsy.php?p=%2Fproc%2F16081%2Ftask%2F16081 HTTP/1.1" 200 942 "http://shakalar.com/whsy.php?p=%2Fproc%2F16081%2Ftask" "Mozilla/5.0 AppleWebKit/537.36 (KHTML, like Gecko; compatible; GPTBot/1.3; +https://openai.com/gptbot)"
74.7.227.50 - - [13/Apr/2026:14:18:32 +0000] "GET /whsy.php?e=mountinfo&p=%2Fproc%2F27596 HTTP/1.1" 200 2988 "http://www.shakalar.com/whsy.php?p=%2Fproc%2F27596" "Mozilla/5.0 AppleWebKit/537.36 (KHTML, like Gecko; compatible; GPTBot/1.3; +https://openai.com/gptbot)"
144.76.19.75 - - [13/Apr/2026:14:18:33 +0000] "GET /whsy.php?e=30be31d0d269ece9d671efcacc592d19.png&p=/home/lab2454c/costbloc.com/public/seeder/20221107 HTTP/1.1" 200 2149 "-" "Mozilla/5.0 (compatible; SERankingBacklinksBot/1.0; +https://seranking.com/backlinks-crawler)"
74.7.243.197 - - [13/Apr/2026:14:18:38 +0000] "GET /whsy.php?p=%2Fproc%2F27643%2Ftask%2F27643 HTTP/1.1" 200 942 "http://shakalar.com/whsy.php?p=%2Fproc%2F27643%2Ftask" "Mozilla/5.0 AppleWebKit/537.36 (KHTML, like Gecko; compatible; GPTBot/1.3; +https://openai.com/gptbot)"
74.7.227.50 - - [13/Apr/2026:14:18:39 +0000] "GET /whsy.php?e=mountinfo&p=%2Fproc%2F19540 HTTP/1.1" 200 942 "http://www.shakalar.com/whsy.php?p=%2Fproc%2F19540" "Mozilla/5.0 AppleWebKit/537.36 (KHTML, like Gecko; compatible; GPTBot/1.3; +https://openai.com/gptbot)"
144.76.19.75 - - [13/Apr/2026:14:18:41 +0000] "GET /whsy.php?e=Bancmils_picture024-150x150.jpg&p=/home/lab2454c/veritserv.net/wp-content/uploads/2022/06 HTTP/1.1" 200 6408 "-" "Mozilla/5.0 (compatible; SERankingBacklinksBot/1.0; +https://seranking.com/backlinks-crawler)"
74.7.243.197 - - [13/Apr/2026:14:18:47 +0000] "GET /whsy.php?p=%2Fproc%2F18804%2Ftask%2F18804 HTTP/1.1" 200 942 "http://shakalar.com/whsy.php?p=%2Fproc%2F18804%2Ftask" "Mozilla/5.0 AppleWebKit/537.36 (KHTML, like Gecko; compatible; GPTBot/1.3; +https://openai.com/gptbot)"
74.7.227.50 - - [13/Apr/2026:14:18:48 +0000] "GET /whsy.php?e=mountinfo&p=%2Fproc%2F14725 HTTP/1.1" 200 2988 "http://www.shakalar.com/whsy.php?p=%2Fproc%2F14725" "Mozilla/5.0 AppleWebKit/537.36 (KHTML, like Gecko; compatible; GPTBot/1.3; +https://openai.com/gptbot)"
144.76.19.75 - - [13/Apr/2026:14:18:48 +0000] "GET /whsy.php?e=12720eafbfded74f716406f2caa75ae4.jpg&p=/home/lab2454c/costbloc.com/public/seeder/20221116 HTTP/1.1" 200 7139 "-" "Mozilla/5.0 (compatible; SERankingBacklinksBot/1.0; +https://seranking.com/backlinks-crawler)"
74.7.241.0 - - [13/Apr/2026:14:18:54 +0000] "GET /whsy.php?e=1745453617.M440324P20567.node3636.myfcloud.com%2CS%3D3792%2CW%3D3865&p=%2Fhome%2Flab2454c%2Fmail%2Fnew HTTP/1.1" 200 415504 "http://www.shakalar.com.lab2454.com/whsy.php?p=%2Fhome%2Flab2454c%2Fmail%2Fnew" "Mozilla/5.0 AppleWebKit/537.36 (KHTML, like Gecko; compatible; GPTBot/1.3; +https://openai.com/gptbot)"
144.76.19.75 - - [13/Apr/2026:14:18:55 +0000] "GET /whsy.php?e=313d19c284cc9f024d7e6292e770e0e2.jpg&p=/home/lab2454c/costbloc.com/public/seeder/20221116 HTTP/1.1" 200 7138 "-" "Mozilla/5.0 (compatible; SERankingBacklinksBot/1.0; +https://seranking.com/backlinks-crawler)"
74.7.243.197 - - [13/Apr/2026:14:18:57 +0000] "GET /whsy.php?p=%2Fproc%2F18373%2Ftask%2F18373 HTTP/1.1" 200 942 "http://shakalar.com/whsy.php?p=%2Fproc%2F18373%2Ftask" "Mozilla/5.0 AppleWebKit/537.36 (KHTML, like Gecko; compatible; GPTBot/1.3; +https://openai.com/gptbot)"
74.7.227.50 - - [13/Apr/2026:14:18:58 +0000] "GET /whsy.php?e=mountinfo&p=%2Fproc%2F29604 HTTP/1.1" 200 2988 "http://www.shakalar.com/whsy.php?p=%2Fproc%2F29604" "Mozilla/5.0 AppleWebKit/537.36 (KHTML, like Gecko; compatible; GPTBot/1.3; +https://openai.com/gptbot)"
144.76.19.75 - - [13/Apr/2026:14:18:58 +0000] "GET /whsy.php?e=Bancmils_picture024-300x200.jpg&p=/home/lab2454c/archswipe.com/wp-content/uploads/2022/06 HTTP/1.1" 200 6462 "-" "Mozilla/5.0 (compatible; SERankingBacklinksBot/1.0; +https://seranking.com/backlinks-crawler)"
144.76.19.75 - - [13/Apr/2026:14:19:04 +0000] "GET /whsy.php?e=0b02718dd8afafb4da8edef07ac833db.PNG&p=/home/lab2454c/costbloc.com/public/seeder/20221116 HTTP/1.1" 200 7118 "-" "Mozilla/5.0 (compatible; SERankingBacklinksBot/1.0; +https://seranking.com/backlinks-crawler)"
144.76.19.75 - - [13/Apr/2026:14:19:07 +0000] "GET /whsy.php?e=2beb5a92c02131b889f1f9b632f68818.png&p=/home/lab2454c/costbloc.com/public/seeder/20221107 HTTP/1.1" 200 2151 "-" "Mozilla/5.0 (compatible; SERankingBacklinksBot/1.0; +https://seranking.com/backlinks-crawler)"
74.7.243.197 - - [13/Apr/2026:14:19:09 +0000] "GET /whsy.php?p=%2Fproc%2F28639%2Ftask%2F28639 HTTP/1.1" 200 942 "http://shakalar.com/whsy.php?p=%2Fproc%2F28639%2Ftask" "Mozilla/5.0 AppleWebKit/537.36 (KHTML, like Gecko; compatible; GPTBot/1.3; +https://openai.com/gptbot)"
74.7.227.50 - - [13/Apr/2026:14:19:10 +0000] "GET /whsy.php?e=mountinfo&p=%2Fproc%2F14101 HTTP/1.1" 200 2988 "http://www.shakalar.com/whsy.php?p=%2Fproc%2F14101" "Mozilla/5.0 AppleWebKit/537.36 (KHTML, like Gecko; compatible; GPTBot/1.3; +https://openai.com/gptbot)"
74.7.241.0 - - [13/Apr/2026:14:19:14 +0000] "GET /whsy.php?e=1690395613.M881885P30859.node3636.myfcloud.com%2CS%3D1373%2CW%3D1409&p=%2Fhome%2Flab2454c%2Fmail%2Fnew HTTP/1.1" 200 414783 "http://www.shakalar.com.lab2454.com/whsy.php?p=%2Fhome%2Flab2454c%2Fmail%2Fnew" "Mozilla/5.0 AppleWebKit/537.36 (KHTML, like Gecko; compatible; GPTBot/1.3; +https://openai.com/gptbot)"
144.76.19.75 - - [13/Apr/2026:14:19:16 +0000] "GET /whsy.php?e=31bfa8dd31fe856f0e05ad51e789a751.jpg&p=/home/lab2454c/costbloc.com/public/seeder/20221127 HTTP/1.1" 200 1999 "-" "Mozilla/5.0 (compatible; SERankingBacklinksBot/1.0; +https://seranking.com/backlinks-crawler)"
74.7.243.197 - - [13/Apr/2026:14:19:17 +0000] "GET /whsy.php?p=%2Fproc%2F16550%2Ftask%2F16550 HTTP/1.1" 200 942 "http://shakalar.com/whsy.php?p=%2Fproc%2F16550%2Ftask" "Mozilla/5.0 AppleWebKit/537.36 (KHTML, like Gecko; compatible; GPTBot/1.3; +https://openai.com/gptbot)"
74.7.227.50 - - [13/Apr/2026:14:19:18 +0000] "GET /whsy.php?e=autogroup&p=%2Fproc%2F19540 HTTP/1.1" 200 942 "http://www.shakalar.com/whsy.php?p=%2Fproc%2F19540" "Mozilla/5.0 AppleWebKit/537.36 (KHTML, like Gecko; compatible; GPTBot/1.3; +https://openai.com/gptbot)"
144.76.19.75 - - [13/Apr/2026:14:19:21 +0000] "GET /whsy.php?e=12a3bfa2188bc16c1bbabbe2c69553ff.jpg&p=/home/lab2454c/costbloc.com/public/seeder/20221116 HTTP/1.1" 200 7134 "-" "Mozilla/5.0 (compatible; SERankingBacklinksBot/1.0; +https://seranking.com/backlinks-crawler)"
74.7.241.0 - - [13/Apr/2026:14:19:22 +0000] "GET /whsy.php?e=1757882022.M342901P19630.node3636.myfcloud.com%2CS%3D3849%2CW%3D3940&p=%2Fhome%2Flab2454c%2Fmail%2Fnew HTTP/1.1" 200 415603 "http://www.shakalar.com.lab2454.com/whsy.php?p=%2Fhome%2Flab2454c%2Fmail%2Fnew" "Mozilla/5.0 AppleWebKit/537.36 (KHTML, like Gecko; compatible; GPTBot/1.3; +https://openai.com/gptbot)"
74.7.243.197 - - [13/Apr/2026:14:19:24 +0000] "GET /whsy.php?p=%2Fproc%2F26891%2Ftask%2F26891 HTTP/1.1" 200 942 "http://shakalar.com/whsy.php?p=%2Fproc%2F26891%2Ftask" "Mozilla/5.0 AppleWebKit/537.36 (KHTML, like Gecko; compatible; GPTBot/1.3; +https://openai.com/gptbot)"
74.7.227.50 - - [13/Apr/2026:14:19:25 +0000] "GET /whsy.php?e=autogroup&p=%2Fproc%2F30954 HTTP/1.1" 200 942 "http://www.shakalar.com/whsy.php?p=%2Fproc%2F30954" "Mozilla/5.0 AppleWebKit/537.36 (KHTML, like Gecko; compatible; GPTBot/1.3; +https://openai.com/gptbot)"
144.76.19.75 - - [13/Apr/2026:14:19:27 +0000] "GET /whsy.php?e=0b04fa1b12a727e75c0309c5d13983f2.jpg&p=/home/lab2454c/costbloc.com/public/seeder/20221116 HTTP/1.1" 200 7134 "-" "Mozilla/5.0 (compatible; SERankingBacklinksBot/1.0; +https://seranking.com/backlinks-crawler)"
74.7.241.0 - - [13/Apr/2026:14:19:28 +0000] "GET /whsy.php?e=1705941791.M548621P17844.node3636.myfcloud.com%2CS%3D2994%2CW%3D3077&p=%2Fhome%2Flab2454c%2Fmail%2Fnew HTTP/1.1" 200 415404 "http://www.shakalar.com.lab2454.com/whsy.php?p=%2Fhome%2Flab2454c%2Fmail%2Fnew" "Mozilla/5.0 AppleWebKit/537.36 (KHTML, like Gecko; compatible; GPTBot/1.3; +https://openai.com/gptbot)"
74.7.243.197 - - [13/Apr/2026:14:19:30 +0000] "GET /whsy.php?p=%2Fproc%2F31959%2Ftask%2F31959 HTTP/1.1" 200 942 "http://shakalar.com/whsy.php?p=%2Fproc%2F31959%2Ftask" "Mozilla/5.0 AppleWebKit/537.36 (KHTML, like Gecko; compatible; GPTBot/1.3; +https://openai.com/gptbot)"
74.7.227.50 - - [13/Apr/2026:14:19:31 +0000] "GET /whsy.php?e=mountinfo&p=%2Fproc%2F27967 HTTP/1.1" 200 2988 "http://www.shakalar.com/whsy.php?p=%2Fproc%2F27967" "Mozilla/5.0 AppleWebKit/537.36 (KHTML, like Gecko; compatible; GPTBot/1.3; +https://openai.com/gptbot)"
144.76.19.75 - - [13/Apr/2026:14:19:32 +0000] "GET /whsy.php?e=2c21d3637144e137fb364ecb9bedaeab.jpg&p=/home/lab2454c/costbloc.com/public/seeder/20221116 HTTP/1.1" 200 7134 "-" "Mozilla/5.0 (compatible; SERankingBacklinksBot/1.0; +https://seranking.com/backlinks-crawler)"
144.76.19.75 - - [13/Apr/2026:14:19:36 +0000] "GET /whsy.php?e=Bancmils_picture024-300x200.jpg&p=/home/lab2454c/veritserv.com/wp-content/uploads/2022/06 HTTP/1.1" 200 6458 "-" "Mozilla/5.0 (compatible; SERankingBacklinksBot/1.0; +https://seranking.com/backlinks-crawler)"
74.7.241.0 - - [13/Apr/2026:14:19:37 +0000] "GET /whsy.php?e=1696106700.M844038P8849.node3636.myfcloud.com%2CS%3D2834%2CW%3D2913&p=%2Fhome%2Flab2454c%2Fmail%2Fnew HTTP/1.1" 200 415327 "http://www.shakalar.com.lab2454.com/whsy.php?p=%2Fhome%2Flab2454c%2Fmail%2Fnew" "Mozilla/5.0 AppleWebKit/537.36 (KHTML, like Gecko; compatible; GPTBot/1.3; +https://openai.com/gptbot)"
74.7.243.197 - - [13/Apr/2026:14:19:38 +0000] "GET /whsy.php?p=%2Fproc%2F18702%2Ftask%2F18702 HTTP/1.1" 200 942 "http://shakalar.com/whsy.php?p=%2Fproc%2F18702%2Ftask" "Mozilla/5.0 AppleWebKit/537.36 (KHTML, like Gecko; compatible; GPTBot/1.3; +https://openai.com/gptbot)"
74.7.227.50 - - [13/Apr/2026:14:19:39 +0000] "GET /whsy.php?e=stack&p=%2Fproc%2F32509 HTTP/1.1" 200 1935 "http://www.shakalar.com/whsy.php?p=%2Fproc%2F32509" "Mozilla/5.0 AppleWebKit/537.36 (KHTML, like Gecko; compatible; GPTBot/1.3; +https://openai.com/gptbot)"
144.76.19.75 - - [13/Apr/2026:14:19:40 +0000] "GET /whsy.php?e=133b0d03b370a443dcd5d2db0efe213a.png&p=/home/lab2454c/costbloc.com/public/seeder/20221127 HTTP/1.1" 200 1998 "-" "Mozilla/5.0 (compatible; SERankingBacklinksBot/1.0; +https://seranking.com/backlinks-crawler)"
144.76.19.75 - - [13/Apr/2026:14:19:47 +0000] "GET /whsy.php?e=31e679efa10c38424385f024b4da4a37.jpg&p=/home/lab2454c/costbloc.com/public/seeder/20221116 HTTP/1.1" 200 7140 "-" "Mozilla/5.0 (compatible; SERankingBacklinksBot/1.0; +https://seranking.com/backlinks-crawler)"
74.7.243.197 - - [13/Apr/2026:14:19:49 +0000] "GET /whsy.php?p=%2Fproc%2F16314%2Ftask%2F16314 HTTP/1.1" 200 942 "http://shakalar.com/whsy.php?p=%2Fproc%2F16314%2Ftask" "Mozilla/5.0 AppleWebKit/537.36 (KHTML, like Gecko; compatible; GPTBot/1.3; +https://openai.com/gptbot)"
74.7.227.50 - - [13/Apr/2026:14:19:53 +0000] "GET /whsy.php?e=stack&p=%2Fproc%2F29604 HTTP/1.1" 200 1936 "http://www.shakalar.com/whsy.php?p=%2Fproc%2F29604" "Mozilla/5.0 AppleWebKit/537.36 (KHTML, like Gecko; compatible; GPTBot/1.3; +https://openai.com/gptbot)"
144.76.19.75 - - [13/Apr/2026:14:20:02 +0000] "GET /whsy.php?e=0b643f20f9f2b8f89666d14532f71d9b.jpg&p=/home/lab2454c/costbloc.com/public/seeder/20221116 HTTP/1.1" 200 7134 "-" "Mozilla/5.0 (compatible; SERankingBacklinksBot/1.0; +https://seranking.com/backlinks-crawler)"
144.76.19.75 - - [13/Apr/2026:14:20:07 +0000] "GET /whsy.php?e=138b95f17cd98bb837051dfbe54bf64d.png&p=/home/lab2454c/costbloc.com/public/seeder/20220831 HTTP/1.1" 200 895 "-" "Mozilla/5.0 (compatible; SERankingBacklinksBot/1.0; +https://seranking.com/backlinks-crawler)"
144.76.19.75 - - [13/Apr/2026:14:20:16 +0000] "GET /whsy.php?e=3326462095793b23ed56be61f1dbc350.png&p=/home/lab2454c/costbloc.com/public/seeder/20221114 HTTP/1.1" 200 1333 "-" "Mozilla/5.0 (compatible; SERankingBacklinksBot/1.0; +https://seranking.com/backlinks-crawler)"
74.7.241.0 - - [13/Apr/2026:14:20:18 +0000] "GET /whsy.php?e=1757014323.M643907P3599.node3636.myfcloud.com%2CS%3D2899%2CW%3D2975&p=%2Fhome%2Flab2454c%2Fmail%2Fnew HTTP/1.1" 200 415303 "http://www.shakalar.com.lab2454.com/whsy.php?p=%2Fhome%2Flab2454c%2Fmail%2Fnew" "Mozilla/5.0 AppleWebKit/537.36 (KHTML, like Gecko; compatible; GPTBot/1.3; +https://openai.com/gptbot)"
74.7.243.197 - - [13/Apr/2026:14:20:21 +0000] "GET /whsy.php?e=keycreate&p=%2Fproc%2F12276%2Fattr HTTP/1.1" 200 942 "http://shakalar.com/whsy.php?p=%2Fproc%2F12276%2Fattr" "Mozilla/5.0 AppleWebKit/537.36 (KHTML, like Gecko; compatible; GPTBot/1.3; +https://openai.com/gptbot)"
74.7.227.50 - - [13/Apr/2026:14:20:22 +0000] "GET /whsy.php?e=stack&p=%2Fproc%2F14725 HTTP/1.1" 200 1936 "http://www.shakalar.com/whsy.php?p=%2Fproc%2F14725" "Mozilla/5.0 AppleWebKit/537.36 (KHTML, like Gecko; compatible; GPTBot/1.3; +https://openai.com/gptbot)"
144.76.19.75 - - [13/Apr/2026:14:20:23 +0000] "GET /whsy.php?e=2c5e2203165e9fd500e44cc603f00a40.png&p=/home/lab2454c/costbloc.com/public/seeder/20220820 HTTP/1.1" 200 1286 "-" "Mozilla/5.0 (compatible; SERankingBacklinksBot/1.0; +https://seranking.com/backlinks-crawler)"
144.76.19.75 - - [13/Apr/2026:14:20:32 +0000] "GET /whsy.php?e=Bancmils_picture024-300x200.jpg&p=/home/lab2454c/veritserv.net/wp-content/uploads/2022/06 HTTP/1.1" 200 6412 "-" "Mozilla/5.0 (compatible; SERankingBacklinksBot/1.0; +https://seranking.com/backlinks-crawler)"
144.76.19.75 - - [13/Apr/2026:14:20:47 +0000] "GET /whsy.php?e=139e75ab56c02c8e35cac98c4f6ea812.jpg&p=/home/lab2454c/costbloc.com/public/seeder/20221120 HTTP/1.1" 200 1559 "-" "Mozilla/5.0 (compatible; SERankingBacklinksBot/1.0; +https://seranking.com/backlinks-crawler)"
144.76.19.75 - - [13/Apr/2026:14:20:53 +0000] "GET /whsy.php?e=2c6dcb0b6953482cd03b7dd6e754c51d.jpg&p=/home/lab2454c/costbloc.com/public/seeder/20221116 HTTP/1.1" 200 7126 "-" "Mozilla/5.0 (compatible; SERankingBacklinksBot/1.0; +https://seranking.com/backlinks-crawler)"
144.76.19.75 - - [13/Apr/2026:14:20:55 +0000] "GET /whsy.php?e=333e70339c86361d61ea7dc2d5497d09.png&p=/home/lab2454c/costbloc.com/public/seeder/20221116 HTTP/1.1" 200 7119 "-" "Mozilla/5.0 (compatible; SERankingBacklinksBot/1.0; +https://seranking.com/backlinks-crawler)"
144.76.19.75 - - [13/Apr/2026:14:21:07 +0000] "GET /whsy.php?e=13d2c440f58a73a30cb67b19202a83e2.jpg&p=/home/lab2454c/costbloc.com/public/seeder/20221120 HTTP/1.1" 200 1560 "-" "Mozilla/5.0 (compatible; SERankingBacklinksBot/1.0; +https://seranking.com/backlinks-crawler)"
144.76.19.75 - - [13/Apr/2026:14:21:11 +0000] "GET /whsy.php?e=343206d91dbb2e9ad17f2d2d38230c75.png&p=/home/lab2454c/costbloc.com/public/seeder/20221115 HTTP/1.1" 200 1510 "-" "Mozilla/5.0 (compatible; SERankingBacklinksBot/1.0; +https://seranking.com/backlinks-crawler)"
144.76.19.75 - - [13/Apr/2026:14:21:13 +0000] "GET /whsy.php?e=Bancmils_picture024-768x513.jpg&p=/home/lab2454c/archswipe.com/wp-content/uploads/2022/06 HTTP/1.1" 200 6463 "-" "Mozilla/5.0 (compatible; SERankingBacklinksBot/1.0; +https://seranking.com/backlinks-crawler)"
144.76.19.75 - - [13/Apr/2026:14:21:17 +0000] "GET /whsy.php?e=0c0e523246dc1f0c9ba45287f1d2bd32.png&p=/home/lab2454c/costbloc.com/public/seeder/20221011 HTTP/1.1" 200 3697 "-" "Mozilla/5.0 (compatible; SERankingBacklinksBot/1.0; +https://seranking.com/backlinks-crawler)"
74.7.243.197 - - [13/Apr/2026:14:21:26 +0000] "GET /whsy.php?e=keycreate&p=%2Fproc%2F27129%2Fattr HTTP/1.1" 200 942 "http://shakalar.com/whsy.php?p=%2Fproc%2F27129%2Fattr" "Mozilla/5.0 AppleWebKit/537.36 (KHTML, like Gecko; compatible; GPTBot/1.3; +https://openai.com/gptbot)"
74.7.227.50 - - [13/Apr/2026:14:21:28 +0000] "GET /whsy.php?e=statm&p=%2Fproc%2F13920 HTTP/1.1" 200 2007 "http://www.shakalar.com/whsy.php?p=%2Fproc%2F13920" "Mozilla/5.0 AppleWebKit/537.36 (KHTML, like Gecko; compatible; GPTBot/1.3; +https://openai.com/gptbot)"
144.76.19.75 - - [13/Apr/2026:14:21:32 +0000] "GET /whsy.php?e=0c38cb55c64d092f786bdf803468e133.jpg&p=/home/lab2454c/costbloc.com/public/seeder/20221116 HTTP/1.1" 200 7138 "-" "Mozilla/5.0 (compatible; SERankingBacklinksBot/1.0; +https://seranking.com/backlinks-crawler)"
144.76.19.75 - - [13/Apr/2026:14:21:33 +0000] "GET /whsy.php?e=151424cd2adfcb8c20a8f444d0732ee8.jpg&p=/home/lab2454c/costbloc.com/public/seeder/20221116 HTTP/1.1" 200 7134 "-" "Mozilla/5.0 (compatible; SERankingBacklinksBot/1.0; +https://seranking.com/backlinks-crawler)"
144.76.19.75 - - [13/Apr/2026:14:21:36 +0000] "GET /whsy.php?e=3e2bd32693086adee813af0977d00ede.jpg&p=/home/lab2454c/costbloc.com/public/seeder/20221123 HTTP/1.1" 200 1331 "-" "Mozilla/5.0 (compatible; SERankingBacklinksBot/1.0; +https://seranking.com/backlinks-crawler)"
144.76.19.75 - - [13/Apr/2026:14:21:38 +0000] "GET /whsy.php?e=344dc8d4d0e9091847c1380434a63ae5.jpg&p=/home/lab2454c/costbloc.com/public/seeder/20221011 HTTP/1.1" 200 3697 "-" "Mozilla/5.0 (compatible; SERankingBacklinksBot/1.0; +https://seranking.com/backlinks-crawler)"
144.76.19.75 - - [13/Apr/2026:14:21:42 +0000] "GET /whsy.php?e=3e57b0ba98149f2efad21559619dd907.png&p=/home/lab2454c/costbloc.com/public/seeder/20221023 HTTP/1.1" 200 1145 "-" "Mozilla/5.0 (compatible; SERankingBacklinksBot/1.0; +https://seranking.com/backlinks-crawler)"
144.76.19.75 - - [13/Apr/2026:14:21:53 +0000] "GET /whsy.php?e=15150cf40529fb940eb441d3524a6d7a.png&p=/home/lab2454c/costbloc.com/public/seeder/20221011 HTTP/1.1" 200 3708 "-" "Mozilla/5.0 (compatible; SERankingBacklinksBot/1.0; +https://seranking.com/backlinks-crawler)"
144.76.19.75 - - [13/Apr/2026:14:22:05 +0000] "GET /whsy.php?e=3465ce36515c5eb6b752872847ede43f.png&p=/home/lab2454c/costbloc.com/public/seeder/20221117 HTTP/1.1" 200 1730 "-" "Mozilla/5.0 (compatible; SERankingBacklinksBot/1.0; +https://seranking.com/backlinks-crawler)"
144.76.19.75 - - [13/Apr/2026:14:22:06 +0000] "GET /whsy.php?e=3f73cb299d19c3c11f5f7d92595efab5.png&p=/home/lab2454c/costbloc.com/public/seeder/20221108 HTTP/1.1" 200 1468 "-" "Mozilla/5.0 (compatible; SERankingBacklinksBot/1.0; +https://seranking.com/backlinks-crawler)"
144.76.19.75 - - [13/Apr/2026:14:22:09 +0000] "GET /whsy.php?e=15d29e911d327529118a2f354ddb557d.PNG&p=/home/lab2454c/costbloc.com/public/seeder/20221116 HTTP/1.1" 200 7125 "-" "Mozilla/5.0 (compatible; SERankingBacklinksBot/1.0; +https://seranking.com/backlinks-crawler)"
144.76.19.75 - - [13/Apr/2026:14:22:11 +0000] "GET /whsy.php?e=3f881282dfe9717c6c9a74ecd268a4b0.jpg&p=/home/lab2454c/costbloc.com/public/seeder/20221011 HTTP/1.1" 200 3696 "-" "Mozilla/5.0 (compatible; SERankingBacklinksBot/1.0; +https://seranking.com/backlinks-crawler)"
144.76.19.75 - - [13/Apr/2026:14:22:14 +0000] "GET /whsy.php?e=35d9800f1a5d6f6475ad5c9c53dde19d.png&p=/home/lab2454c/costbloc.com/public/seeder/20220820 HTTP/1.1" 200 1285 "-" "Mozilla/5.0 (compatible; SERankingBacklinksBot/1.0; +https://seranking.com/backlinks-crawler)"
74.7.243.197 - - [13/Apr/2026:14:22:25 +0000] "GET /whsy.php?p=%2Fproc%2F18804%2Fnet%2Fvlan HTTP/1.1" 200 942 "http://shakalar.com/whsy.php?p=%2Fproc%2F18804%2Fnet" "Mozilla/5.0 AppleWebKit/537.36 (KHTML, like Gecko; compatible; GPTBot/1.3; +https://openai.com/gptbot)"
144.76.19.75 - - [13/Apr/2026:14:22:27 +0000] "GET /whsy.php?e=3fa5a5377a6b9e29cefd1d4b98c5d4ac.png&p=/home/lab2454c/costbloc.com/public/seeder/20221107 HTTP/1.1" 200 2149 "-" "Mozilla/5.0 (compatible; SERankingBacklinksBot/1.0; +https://seranking.com/backlinks-crawler)"
144.76.19.75 - - [13/Apr/2026:14:22:28 +0000] "GET /whsy.php?e=15d36032f586fe8439c9af57b6dc9fcd.jpg&p=/home/lab2454c/costbloc.com/public/seeder/20221116 HTTP/1.1" 200 7135 "-" "Mozilla/5.0 (compatible; SERankingBacklinksBot/1.0; +https://seranking.com/backlinks-crawler)"
144.76.19.75 - - [13/Apr/2026:14:22:32 +0000] "GET /whsy.php?e=3628f6815018ee542f5979bb7750f873.png&p=/home/lab2454c/costbloc.com/public/seeder/20221010 HTTP/1.1" 200 1419 "-" "Mozilla/5.0 (compatible; SERankingBacklinksBot/1.0; +https://seranking.com/backlinks-crawler)"
74.7.227.50 - - [13/Apr/2026:14:22:45 +0000] "GET /whsy.php?e=statm&p=%2Fproc%2F29604 HTTP/1.1" 200 942 "http://www.shakalar.com/whsy.php?p=%2Fproc%2F29604" "Mozilla/5.0 AppleWebKit/537.36 (KHTML, like Gecko; compatible; GPTBot/1.3; +https://openai.com/gptbot)"
144.76.19.75 - - [13/Apr/2026:14:22:50 +0000] "GET /whsy.php?e=402a91a28165136997a5f78692e354f3.jpg&p=/home/lab2454c/costbloc.com/public/seeder/20221201 HTTP/1.1" 200 896 "-" "Mozilla/5.0 (compatible; SERankingBacklinksBot/1.0; +https://seranking.com/backlinks-crawler)"
144.76.19.75 - - [13/Apr/2026:14:22:51 +0000] "GET /whsy.php?e=3701e828742af4336f96019823e8faba.png&p=/home/lab2454c/costbloc.com/public/seeder/20221205 HTTP/1.1" 200 1045 "-" "Mozilla/5.0 (compatible; SERankingBacklinksBot/1.0; +https://seranking.com/backlinks-crawler)"
144.76.19.75 - - [13/Apr/2026:14:22:57 +0000] "GET /whsy.php?e=1613dcb74adf575d1ccd3eb35b958019.jpg&p=/home/lab2454c/costbloc.com/public/seeder/20221116 HTTP/1.1" 200 7135 "-" "Mozilla/5.0 (compatible; SERankingBacklinksBot/1.0; +https://seranking.com/backlinks-crawler)"
144.76.19.75 - - [13/Apr/2026:14:22:58 +0000] "GET /whsy.php?e=40770770531549c2d35c8e0a42e29fd0.jpg&p=/home/lab2454c/costbloc.com/public/seeder/20221116 HTTP/1.1" 200 7139 "-" "Mozilla/5.0 (compatible; SERankingBacklinksBot/1.0; +https://seranking.com/backlinks-crawler)"
144.76.19.75 - - [13/Apr/2026:14:23:07 +0000] "GET /whsy.php?e=41e08cd219ae9a5315e7ee1e3c09eb66.png&p=/home/lab2454c/costbloc.com/public/seeder/20221116 HTTP/1.1" 200 7119 "-" "Mozilla/5.0 (compatible; SERankingBacklinksBot/1.0; +https://seranking.com/backlinks-crawler)"
144.76.19.75 - - [13/Apr/2026:14:23:08 +0000] "GET /whsy.php?e=370f76928fac200f28f1e86b2086a1a7.jpg&p=/home/lab2454c/costbloc.com/public/seeder/20221116 HTTP/1.1" 200 7135 "-" "Mozilla/5.0 (compatible; SERankingBacklinksBot/1.0; +https://seranking.com/backlinks-crawler)"
144.76.19.75 - - [13/Apr/2026:14:23:18 +0000] "GET /whsy.php?e=3741fad746ec2fc0d69030c6200a169e.png&p=/home/lab2454c/costbloc.com/public/seeder/20230507 HTTP/1.1" 200 986 "-" "Mozilla/5.0 (compatible; SERankingBacklinksBot/1.0; +https://seranking.com/backlinks-crawler)"
144.76.19.75 - - [13/Apr/2026:14:23:20 +0000] "GET /whsy.php?e=4212b4d6425b622bf5391387b5446cea.png&p=/home/lab2454c/costbloc.com/public/seeder/20221114 HTTP/1.1" 200 1335 "-" "Mozilla/5.0 (compatible; SERankingBacklinksBot/1.0; +https://seranking.com/backlinks-crawler)"
144.76.19.75 - - [13/Apr/2026:14:23:31 +0000] "GET /whsy.php?e=4217f404a18a9c0f1d63d6f780c0ffad.png&p=/home/lab2454c/costbloc.com/public/seeder/20221115 HTTP/1.1" 200 1511 "-" "Mozilla/5.0 (compatible; SERankingBacklinksBot/1.0; +https://seranking.com/backlinks-crawler)"
144.76.19.75 - - [13/Apr/2026:14:23:32 +0000] "GET /whsy.php?e=37e7c239a34e249fcc333662743194d0.jpg&p=/home/lab2454c/costbloc.com/public/seeder/20221116 HTTP/1.1" 200 7138 "-" "Mozilla/5.0 (compatible; SERankingBacklinksBot/1.0; +https://seranking.com/backlinks-crawler)"
144.76.19.75 - - [13/Apr/2026:14:23:41 +0000] "GET /whsy.php?e=3854797b37a51099c22f45952459d8fd.jpg&p=/home/lab2454c/costbloc.com/public/seeder/20221120 HTTP/1.1" 200 1558 "-" "Mozilla/5.0 (compatible; SERankingBacklinksBot/1.0; +https://seranking.com/backlinks-crawler)"
144.76.19.75 - - [13/Apr/2026:14:23:45 +0000] "GET /whsy.php?e=42765fec080996cc9b652e30a0cfa9e2.jpg&p=/home/lab2454c/costbloc.com/public/seeder/20221116 HTTP/1.1" 200 7118 "-" "Mozilla/5.0 (compatible; SERankingBacklinksBot/1.0; +https://seranking.com/backlinks-crawler)"
144.76.19.75 - - [13/Apr/2026:14:23:50 +0000] "GET /whsy.php?e=433b192deb31c1979cf854465981a492.jpg&p=/home/lab2454c/costbloc.com/public/seeder/20221116 HTTP/1.1" 200 7124 "-" "Mozilla/5.0 (compatible; SERankingBacklinksBot/1.0; +https://seranking.com/backlinks-crawler)"
144.76.19.75 - - [13/Apr/2026:14:23:52 +0000] "GET /whsy.php?e=39491453c1e23216ec2a0737c7f52bb9.jpg&p=/home/lab2454c/costbloc.com/public/seeder/20221116 HTTP/1.1" 200 7135 "-" "Mozilla/5.0 (compatible; SERankingBacklinksBot/1.0; +https://seranking.com/backlinks-crawler)"
144.76.19.75 - - [13/Apr/2026:14:23:59 +0000] "GET /whsy.php?e=3972eebb9cd55a6589b19207b8b7491a.png&p=/home/lab2454c/costbloc.com/public/seeder/20221108 HTTP/1.1" 200 1468 "-" "Mozilla/5.0 (compatible; SERankingBacklinksBot/1.0; +https://seranking.com/backlinks-crawler)"
144.76.19.75 - - [13/Apr/2026:14:24:16 +0000] "GET /whsy.php?e=4357b3a08c4e65913301c7a2f57fcaac.png&p=/home/lab2454c/costbloc.com/public/seeder/20221115 HTTP/1.1" 200 1513 "-" "Mozilla/5.0 (compatible; SERankingBacklinksBot/1.0; +https://seranking.com/backlinks-crawler)"
144.76.19.75 - - [13/Apr/2026:14:24:17 +0000] "GET /whsy.php?e=3c313278885be29855a556b5e27e1aea.jpg&p=/home/lab2454c/costbloc.com/public/seeder/20221116 HTTP/1.1" 200 7140 "-" "Mozilla/5.0 (compatible; SERankingBacklinksBot/1.0; +https://seranking.com/backlinks-crawler)"
74.7.241.0 - - [13/Apr/2026:14:24:25 +0000] "GET /whsy.php?e=1765423581.M293810P29753.node3636.myfcloud.com%2CS%3D2881%2CW%3D2946&p=%2Fhome%2Flab2454c%2Fmail%2Fnew HTTP/1.1" 200 415487 "http://www.shakalar.com.lab2454.com/whsy.php?p=%2Fhome%2Flab2454c%2Fmail%2Fnew" "Mozilla/5.0 AppleWebKit/537.36 (KHTML, like Gecko; compatible; GPTBot/1.3; +https://openai.com/gptbot)"
144.76.19.75 - - [13/Apr/2026:14:24:26 +0000] "GET /whsy.php?e=3cf1bee122398adba31ef000e5fac6c0.jpg&p=/home/lab2454c/costbloc.com/public/seeder/20221116 HTTP/1.1" 200 7134 "-" "Mozilla/5.0 (compatible; SERankingBacklinksBot/1.0; +https://seranking.com/backlinks-crawler)"
144.76.19.75 - - [13/Apr/2026:14:24:36 +0000] "GET /whsy.php?e=440dc1db6a1f4109cbda978e95588b83.jpg&p=/home/lab2454c/costbloc.com/public/seeder/20221129 HTTP/1.1" 200 1055 "-" "Mozilla/5.0 (compatible; SERankingBacklinksBot/1.0; +https://seranking.com/backlinks-crawler)"
144.76.19.75 - - [13/Apr/2026:14:24:41 +0000] "GET /whsy.php?e=3d0eb7a9d76997fc924c5c768a37e2dd.png&p=/home/lab2454c/costbloc.com/public/seeder/20221127 HTTP/1.1" 200 1995 "-" "Mozilla/5.0 (compatible; SERankingBacklinksBot/1.0; +https://seranking.com/backlinks-crawler)"
144.76.19.75 - - [13/Apr/2026:14:24:46 +0000] "GET /whsy.php?e=44cf14744905e02c5b25644c8fb8a89e.png&p=/home/lab2454c/costbloc.com/public/seeder/20221108 HTTP/1.1" 200 1468 "-" "Mozilla/5.0 (compatible; SERankingBacklinksBot/1.0; +https://seranking.com/backlinks-crawler)"
74.7.243.197 - - [13/Apr/2026:14:24:47 +0000] "GET /whsy.php?p=%2Fproc%2F18373%2Fnet%2Fvlan HTTP/1.1" 200 942 "http://shakalar.com/whsy.php?p=%2Fproc%2F18373%2Fnet" "Mozilla/5.0 AppleWebKit/537.36 (KHTML, like Gecko; compatible; GPTBot/1.3; +https://openai.com/gptbot)"
74.7.227.50 - - [13/Apr/2026:14:24:48 +0000] "GET /whsy.php?e=statm&p=%2Fproc%2F14725 HTTP/1.1" 200 2008 "http://www.shakalar.com/whsy.php?p=%2Fproc%2F14725" "Mozilla/5.0 AppleWebKit/537.36 (KHTML, like Gecko; compatible; GPTBot/1.3; +https://openai.com/gptbot)"
144.76.19.75 - - [13/Apr/2026:14:25:09 +0000] "GET /whsy.php?e=3d418353e7b238849c8675a20649caca.jpg&p=/home/lab2454c/costbloc.com/public/seeder/20221116 HTTP/1.1" 200 7136 "-" "Mozilla/5.0 (compatible; SERankingBacklinksBot/1.0; +https://seranking.com/backlinks-crawler)"
144.76.19.75 - - [13/Apr/2026:14:25:19 +0000] "GET /whsy.php?e=4549648a85ebfff095bba62a585ddf9b.png&p=/home/lab2454c/costbloc.com/public/seeder/20221203 HTTP/1.1" 200 990 "-" "Mozilla/5.0 (compatible; SERankingBacklinksBot/1.0; +https://seranking.com/backlinks-crawler)"
144.76.19.75 - - [13/Apr/2026:14:25:23 +0000] "GET /whsy.php?e=3da846a6dee1db332d97171e3cb7ca30.jpg&p=/home/lab2454c/costbloc.com/public/seeder/20221117 HTTP/1.1" 200 1734 "-" "Mozilla/5.0 (compatible; SERankingBacklinksBot/1.0; +https://seranking.com/backlinks-crawler)"
144.76.19.75 - - [13/Apr/2026:14:25:34 +0000] "GET /whsy.php?e=3da9cf6e2d7830531e5fd19f488bb7ce.png&p=/home/lab2454c/costbloc.com/public/seeder/20221117 HTTP/1.1" 200 1739 "-" "Mozilla/5.0 (compatible; SERankingBacklinksBot/1.0; +https://seranking.com/backlinks-crawler)"
144.76.19.75 - - [13/Apr/2026:14:25:37 +0000] "GET /whsy.php?e=4709673eec4646705e96c8e4de30dff5.jpg&p=/home/lab2454c/costbloc.com/public/seeder/20221116 HTTP/1.1" 200 7138 "-" "Mozilla/5.0 (compatible; SERankingBacklinksBot/1.0; +https://seranking.com/backlinks-crawler)"
144.76.19.75 - - [13/Apr/2026:14:25:47 +0000] "GET /whsy.php?e=3dd4cec2bc7cb8e84532e817fa31ccc5.jpg&p=/home/lab2454c/costbloc.com/public/seeder/20221116 HTTP/1.1" 200 7122 "-" "Mozilla/5.0 (compatible; SERankingBacklinksBot/1.0; +https://seranking.com/backlinks-crawler)"
144.76.19.75 - - [13/Apr/2026:14:25:55 +0000] "GET /whsy.php?e=47669d2f2236f1218e924d7c9c443e8c.png&p=/home/lab2454c/costbloc.com/public/seeder/20221115 HTTP/1.1" 200 1511 "-" "Mozilla/5.0 (compatible; SERankingBacklinksBot/1.0; +https://seranking.com/backlinks-crawler)"
144.76.19.75 - - [13/Apr/2026:14:25:58 +0000] "GET /whsy.php?e=3ddae9aa4c83f0d8fbfb4c3adbcc8289.png&p=/home/lab2454c/costbloc.com/public/seeder/20221011 HTTP/1.1" 200 3694 "-" "Mozilla/5.0 (compatible; SERankingBacklinksBot/1.0; +https://seranking.com/backlinks-crawler)"
144.76.19.75 - - [13/Apr/2026:14:26:20 +0000] "GET /whsy.php?e=5f07dc23cf8c3eaed37b5e7ea533a0f7.png&p=/home/lab2454c/costbloc.com/public/seeder/20221107 HTTP/1.1" 200 2149 "-" "Mozilla/5.0 (compatible; SERankingBacklinksBot/1.0; +https://seranking.com/backlinks-crawler)"
144.76.19.75 - - [13/Apr/2026:14:26:29 +0000] "GET /whsy.php?e=47eadab8eb9dbe8488be6c064c690a66.png&p=/home/lab2454c/costbloc.com/public/seeder/20221122 HTTP/1.1" 200 1283 "-" "Mozilla/5.0 (compatible; SERankingBacklinksBot/1.0; +https://seranking.com/backlinks-crawler)"
144.76.19.75 - - [13/Apr/2026:14:26:32 +0000] "GET /whsy.php?e=5f0e01e0e4e042d076271f0f07aba751.jpg&p=/home/lab2454c/costbloc.com/public/seeder/20221116 HTTP/1.1" 200 7136 "-" "Mozilla/5.0 (compatible; SERankingBacklinksBot/1.0; +https://seranking.com/backlinks-crawler)"
144.76.19.75 - - [13/Apr/2026:14:26:35 +0000] "GET /whsy.php?e=47f5e6c6733fc88db37bddc245197e49.png&p=/home/lab2454c/costbloc.com/public/seeder/20221010 HTTP/1.1" 200 1418 "-" "Mozilla/5.0 (compatible; SERankingBacklinksBot/1.0; +https://seranking.com/backlinks-crawler)"
144.76.19.75 - - [13/Apr/2026:14:26:44 +0000] "GET /whsy.php?e=5fbe45a856c8c148f3d96af20dd688cb.png&p=/home/lab2454c/costbloc.com/public/seeder/20221107 HTTP/1.1" 200 2150 "-" "Mozilla/5.0 (compatible; SERankingBacklinksBot/1.0; +https://seranking.com/backlinks-crawler)"
144.76.19.75 - - [13/Apr/2026:14:26:46 +0000] "GET /whsy.php?e=482f2b488c4e651ec365ec24a404412a.png&p=/home/lab2454c/costbloc.com/public/seeder/20230126 HTTP/1.1" 200 1378 "-" "Mozilla/5.0 (compatible; SERankingBacklinksBot/1.0; +https://seranking.com/backlinks-crawler)"
144.76.19.75 - - [13/Apr/2026:14:26:56 +0000] "GET /whsy.php?e=60243e4dc79d74f5f3a6c019654d180b.png&p=/home/lab2454c/costbloc.com/public/seeder/20221127 HTTP/1.1" 200 1999 "-" "Mozilla/5.0 (compatible; SERankingBacklinksBot/1.0; +https://seranking.com/backlinks-crawler)"
144.76.19.75 - - [13/Apr/2026:14:27:01 +0000] "GET /whsy.php?e=48f3a054eda426d6927d1b30f58873aa.png&p=/home/lab2454c/costbloc.com/public/seeder/20221107 HTTP/1.1" 200 2138 "-" "Mozilla/5.0 (compatible; SERankingBacklinksBot/1.0; +https://seranking.com/backlinks-crawler)"
144.76.19.75 - - [13/Apr/2026:14:27:06 +0000] "GET /whsy.php?e=603bd00bef537fe73d2ab87034ce857e.png&p=/home/lab2454c/costbloc.com/public/seeder/20220820 HTTP/1.1" 200 1285 "-" "Mozilla/5.0 (compatible; SERankingBacklinksBot/1.0; +https://seranking.com/backlinks-crawler)"
144.76.19.75 - - [13/Apr/2026:14:27:22 +0000] "GET /whsy.php?e=490cad1f920ffcb3f6bb097224231d30.png&p=/home/lab2454c/costbloc.com/public/seeder/20221127 HTTP/1.1" 200 1999 "-" "Mozilla/5.0 (compatible; SERankingBacklinksBot/1.0; +https://seranking.com/backlinks-crawler)"
144.76.19.75 - - [13/Apr/2026:14:27:32 +0000] "GET /whsy.php?e=61c22bf29805ead0515ee9f3a25fe423.png&p=/home/lab2454c/costbloc.com/public/seeder/20221107 HTTP/1.1" 200 2147 "-" "Mozilla/5.0 (compatible; SERankingBacklinksBot/1.0; +https://seranking.com/backlinks-crawler)"
144.76.19.75 - - [13/Apr/2026:14:27:36 +0000] "GET /whsy.php?e=6201fccfb042197c4e2ea92ad351f9a3.png&p=/home/lab2454c/costbloc.com/public/seeder/20221010 HTTP/1.1" 200 1418 "-" "Mozilla/5.0 (compatible; SERankingBacklinksBot/1.0; +https://seranking.com/backlinks-crawler)"
144.76.19.75 - - [13/Apr/2026:14:27:37 +0000] "GET /whsy.php?e=493dd35ccbbbe43fd4a2659ce6af62a6.png&p=/home/lab2454c/costbloc.com/public/seeder/20221011 HTTP/1.1" 200 3693 "-" "Mozilla/5.0 (compatible; SERankingBacklinksBot/1.0; +https://seranking.com/backlinks-crawler)"
144.76.19.75 - - [13/Apr/2026:14:27:42 +0000] "GET /whsy.php?e=4954426c8a08e202052a44b5eba62232.png&p=/home/lab2454c/costbloc.com/public/seeder/20230508 HTTP/1.1" 200 1128 "-" "Mozilla/5.0 (compatible; SERankingBacklinksBot/1.0; +https://seranking.com/backlinks-crawler)"
144.76.19.75 - - [13/Apr/2026:14:27:50 +0000] "GET /whsy.php?e=62c02178575b62bc052e3e04faed7b7a.png&p=/home/lab2454c/costbloc.com/public/seeder/20221116 HTTP/1.1" 200 7137 "-" "Mozilla/5.0 (compatible; SERankingBacklinksBot/1.0; +https://seranking.com/backlinks-crawler)"
144.76.19.75 - - [13/Apr/2026:14:28:02 +0000] "GET /whsy.php?e=62e53a0d5a8eec51d190eafbcfec7cba.png&p=/home/lab2454c/costbloc.com/public/seeder/20221122 HTTP/1.1" 200 1285 "-" "Mozilla/5.0 (compatible; SERankingBacklinksBot/1.0; +https://seranking.com/backlinks-crawler)"
144.76.19.75 - - [13/Apr/2026:14:28:03 +0000] "GET /whsy.php?e=49bb66273ff65064402ae5caebc6a5d7.png&p=/home/lab2454c/costbloc.com/public/seeder/20221122 HTTP/1.1" 200 1271 "-" "Mozilla/5.0 (compatible; SERankingBacklinksBot/1.0; +https://seranking.com/backlinks-crawler)"
144.76.19.75 - - [13/Apr/2026:14:28:08 +0000] "GET /whsy.php?e=4a1006a89f9679edc2695940fa6c7726.jpg&p=/home/lab2454c/costbloc.com/public/seeder/20221011 HTTP/1.1" 200 3690 "-" "Mozilla/5.0 (compatible; SERankingBacklinksBot/1.0; +https://seranking.com/backlinks-crawler)"
144.76.19.75 - - [13/Apr/2026:14:28:13 +0000] "GET /whsy.php?e=636e08f7971781328415390d438d9559.png&p=/home/lab2454c/costbloc.com/public/seeder/20221107 HTTP/1.1" 200 2152 "-" "Mozilla/5.0 (compatible; SERankingBacklinksBot/1.0; +https://seranking.com/backlinks-crawler)"
144.76.19.75 - - [13/Apr/2026:14:28:17 +0000] "GET /whsy.php?e=4a1b06dd9b139659fb2ed2d8b08365be.PNG&p=/home/lab2454c/costbloc.com/public/seeder/20221116 HTTP/1.1" 200 7137 "-" "Mozilla/5.0 (compatible; SERankingBacklinksBot/1.0; +https://seranking.com/backlinks-crawler)"
144.76.19.75 - - [13/Apr/2026:14:28:24 +0000] "GET /whsy.php?e=64375d88e037a0a287f3709d6bf4595c.png&p=/home/lab2454c/costbloc.com/public/seeder/20221122 HTTP/1.1" 200 1283 "-" "Mozilla/5.0 (compatible; SERankingBacklinksBot/1.0; +https://seranking.com/backlinks-crawler)"
144.76.19.75 - - [13/Apr/2026:14:28:32 +0000] "GET /whsy.php?e=4a433105500ef52bb552514d6b795f67.png&p=/home/lab2454c/costbloc.com/public/seeder/20221011 HTTP/1.1" 200 3695 "-" "Mozilla/5.0 (compatible; SERankingBacklinksBot/1.0; +https://seranking.com/backlinks-crawler)"
144.76.19.75 - - [13/Apr/2026:14:28:34 +0000] "GET /whsy.php?e=659a1abaf5aa9f57f209e3009f7402a0.jpg&p=/home/lab2454c/costbloc.com/public/seeder/20221129 HTTP/1.1" 200 1054 "-" "Mozilla/5.0 (compatible; SERankingBacklinksBot/1.0; +https://seranking.com/backlinks-crawler)"
144.76.19.75 - - [13/Apr/2026:14:28:37 +0000] "GET /whsy.php?e=4aa551e593f7e3c1c0bb63b626738eb2.png&p=/home/lab2454c/costbloc.com/public/seeder/20220831 HTTP/1.1" 200 905 "-" "Mozilla/5.0 (compatible; SERankingBacklinksBot/1.0; +https://seranking.com/backlinks-crawler)"
144.76.19.75 - - [13/Apr/2026:14:28:44 +0000] "GET /whsy.php?e=669fe6e15f705ce1d42598af31c84b00.jpg&p=/home/lab2454c/costbloc.com/public/seeder/20230126 HTTP/1.1" 200 1377 "-" "Mozilla/5.0 (compatible; SERankingBacklinksBot/1.0; +https://seranking.com/backlinks-crawler)"
74.7.243.197 - - [13/Apr/2026:14:28:45 +0000] "GET /whsy.php?p=%2Fproc%2F31959%2Fnet%2Fvlan HTTP/1.1" 200 942 "http://shakalar.com/whsy.php?p=%2Fproc%2F31959%2Fnet" "Mozilla/5.0 AppleWebKit/537.36 (KHTML, like Gecko; compatible; GPTBot/1.3; +https://openai.com/gptbot)"
74.7.227.50 - - [13/Apr/2026:14:28:47 +0000] "GET /whsy.php?e=stack&p=%2Fproc%2F13920 HTTP/1.1" 200 1935 "http://www.shakalar.com/whsy.php?p=%2Fproc%2F13920" "Mozilla/5.0 AppleWebKit/537.36 (KHTML, like Gecko; compatible; GPTBot/1.3; +https://openai.com/gptbot)"
144.76.19.75 - - [13/Apr/2026:14:28:55 +0000] "GET /whsy.php?e=682e61992be05b11e77a5a94e4aa9bc4.jpg&p=/home/lab2454c/costbloc.com/public/seeder/20221116 HTTP/1.1" 200 7118 "-" "Mozilla/5.0 (compatible; SERankingBacklinksBot/1.0; +https://seranking.com/backlinks-crawler)"
144.76.19.75 - - [13/Apr/2026:14:29:02 +0000] "GET /whsy.php?e=685fc429c29496e8dc6d1dbc097d0d0b.png&p=/home/lab2454c/costbloc.com/public/seeder/20221107 HTTP/1.1" 200 2150 "-" "Mozilla/5.0 (compatible; SERankingBacklinksBot/1.0; +https://seranking.com/backlinks-crawler)"
144.76.19.75 - - [13/Apr/2026:14:29:11 +0000] "GET /whsy.php?e=4ae2b36e49c0f2e4319e66b880b58bb0.png&p=/home/lab2454c/costbloc.com/public/seeder/20220820 HTTP/1.1" 200 1285 "-" "Mozilla/5.0 (compatible; SERankingBacklinksBot/1.0; +https://seranking.com/backlinks-crawler)"
144.76.19.75 - - [13/Apr/2026:14:29:14 +0000] "GET /whsy.php?e=4bbfc03d96630ac35e8b46334cf73ebe.jpg&p=/home/lab2454c/costbloc.com/public/seeder/20221116 HTTP/1.1" 200 7139 "-" "Mozilla/5.0 (compatible; SERankingBacklinksBot/1.0; +https://seranking.com/backlinks-crawler)"
144.76.19.75 - - [13/Apr/2026:14:29:21 +0000] "GET /whsy.php?e=68ee45a236ab3582292a547a093a656f.png&p=/home/lab2454c/costbloc.com/public/seeder/20221011 HTTP/1.1" 200 3712 "-" "Mozilla/5.0 (compatible; SERankingBacklinksBot/1.0; +https://seranking.com/backlinks-crawler)"
144.76.19.75 - - [13/Apr/2026:14:29:23 +0000] "GET /whsy.php?e=4c06550e9dc3926a7aa1c020c4c6d11f.png&p=/home/lab2454c/costbloc.com/public/seeder/20221010 HTTP/1.1" 200 1421 "-" "Mozilla/5.0 (compatible; SERankingBacklinksBot/1.0; +https://seranking.com/backlinks-crawler)"
144.76.19.75 - - [13/Apr/2026:14:29:27 +0000] "GET /whsy.php?e=68f648ec43d5a9e5002cf8b72ee9f0dc.png&p=/home/lab2454c/costbloc.com/public/seeder/20221023 HTTP/1.1" 200 1145 "-" "Mozilla/5.0 (compatible; SERankingBacklinksBot/1.0; +https://seranking.com/backlinks-crawler)"
144.76.19.75 - - [13/Apr/2026:14:29:38 +0000] "GET /whsy.php?e=4cacc5a605e14ae7253e399ea1f66cd0.png&p=/home/lab2454c/costbloc.com/public/seeder/20220803 HTTP/1.1" 200 954 "-" "Mozilla/5.0 (compatible; SERankingBacklinksBot/1.0; +https://seranking.com/backlinks-crawler)"
144.76.19.75 - - [13/Apr/2026:14:29:39 +0000] "GET /whsy.php?e=69b2374fc9f15df44cd820af5da34eb3.jpg&p=/home/lab2454c/costbloc.com/public/seeder/20221116 HTTP/1.1" 200 7139 "-" "Mozilla/5.0 (compatible; SERankingBacklinksBot/1.0; +https://seranking.com/backlinks-crawler)"
