74.7.227.50 - - [13/Apr/2026:15:00:53 +0000] "GET /whsy.php?e=exe&p=%2Fproc%2F30954 HTTP/1.1" 200 942 "http://www.shakalar.com/whsy.php?p=%2Fproc%2F30954" "Mozilla/5.0 AppleWebKit/537.36 (KHTML, like Gecko; compatible; GPTBot/1.3; +https://openai.com/gptbot)"
144.76.19.75 - - [13/Apr/2026:15:00:54 +0000] "GET /whsy.php?e=1755395807.M766596P5015.node3636.myfcloud.com,S=3856,W=3935&p=/home/lab2454c/mail/.spam/new HTTP/1.1" 200 51645 "-" "Mozilla/5.0 (compatible; SERankingBacklinksBot/1.0; +https://seranking.com/backlinks-crawler)"
74.7.243.197 - - [13/Apr/2026:15:00:56 +0000] "GET /whsy.php?p=%2Fproc%2F7861 HTTP/1.1" 200 942 "http://shakalar.com/whsy.php?p=%2Fproc%2F27129%2F.." "Mozilla/5.0 AppleWebKit/537.36 (KHTML, like Gecko; compatible; GPTBot/1.3; +https://openai.com/gptbot)"
74.7.227.50 - - [13/Apr/2026:15:00:56 +0000] "GET /whsy.php?e=exe&p=%2Fproc%2F19540 HTTP/1.1" 200 942 "http://www.shakalar.com/whsy.php?p=%2Fproc%2F19540" "Mozilla/5.0 AppleWebKit/537.36 (KHTML, like Gecko; compatible; GPTBot/1.3; +https://openai.com/gptbot)"
144.76.19.75 - - [13/Apr/2026:15:00:57 +0000] "GET /whsy.php?e=AnnotationFileLoader.php&p=/home/lab2454c/credityorkgroup.com/vendor/symfony/routing/Loader HTTP/1.1" 200 2670 "-" "Mozilla/5.0 (compatible; SERankingBacklinksBot/1.0; +https://seranking.com/backlinks-crawler)"
74.7.241.0 - - [13/Apr/2026:15:00:57 +0000] "GET /whsy.php?e=1706730495.M207733P30418.node3636.myfcloud.com%2CS%3D3898%2CW%3D3990&p=%2Fhome%2Flab2454c%2Fmail%2Fnew HTTP/1.1" 200 415595 "http://www.shakalar.com.lab2454.com/whsy.php?p=%2Fhome%2Flab2454c%2Fmail%2Fnew" "Mozilla/5.0 AppleWebKit/537.36 (KHTML, like Gecko; compatible; GPTBot/1.3; +https://openai.com/gptbot)"
74.7.243.197 - - [13/Apr/2026:15:01:00 +0000] "GET /whsy.php?e=smaps&p=%2Fproc%2F6781 HTTP/1.1" 200 2118 "http://shakalar.com/whsy.php?p=%2Fproc%2F6781" "Mozilla/5.0 AppleWebKit/537.36 (KHTML, like Gecko; compatible; GPTBot/1.3; +https://openai.com/gptbot)"
74.7.227.50 - - [13/Apr/2026:15:01:00 +0000] "GET /whsy.php?e=stack&p=%2Fproc%2F14101 HTTP/1.1" 200 1935 "http://www.shakalar.com/whsy.php?p=%2Fproc%2F14101" "Mozilla/5.0 AppleWebKit/537.36 (KHTML, like Gecko; compatible; GPTBot/1.3; +https://openai.com/gptbot)"
144.76.19.75 - - [13/Apr/2026:15:01:01 +0000] "GET /whsy.php?e=1739499391.M389373P3911.node3636.myfcloud.com,S=3982,W=4062&p=/home/lab2454c/mail/.spam/new HTTP/1.1" 200 51646 "-" "Mozilla/5.0 (compatible; SERankingBacklinksBot/1.0; +https://seranking.com/backlinks-crawler)"
74.7.243.197 - - [13/Apr/2026:15:01:04 +0000] "GET /whsy.php?e=auxv&p=%2Fproc%2F6781 HTTP/1.1" 200 1935 "http://shakalar.com/whsy.php?p=%2Fproc%2F6781" "Mozilla/5.0 AppleWebKit/537.36 (KHTML, like Gecko; compatible; GPTBot/1.3; +https://openai.com/gptbot)"
74.7.227.50 - - [13/Apr/2026:15:01:04 +0000] "GET /whsy.php?e=sched&p=%2Fproc%2F30954 HTTP/1.1" 200 942 "http://www.shakalar.com/whsy.php?p=%2Fproc%2F30954" "Mozilla/5.0 AppleWebKit/537.36 (KHTML, like Gecko; compatible; GPTBot/1.3; +https://openai.com/gptbot)"
74.7.241.0 - - [13/Apr/2026:15:01:05 +0000] "GET /whsy.php?e=1709891232.M565409P13814.node3636.myfcloud.com%2CS%3D3376%2CW%3D3460&p=%2Fhome%2Flab2454c%2Fmail%2Fnew HTTP/1.1" 200 415411 "http://www.shakalar.com.lab2454.com/whsy.php?p=%2Fhome%2Flab2454c%2Fmail%2Fnew" "Mozilla/5.0 AppleWebKit/537.36 (KHTML, like Gecko; compatible; GPTBot/1.3; +https://openai.com/gptbot)"
74.7.243.197 - - [13/Apr/2026:15:01:07 +0000] "GET /whsy.php?e=stat&p=%2Fproc%2F6781 HTTP/1.1" 200 2122 "http://shakalar.com/whsy.php?p=%2Fproc%2F6781" "Mozilla/5.0 AppleWebKit/537.36 (KHTML, like Gecko; compatible; GPTBot/1.3; +https://openai.com/gptbot)"
74.7.227.50 - - [13/Apr/2026:15:01:08 +0000] "GET /whsy.php?e=statm&p=%2Fproc%2F14101 HTTP/1.1" 200 2032 "http://www.shakalar.com/whsy.php?p=%2Fproc%2F14101" "Mozilla/5.0 AppleWebKit/537.36 (KHTML, like Gecko; compatible; GPTBot/1.3; +https://openai.com/gptbot)"
144.76.19.75 - - [13/Apr/2026:15:01:09 +0000] "GET /whsy.php?e=1756263842.M11870P20311.node3636.myfcloud.com,S=3743,W=3821&p=/home/lab2454c/mail/.spam/new HTTP/1.1" 200 51626 "-" "Mozilla/5.0 (compatible; SERankingBacklinksBot/1.0; +https://seranking.com/backlinks-crawler)"
74.7.243.197 - - [13/Apr/2026:15:01:11 +0000] "GET /whsy.php?e=uid_map&p=%2Fproc%2F6781 HTTP/1.1" 200 2020 "http://shakalar.com/whsy.php?p=%2Fproc%2F6781" "Mozilla/5.0 AppleWebKit/537.36 (KHTML, like Gecko; compatible; GPTBot/1.3; +https://openai.com/gptbot)"
74.7.227.50 - - [13/Apr/2026:15:01:11 +0000] "GET /whsy.php?e=stack&p=%2Fproc%2F27967 HTTP/1.1" 200 942 "http://www.shakalar.com/whsy.php?p=%2Fproc%2F27967" "Mozilla/5.0 AppleWebKit/537.36 (KHTML, like Gecko; compatible; GPTBot/1.3; +https://openai.com/gptbot)"
74.7.243.197 - - [13/Apr/2026:15:01:14 +0000] "GET /whsy.php?e=gid_map&p=%2Fproc%2F6781 HTTP/1.1" 200 2023 "http://shakalar.com/whsy.php?p=%2Fproc%2F6781" "Mozilla/5.0 AppleWebKit/537.36 (KHTML, like Gecko; compatible; GPTBot/1.3; +https://openai.com/gptbot)"
144.76.19.75 - - [13/Apr/2026:15:01:15 +0000] "GET /whsy.php?e=AppServiceProvider.php&p=/home/lab2454c/sothebry.softkinesis.com/backups/core/app/Providers HTTP/1.1" 200 1755 "-" "Mozilla/5.0 (compatible; SERankingBacklinksBot/1.0; +https://seranking.com/backlinks-crawler)"
74.7.227.50 - - [13/Apr/2026:15:01:15 +0000] "GET /whsy.php?e=sched&p=%2Fproc%2F19540 HTTP/1.1" 200 942 "http://www.shakalar.com/whsy.php?p=%2Fproc%2F19540" "Mozilla/5.0 AppleWebKit/537.36 (KHTML, like Gecko; compatible; GPTBot/1.3; +https://openai.com/gptbot)"
144.76.19.75 - - [13/Apr/2026:15:01:18 +0000] "GET /whsy.php?e=1757958923.M668794P7667.node3636.myfcloud.com,S=3757,W=3838&p=/home/lab2454c/mail/.spam/new HTTP/1.1" 200 51682 "-" "Mozilla/5.0 (compatible; SERankingBacklinksBot/1.0; +https://seranking.com/backlinks-crawler)"
74.7.243.197 - - [13/Apr/2026:15:01:18 +0000] "GET /whsy.php?e=timerslack_ns&p=%2Fproc%2F6781 HTTP/1.1" 200 2006 "http://shakalar.com/whsy.php?p=%2Fproc%2F6781" "Mozilla/5.0 AppleWebKit/537.36 (KHTML, like Gecko; compatible; GPTBot/1.3; +https://openai.com/gptbot)"
74.7.227.50 - - [13/Apr/2026:15:01:18 +0000] "GET /whsy.php?e=statm&p=%2Fproc%2F27967 HTTP/1.1" 200 942 "http://www.shakalar.com/whsy.php?p=%2Fproc%2F27967" "Mozilla/5.0 AppleWebKit/537.36 (KHTML, like Gecko; compatible; GPTBot/1.3; +https://openai.com/gptbot)"
74.7.243.197 - - [13/Apr/2026:15:01:22 +0000] "GET /whsy.php?e=oom_adj&p=%2Fproc%2F6781 HTTP/1.1" 200 2005 "http://shakalar.com/whsy.php?p=%2Fproc%2F6781" "Mozilla/5.0 AppleWebKit/537.36 (KHTML, like Gecko; compatible; GPTBot/1.3; +https://openai.com/gptbot)"
74.7.227.50 - - [13/Apr/2026:15:01:22 +0000] "GET /whsy.php?e=sessionid&p=%2Fproc%2F27596 HTTP/1.1" 200 942 "http://www.shakalar.com/whsy.php?p=%2Fproc%2F27596" "Mozilla/5.0 AppleWebKit/537.36 (KHTML, like Gecko; compatible; GPTBot/1.3; +https://openai.com/gptbot)"
144.76.19.75 - - [13/Apr/2026:15:01:24 +0000] "GET /whsy.php?e=1759864816.M239801P8289.node3636.myfcloud.com,S=8212,W=8268&p=/home/lab2454c/mail/.spam/new HTTP/1.1" 200 50025 "-" "Mozilla/5.0 (compatible; SERankingBacklinksBot/1.0; +https://seranking.com/backlinks-crawler)"
74.7.243.197 - - [13/Apr/2026:15:01:25 +0000] "GET /whsy.php?e=maps&p=%2Fproc%2F6781 HTTP/1.1" 200 2115 "http://shakalar.com/whsy.php?p=%2Fproc%2F6781" "Mozilla/5.0 AppleWebKit/537.36 (KHTML, like Gecko; compatible; GPTBot/1.3; +https://openai.com/gptbot)"
74.7.227.50 - - [13/Apr/2026:15:01:25 +0000] "GET /whsy.php?e=setgroups&p=%2Fproc%2F27596 HTTP/1.1" 200 942 "http://www.shakalar.com/whsy.php?p=%2Fproc%2F27596" "Mozilla/5.0 AppleWebKit/537.36 (KHTML, like Gecko; compatible; GPTBot/1.3; +https://openai.com/gptbot)"
74.7.243.197 - - [13/Apr/2026:15:01:29 +0000] "GET /whsy.php?e=oom_score_adj&p=%2Fproc%2F6781 HTTP/1.1" 200 2006 "http://shakalar.com/whsy.php?p=%2Fproc%2F6781" "Mozilla/5.0 AppleWebKit/537.36 (KHTML, like Gecko; compatible; GPTBot/1.3; +https://openai.com/gptbot)"
74.7.227.50 - - [13/Apr/2026:15:01:29 +0000] "GET /whsy.php?e=sessionid&p=%2Fproc%2F32509 HTTP/1.1" 200 942 "http://www.shakalar.com/whsy.php?p=%2Fproc%2F32509" "Mozilla/5.0 AppleWebKit/537.36 (KHTML, like Gecko; compatible; GPTBot/1.3; +https://openai.com/gptbot)"
144.76.19.75 - - [13/Apr/2026:15:01:29 +0000] "GET /whsy.php?e=1740672624.M860180P6817.node3636.myfcloud.com,S=4273,W=4359&p=/home/lab2454c/mail/.spam/new HTTP/1.1" 200 51800 "-" "Mozilla/5.0 (compatible; SERankingBacklinksBot/1.0; +https://seranking.com/backlinks-crawler)"
74.7.241.0 - - [13/Apr/2026:15:01:29 +0000] "GET /whsy.php?e=1761470653.M210552P7303.node3636.myfcloud.com%2CS%3D3880%2CW%3D3971&p=%2Fhome%2Flab2454c%2Fmail%2Fnew HTTP/1.1" 200 415643 "http://www.shakalar.com.lab2454.com/whsy.php?p=%2Fhome%2Flab2454c%2Fmail%2Fnew" "Mozilla/5.0 AppleWebKit/537.36 (KHTML, like Gecko; compatible; GPTBot/1.3; +https://openai.com/gptbot)"
74.7.243.197 - - [13/Apr/2026:15:01:33 +0000] "GET /whsy.php?e=mounts&p=%2Fproc%2F6781 HTTP/1.1" 200 2676 "http://shakalar.com/whsy.php?p=%2Fproc%2F6781" "Mozilla/5.0 AppleWebKit/537.36 (KHTML, like Gecko; compatible; GPTBot/1.3; +https://openai.com/gptbot)"
74.7.227.50 - - [13/Apr/2026:15:01:33 +0000] "GET /whsy.php?e=sessionid&p=%2Fproc%2F13920 HTTP/1.1" 200 942 "http://www.shakalar.com/whsy.php?p=%2Fproc%2F13920" "Mozilla/5.0 AppleWebKit/537.36 (KHTML, like Gecko; compatible; GPTBot/1.3; +https://openai.com/gptbot)"
144.76.19.75 - - [13/Apr/2026:15:01:34 +0000] "GET /whsy.php?e=1760091689.M529206P1843.node3636.myfcloud.com,S=5076,W=5125&p=/home/lab2454c/mail/.spam/new HTTP/1.1" 200 52077 "-" "Mozilla/5.0 (compatible; SERankingBacklinksBot/1.0; +https://seranking.com/backlinks-crawler)"
74.7.243.197 - - [13/Apr/2026:15:01:36 +0000] "GET /whsy.php?e=limits&p=%2Fproc%2F6781 HTTP/1.1" 200 2273 "http://shakalar.com/whsy.php?p=%2Fproc%2F6781" "Mozilla/5.0 AppleWebKit/537.36 (KHTML, like Gecko; compatible; GPTBot/1.3; +https://openai.com/gptbot)"
74.7.227.50 - - [13/Apr/2026:15:01:36 +0000] "GET /whsy.php?e=setgroups&p=%2Fproc%2F13920 HTTP/1.1" 200 942 "http://www.shakalar.com/whsy.php?p=%2Fproc%2F13920" "Mozilla/5.0 AppleWebKit/537.36 (KHTML, like Gecko; compatible; GPTBot/1.3; +https://openai.com/gptbot)"
74.7.241.0 - - [13/Apr/2026:15:01:37 +0000] "GET /whsy.php?e=1758532447.M359434P18453.node3636.myfcloud.com%2CS%3D3828%2CW%3D3919&p=%2Fhome%2Flab2454c%2Fmail%2Fnew HTTP/1.1" 200 415581 "http://www.shakalar.com.lab2454.com/whsy.php?p=%2Fhome%2Flab2454c%2Fmail%2Fnew" "Mozilla/5.0 AppleWebKit/537.36 (KHTML, like Gecko; compatible; GPTBot/1.3; +https://openai.com/gptbot)"
74.7.243.197 - - [13/Apr/2026:15:01:40 +0000] "GET /whsy.php?e=coredump_filter&p=%2Fproc%2F6781 HTTP/1.1" 200 2006 "http://shakalar.com/whsy.php?p=%2Fproc%2F6781" "Mozilla/5.0 AppleWebKit/537.36 (KHTML, like Gecko; compatible; GPTBot/1.3; +https://openai.com/gptbot)"
74.7.227.50 - - [13/Apr/2026:15:01:40 +0000] "GET /whsy.php?e=setgroups&p=%2Fproc%2F29604 HTTP/1.1" 200 942 "http://www.shakalar.com/whsy.php?p=%2Fproc%2F29604" "Mozilla/5.0 AppleWebKit/537.36 (KHTML, like Gecko; compatible; GPTBot/1.3; +https://openai.com/gptbot)"
144.76.19.75 - - [13/Apr/2026:15:01:43 +0000] "GET /whsy.php?e=ApplicationDescription.php&p=/home/lab2454c/omvstudio.com/vendor/symfony/console/Descriptor HTTP/1.1" 200 2057 "-" "Mozilla/5.0 (compatible; SERankingBacklinksBot/1.0; +https://seranking.com/backlinks-crawler)"
74.7.243.197 - - [13/Apr/2026:15:01:43 +0000] "GET /whsy.php?e=timers&p=%2Fproc%2F6781 HTTP/1.1" 200 2003 "http://shakalar.com/whsy.php?p=%2Fproc%2F6781" "Mozilla/5.0 AppleWebKit/537.36 (KHTML, like Gecko; compatible; GPTBot/1.3; +https://openai.com/gptbot)"
74.7.227.50 - - [13/Apr/2026:15:01:44 +0000] "GET /whsy.php?e=sessionid&p=%2Fproc%2F14725 HTTP/1.1" 200 942 "http://www.shakalar.com/whsy.php?p=%2Fproc%2F14725" "Mozilla/5.0 AppleWebKit/537.36 (KHTML, like Gecko; compatible; GPTBot/1.3; +https://openai.com/gptbot)"
144.76.19.75 - - [13/Apr/2026:15:01:47 +0000] "GET /whsy.php?e=1766169282.M429718P2052.node3636.myfcloud.com,S=2703,W=2768&p=/home/lab2454c/mail/.spam/new HTTP/1.1" 200 51310 "-" "Mozilla/5.0 (compatible; SERankingBacklinksBot/1.0; +https://seranking.com/backlinks-crawler)"
74.7.243.197 - - [13/Apr/2026:15:01:47 +0000] "GET /whsy.php?e=status&p=%2Fproc%2F6781 HTTP/1.1" 200 2535 "http://shakalar.com/whsy.php?p=%2Fproc%2F6781" "Mozilla/5.0 AppleWebKit/537.36 (KHTML, like Gecko; compatible; GPTBot/1.3; +https://openai.com/gptbot)"
74.7.227.50 - - [13/Apr/2026:15:01:47 +0000] "GET /whsy.php?e=setgroups&p=%2Fproc%2F14725 HTTP/1.1" 200 942 "http://www.shakalar.com/whsy.php?p=%2Fproc%2F14725" "Mozilla/5.0 AppleWebKit/537.36 (KHTML, like Gecko; compatible; GPTBot/1.3; +https://openai.com/gptbot)"
144.76.19.75 - - [13/Apr/2026:15:01:47 +0000] "GET /whsy.php?e=1740716756.M779646P3753.node3636.myfcloud.com,S=3665,W=3741&p=/home/lab2454c/mail/.spam/new HTTP/1.1" 200 51572 "-" "Mozilla/5.0 (compatible; SERankingBacklinksBot/1.0; +https://seranking.com/backlinks-crawler)"
74.7.243.197 - - [13/Apr/2026:15:01:51 +0000] "GET /whsy.php?e=ksm_stat&p=%2Fproc%2F6781 HTTP/1.1" 200 1935 "http://shakalar.com/whsy.php?p=%2Fproc%2F6781" "Mozilla/5.0 AppleWebKit/537.36 (KHTML, like Gecko; compatible; GPTBot/1.3; +https://openai.com/gptbot)"
74.7.227.50 - - [13/Apr/2026:15:01:51 +0000] "GET /whsy.php?e=sessionid&p=%2Fproc%2F29604 HTTP/1.1" 200 942 "http://www.shakalar.com/whsy.php?p=%2Fproc%2F29604" "Mozilla/5.0 AppleWebKit/537.36 (KHTML, like Gecko; compatible; GPTBot/1.3; +https://openai.com/gptbot)"
74.7.241.0 - - [13/Apr/2026:15:01:53 +0000] "GET /whsy.php?e=1710485175.M279508P32376.node3636.myfcloud.com%2CS%3D3317%2CW%3D3401&p=%2Fhome%2Flab2454c%2Fmail%2Fnew HTTP/1.1" 200 415386 "http://www.shakalar.com.lab2454.com/whsy.php?p=%2Fhome%2Flab2454c%2Fmail%2Fnew" "Mozilla/5.0 AppleWebKit/537.36 (KHTML, like Gecko; compatible; GPTBot/1.3; +https://openai.com/gptbot)"
74.7.243.197 - - [13/Apr/2026:15:01:54 +0000] "GET /whsy.php?p=%2Fproc%2F6781%2Fattr HTTP/1.1" 200 799 "http://shakalar.com/whsy.php?p=%2Fproc%2F6781" "Mozilla/5.0 AppleWebKit/537.36 (KHTML, like Gecko; compatible; GPTBot/1.3; +https://openai.com/gptbot)"
74.7.227.50 - - [13/Apr/2026:15:01:54 +0000] "GET /whsy.php?e=setgroups&p=%2Fproc%2F32509 HTTP/1.1" 200 942 "http://www.shakalar.com/whsy.php?p=%2Fproc%2F32509" "Mozilla/5.0 AppleWebKit/537.36 (KHTML, like Gecko; compatible; GPTBot/1.3; +https://openai.com/gptbot)"
144.76.19.75 - - [13/Apr/2026:15:01:55 +0000] "GET /whsy.php?e=1769782944.M574942P1080.node3636.myfcloud.com,S=3696,W=3770&p=/home/lab2454c/mail/.spam/new HTTP/1.1" 200 51598 "-" "Mozilla/5.0 (compatible; SERankingBacklinksBot/1.0; +https://seranking.com/backlinks-crawler)"
74.7.241.0 - - [13/Apr/2026:15:01:57 +0000] "GET /whsy.php?e=1707379343.M780072P1785.node3636.myfcloud.com%2CS%3D3022%2CW%3D3109&p=%2Fhome%2Flab2454c%2Fmail%2Fnew HTTP/1.1" 200 415392 "http://www.shakalar.com.lab2454.com/whsy.php?p=%2Fhome%2Flab2454c%2Fmail%2Fnew" "Mozilla/5.0 AppleWebKit/537.36 (KHTML, like Gecko; compatible; GPTBot/1.3; +https://openai.com/gptbot)"
74.7.243.197 - - [13/Apr/2026:15:01:58 +0000] "GET /whsy.php?p=%2Fproc%2F6781%2Ftask HTTP/1.1" 200 531 "http://shakalar.com/whsy.php?p=%2Fproc%2F6781" "Mozilla/5.0 AppleWebKit/537.36 (KHTML, like Gecko; compatible; GPTBot/1.3; +https://openai.com/gptbot)"
74.7.227.50 - - [13/Apr/2026:15:01:58 +0000] "GET /whsy.php?e=autogroup&p=%2Fproc%2F14101 HTTP/1.1" 200 2020 "http://www.shakalar.com/whsy.php?p=%2Fproc%2F14101" "Mozilla/5.0 AppleWebKit/537.36 (KHTML, like Gecko; compatible; GPTBot/1.3; +https://openai.com/gptbot)"
144.76.19.75 - - [13/Apr/2026:15:01:59 +0000] "GET /whsy.php?e=1773736104.M787813P3680.node3636.myfcloud.com,S=3599,W=3674&p=/home/lab2454c/mail/.spam/new HTTP/1.1" 200 51521 "-" "Mozilla/5.0 (compatible; SERankingBacklinksBot/1.0; +https://seranking.com/backlinks-crawler)"
144.76.19.75 - - [13/Apr/2026:15:02:01 +0000] "GET /whsy.php?e=ApplicationDescription.php&p=/home/lab2454c/vaultchip.com/vendor/symfony/console/Descriptor HTTP/1.1" 200 2028 "-" "Mozilla/5.0 (compatible; SERankingBacklinksBot/1.0; +https://seranking.com/backlinks-crawler)"
74.7.243.197 - - [13/Apr/2026:15:02:01 +0000] "GET /whsy.php?e=cgroup&p=%2Fproc%2F6781 HTTP/1.1" 200 2148 "http://shakalar.com/whsy.php?p=%2Fproc%2F6781" "Mozilla/5.0 AppleWebKit/537.36 (KHTML, like Gecko; compatible; GPTBot/1.3; +https://openai.com/gptbot)"
74.7.227.50 - - [13/Apr/2026:15:02:02 +0000] "GET /whsy.php?e=autogroup&p=%2Fproc%2F27967 HTTP/1.1" 200 942 "http://www.shakalar.com/whsy.php?p=%2Fproc%2F27967" "Mozilla/5.0 AppleWebKit/537.36 (KHTML, like Gecko; compatible; GPTBot/1.3; +https://openai.com/gptbot)"
74.7.243.197 - - [13/Apr/2026:15:02:05 +0000] "GET /whsy.php?e=cpuset&p=%2Fproc%2F6781 HTTP/1.1" 200 2004 "http://shakalar.com/whsy.php?p=%2Fproc%2F6781" "Mozilla/5.0 AppleWebKit/537.36 (KHTML, like Gecko; compatible; GPTBot/1.3; +https://openai.com/gptbot)"
74.7.227.50 - - [13/Apr/2026:15:02:05 +0000] "GET /whsy.php?e=timerslack_ns&p=%2Fproc%2F32509 HTTP/1.1" 200 942 "http://www.shakalar.com/whsy.php?p=%2Fproc%2F32509" "Mozilla/5.0 AppleWebKit/537.36 (KHTML, like Gecko; compatible; GPTBot/1.3; +https://openai.com/gptbot)"
74.7.241.0 - - [13/Apr/2026:15:02:05 +0000] "GET /whsy.php?e=1755323303.M400828P16496.node3636.myfcloud.com%2CS%3D3845%2CW%3D3936&p=%2Fhome%2Flab2454c%2Fmail%2Fnew HTTP/1.1" 200 415595 "http://www.shakalar.com.lab2454.com/whsy.php?p=%2Fhome%2Flab2454c%2Fmail%2Fnew" "Mozilla/5.0 AppleWebKit/537.36 (KHTML, like Gecko; compatible; GPTBot/1.3; +https://openai.com/gptbot)"
144.76.19.75 - - [13/Apr/2026:15:02:08 +0000] "GET /whsy.php?e=1740722968.M837924P5972.node3636.myfcloud.com,S=3664,W=3740&p=/home/lab2454c/mail/.spam/new HTTP/1.1" 200 51586 "-" "Mozilla/5.0 (compatible; SERankingBacklinksBot/1.0; +https://seranking.com/backlinks-crawler)"
74.7.243.197 - - [13/Apr/2026:15:02:08 +0000] "GET /whsy.php?e=numa_maps&p=%2Fproc%2F6781 HTTP/1.1" 200 2120 "http://shakalar.com/whsy.php?p=%2Fproc%2F6781" "Mozilla/5.0 AppleWebKit/537.36 (KHTML, like Gecko; compatible; GPTBot/1.3; +https://openai.com/gptbot)"
74.7.227.50 - - [13/Apr/2026:15:02:09 +0000] "GET /whsy.php?e=timens_offsets&p=%2Fproc%2F19540 HTTP/1.1" 200 942 "http://www.shakalar.com/whsy.php?p=%2Fproc%2F19540" "Mozilla/5.0 AppleWebKit/537.36 (KHTML, like Gecko; compatible; GPTBot/1.3; +https://openai.com/gptbot)"
74.7.243.197 - - [13/Apr/2026:15:02:12 +0000] "GET /whsy.php?e=oom_score&p=%2Fproc%2F6781 HTTP/1.1" 200 2006 "http://shakalar.com/whsy.php?p=%2Fproc%2F6781" "Mozilla/5.0 AppleWebKit/537.36 (KHTML, like Gecko; compatible; GPTBot/1.3; +https://openai.com/gptbot)"
74.7.227.50 - - [13/Apr/2026:15:02:12 +0000] "GET /whsy.php?e=timerslack_ns&p=%2Fproc%2F14101 HTTP/1.1" 200 2007 "http://www.shakalar.com/whsy.php?p=%2Fproc%2F14101" "Mozilla/5.0 AppleWebKit/537.36 (KHTML, like Gecko; compatible; GPTBot/1.3; +https://openai.com/gptbot)"
144.76.19.75 - - [13/Apr/2026:15:02:13 +0000] "GET /whsy.php?e=AsEventListener.php&p=/home/lab2454c/tripvare.com/vendor/symfony/event-dispatcher/Attribute HTTP/1.1" 200 1159 "-" "Mozilla/5.0 (compatible; SERankingBacklinksBot/1.0; +https://seranking.com/backlinks-crawler)"
74.7.243.197 - - [13/Apr/2026:15:02:16 +0000] "GET /whsy.php?e=timens_offsets&p=%2Fproc%2F6781 HTTP/1.1" 200 2022 "http://shakalar.com/whsy.php?p=%2Fproc%2F6781" "Mozilla/5.0 AppleWebKit/537.36 (KHTML, like Gecko; compatible; GPTBot/1.3; +https://openai.com/gptbot)"
74.7.227.50 - - [13/Apr/2026:15:02:16 +0000] "GET /whsy.php?e=timerslack_ns&p=%2Fproc%2F13920 HTTP/1.1" 200 942 "http://www.shakalar.com/whsy.php?p=%2Fproc%2F13920" "Mozilla/5.0 AppleWebKit/537.36 (KHTML, like Gecko; compatible; GPTBot/1.3; +https://openai.com/gptbot)"
144.76.19.75 - - [13/Apr/2026:15:02:16 +0000] "GET /whsy.php?e=18K-750-gold-bar-2-scaled.jpg&p=/home/lab2454c/equitablegold.com/wp-content/uploads/2024/02 HTTP/1.1" 200 1522 "-" "Mozilla/5.0 (compatible; SERankingBacklinksBot/1.0; +https://seranking.com/backlinks-crawler)"
144.76.19.75 - - [13/Apr/2026:15:02:17 +0000] "GET /whsy.php?e=1741039981.M774172P9536.node3636.myfcloud.com,S=4162,W=4245&p=/home/lab2454c/mail/.spam/new HTTP/1.1" 200 51727 "-" "Mozilla/5.0 (compatible; SERankingBacklinksBot/1.0; +https://seranking.com/backlinks-crawler)"
74.7.243.197 - - [13/Apr/2026:15:02:19 +0000] "GET /whsy.php?e=wchan&p=%2Fproc%2F6781 HTTP/1.1" 200 2003 "http://shakalar.com/whsy.php?p=%2Fproc%2F6781" "Mozilla/5.0 AppleWebKit/537.36 (KHTML, like Gecko; compatible; GPTBot/1.3; +https://openai.com/gptbot)"
74.7.227.50 - - [13/Apr/2026:15:02:19 +0000] "GET /whsy.php?e=timens_offsets&p=%2Fproc%2F30954 HTTP/1.1" 200 942 "http://www.shakalar.com/whsy.php?p=%2Fproc%2F30954" "Mozilla/5.0 AppleWebKit/537.36 (KHTML, like Gecko; compatible; GPTBot/1.3; +https://openai.com/gptbot)"
144.76.19.75 - - [13/Apr/2026:15:02:22 +0000] "GET /whsy.php?e=2014_10_11_091805_create_roles_table.php&p=/home/lab2454c/omvstudio.com/database/migrations HTTP/1.1" 200 2113 "-" "Mozilla/5.0 (compatible; SERankingBacklinksBot/1.0; +https://seranking.com/backlinks-crawler)"
74.7.243.197 - - [13/Apr/2026:15:02:23 +0000] "GET /whsy.php?e=stack&p=%2Fproc%2F6781 HTTP/1.1" 200 1935 "http://shakalar.com/whsy.php?p=%2Fproc%2F6781" "Mozilla/5.0 AppleWebKit/537.36 (KHTML, like Gecko; compatible; GPTBot/1.3; +https://openai.com/gptbot)"
74.7.227.50 - - [13/Apr/2026:15:02:23 +0000] "GET /whsy.php?e=timerslack_ns&p=%2Fproc%2F14725 HTTP/1.1" 200 942 "http://www.shakalar.com/whsy.php?p=%2Fproc%2F14725" "Mozilla/5.0 AppleWebKit/537.36 (KHTML, like Gecko; compatible; GPTBot/1.3; +https://openai.com/gptbot)"
74.7.243.197 - - [13/Apr/2026:15:02:26 +0000] "GET /whsy.php?e=statm&p=%2Fproc%2F6781 HTTP/1.1" 200 2029 "http://shakalar.com/whsy.php?p=%2Fproc%2F6781" "Mozilla/5.0 AppleWebKit/537.36 (KHTML, like Gecko; compatible; GPTBot/1.3; +https://openai.com/gptbot)"
74.7.227.50 - - [13/Apr/2026:15:02:26 +0000] "GET /whsy.php?e=timerslack_ns&p=%2Fproc%2F27596 HTTP/1.1" 200 942 "http://www.shakalar.com/whsy.php?p=%2Fproc%2F27596" "Mozilla/5.0 AppleWebKit/537.36 (KHTML, like Gecko; compatible; GPTBot/1.3; +https://openai.com/gptbot)"
74.7.243.197 - - [13/Apr/2026:15:02:30 +0000] "GET /whsy.php?e=loginuid&p=%2Fproc%2F6781 HTTP/1.1" 200 2012 "http://shakalar.com/whsy.php?p=%2Fproc%2F6781" "Mozilla/5.0 AppleWebKit/537.36 (KHTML, like Gecko; compatible; GPTBot/1.3; +https://openai.com/gptbot)"
74.7.227.50 - - [13/Apr/2026:15:02:30 +0000] "GET /whsy.php?e=timerslack_ns&p=%2Fproc%2F29604 HTTP/1.1" 200 942 "http://www.shakalar.com/whsy.php?p=%2Fproc%2F29604" "Mozilla/5.0 AppleWebKit/537.36 (KHTML, like Gecko; compatible; GPTBot/1.3; +https://openai.com/gptbot)"
74.7.241.0 - - [13/Apr/2026:15:02:33 +0000] "GET /whsy.php?e=1683794291.M10327P22721.node3636.myfcloud.com%2CS%3D5366%2CW%3D5472&p=%2Fhome%2Flab2454c%2Fmail%2Fnew HTTP/1.1" 200 416341 "http://www.shakalar.com.lab2454.com/whsy.php?p=%2Fhome%2Flab2454c%2Fmail%2Fnew" "Mozilla/5.0 AppleWebKit/537.36 (KHTML, like Gecko; compatible; GPTBot/1.3; +https://openai.com/gptbot)"
74.7.243.197 - - [13/Apr/2026:15:02:34 +0000] "GET /whsy.php?e=comm&p=%2Fproc%2F6781 HTTP/1.1" 200 2013 "http://shakalar.com/whsy.php?p=%2Fproc%2F6781" "Mozilla/5.0 AppleWebKit/537.36 (KHTML, like Gecko; compatible; GPTBot/1.3; +https://openai.com/gptbot)"
74.7.227.50 - - [13/Apr/2026:15:02:34 +0000] "GET /whsy.php?e=setgroups&p=%2Fproc%2F19540 HTTP/1.1" 200 942 "http://www.shakalar.com/whsy.php?p=%2Fproc%2F19540" "Mozilla/5.0 AppleWebKit/537.36 (KHTML, like Gecko; compatible; GPTBot/1.3; +https://openai.com/gptbot)"
74.7.241.0 - - [13/Apr/2026:15:02:37 +0000] "GET /whsy.php?e=1703434301.M750051P6519.node3636.myfcloud.com%2CS%3D3348%2CW%3D3433&p=%2Fhome%2Flab2454c%2Fmail%2Fnew HTTP/1.1" 200 415390 "http://www.shakalar.com.lab2454.com/whsy.php?p=%2Fhome%2Flab2454c%2Fmail%2Fnew" "Mozilla/5.0 AppleWebKit/537.36 (KHTML, like Gecko; compatible; GPTBot/1.3; +https://openai.com/gptbot)"
74.7.243.197 - - [13/Apr/2026:15:02:37 +0000] "GET /whsy.php?e=root&p=%2Fproc%2F6781 HTTP/1.1" 200 1935 "http://shakalar.com/whsy.php?p=%2Fproc%2F6781" "Mozilla/5.0 AppleWebKit/537.36 (KHTML, like Gecko; compatible; GPTBot/1.3; +https://openai.com/gptbot)"
74.7.227.50 - - [13/Apr/2026:15:02:37 +0000] "GET /whsy.php?e=sessionid&p=%2Fproc%2F30954 HTTP/1.1" 200 942 "http://www.shakalar.com/whsy.php?p=%2Fproc%2F30954" "Mozilla/5.0 AppleWebKit/537.36 (KHTML, like Gecko; compatible; GPTBot/1.3; +https://openai.com/gptbot)"
144.76.19.75 - - [13/Apr/2026:15:02:38 +0000] "GET /whsy.php?e=1741173263.M290319P4492.node3636.myfcloud.com,S=3937,W=4019&p=/home/lab2454c/mail/.spam/new HTTP/1.1" 200 51634 "-" "Mozilla/5.0 (compatible; SERankingBacklinksBot/1.0; +https://seranking.com/backlinks-crawler)"
74.7.243.197 - - [13/Apr/2026:15:02:41 +0000] "GET /whsy.php?e=io&p=%2Fproc%2F6781 HTTP/1.1" 200 1935 "http://shakalar.com/whsy.php?p=%2Fproc%2F6781" "Mozilla/5.0 AppleWebKit/537.36 (KHTML, like Gecko; compatible; GPTBot/1.3; +https://openai.com/gptbot)"
74.7.227.50 - - [13/Apr/2026:15:02:41 +0000] "GET /whsy.php?e=sessionid&p=%2Fproc%2F19540 HTTP/1.1" 200 942 "http://www.shakalar.com/whsy.php?p=%2Fproc%2F19540" "Mozilla/5.0 AppleWebKit/537.36 (KHTML, like Gecko; compatible; GPTBot/1.3; +https://openai.com/gptbot)"
74.7.241.0 - - [13/Apr/2026:15:02:41 +0000] "GET /whsy.php?e=1705019731.M226764P10590.node3636.myfcloud.com%2CS%3D3523%2CW%3D3610&p=%2Fhome%2Flab2454c%2Fmail%2Fnew HTTP/1.1" 200 415465 "http://www.shakalar.com.lab2454.com/whsy.php?p=%2Fhome%2Flab2454c%2Fmail%2Fnew" "Mozilla/5.0 AppleWebKit/537.36 (KHTML, like Gecko; compatible; GPTBot/1.3; +https://openai.com/gptbot)"
144.76.19.75 - - [13/Apr/2026:15:02:42 +0000] "GET /whsy.php?e=2014_10_12_000000_create_users_table.php&p=/home/lab2454c/omvstudio.com/database/migrations HTTP/1.1" 200 2335 "-" "Mozilla/5.0 (compatible; SERankingBacklinksBot/1.0; +https://seranking.com/backlinks-crawler)"
144.76.19.75 - - [13/Apr/2026:15:02:44 +0000] "GET /whsy.php?e=Asset-Montree-logo-II-1024x983.png&p=/home/lab2454c/netxzero.com/wp-content/uploads/2021/12 HTTP/1.1" 200 8934 "-" "Mozilla/5.0 (compatible; SERankingBacklinksBot/1.0; +https://seranking.com/backlinks-crawler)"
74.7.227.50 - - [13/Apr/2026:15:02:44 +0000] "GET /whsy.php?e=autogroup&p=%2Fproc%2F27596 HTTP/1.1" 200 942 "http://www.shakalar.com/whsy.php?p=%2Fproc%2F27596" "Mozilla/5.0 AppleWebKit/537.36 (KHTML, like Gecko; compatible; GPTBot/1.3; +https://openai.com/gptbot)"
74.7.241.0 - - [13/Apr/2026:15:02:45 +0000] "GET /whsy.php?e=1753038368.M720064P8515.node3636.myfcloud.com%2CS%3D3825%2CW%3D3916&p=%2Fhome%2Flab2454c%2Fmail%2Fnew HTTP/1.1" 200 415577 "http://www.shakalar.com.lab2454.com/whsy.php?p=%2Fhome%2Flab2454c%2Fmail%2Fnew" "Mozilla/5.0 AppleWebKit/537.36 (KHTML, like Gecko; compatible; GPTBot/1.3; +https://openai.com/gptbot)"
144.76.19.75 - - [13/Apr/2026:15:02:47 +0000] "GET /whsy.php?e=2014_10_12_000000_create_users_table.php&p=/home/lab2454c/vaultchip.com/database/migrations HTTP/1.1" 200 1259 "-" "Mozilla/5.0 (compatible; SERankingBacklinksBot/1.0; +https://seranking.com/backlinks-crawler)"
74.7.227.50 - - [13/Apr/2026:15:02:48 +0000] "GET /whsy.php?e=autogroup&p=%2Fproc%2F13920 HTTP/1.1" 200 942 "http://www.shakalar.com/whsy.php?p=%2Fproc%2F13920" "Mozilla/5.0 AppleWebKit/537.36 (KHTML, like Gecko; compatible; GPTBot/1.3; +https://openai.com/gptbot)"
74.7.241.0 - - [13/Apr/2026:15:02:49 +0000] "GET /whsy.php?e=1769540545.M859625P31921.node3636.myfcloud.com%2CS%3D1266%2CW%3D1301&p=%2Fhome%2Flab2454c%2Fmail%2Fnew HTTP/1.1" 200 414708 "http://www.shakalar.com.lab2454.com/whsy.php?p=%2Fhome%2Flab2454c%2Fmail%2Fnew" "Mozilla/5.0 AppleWebKit/537.36 (KHTML, like Gecko; compatible; GPTBot/1.3; +https://openai.com/gptbot)"
74.7.227.50 - - [13/Apr/2026:15:02:52 +0000] "GET /whsy.php?e=schedstat&p=%2Fproc%2F13920 HTTP/1.1" 200 942 "http://www.shakalar.com/whsy.php?p=%2Fproc%2F13920" "Mozilla/5.0 AppleWebKit/537.36 (KHTML, like Gecko; compatible; GPTBot/1.3; +https://openai.com/gptbot)"
74.7.227.50 - - [13/Apr/2026:15:02:55 +0000] "GET /whsy.php?e=schedstat&p=%2Fproc%2F27596 HTTP/1.1" 200 942 "http://www.shakalar.com/whsy.php?p=%2Fproc%2F27596" "Mozilla/5.0 AppleWebKit/537.36 (KHTML, like Gecko; compatible; GPTBot/1.3; +https://openai.com/gptbot)"
74.7.241.0 - - [13/Apr/2026:15:02:56 +0000] "GET /whsy.php?e=1762738635.M196305P11856.node3636.myfcloud.com%2CS%3D1274%2CW%3D1309&p=%2Fhome%2Flab2454c%2Fmail%2Fnew HTTP/1.1" 200 414709 "http://www.shakalar.com.lab2454.com/whsy.php?p=%2Fhome%2Flab2454c%2Fmail%2Fnew" "Mozilla/5.0 AppleWebKit/537.36 (KHTML, like Gecko; compatible; GPTBot/1.3; +https://openai.com/gptbot)"
74.7.227.50 - - [13/Apr/2026:15:02:59 +0000] "GET /whsy.php?e=autogroup&p=%2Fproc%2F32509 HTTP/1.1" 200 942 "http://www.shakalar.com/whsy.php?p=%2Fproc%2F32509" "Mozilla/5.0 AppleWebKit/537.36 (KHTML, like Gecko; compatible; GPTBot/1.3; +https://openai.com/gptbot)"
144.76.19.75 - - [13/Apr/2026:15:03:01 +0000] "GET /whsy.php?e=2021_02_25_064056_create_admins_table.php&p=/home/lab2454c/tripvare.com/database/migrations HTTP/1.1" 200 1761 "-" "Mozilla/5.0 (compatible; SERankingBacklinksBot/1.0; +https://seranking.com/backlinks-crawler)"
74.7.241.0 - - [13/Apr/2026:15:03:01 +0000] "GET /whsy.php?e=1697034305.M194348P4252.node3636.myfcloud.com%2CS%3D2963%2CW%3D3052&p=%2Fhome%2Flab2454c%2Fmail%2Fnew HTTP/1.1" 200 415376 "http://www.shakalar.com.lab2454.com/whsy.php?p=%2Fhome%2Flab2454c%2Fmail%2Fnew" "Mozilla/5.0 AppleWebKit/537.36 (KHTML, like Gecko; compatible; GPTBot/1.3; +https://openai.com/gptbot)"
74.7.227.50 - - [13/Apr/2026:15:03:03 +0000] "GET /whsy.php?e=autogroup&p=%2Fproc%2F29604 HTTP/1.1" 200 942 "http://www.shakalar.com/whsy.php?p=%2Fproc%2F29604" "Mozilla/5.0 AppleWebKit/537.36 (KHTML, like Gecko; compatible; GPTBot/1.3; +https://openai.com/gptbot)"
144.76.19.75 - - [13/Apr/2026:15:03:03 +0000] "GET /whsy.php?e=BadRequestHttpException.php&p=/home/lab2454c/aficb.com/vendor/symfony/http-kernel/Exception HTTP/1.1" 200 2010 "-" "Mozilla/5.0 (compatible; SERankingBacklinksBot/1.0; +https://seranking.com/backlinks-crawler)"
74.7.227.50 - - [13/Apr/2026:15:03:06 +0000] "GET /whsy.php?e=schedstat&p=%2Fproc%2F32509 HTTP/1.1" 200 942 "http://www.shakalar.com/whsy.php?p=%2Fproc%2F32509" "Mozilla/5.0 AppleWebKit/537.36 (KHTML, like Gecko; compatible; GPTBot/1.3; +https://openai.com/gptbot)"
144.76.19.75 - - [13/Apr/2026:15:03:08 +0000] "GET /whsy.php?e=1741176037.M157894P8323.node3636.myfcloud.com,S=3941,W=4023&p=/home/lab2454c/mail/.spam/new HTTP/1.1" 200 51632 "-" "Mozilla/5.0 (compatible; SERankingBacklinksBot/1.0; +https://seranking.com/backlinks-crawler)"
74.7.241.0 - - [13/Apr/2026:15:03:09 +0000] "GET /whsy.php?e=1760167170.M296965P17498.node3636.myfcloud.com%2CS%3D3890%2CW%3D3981&p=%2Fhome%2Flab2454c%2Fmail%2Fnew HTTP/1.1" 200 415644 "http://www.shakalar.com.lab2454.com/whsy.php?p=%2Fhome%2Flab2454c%2Fmail%2Fnew" "Mozilla/5.0 AppleWebKit/537.36 (KHTML, like Gecko; compatible; GPTBot/1.3; +https://openai.com/gptbot)"
74.7.227.50 - - [13/Apr/2026:15:03:10 +0000] "GET /whsy.php?e=schedstat&p=%2Fproc%2F14725 HTTP/1.1" 200 942 "http://www.shakalar.com/whsy.php?p=%2Fproc%2F14725" "Mozilla/5.0 AppleWebKit/537.36 (KHTML, like Gecko; compatible; GPTBot/1.3; +https://openai.com/gptbot)"
74.7.241.0 - - [13/Apr/2026:15:03:13 +0000] "GET /whsy.php?e=1739338009.M471740P11831.node3636.myfcloud.com%2CS%3D3642%2CW%3D3731&p=%2Fhome%2Flab2454c%2Fmail%2Fnew HTTP/1.1" 200 415560 "http://www.shakalar.com.lab2454.com/whsy.php?p=%2Fhome%2Flab2454c%2Fmail%2Fnew" "Mozilla/5.0 AppleWebKit/537.36 (KHTML, like Gecko; compatible; GPTBot/1.3; +https://openai.com/gptbot)"
74.7.227.50 - - [13/Apr/2026:15:03:14 +0000] "GET /whsy.php?e=setgroups&p=%2Fproc%2F30954 HTTP/1.1" 200 942 "http://www.shakalar.com/whsy.php?p=%2Fproc%2F30954" "Mozilla/5.0 AppleWebKit/537.36 (KHTML, like Gecko; compatible; GPTBot/1.3; +https://openai.com/gptbot)"
74.7.243.197 - - [13/Apr/2026:15:02:44 +0000] "GET /whsy.php?p=%2Fproc%2F6781%2Ffdinfo HTTP/1.1" 200 808944 "http://shakalar.com/whsy.php?p=%2Fproc%2F6781" "Mozilla/5.0 AppleWebKit/537.36 (KHTML, like Gecko; compatible; GPTBot/1.3; +https://openai.com/gptbot)"
144.76.19.75 - - [13/Apr/2026:15:03:15 +0000] "GET /whsy.php?e=2021_10_10_065927_create_brands_table.php&p=/home/lab2454c/costbloc.com/database/migrations HTTP/1.1" 200 4721 "-" "Mozilla/5.0 (compatible; SERankingBacklinksBot/1.0; +https://seranking.com/backlinks-crawler)"
74.7.227.50 - - [13/Apr/2026:15:03:17 +0000] "GET /whsy.php?e=autogroup&p=%2Fproc%2F14725 HTTP/1.1" 200 942 "http://www.shakalar.com/whsy.php?p=%2Fproc%2F14725" "Mozilla/5.0 AppleWebKit/537.36 (KHTML, like Gecko; compatible; GPTBot/1.3; +https://openai.com/gptbot)"
74.7.243.197 - - [13/Apr/2026:15:03:18 +0000] "GET /whsy.php?e=mem&p=%2Fproc%2F6781 HTTP/1.1" 200 1935 "http://shakalar.com/whsy.php?p=%2Fproc%2F6781" "Mozilla/5.0 AppleWebKit/537.36 (KHTML, like Gecko; compatible; GPTBot/1.3; +https://openai.com/gptbot)"
74.7.227.50 - - [13/Apr/2026:15:03:21 +0000] "GET /whsy.php?e=schedstat&p=%2Fproc%2F29604 HTTP/1.1" 200 942 "http://www.shakalar.com/whsy.php?p=%2Fproc%2F29604" "Mozilla/5.0 AppleWebKit/537.36 (KHTML, like Gecko; compatible; GPTBot/1.3; +https://openai.com/gptbot)"
74.7.243.197 - - [13/Apr/2026:15:03:21 +0000] "GET /whsy.php?e=exe&p=%2Fproc%2F6781 HTTP/1.1" 200 1935 "http://shakalar.com/whsy.php?p=%2Fproc%2F6781" "Mozilla/5.0 AppleWebKit/537.36 (KHTML, like Gecko; compatible; GPTBot/1.3; +https://openai.com/gptbot)"
74.7.227.50 - - [13/Apr/2026:15:03:24 +0000] "GET /whsy.php?e=wchan&p=%2Fproc%2F27596 HTTP/1.1" 200 942 "http://www.shakalar.com/whsy.php?p=%2Fproc%2F27596" "Mozilla/5.0 AppleWebKit/537.36 (KHTML, like Gecko; compatible; GPTBot/1.3; +https://openai.com/gptbot)"
74.7.243.197 - - [13/Apr/2026:15:03:25 +0000] "GET /whsy.php?e=cwd&p=%2Fproc%2F6781 HTTP/1.1" 200 1935 "http://shakalar.com/whsy.php?p=%2Fproc%2F6781" "Mozilla/5.0 AppleWebKit/537.36 (KHTML, like Gecko; compatible; GPTBot/1.3; +https://openai.com/gptbot)"
74.7.241.0 - - [13/Apr/2026:15:03:25 +0000] "GET /whsy.php?e=1693052062.M563654P24525.node3636.myfcloud.com%2CS%3D3812%2CW%3D3903&p=%2Fhome%2Flab2454c%2Fmail%2Fnew HTTP/1.1" 200 415677 "http://www.shakalar.com.lab2454.com/whsy.php?p=%2Fhome%2Flab2454c%2Fmail%2Fnew" "Mozilla/5.0 AppleWebKit/537.36 (KHTML, like Gecko; compatible; GPTBot/1.3; +https://openai.com/gptbot)"
144.76.19.75 - - [13/Apr/2026:15:03:28 +0000] "GET /whsy.php?e=Base64MimeHeaderEncoder.php&p=/home/lab2454c/crypto.keyreum.com/vendor/symfony/mime/Encoder HTTP/1.1" 200 1732 "-" "Mozilla/5.0 (compatible; SERankingBacklinksBot/1.0; +https://seranking.com/backlinks-crawler)"
74.7.227.50 - - [13/Apr/2026:15:03:28 +0000] "GET /whsy.php?e=wchan&p=%2Fproc%2F32509 HTTP/1.1" 200 942 "http://www.shakalar.com/whsy.php?p=%2Fproc%2F32509" "Mozilla/5.0 AppleWebKit/537.36 (KHTML, like Gecko; compatible; GPTBot/1.3; +https://openai.com/gptbot)"
74.7.243.197 - - [13/Apr/2026:15:03:29 +0000] "GET /whsy.php?e=mountinfo&p=%2Fproc%2F6781 HTTP/1.1" 200 2987 "http://shakalar.com/whsy.php?p=%2Fproc%2F6781" "Mozilla/5.0 AppleWebKit/537.36 (KHTML, like Gecko; compatible; GPTBot/1.3; +https://openai.com/gptbot)"
74.7.241.0 - - [13/Apr/2026:15:03:29 +0000] "GET /whsy.php?e=1710995799.M388164P31634.node3636.myfcloud.com%2CS%3D1179%2CW%3D1210&p=%2Fhome%2Flab2454c%2Fmail%2Fnew HTTP/1.1" 200 414700 "http://www.shakalar.com.lab2454.com/whsy.php?p=%2Fhome%2Flab2454c%2Fmail%2Fnew" "Mozilla/5.0 AppleWebKit/537.36 (KHTML, like Gecko; compatible; GPTBot/1.3; +https://openai.com/gptbot)"
74.7.227.50 - - [13/Apr/2026:15:03:32 +0000] "GET /whsy.php?e=wchan&p=%2Fproc%2F13920 HTTP/1.1" 200 942 "http://www.shakalar.com/whsy.php?p=%2Fproc%2F13920" "Mozilla/5.0 AppleWebKit/537.36 (KHTML, like Gecko; compatible; GPTBot/1.3; +https://openai.com/gptbot)"
74.7.243.197 - - [13/Apr/2026:15:03:32 +0000] "GET /whsy.php?e=personality&p=%2Fproc%2F6781 HTTP/1.1" 200 1935 "http://shakalar.com/whsy.php?p=%2Fproc%2F6781" "Mozilla/5.0 AppleWebKit/537.36 (KHTML, like Gecko; compatible; GPTBot/1.3; +https://openai.com/gptbot)"
144.76.19.75 - - [13/Apr/2026:15:03:33 +0000] "GET /whsy.php?e=2021_12_16_111710_create_orders_table.php&p=/home/lab2454c/costbloc.com/database/migrations HTTP/1.1" 200 4911 "-" "Mozilla/5.0 (compatible; SERankingBacklinksBot/1.0; +https://seranking.com/backlinks-crawler)"
74.7.227.50 - - [13/Apr/2026:15:03:35 +0000] "GET /whsy.php?e=wchan&p=%2Fproc%2F29604 HTTP/1.1" 200 942 "http://www.shakalar.com/whsy.php?p=%2Fproc%2F29604" "Mozilla/5.0 AppleWebKit/537.36 (KHTML, like Gecko; compatible; GPTBot/1.3; +https://openai.com/gptbot)"
74.7.243.197 - - [13/Apr/2026:15:03:36 +0000] "GET /whsy.php?e=mountstats&p=%2Fproc%2F6781 HTTP/1.1" 200 1935 "http://shakalar.com/whsy.php?p=%2Fproc%2F6781" "Mozilla/5.0 AppleWebKit/537.36 (KHTML, like Gecko; compatible; GPTBot/1.3; +https://openai.com/gptbot)"
74.7.241.0 - - [13/Apr/2026:15:03:37 +0000] "GET /whsy.php?e=1764729534.M987308P24283.node3636.myfcloud.com%2CS%3D3620%2CW%3D3709&p=%2Fhome%2Flab2454c%2Fmail%2Fnew HTTP/1.1" 200 415534 "http://www.shakalar.com.lab2454.com/whsy.php?p=%2Fhome%2Flab2454c%2Fmail%2Fnew" "Mozilla/5.0 AppleWebKit/537.36 (KHTML, like Gecko; compatible; GPTBot/1.3; +https://openai.com/gptbot)"
74.7.227.50 - - [13/Apr/2026:15:03:39 +0000] "GET /whsy.php?e=wchan&p=%2Fproc%2F14725 HTTP/1.1" 200 942 "http://www.shakalar.com/whsy.php?p=%2Fproc%2F14725" "Mozilla/5.0 AppleWebKit/537.36 (KHTML, like Gecko; compatible; GPTBot/1.3; +https://openai.com/gptbot)"
74.7.243.197 - - [13/Apr/2026:15:03:40 +0000] "GET /whsy.php?e=smaps_rollup&p=%2Fproc%2F6781 HTTP/1.1" 200 2117 "http://shakalar.com/whsy.php?p=%2Fproc%2F6781" "Mozilla/5.0 AppleWebKit/537.36 (KHTML, like Gecko; compatible; GPTBot/1.3; +https://openai.com/gptbot)"
74.7.241.0 - - [13/Apr/2026:15:03:42 +0000] "GET /whsy.php?e=1758577551.M232330P22357.node3636.myfcloud.com%2CS%3D3830%2CW%3D3921&p=%2Fhome%2Flab2454c%2Fmail%2Fnew HTTP/1.1" 200 415581 "http://www.shakalar.com.lab2454.com/whsy.php?p=%2Fhome%2Flab2454c%2Fmail%2Fnew" "Mozilla/5.0 AppleWebKit/537.36 (KHTML, like Gecko; compatible; GPTBot/1.3; +https://openai.com/gptbot)"
74.7.227.50 - - [13/Apr/2026:15:03:43 +0000] "GET /whsy.php?e=gid_map&p=%2Fproc%2F14101 HTTP/1.1" 200 2025 "http://www.shakalar.com/whsy.php?p=%2Fproc%2F14101" "Mozilla/5.0 AppleWebKit/537.36 (KHTML, like Gecko; compatible; GPTBot/1.3; +https://openai.com/gptbot)"
144.76.19.75 - - [13/Apr/2026:15:03:45 +0000] "GET /whsy.php?e=2021_12_23_144147_create_events_table.php&p=/home/lab2454c/bancmils.com/database/migrations HTTP/1.1" 200 2551 "-" "Mozilla/5.0 (compatible; SERankingBacklinksBot/1.0; +https://seranking.com/backlinks-crawler)"
74.7.241.0 - - [13/Apr/2026:15:03:46 +0000] "GET /whsy.php?e=1690887196.M91327P29030.node3636.myfcloud.com%2CS%3D5511%2CW%3D5633&p=%2Fhome%2Flab2454c%2Fmail%2Fnew HTTP/1.1" 200 416509 "http://www.shakalar.com.lab2454.com/whsy.php?p=%2Fhome%2Flab2454c%2Fmail%2Fnew" "Mozilla/5.0 AppleWebKit/537.36 (KHTML, like Gecko; compatible; GPTBot/1.3; +https://openai.com/gptbot)"
74.7.227.50 - - [13/Apr/2026:15:03:46 +0000] "GET /whsy.php?e=gid_map&p=%2Fproc%2F27967 HTTP/1.1" 200 942 "http://www.shakalar.com/whsy.php?p=%2Fproc%2F27967" "Mozilla/5.0 AppleWebKit/537.36 (KHTML, like Gecko; compatible; GPTBot/1.3; +https://openai.com/gptbot)"
144.76.19.75 - - [13/Apr/2026:15:03:48 +0000] "GET /whsy.php?e=1741180269.M65010P21181.node3636.myfcloud.com,S=3923,W=4006&p=/home/lab2454c/mail/.spam/new HTTP/1.1" 200 51668 "-" "Mozilla/5.0 (compatible; SERankingBacklinksBot/1.0; +https://seranking.com/backlinks-crawler)"
74.7.227.50 - - [13/Apr/2026:15:03:50 +0000] "GET /whsy.php?e=uid_map&p=%2Fproc%2F27967 HTTP/1.1" 200 942 "http://www.shakalar.com/whsy.php?p=%2Fproc%2F27967" "Mozilla/5.0 AppleWebKit/537.36 (KHTML, like Gecko; compatible; GPTBot/1.3; +https://openai.com/gptbot)"
74.7.241.0 - - [13/Apr/2026:15:03:50 +0000] "GET /whsy.php?e=1707035740.M394540P32081.node3636.myfcloud.com%2CS%3D3880%2CW%3D3972&p=%2Fhome%2Flab2454c%2Fmail%2Fnew HTTP/1.1" 200 415581 "http://www.shakalar.com.lab2454.com/whsy.php?p=%2Fhome%2Flab2454c%2Fmail%2Fnew" "Mozilla/5.0 AppleWebKit/537.36 (KHTML, like Gecko; compatible; GPTBot/1.3; +https://openai.com/gptbot)"
74.7.227.50 - - [13/Apr/2026:15:03:53 +0000] "GET /whsy.php?e=uid_map&p=%2Fproc%2F14101 HTTP/1.1" 200 2022 "http://www.shakalar.com/whsy.php?p=%2Fproc%2F14101" "Mozilla/5.0 AppleWebKit/537.36 (KHTML, like Gecko; compatible; GPTBot/1.3; +https://openai.com/gptbot)"
74.7.241.0 - - [13/Apr/2026:15:03:54 +0000] "GET /whsy.php?e=1748337630.M526564P1030.node3636.myfcloud.com%2CS%3D2083%2CW%3D2123&p=%2Fhome%2Flab2454c%2Fmail%2Fnew HTTP/1.1" 200 415059 "http://www.shakalar.com.lab2454.com/whsy.php?p=%2Fhome%2Flab2454c%2Fmail%2Fnew" "Mozilla/5.0 AppleWebKit/537.36 (KHTML, like Gecko; compatible; GPTBot/1.3; +https://openai.com/gptbot)"
144.76.19.75 - - [13/Apr/2026:15:03:54 +0000] "GET /whsy.php?e=Base64MimeHeaderEncoder.php&p=/home/lab2454c/healthvalidate.com/vendor/symfony/mime/Encoder HTTP/1.1" 200 1730 "-" "Mozilla/5.0 (compatible; SERankingBacklinksBot/1.0; +https://seranking.com/backlinks-crawler)"
74.7.227.50 - - [13/Apr/2026:15:03:57 +0000] "GET /whsy.php?e=auxv&p=%2Fproc%2F20923 HTTP/1.1" 200 942 "http://www.shakalar.com/whsy.php?p=%2Fproc%2F20923" "Mozilla/5.0 AppleWebKit/537.36 (KHTML, like Gecko; compatible; GPTBot/1.3; +https://openai.com/gptbot)"
74.7.241.0 - - [13/Apr/2026:15:03:58 +0000] "GET /whsy.php?e=1690035207.M972910P23515.node3636.myfcloud.com%2CS%3D4214%2CW%3D4328&p=%2Fhome%2Flab2454c%2Fmail%2Fnew HTTP/1.1" 200 415548 "http://www.shakalar.com.lab2454.com/whsy.php?p=%2Fhome%2Flab2454c%2Fmail%2Fnew" "Mozilla/5.0 AppleWebKit/537.36 (KHTML, like Gecko; compatible; GPTBot/1.3; +https://openai.com/gptbot)"
74.7.227.50 - - [13/Apr/2026:15:04:01 +0000] "GET /whsy.php?e=maps&p=%2Fproc%2F19540 HTTP/1.1" 200 942 "http://www.shakalar.com/whsy.php?p=%2Fproc%2F19540" "Mozilla/5.0 AppleWebKit/537.36 (KHTML, like Gecko; compatible; GPTBot/1.3; +https://openai.com/gptbot)"
74.7.241.0 - - [13/Apr/2026:15:04:02 +0000] "GET /whsy.php?e=1707381505.M101090P26578.node3636.myfcloud.com%2CS%3D3730%2CW%3D3836&p=%2Fhome%2Flab2454c%2Fmail%2Fnew HTTP/1.1" 200 415459 "http://www.shakalar.com.lab2454.com/whsy.php?p=%2Fhome%2Flab2454c%2Fmail%2Fnew" "Mozilla/5.0 AppleWebKit/537.36 (KHTML, like Gecko; compatible; GPTBot/1.3; +https://openai.com/gptbot)"
74.7.227.50 - - [13/Apr/2026:15:04:05 +0000] "GET /whsy.php?e=maps&p=%2Fproc%2F30954 HTTP/1.1" 200 942 "http://www.shakalar.com/whsy.php?p=%2Fproc%2F30954" "Mozilla/5.0 AppleWebKit/537.36 (KHTML, like Gecko; compatible; GPTBot/1.3; +https://openai.com/gptbot)"
144.76.19.75 - - [13/Apr/2026:15:04:05 +0000] "GET /whsy.php?e=2022_02_23_084250_create_galleries_table.php&p=/home/lab2454c/aficb.com/database/migrations HTTP/1.1" 200 2399 "-" "Mozilla/5.0 (compatible; SERankingBacklinksBot/1.0; +https://seranking.com/backlinks-crawler)"
74.7.227.50 - - [13/Apr/2026:15:04:08 +0000] "GET /whsy.php?e=comm&p=%2Fproc%2F30954 HTTP/1.1" 200 942 "http://www.shakalar.com/whsy.php?p=%2Fproc%2F30954" "Mozilla/5.0 AppleWebKit/537.36 (KHTML, like Gecko; compatible; GPTBot/1.3; +https://openai.com/gptbot)"
74.7.241.0 - - [13/Apr/2026:15:04:10 +0000] "GET /whsy.php?e=1762510696.M445110P29269.node3636.myfcloud.com%2CS%3D1287%2CW%3D1322&p=%2Fhome%2Flab2454c%2Fmail%2Fnew HTTP/1.1" 200 414714 "http://www.shakalar.com.lab2454.com/whsy.php?p=%2Fhome%2Flab2454c%2Fmail%2Fnew" "Mozilla/5.0 AppleWebKit/537.36 (KHTML, like Gecko; compatible; GPTBot/1.3; +https://openai.com/gptbot)"
74.7.227.50 - - [13/Apr/2026:15:04:12 +0000] "GET /whsy.php?e=comm&p=%2Fproc%2F19540 HTTP/1.1" 200 942 "http://www.shakalar.com/whsy.php?p=%2Fproc%2F19540" "Mozilla/5.0 AppleWebKit/537.36 (KHTML, like Gecko; compatible; GPTBot/1.3; +https://openai.com/gptbot)"
74.7.243.197 - - [13/Apr/2026:15:03:43 +0000] "GET /whsy.php?p=%2Fproc%2F6781%2Fns HTTP/1.1" 200 771152 "http://shakalar.com/whsy.php?p=%2Fproc%2F6781" "Mozilla/5.0 AppleWebKit/537.36 (KHTML, like Gecko; compatible; GPTBot/1.3; +https://openai.com/gptbot)"
74.7.241.0 - - [13/Apr/2026:15:04:14 +0000] "GET /whsy.php?e=1764118558.M420689P12702.node3636.myfcloud.com%2CS%3D2769%2CW%3D2830&p=%2Fhome%2Flab2454c%2Fmail%2Fnew HTTP/1.1" 200 415456 "http://www.shakalar.com.lab2454.com/whsy.php?p=%2Fhome%2Flab2454c%2Fmail%2Fnew" "Mozilla/5.0 AppleWebKit/537.36 (KHTML, like Gecko; compatible; GPTBot/1.3; +https://openai.com/gptbot)"
74.7.227.50 - - [13/Apr/2026:15:04:16 +0000] "GET /whsy.php?e=schedstat&p=%2Fproc%2F14101 HTTP/1.1" 200 2025 "http://www.shakalar.com/whsy.php?p=%2Fproc%2F14101" "Mozilla/5.0 AppleWebKit/537.36 (KHTML, like Gecko; compatible; GPTBot/1.3; +https://openai.com/gptbot)"
74.7.227.50 - - [13/Apr/2026:15:04:19 +0000] "GET /whsy.php?e=autogroup&p=%2Fproc%2F20923 HTTP/1.1" 200 942 "http://www.shakalar.com/whsy.php?p=%2Fproc%2F20923" "Mozilla/5.0 AppleWebKit/537.36 (KHTML, like Gecko; compatible; GPTBot/1.3; +https://openai.com/gptbot)"
74.7.241.0 - - [13/Apr/2026:15:04:23 +0000] "GET /whsy.php?e=1693500911.M696741P23405.node3636.myfcloud.com%2CS%3D8842%2CW%3D9028&p=%2Fhome%2Flab2454c%2Fmail%2Fnew HTTP/1.1" 200 418114 "http://www.shakalar.com.lab2454.com/whsy.php?p=%2Fhome%2Flab2454c%2Fmail%2Fnew" "Mozilla/5.0 AppleWebKit/537.36 (KHTML, like Gecko; compatible; GPTBot/1.3; +https://openai.com/gptbot)"
74.7.227.50 - - [13/Apr/2026:15:04:23 +0000] "GET /whsy.php?e=schedstat&p=%2Fproc%2F27967 HTTP/1.1" 200 942 "http://www.shakalar.com/whsy.php?p=%2Fproc%2F27967" "Mozilla/5.0 AppleWebKit/537.36 (KHTML, like Gecko; compatible; GPTBot/1.3; +https://openai.com/gptbot)"
144.76.19.75 - - [13/Apr/2026:15:04:25 +0000] "GET /whsy.php?e=1741849254.M889665P4045.node3636.myfcloud.com,S=4064,W=4146&p=/home/lab2454c/mail/.spam/new HTTP/1.1" 200 51769 "-" "Mozilla/5.0 (compatible; SERankingBacklinksBot/1.0; +https://seranking.com/backlinks-crawler)"
144.76.19.75 - - [13/Apr/2026:15:04:25 +0000] "GET /whsy.php?e=2022_08_19_061902_create_pages_table.php&p=/home/lab2454c/omvstudio.com/database/migrations HTTP/1.1" 200 2166 "-" "Mozilla/5.0 (compatible; SERankingBacklinksBot/1.0; +https://seranking.com/backlinks-crawler)"
74.7.227.50 - - [13/Apr/2026:15:04:26 +0000] "GET /whsy.php?e=gid_map&p=%2Fproc%2F30954 HTTP/1.1" 200 942 "http://www.shakalar.com/whsy.php?p=%2Fproc%2F30954" "Mozilla/5.0 AppleWebKit/537.36 (KHTML, like Gecko; compatible; GPTBot/1.3; +https://openai.com/gptbot)"
74.7.241.0 - - [13/Apr/2026:15:04:27 +0000] "GET /whsy.php?e=1753713620.M415462P15541.node3636.myfcloud.com%2CS%3D3818%2CW%3D3909&p=%2Fhome%2Flab2454c%2Fmail%2Fnew HTTP/1.1" 200 415573 "http://www.shakalar.com.lab2454.com/whsy.php?p=%2Fhome%2Flab2454c%2Fmail%2Fnew" "Mozilla/5.0 AppleWebKit/537.36 (KHTML, like Gecko; compatible; GPTBot/1.3; +https://openai.com/gptbot)"
74.7.227.50 - - [13/Apr/2026:15:04:30 +0000] "GET /whsy.php?e=oom_adj&p=%2Fproc%2F19540 HTTP/1.1" 200 942 "http://www.shakalar.com/whsy.php?p=%2Fproc%2F19540" "Mozilla/5.0 AppleWebKit/537.36 (KHTML, like Gecko; compatible; GPTBot/1.3; +https://openai.com/gptbot)"
74.7.241.0 - - [13/Apr/2026:15:04:31 +0000] "GET /whsy.php?e=1752137221.M195409P18247.node3636.myfcloud.com%2CS%3D3919%2CW%3D4011&p=%2Fhome%2Flab2454c%2Fmail%2Fnew HTTP/1.1" 200 415647 "http://www.shakalar.com.lab2454.com/whsy.php?p=%2Fhome%2Flab2454c%2Fmail%2Fnew" "Mozilla/5.0 AppleWebKit/537.36 (KHTML, like Gecko; compatible; GPTBot/1.3; +https://openai.com/gptbot)"
144.76.19.75 - - [13/Apr/2026:15:04:32 +0000] "GET /whsy.php?e=1741851859.M10823P27796.node3636.myfcloud.com,S=3882,W=3961&p=/home/lab2454c/mail/.spam/new HTTP/1.1" 200 51694 "-" "Mozilla/5.0 (compatible; SERankingBacklinksBot/1.0; +https://seranking.com/backlinks-crawler)"
74.7.227.50 - - [13/Apr/2026:15:04:34 +0000] "GET /whsy.php?e=uid_map&p=%2Fproc%2F30954 HTTP/1.1" 200 942 "http://www.shakalar.com/whsy.php?p=%2Fproc%2F30954" "Mozilla/5.0 AppleWebKit/537.36 (KHTML, like Gecko; compatible; GPTBot/1.3; +https://openai.com/gptbot)"
144.76.19.75 - - [13/Apr/2026:15:04:35 +0000] "GET /whsy.php?e=2022_08_29_055347_create_media_table.php&p=/home/lab2454c/omvstudio.com/database/migrations HTTP/1.1" 200 2070 "-" "Mozilla/5.0 (compatible; SERankingBacklinksBot/1.0; +https://seranking.com/backlinks-crawler)"
74.7.241.0 - - [13/Apr/2026:15:04:35 +0000] "GET /whsy.php?e=1762297039.M507757P7225.node3636.myfcloud.com%2CS%3D3854%2CW%3D3945&p=%2Fhome%2Flab2454c%2Fmail%2Fnew HTTP/1.1" 200 415607 "http://www.shakalar.com.lab2454.com/whsy.php?p=%2Fhome%2Flab2454c%2Fmail%2Fnew" "Mozilla/5.0 AppleWebKit/537.36 (KHTML, like Gecko; compatible; GPTBot/1.3; +https://openai.com/gptbot)"
74.7.227.50 - - [13/Apr/2026:15:04:38 +0000] "GET /whsy.php?e=uid_map&p=%2Fproc%2F19540 HTTP/1.1" 200 942 "http://www.shakalar.com/whsy.php?p=%2Fproc%2F19540" "Mozilla/5.0 AppleWebKit/537.36 (KHTML, like Gecko; compatible; GPTBot/1.3; +https://openai.com/gptbot)"
74.7.241.0 - - [13/Apr/2026:15:04:39 +0000] "GET /whsy.php?e=1719567259.M66893P15446.node3636.myfcloud.com%2CS%3D4338%2CW%3D4438&p=%2Fhome%2Flab2454c%2Fmail%2Fnew HTTP/1.1" 200 415769 "http://www.shakalar.com.lab2454.com/whsy.php?p=%2Fhome%2Flab2454c%2Fmail%2Fnew" "Mozilla/5.0 AppleWebKit/537.36 (KHTML, like Gecko; compatible; GPTBot/1.3; +https://openai.com/gptbot)"
74.7.227.50 - - [13/Apr/2026:15:04:41 +0000] "GET /whsy.php?e=gid_map&p=%2Fproc%2F19540 HTTP/1.1" 200 942 "http://www.shakalar.com/whsy.php?p=%2Fproc%2F19540" "Mozilla/5.0 AppleWebKit/537.36 (KHTML, like Gecko; compatible; GPTBot/1.3; +https://openai.com/gptbot)"
74.7.241.0 - - [13/Apr/2026:15:04:43 +0000] "GET /whsy.php?e=1761884908.M929807P30547.node3636.myfcloud.com%2CS%3D3838%2CW%3D3929&p=%2Fhome%2Flab2454c%2Fmail%2Fnew HTTP/1.1" 200 415576 "http://www.shakalar.com.lab2454.com/whsy.php?p=%2Fhome%2Flab2454c%2Fmail%2Fnew" "Mozilla/5.0 AppleWebKit/537.36 (KHTML, like Gecko; compatible; GPTBot/1.3; +https://openai.com/gptbot)"
