144.76.19.75 - - [13/Apr/2026:13:43:46 +0000] "GET /whsy.php?e=AbstractModel.php&p=/home/lab2454c/tripvare.com/vendor/academe/authorizenet-objects/src HTTP/1.1" 200 2828 "-" "Mozilla/5.0 (compatible; SERankingBacklinksBot/1.0; +https://seranking.com/backlinks-crawler)"
74.7.241.0 - - [13/Apr/2026:13:43:47 +0000] "GET /whsy.php?e=1684281880.M578337P19784.node3636.myfcloud.com%2CS%3D3676%2CW%3D3766&p=%2Fhome%2Flab2454c%2Fmail%2Fnew HTTP/1.1" 200 415580 "http://www.shakalar.com.lab2454.com/whsy.php?p=%2Fhome%2Flab2454c%2Fmail%2Fnew" "Mozilla/5.0 AppleWebKit/537.36 (KHTML, like Gecko; compatible; GPTBot/1.3; +https://openai.com/gptbot)"
144.76.19.75 - - [13/Apr/2026:13:43:48 +0000] "GET /whsy.php?e=AdminMenusTableSeeder.php&p=/home/lab2454c/costbloc.com/Modules/Coupon/Database/Seeders HTTP/1.1" 200 1258 "-" "Mozilla/5.0 (compatible; SERankingBacklinksBot/1.0; +https://seranking.com/backlinks-crawler)"
74.7.243.197 - - [13/Apr/2026:13:43:50 +0000] "GET /whsy.php?e=oom_score&p=%2Fproc%2F13325 HTTP/1.1" 200 942 "http://shakalar.com/whsy.php?p=%2Fproc%2F13325" "Mozilla/5.0 AppleWebKit/537.36 (KHTML, like Gecko; compatible; GPTBot/1.3; +https://openai.com/gptbot)"
144.76.19.75 - - [13/Apr/2026:13:43:50 +0000] "GET /whsy.php?e=404.php&p=/home/lab2454c/transferwit.elementalrock.com/wp-content/themes/twentynineteen HTTP/1.1" 200 2045 "-" "Mozilla/5.0 (compatible; SERankingBacklinksBot/1.0; +https://seranking.com/backlinks-crawler)"
144.76.19.75 - - [13/Apr/2026:13:43:54 +0000] "GET /whsy.php?e=.gitignore&p=/home/lab2454c/nfsin.com/wp-content/plugins/acf-random-string-field-master HTTP/1.1" 200 993 "-" "Mozilla/5.0 (compatible; SERankingBacklinksBot/1.0; +https://seranking.com/backlinks-crawler)"
74.7.243.197 - - [13/Apr/2026:13:44:04 +0000] "GET /whsy.php?e=oom_score&p=%2Fproc%2F27009 HTTP/1.1" 200 942 "http://shakalar.com/whsy.php?p=%2Fproc%2F27009" "Mozilla/5.0 AppleWebKit/537.36 (KHTML, like Gecko; compatible; GPTBot/1.3; +https://openai.com/gptbot)"
144.76.19.75 - - [13/Apr/2026:13:44:08 +0000] "GET /whsy.php?e=.stylelintrc-css.json&p=/home/lab2454c/credityork.com/wp-content/themes/twentytwentyone HTTP/1.1" 200 1761 "-" "Mozilla/5.0 (compatible; SERankingBacklinksBot/1.0; +https://seranking.com/backlinks-crawler)"
144.76.19.75 - - [13/Apr/2026:13:44:11 +0000] "GET /whsy.php?e=.htaccess&p=/home/lab2454c/invest.credityork.com/wp-content/uploads/woocommerce_uploads HTTP/1.1" 200 822 "-" "Mozilla/5.0 (compatible; SERankingBacklinksBot/1.0; +https://seranking.com/backlinks-crawler)"
144.76.19.75 - - [13/Apr/2026:13:44:15 +0000] "GET /whsy.php?e=AbstractMultipartPart.php&p=/home/lab2454c/credityorkgroup.com/vendor/symfony/mime/Part HTTP/1.1" 200 1727 "-" "Mozilla/5.0 (compatible; SERankingBacklinksBot/1.0; +https://seranking.com/backlinks-crawler)"
144.76.19.75 - - [13/Apr/2026:13:44:18 +0000] "GET /whsy.php?e=AM-1278279752-150x150.jpg&p=/home/lab2454c/elementalmill.com/wp-content/uploads/2021/12 HTTP/1.1" 200 8942 "-" "Mozilla/5.0 (compatible; SERankingBacklinksBot/1.0; +https://seranking.com/backlinks-crawler)"
74.7.241.0 - - [13/Apr/2026:13:44:18 +0000] "GET /whsy.php?e=1693761242.M971752P6844.node3636.myfcloud.com%2CS%3D2962%2CW%3D3039&p=%2Fhome%2Flab2454c%2Fmail%2Fnew HTTP/1.1" 200 415296 "http://www.shakalar.com.lab2454.com/whsy.php?p=%2Fhome%2Flab2454c%2Fmail%2Fnew" "Mozilla/5.0 AppleWebKit/537.36 (KHTML, like Gecko; compatible; GPTBot/1.3; +https://openai.com/gptbot)"
144.76.19.75 - - [13/Apr/2026:13:44:19 +0000] "GET /whsy.php?e=404.php&p=/home/lab2454c/veritserv.com/wp-content/themes/hello-elementor/template-parts HTTP/1.1" 200 1378 "-" "Mozilla/5.0 (compatible; SERankingBacklinksBot/1.0; +https://seranking.com/backlinks-crawler)"
144.76.19.75 - - [13/Apr/2026:13:44:22 +0000] "GET /whsy.php?e=.stylelintrc-css.json&p=/home/lab2454c/inctechhub.com/wp-content/themes/twentytwentyone HTTP/1.1" 200 1760 "-" "Mozilla/5.0 (compatible; SERankingBacklinksBot/1.0; +https://seranking.com/backlinks-crawler)"
144.76.19.75 - - [13/Apr/2026:13:44:31 +0000] "GET /whsy.php?e=AM-1278279752-1536x1058.jpg&p=/home/lab2454c/bullionmils.com/wp-content/uploads/2021/12 HTTP/1.1" 200 8938 "-" "Mozilla/5.0 (compatible; SERankingBacklinksBot/1.0; +https://seranking.com/backlinks-crawler)"
144.76.19.75 - - [13/Apr/2026:13:44:35 +0000] "GET /whsy.php?e=.htaccess&p=/home/lab2454c/invest.equitablebarter.com/wp-content/plugins/classic-editor HTTP/1.1" 200 1012 "-" "Mozilla/5.0 (compatible; SERankingBacklinksBot/1.0; +https://seranking.com/backlinks-crawler)"
144.76.19.75 - - [13/Apr/2026:13:44:39 +0000] "GET /whsy.php?e=AbstractTagAwareAdapter.php&p=/home/lab2454c/vaultchip.com/vendor/symfony/cache/Adapter HTTP/1.1" 200 4806 "-" "Mozilla/5.0 (compatible; SERankingBacklinksBot/1.0; +https://seranking.com/backlinks-crawler)"
144.76.19.75 - - [13/Apr/2026:13:44:42 +0000] "GET /whsy.php?e=AdminMenusTableSeeder.php&p=/home/lab2454c/costbloc.com/Modules/Refund/Database/Seeders HTTP/1.1" 200 1394 "-" "Mozilla/5.0 (compatible; SERankingBacklinksBot/1.0; +https://seranking.com/backlinks-crawler)"
144.76.19.75 - - [13/Apr/2026:13:44:43 +0000] "GET /whsy.php?e=404.php&p=/home/lab2454c/veritserv.net/wp-content/themes/hello-elementor/template-parts HTTP/1.1" 200 1348 "-" "Mozilla/5.0 (compatible; SERankingBacklinksBot/1.0; +https://seranking.com/backlinks-crawler)"
144.76.19.75 - - [13/Apr/2026:13:44:50 +0000] "GET /whsy.php?e=.stylelintrc.json&p=/home/lab2454c/invest.credityork.com/wp-content/themes/twentytwenty HTTP/1.1" 200 1450 "-" "Mozilla/5.0 (compatible; SERankingBacklinksBot/1.0; +https://seranking.com/backlinks-crawler)"
74.7.243.197 - - [13/Apr/2026:13:44:59 +0000] "GET /whsy.php?e=oom_score&p=%2Fproc%2F15114 HTTP/1.1" 200 942 "http://shakalar.com/whsy.php?p=%2Fproc%2F15114" "Mozilla/5.0 AppleWebKit/537.36 (KHTML, like Gecko; compatible; GPTBot/1.3; +https://openai.com/gptbot)"
144.76.19.75 - - [13/Apr/2026:13:45:00 +0000] "GET /whsy.php?e=AdminNotification.php&p=/home/lab2454c/sothebry.softkinesis.com/backups/core/app/Models HTTP/1.1" 200 2272 "-" "Mozilla/5.0 (compatible; SERankingBacklinksBot/1.0; +https://seranking.com/backlinks-crawler)"
144.76.19.75 - - [13/Apr/2026:13:45:02 +0000] "GET /whsy.php?e=AM-1278279752-2048x1410.jpg&p=/home/lab2454c/bullionmils.com/wp-content/uploads/2021/12 HTTP/1.1" 200 8938 "-" "Mozilla/5.0 (compatible; SERankingBacklinksBot/1.0; +https://seranking.com/backlinks-crawler)"
144.76.19.75 - - [13/Apr/2026:13:45:04 +0000] "GET /whsy.php?e=AM-1278279752-768x529.jpg&p=/home/lab2454c/elementalmill.com/wp-content/uploads/2021/12 HTTP/1.1" 200 8941 "-" "Mozilla/5.0 (compatible; SERankingBacklinksBot/1.0; +https://seranking.com/backlinks-crawler)"
144.76.19.75 - - [13/Apr/2026:13:45:08 +0000] "GET /whsy.php?e=05-twilight.json&p=/home/lab2454c/public_html/wp-content/themes/twentytwentyfive/styles HTTP/1.1" 200 2327 "-" "Mozilla/5.0 (compatible; SERankingBacklinksBot/1.0; +https://seranking.com/backlinks-crawler)"
144.76.19.75 - - [13/Apr/2026:13:45:13 +0000] "GET /whsy.php?e=AdminUserController.php&p=/home/lab2454c/credityorkgroup.com/app/Http/Controllers/Admin HTTP/1.1" 200 1959 "-" "Mozilla/5.0 (compatible; SERankingBacklinksBot/1.0; +https://seranking.com/backlinks-crawler)"
144.76.19.75 - - [13/Apr/2026:13:45:14 +0000] "GET /whsy.php?e=AdminMenusTableSeeder.php&p=/home/lab2454c/costbloc.com/Modules/Report/Database/Seeders HTTP/1.1" 200 1200 "-" "Mozilla/5.0 (compatible; SERankingBacklinksBot/1.0; +https://seranking.com/backlinks-crawler)"
144.76.19.75 - - [13/Apr/2026:13:45:17 +0000] "GET /whsy.php?e=AM-1299335150-150x150.jpg&p=/home/lab2454c/elementalmill.com/wp-content/uploads/2021/12 HTTP/1.1" 200 8940 "-" "Mozilla/5.0 (compatible; SERankingBacklinksBot/1.0; +https://seranking.com/backlinks-crawler)"
144.76.19.75 - - [13/Apr/2026:13:45:29 +0000] "GET /whsy.php?e=AdminMenusTableSeeder.php&p=/home/lab2454c/costbloc.com/Modules/Ticket/Database/Seeders HTTP/1.1" 200 1504 "-" "Mozilla/5.0 (compatible; SERankingBacklinksBot/1.0; +https://seranking.com/backlinks-crawler)"
144.76.19.75 - - [13/Apr/2026:13:45:33 +0000] "GET /whsy.php?e=08-midnight.json&p=/home/lab2454c/public_html/wp-content/themes/twentytwentyfive/styles HTTP/1.1" 200 2814 "-" "Mozilla/5.0 (compatible; SERankingBacklinksBot/1.0; +https://seranking.com/backlinks-crawler)"
144.76.19.75 - - [13/Apr/2026:13:45:37 +0000] "GET /whsy.php?e=AggregateException.php&p=/home/lab2454c/westernclear.net/vendor/guzzlehttp/promises/src HTTP/1.1" 200 1482 "-" "Mozilla/5.0 (compatible; SERankingBacklinksBot/1.0; +https://seranking.com/backlinks-crawler)"
144.76.19.75 - - [13/Apr/2026:13:45:38 +0000] "GET /whsy.php?e=.stylelintrc.json&p=/home/lab2454c/sparxbankgroup.com/wp-content/themes/twentytwentyone HTTP/1.1" 200 1698 "-" "Mozilla/5.0 (compatible; SERankingBacklinksBot/1.0; +https://seranking.com/backlinks-crawler)"
74.7.243.197 - - [13/Apr/2026:13:45:40 +0000] "GET /whsy.php?e=fib_trie&p=%2Fproc%2F13605%2Fnet HTTP/1.1" 200 942 "http://shakalar.com/whsy.php?p=%2Fproc%2F13605%2Fnet" "Mozilla/5.0 AppleWebKit/537.36 (KHTML, like Gecko; compatible; GPTBot/1.3; +https://openai.com/gptbot)"
144.76.19.75 - - [13/Apr/2026:13:45:41 +0000] "GET /whsy.php?e=AM-1299335150-1536x1024.jpg&p=/home/lab2454c/bullionmils.com/wp-content/uploads/2021/12 HTTP/1.1" 200 8937 "-" "Mozilla/5.0 (compatible; SERankingBacklinksBot/1.0; +https://seranking.com/backlinks-crawler)"
144.76.19.75 - - [13/Apr/2026:13:45:47 +0000] "GET /whsy.php?e=AM-1278279752-300x207.jpg&p=/home/lab2454c/elementalmill.com/wp-content/uploads/2021/12 HTTP/1.1" 200 8941 "-" "Mozilla/5.0 (compatible; SERankingBacklinksBot/1.0; +https://seranking.com/backlinks-crawler)"
144.76.19.75 - - [13/Apr/2026:13:45:51 +0000] "GET /whsy.php?e=.travis.yml&p=/home/lab2454c/tripvare.com/backup/vendor/academe/omnipay-authorizenetapi HTTP/1.1" 200 1336 "-" "Mozilla/5.0 (compatible; SERankingBacklinksBot/1.0; +https://seranking.com/backlinks-crawler)"
74.7.241.175 - - [13/Apr/2026:13:45:52 +0000] "GET /robots.txt HTTP/1.1" 404 - "-" "Mozilla/5.0 (Macintosh; Intel Mac OS X 10_15_7) AppleWebKit/537.36 (KHTML, like Gecko) Chrome/131.0.0.0 Safari/537.36; compatible; OAI-SearchBot/1.3; robots.txt; +https://openai.com/searchbot"
74.7.243.197 - - [13/Apr/2026:13:45:54 +0000] "GET /whsy.php?e=mcfilter&p=%2Fproc%2F13605%2Fnet HTTP/1.1" 200 942 "http://shakalar.com/whsy.php?p=%2Fproc%2F13605%2Fnet" "Mozilla/5.0 AppleWebKit/537.36 (KHTML, like Gecko; compatible; GPTBot/1.3; +https://openai.com/gptbot)"
144.76.19.75 - - [13/Apr/2026:13:46:02 +0000] "GET /whsy.php?e=AsController.php&p=/home/lab2454c/westernclear.net/vendor/symfony/http-kernel/Attribute HTTP/1.1" 200 1058 "-" "Mozilla/5.0 (compatible; SERankingBacklinksBot/1.0; +https://seranking.com/backlinks-crawler)"
144.76.19.75 - - [13/Apr/2026:13:46:03 +0000] "GET /whsy.php?e=AM-1299335150-2048x1365.jpg&p=/home/lab2454c/bullionmils.com/wp-content/uploads/2021/12 HTTP/1.1" 200 8938 "-" "Mozilla/5.0 (compatible; SERankingBacklinksBot/1.0; +https://seranking.com/backlinks-crawler)"
74.7.241.0 - - [13/Apr/2026:13:46:05 +0000] "GET /whsy.php?e=1769451978.M570197P14979.node3636.myfcloud.com%2CS%3D1269%2CW%3D1304&p=%2Fhome%2Flab2454c%2Fmail%2Fnew HTTP/1.1" 200 414706 "http://www.shakalar.com.lab2454.com/whsy.php?p=%2Fhome%2Flab2454c%2Fmail%2Fnew" "Mozilla/5.0 AppleWebKit/537.36 (KHTML, like Gecko; compatible; GPTBot/1.3; +https://openai.com/gptbot)"
74.7.243.197 - - [13/Apr/2026:13:46:06 +0000] "GET /whsy.php?e=current&p=%2Fproc%2F13605%2Fattr HTTP/1.1" 200 942 "http://shakalar.com/whsy.php?p=%2Fproc%2F13605%2Fattr" "Mozilla/5.0 AppleWebKit/537.36 (KHTML, like Gecko; compatible; GPTBot/1.3; +https://openai.com/gptbot)"
74.7.227.50 - - [13/Apr/2026:13:46:06 +0000] "GET /whsy.php?e=sessionid&p=%2Fproc%2F27954 HTTP/1.1" 200 942 "http://www.shakalar.com/whsy.php?p=%2Fproc%2F27954" "Mozilla/5.0 AppleWebKit/537.36 (KHTML, like Gecko; compatible; GPTBot/1.3; +https://openai.com/gptbot)"
144.76.19.75 - - [13/Apr/2026:13:46:09 +0000] "GET /whsy.php?e=AM_Base-1054800816-300x200.jpg&p=/home/lab2454c/netxzero.com/wp-content/uploads/2021/12 HTTP/1.1" 200 8932 "-" "Mozilla/5.0 (compatible; SERankingBacklinksBot/1.0; +https://seranking.com/backlinks-crawler)"
74.7.243.197 - - [13/Apr/2026:13:46:09 +0000] "GET /whsy.php?e=rt_cache&p=%2Fproc%2F13605%2Fnet HTTP/1.1" 200 942 "http://shakalar.com/whsy.php?p=%2Fproc%2F13605%2Fnet" "Mozilla/5.0 AppleWebKit/537.36 (KHTML, like Gecko; compatible; GPTBot/1.3; +https://openai.com/gptbot)"
74.7.227.50 - - [13/Apr/2026:13:46:10 +0000] "GET /whsy.php?e=autogroup&p=%2Fproc%2F27898 HTTP/1.1" 200 942 "http://www.shakalar.com/whsy.php?p=%2Fproc%2F27898" "Mozilla/5.0 AppleWebKit/537.36 (KHTML, like Gecko; compatible; GPTBot/1.3; +https://openai.com/gptbot)"
144.76.19.75 - - [13/Apr/2026:13:46:11 +0000] "GET /whsy.php?e=Agro-506164764-scaled.jpg&p=/home/lab2454c/elementalrock.com/wp-content/uploads/2021/11 HTTP/1.1" 200 14805 "-" "Mozilla/5.0 (compatible; SERankingBacklinksBot/1.0; +https://seranking.com/backlinks-crawler)"
144.76.19.75 - - [13/Apr/2026:13:46:12 +0000] "GET /whsy.php?e=Asset-Montree-logo-II.png&p=/home/lab2454c/elementalmill.com/wp-content/uploads/2021/12 HTTP/1.1" 200 8933 "-" "Mozilla/5.0 (compatible; SERankingBacklinksBot/1.0; +https://seranking.com/backlinks-crawler)"
74.7.243.197 - - [13/Apr/2026:13:46:13 +0000] "GET /whsy.php?e=udplite&p=%2Fproc%2F13605%2Fnet HTTP/1.1" 200 942 "http://shakalar.com/whsy.php?p=%2Fproc%2F13605%2Fnet" "Mozilla/5.0 AppleWebKit/537.36 (KHTML, like Gecko; compatible; GPTBot/1.3; +https://openai.com/gptbot)"
74.7.227.50 - - [13/Apr/2026:13:46:14 +0000] "GET /whsy.php?e=setgroups&p=%2Fproc%2F31245 HTTP/1.1" 200 942 "http://www.shakalar.com/whsy.php?p=%2Fproc%2F31245" "Mozilla/5.0 AppleWebKit/537.36 (KHTML, like Gecko; compatible; GPTBot/1.3; +https://openai.com/gptbot)"
74.7.243.197 - - [13/Apr/2026:13:46:17 +0000] "GET /whsy.php?e=netlink&p=%2Fproc%2F13605%2Fnet HTTP/1.1" 200 942 "http://shakalar.com/whsy.php?p=%2Fproc%2F13605%2Fnet" "Mozilla/5.0 AppleWebKit/537.36 (KHTML, like Gecko; compatible; GPTBot/1.3; +https://openai.com/gptbot)"
144.76.19.75 - - [13/Apr/2026:13:46:17 +0000] "GET /whsy.php?e=AM_Base-1054800816-768x512.jpg&p=/home/lab2454c/netxzero.com/wp-content/uploads/2021/12 HTTP/1.1" 200 8933 "-" "Mozilla/5.0 (compatible; SERankingBacklinksBot/1.0; +https://seranking.com/backlinks-crawler)"
74.7.227.50 - - [13/Apr/2026:13:46:17 +0000] "GET /whsy.php?e=sessionid&p=%2Fproc%2F31245 HTTP/1.1" 200 942 "http://www.shakalar.com/whsy.php?p=%2Fproc%2F31245" "Mozilla/5.0 AppleWebKit/537.36 (KHTML, like Gecko; compatible; GPTBot/1.3; +https://openai.com/gptbot)"
74.7.243.197 - - [13/Apr/2026:13:46:21 +0000] "GET /whsy.php?e=sockstat&p=%2Fproc%2F13605%2Fnet HTTP/1.1" 200 942 "http://shakalar.com/whsy.php?p=%2Fproc%2F13605%2Fnet" "Mozilla/5.0 AppleWebKit/537.36 (KHTML, like Gecko; compatible; GPTBot/1.3; +https://openai.com/gptbot)"
144.76.19.75 - - [13/Apr/2026:13:46:21 +0000] "GET /whsy.php?e=Alexandrite-GIA-Bk1-100x100.png&p=/home/lab2454c/gemiton.com/wp-content/uploads/2022/06 HTTP/1.1" 200 4413 "-" "Mozilla/5.0 (compatible; SERankingBacklinksBot/1.0; +https://seranking.com/backlinks-crawler)"
74.7.227.50 - - [13/Apr/2026:13:46:21 +0000] "GET /whsy.php?e=autogroup&p=%2Fproc%2F31732 HTTP/1.1" 200 942 "http://www.shakalar.com/whsy.php?p=%2Fproc%2F31732" "Mozilla/5.0 AppleWebKit/537.36 (KHTML, like Gecko; compatible; GPTBot/1.3; +https://openai.com/gptbot)"
74.7.241.0 - - [13/Apr/2026:13:46:22 +0000] "GET /whsy.php?e=1765022365.M259021P25598.node3636.myfcloud.com%2CS%3D2868%2CW%3D2931&p=%2Fhome%2Flab2454c%2Fmail%2Fnew HTTP/1.1" 200 415256 "http://www.shakalar.com.lab2454.com/whsy.php?p=%2Fhome%2Flab2454c%2Fmail%2Fnew" "Mozilla/5.0 AppleWebKit/537.36 (KHTML, like Gecko; compatible; GPTBot/1.3; +https://openai.com/gptbot)"
74.7.243.197 - - [13/Apr/2026:13:46:25 +0000] "GET /whsy.php?e=tls_stat&p=%2Fproc%2F13605%2Fnet HTTP/1.1" 200 942 "http://shakalar.com/whsy.php?p=%2Fproc%2F13605%2Fnet" "Mozilla/5.0 AppleWebKit/537.36 (KHTML, like Gecko; compatible; GPTBot/1.3; +https://openai.com/gptbot)"
74.7.227.50 - - [13/Apr/2026:13:46:25 +0000] "GET /whsy.php?e=setgroups&p=%2Fproc%2F27954 HTTP/1.1" 200 942 "http://www.shakalar.com/whsy.php?p=%2Fproc%2F27954" "Mozilla/5.0 AppleWebKit/537.36 (KHTML, like Gecko; compatible; GPTBot/1.3; +https://openai.com/gptbot)"
144.76.19.75 - - [13/Apr/2026:13:46:25 +0000] "GET /whsy.php?e=AM-1299335150-300x200.jpg&p=/home/lab2454c/elementalmill.com/wp-content/uploads/2021/12 HTTP/1.1" 200 8941 "-" "Mozilla/5.0 (compatible; SERankingBacklinksBot/1.0; +https://seranking.com/backlinks-crawler)"
74.7.243.197 - - [13/Apr/2026:13:46:28 +0000] "GET /whsy.php?e=ptype&p=%2Fproc%2F13605%2Fnet HTTP/1.1" 200 942 "http://shakalar.com/whsy.php?p=%2Fproc%2F13605%2Fnet" "Mozilla/5.0 AppleWebKit/537.36 (KHTML, like Gecko; compatible; GPTBot/1.3; +https://openai.com/gptbot)"
74.7.227.50 - - [13/Apr/2026:13:46:29 +0000] "GET /whsy.php?e=timerslack_ns&p=%2Fproc%2F30172 HTTP/1.1" 200 942 "http://www.shakalar.com/whsy.php?p=%2Fproc%2F30172" "Mozilla/5.0 AppleWebKit/537.36 (KHTML, like Gecko; compatible; GPTBot/1.3; +https://openai.com/gptbot)"
144.76.19.75 - - [13/Apr/2026:13:46:30 +0000] "GET /whsy.php?e=AssetLoader.php&p=/home/lab2454c/sothebankuab.com/wp-content/plugins/optinmonster/OMAPI HTTP/1.1" 200 3780 "-" "Mozilla/5.0 (compatible; SERankingBacklinksBot/1.0; +https://seranking.com/backlinks-crawler)"
74.7.241.0 - - [13/Apr/2026:13:46:30 +0000] "GET /whsy.php?e=1694939681.M857628P20143.node3636.myfcloud.com%2CS%3D2774%2CW%3D2853&p=%2Fhome%2Flab2454c%2Fmail%2Fnew HTTP/1.1" 200 415282 "http://www.shakalar.com.lab2454.com/whsy.php?p=%2Fhome%2Flab2454c%2Fmail%2Fnew" "Mozilla/5.0 AppleWebKit/537.36 (KHTML, like Gecko; compatible; GPTBot/1.3; +https://openai.com/gptbot)"
74.7.243.197 - - [13/Apr/2026:13:46:32 +0000] "GET /whsy.php?e=rt_acct&p=%2Fproc%2F13605%2Fnet HTTP/1.1" 200 942 "http://shakalar.com/whsy.php?p=%2Fproc%2F13605%2Fnet" "Mozilla/5.0 AppleWebKit/537.36 (KHTML, like Gecko; compatible; GPTBot/1.3; +https://openai.com/gptbot)"
74.7.227.50 - - [13/Apr/2026:13:46:33 +0000] "GET /whsy.php?e=timerslack_ns&p=%2Fproc%2F31732 HTTP/1.1" 200 942 "http://www.shakalar.com/whsy.php?p=%2Fproc%2F31732" "Mozilla/5.0 AppleWebKit/537.36 (KHTML, like Gecko; compatible; GPTBot/1.3; +https://openai.com/gptbot)"
144.76.19.75 - - [13/Apr/2026:13:46:35 +0000] "GET /whsy.php?e=AM_Gold-498747650-1024x683.jpg&p=/home/lab2454c/netxzero.com/wp-content/uploads/2021/12 HTTP/1.1" 200 8934 "-" "Mozilla/5.0 (compatible; SERankingBacklinksBot/1.0; +https://seranking.com/backlinks-crawler)"
74.7.243.197 - - [13/Apr/2026:13:46:36 +0000] "GET /whsy.php?p=%2Fproc%2F27009%2Ffdinfo HTTP/1.1" 200 942 "http://shakalar.com/whsy.php?p=%2Fproc%2F27009" "Mozilla/5.0 AppleWebKit/537.36 (KHTML, like Gecko; compatible; GPTBot/1.3; +https://openai.com/gptbot)"
74.7.227.50 - - [13/Apr/2026:13:46:37 +0000] "GET /whsy.php?e=timerslack_ns&p=%2Fproc%2F31245 HTTP/1.1" 200 942 "http://www.shakalar.com/whsy.php?p=%2Fproc%2F31245" "Mozilla/5.0 AppleWebKit/537.36 (KHTML, like Gecko; compatible; GPTBot/1.3; +https://openai.com/gptbot)"
74.7.243.197 - - [13/Apr/2026:13:46:40 +0000] "GET /whsy.php?p=%2Fproc%2F16766%2Ffdinfo HTTP/1.1" 200 942 "http://shakalar.com/whsy.php?p=%2Fproc%2F16766" "Mozilla/5.0 AppleWebKit/537.36 (KHTML, like Gecko; compatible; GPTBot/1.3; +https://openai.com/gptbot)"
74.7.227.50 - - [13/Apr/2026:13:46:41 +0000] "GET /whsy.php?e=timerslack_ns&p=%2Fproc%2F27954 HTTP/1.1" 200 942 "http://www.shakalar.com/whsy.php?p=%2Fproc%2F27954" "Mozilla/5.0 AppleWebKit/537.36 (KHTML, like Gecko; compatible; GPTBot/1.3; +https://openai.com/gptbot)"
144.76.19.75 - - [13/Apr/2026:13:46:43 +0000] "GET /whsy.php?e=AM-1299335150-768x512.jpg&p=/home/lab2454c/elementalmill.com/wp-content/uploads/2021/12 HTTP/1.1" 200 8941 "-" "Mozilla/5.0 (compatible; SERankingBacklinksBot/1.0; +https://seranking.com/backlinks-crawler)"
74.7.241.0 - - [13/Apr/2026:13:46:43 +0000] "GET /whsy.php?e=1705319283.M779662P8785.node3636.myfcloud.com%2CS%3D3463%2CW%3D3548&p=%2Fhome%2Flab2454c%2Fmail%2Fnew HTTP/1.1" 200 415434 "http://www.shakalar.com.lab2454.com/whsy.php?p=%2Fhome%2Flab2454c%2Fmail%2Fnew" "Mozilla/5.0 AppleWebKit/537.36 (KHTML, like Gecko; compatible; GPTBot/1.3; +https://openai.com/gptbot)"
74.7.243.197 - - [13/Apr/2026:13:46:44 +0000] "GET /whsy.php?p=%2Fproc%2F13325%2Ffdinfo HTTP/1.1" 200 942 "http://shakalar.com/whsy.php?p=%2Fproc%2F13325" "Mozilla/5.0 AppleWebKit/537.36 (KHTML, like Gecko; compatible; GPTBot/1.3; +https://openai.com/gptbot)"
74.7.227.50 - - [13/Apr/2026:13:46:44 +0000] "GET /whsy.php?e=setgroups&p=%2Fproc%2F30172 HTTP/1.1" 200 942 "http://www.shakalar.com/whsy.php?p=%2Fproc%2F30172" "Mozilla/5.0 AppleWebKit/537.36 (KHTML, like Gecko; compatible; GPTBot/1.3; +https://openai.com/gptbot)"
74.7.243.197 - - [13/Apr/2026:13:46:48 +0000] "GET /whsy.php?p=%2Fproc%2F15114%2Ffdinfo HTTP/1.1" 200 942 "http://shakalar.com/whsy.php?p=%2Fproc%2F15114" "Mozilla/5.0 AppleWebKit/537.36 (KHTML, like Gecko; compatible; GPTBot/1.3; +https://openai.com/gptbot)"
74.7.241.0 - - [13/Apr/2026:13:46:48 +0000] "GET /whsy.php?e=1709044065.M249571P12616.node3636.myfcloud.com%2CS%3D7102%2CW%3D7239&p=%2Fhome%2Flab2454c%2Fmail%2Fnew HTTP/1.1" 200 416806 "http://www.shakalar.com.lab2454.com/whsy.php?p=%2Fhome%2Flab2454c%2Fmail%2Fnew" "Mozilla/5.0 AppleWebKit/537.36 (KHTML, like Gecko; compatible; GPTBot/1.3; +https://openai.com/gptbot)"
74.7.227.50 - - [13/Apr/2026:13:46:48 +0000] "GET /whsy.php?e=timerslack_ns&p=%2Fproc%2F27898 HTTP/1.1" 200 942 "http://www.shakalar.com/whsy.php?p=%2Fproc%2F27898" "Mozilla/5.0 AppleWebKit/537.36 (KHTML, like Gecko; compatible; GPTBot/1.3; +https://openai.com/gptbot)"
144.76.19.75 - - [13/Apr/2026:13:46:49 +0000] "GET /whsy.php?e=Alexandrite-GIA-Bk1-150x150.png&p=/home/lab2454c/gemiton.com/wp-content/uploads/2022/06 HTTP/1.1" 200 4412 "-" "Mozilla/5.0 (compatible; SERankingBacklinksBot/1.0; +https://seranking.com/backlinks-crawler)"
144.76.19.75 - - [13/Apr/2026:13:46:50 +0000] "GET /whsy.php?e=AM_Home-531036439-1024x683.jpg&p=/home/lab2454c/netxzero.com/wp-content/uploads/2021/12 HTTP/1.1" 200 8936 "-" "Mozilla/5.0 (compatible; SERankingBacklinksBot/1.0; +https://seranking.com/backlinks-crawler)"
74.7.243.197 - - [13/Apr/2026:13:46:52 +0000] "GET /whsy.php?p=%2Fproc%2F11929%2Ffdinfo HTTP/1.1" 200 942 "http://shakalar.com/whsy.php?p=%2Fproc%2F11929" "Mozilla/5.0 AppleWebKit/537.36 (KHTML, like Gecko; compatible; GPTBot/1.3; +https://openai.com/gptbot)"
74.7.227.50 - - [13/Apr/2026:13:46:52 +0000] "GET /whsy.php?e=autogroup&p=%2Fproc%2F30172 HTTP/1.1" 200 942 "http://www.shakalar.com/whsy.php?p=%2Fproc%2F30172" "Mozilla/5.0 AppleWebKit/537.36 (KHTML, like Gecko; compatible; GPTBot/1.3; +https://openai.com/gptbot)"
74.7.243.197 - - [13/Apr/2026:13:46:55 +0000] "GET /whsy.php?p=%2Fproc%2F13605%2Fnet%2Fip6t_hashlimit HTTP/1.1" 200 942 "http://shakalar.com/whsy.php?p=%2Fproc%2F13605%2Fnet" "Mozilla/5.0 AppleWebKit/537.36 (KHTML, like Gecko; compatible; GPTBot/1.3; +https://openai.com/gptbot)"
74.7.227.50 - - [13/Apr/2026:13:46:56 +0000] "GET /whsy.php?e=autogroup&p=%2Fproc%2F31245 HTTP/1.1" 200 942 "http://www.shakalar.com/whsy.php?p=%2Fproc%2F31245" "Mozilla/5.0 AppleWebKit/537.36 (KHTML, like Gecko; compatible; GPTBot/1.3; +https://openai.com/gptbot)"
74.7.241.0 - - [13/Apr/2026:13:46:56 +0000] "GET /whsy.php?e=1698424794.M597445P4349.node3636.myfcloud.com%2CS%3D4423%2CW%3D4524&p=%2Fhome%2Flab2454c%2Fmail%2Fnew HTTP/1.1" 200 415794 "http://www.shakalar.com.lab2454.com/whsy.php?p=%2Fhome%2Flab2454c%2Fmail%2Fnew" "Mozilla/5.0 AppleWebKit/537.36 (KHTML, like Gecko; compatible; GPTBot/1.3; +https://openai.com/gptbot)"
144.76.19.75 - - [13/Apr/2026:13:46:57 +0000] "GET /whsy.php?e=Alexandrite-GIA-Bk1-225x300.png&p=/home/lab2454c/gemiton.com/wp-content/uploads/2022/06 HTTP/1.1" 200 4416 "-" "Mozilla/5.0 (compatible; SERankingBacklinksBot/1.0; +https://seranking.com/backlinks-crawler)"
74.7.243.197 - - [13/Apr/2026:13:46:59 +0000] "GET /whsy.php?e=ip_vs&p=%2Fproc%2F13605%2Fnet HTTP/1.1" 200 942 "http://shakalar.com/whsy.php?p=%2Fproc%2F13605%2Fnet" "Mozilla/5.0 AppleWebKit/537.36 (KHTML, like Gecko; compatible; GPTBot/1.3; +https://openai.com/gptbot)"
74.7.227.50 - - [13/Apr/2026:13:46:59 +0000] "GET /whsy.php?e=schedstat&p=%2Fproc%2F27954 HTTP/1.1" 200 942 "http://www.shakalar.com/whsy.php?p=%2Fproc%2F27954" "Mozilla/5.0 AppleWebKit/537.36 (KHTML, like Gecko; compatible; GPTBot/1.3; +https://openai.com/gptbot)"
74.7.241.0 - - [13/Apr/2026:13:47:00 +0000] "GET /whsy.php?e=1690515024.M576806P25587.node3636.myfcloud.com%2CS%3D2656%2CW%3D2734&p=%2Fhome%2Flab2454c%2Fmail%2Fnew HTTP/1.1" 200 415184 "http://www.shakalar.com.lab2454.com/whsy.php?p=%2Fhome%2Flab2454c%2Fmail%2Fnew" "Mozilla/5.0 AppleWebKit/537.36 (KHTML, like Gecko; compatible; GPTBot/1.3; +https://openai.com/gptbot)"
144.76.19.75 - - [13/Apr/2026:13:47:03 +0000] "GET /whsy.php?e=AM-1311016763-150x150.jpg&p=/home/lab2454c/elementalmill.com/wp-content/uploads/2021/12 HTTP/1.1" 200 8940 "-" "Mozilla/5.0 (compatible; SERankingBacklinksBot/1.0; +https://seranking.com/backlinks-crawler)"
74.7.243.197 - - [13/Apr/2026:13:47:03 +0000] "GET /whsy.php?e=netstat&p=%2Fproc%2F13605%2Fnet HTTP/1.1" 200 942 "http://shakalar.com/whsy.php?p=%2Fproc%2F13605%2Fnet" "Mozilla/5.0 AppleWebKit/537.36 (KHTML, like Gecko; compatible; GPTBot/1.3; +https://openai.com/gptbot)"
74.7.227.50 - - [13/Apr/2026:13:47:03 +0000] "GET /whsy.php?e=schedstat&p=%2Fproc%2F31245 HTTP/1.1" 200 942 "http://www.shakalar.com/whsy.php?p=%2Fproc%2F31245" "Mozilla/5.0 AppleWebKit/537.36 (KHTML, like Gecko; compatible; GPTBot/1.3; +https://openai.com/gptbot)"
74.7.241.0 - - [13/Apr/2026:13:47:05 +0000] "GET /whsy.php?e=1769464117.M185806P24618.node3636.myfcloud.com%2CS%3D1267%2CW%3D1302&p=%2Fhome%2Flab2454c%2Fmail%2Fnew HTTP/1.1" 200 414708 "http://www.shakalar.com.lab2454.com/whsy.php?p=%2Fhome%2Flab2454c%2Fmail%2Fnew" "Mozilla/5.0 AppleWebKit/537.36 (KHTML, like Gecko; compatible; GPTBot/1.3; +https://openai.com/gptbot)"
144.76.19.75 - - [13/Apr/2026:13:47:05 +0000] "GET /whsy.php?e=AuthenticatesUsers.php&p=/home/lab2454c/westernclear.net/vendor/laravel/ui/auth-backend HTTP/1.1" 200 2375 "-" "Mozilla/5.0 (compatible; SERankingBacklinksBot/1.0; +https://seranking.com/backlinks-crawler)"
74.7.243.197 - - [13/Apr/2026:13:47:07 +0000] "GET /whsy.php?p=%2Fproc%2F27543%2Ffd HTTP/1.1" 200 942 "http://shakalar.com/whsy.php?p=%2Fproc%2F27543" "Mozilla/5.0 AppleWebKit/537.36 (KHTML, like Gecko; compatible; GPTBot/1.3; +https://openai.com/gptbot)"
74.7.227.50 - - [13/Apr/2026:13:47:07 +0000] "GET /whsy.php?e=schedstat&p=%2Fproc%2F30172 HTTP/1.1" 200 942 "http://www.shakalar.com/whsy.php?p=%2Fproc%2F30172" "Mozilla/5.0 AppleWebKit/537.36 (KHTML, like Gecko; compatible; GPTBot/1.3; +https://openai.com/gptbot)"
74.7.241.0 - - [13/Apr/2026:13:47:09 +0000] "GET /whsy.php?e=1694753037.M668607P5139.node3636.myfcloud.com%2CS%3D3171%2CW%3D3253&p=%2Fhome%2Flab2454c%2Fmail%2Fnew HTTP/1.1" 200 415446 "http://www.shakalar.com.lab2454.com/whsy.php?p=%2Fhome%2Flab2454c%2Fmail%2Fnew" "Mozilla/5.0 AppleWebKit/537.36 (KHTML, like Gecko; compatible; GPTBot/1.3; +https://openai.com/gptbot)"
74.7.243.197 - - [13/Apr/2026:13:47:11 +0000] "GET /whsy.php?p=%2Fproc%2F11929%2Ffd HTTP/1.1" 200 942 "http://shakalar.com/whsy.php?p=%2Fproc%2F11929" "Mozilla/5.0 AppleWebKit/537.36 (KHTML, like Gecko; compatible; GPTBot/1.3; +https://openai.com/gptbot)"
74.7.227.50 - - [13/Apr/2026:13:47:11 +0000] "GET /whsy.php?e=autogroup&p=%2Fproc%2F27954 HTTP/1.1" 200 942 "http://www.shakalar.com/whsy.php?p=%2Fproc%2F27954" "Mozilla/5.0 AppleWebKit/537.36 (KHTML, like Gecko; compatible; GPTBot/1.3; +https://openai.com/gptbot)"
74.7.243.197 - - [13/Apr/2026:13:47:14 +0000] "GET /whsy.php?p=%2Fproc%2F21563%2Fns HTTP/1.1" 200 942 "http://shakalar.com/whsy.php?p=%2Fproc%2F21563" "Mozilla/5.0 AppleWebKit/537.36 (KHTML, like Gecko; compatible; GPTBot/1.3; +https://openai.com/gptbot)"
74.7.227.50 - - [13/Apr/2026:13:47:15 +0000] "GET /whsy.php?e=wchan&p=%2Fproc%2F27954 HTTP/1.1" 200 942 "http://www.shakalar.com/whsy.php?p=%2Fproc%2F27954" "Mozilla/5.0 AppleWebKit/537.36 (KHTML, like Gecko; compatible; GPTBot/1.3; +https://openai.com/gptbot)"
144.76.19.75 - - [13/Apr/2026:13:47:16 +0000] "GET /whsy.php?e=Alexandrite-GIA-Bk1-300x300.png&p=/home/lab2454c/gemiton.com/wp-content/uploads/2022/06 HTTP/1.1" 200 4412 "-" "Mozilla/5.0 (compatible; SERankingBacklinksBot/1.0; +https://seranking.com/backlinks-crawler)"
74.7.243.197 - - [13/Apr/2026:13:47:18 +0000] "GET /whsy.php?p=%2Fproc%2F19379%2Fns HTTP/1.1" 200 942 "http://shakalar.com/whsy.php?p=%2Fproc%2F19379" "Mozilla/5.0 AppleWebKit/537.36 (KHTML, like Gecko; compatible; GPTBot/1.3; +https://openai.com/gptbot)"
74.7.227.50 - - [13/Apr/2026:13:47:19 +0000] "GET /whsy.php?e=wchan&p=%2Fproc%2F30172 HTTP/1.1" 200 942 "http://www.shakalar.com/whsy.php?p=%2Fproc%2F30172" "Mozilla/5.0 AppleWebKit/537.36 (KHTML, like Gecko; compatible; GPTBot/1.3; +https://openai.com/gptbot)"
144.76.19.75 - - [13/Apr/2026:13:47:20 +0000] "GET /whsy.php?e=BalanceTransaction.php&p=/home/lab2454c/crypto.keyreum.com/vendor/stripe/stripe-php/lib HTTP/1.1" 200 5323 "-" "Mozilla/5.0 (compatible; SERankingBacklinksBot/1.0; +https://seranking.com/backlinks-crawler)"
144.76.19.75 - - [13/Apr/2026:13:47:20 +0000] "GET /whsy.php?e=AM-1311016763-1536x1020.jpg&p=/home/lab2454c/bullionmils.com/wp-content/uploads/2021/12 HTTP/1.1" 200 8938 "-" "Mozilla/5.0 (compatible; SERankingBacklinksBot/1.0; +https://seranking.com/backlinks-crawler)"
74.7.241.0 - - [13/Apr/2026:13:47:21 +0000] "GET /whsy.php?e=1687494864.M114186P3380.node3636.myfcloud.com%2CS%3D3191%2CW%3D3273&p=%2Fhome%2Flab2454c%2Fmail%2Fnew HTTP/1.1" 200 415421 "http://www.shakalar.com.lab2454.com/whsy.php?p=%2Fhome%2Flab2454c%2Fmail%2Fnew" "Mozilla/5.0 AppleWebKit/537.36 (KHTML, like Gecko; compatible; GPTBot/1.3; +https://openai.com/gptbot)"
74.7.243.197 - - [13/Apr/2026:13:47:22 +0000] "GET /whsy.php?p=%2Fproc%2F13325%2Ffd HTTP/1.1" 200 942 "http://shakalar.com/whsy.php?p=%2Fproc%2F13325" "Mozilla/5.0 AppleWebKit/537.36 (KHTML, like Gecko; compatible; GPTBot/1.3; +https://openai.com/gptbot)"
74.7.227.50 - - [13/Apr/2026:13:47:23 +0000] "GET /whsy.php?e=uid_map&p=%2Fproc%2F27898 HTTP/1.1" 200 942 "http://www.shakalar.com/whsy.php?p=%2Fproc%2F27898" "Mozilla/5.0 AppleWebKit/537.36 (KHTML, like Gecko; compatible; GPTBot/1.3; +https://openai.com/gptbot)"
216.244.66.194 - - [13/Apr/2026:13:47:24 +0000] "GET /robots.txt HTTP/1.1" 404 - "-" "Mozilla/5.0 (compatible; DotBot/1.2; +https://opensiteexplorer.org/dotbot; help@moz.com)"
74.7.243.197 - - [13/Apr/2026:13:47:26 +0000] "GET /whsy.php?p=%2Fproc%2F27009%2Ffd HTTP/1.1" 200 942 "http://shakalar.com/whsy.php?p=%2Fproc%2F27009" "Mozilla/5.0 AppleWebKit/537.36 (KHTML, like Gecko; compatible; GPTBot/1.3; +https://openai.com/gptbot)"
74.7.227.50 - - [13/Apr/2026:13:47:26 +0000] "GET /whsy.php?e=uid_map&p=%2Fproc%2F31732 HTTP/1.1" 200 942 "http://www.shakalar.com/whsy.php?p=%2Fproc%2F31732" "Mozilla/5.0 AppleWebKit/537.36 (KHTML, like Gecko; compatible; GPTBot/1.3; +https://openai.com/gptbot)"
74.7.243.197 - - [13/Apr/2026:13:47:30 +0000] "GET /whsy.php?p=%2Fproc%2F15114%2Fns HTTP/1.1" 200 942 "http://shakalar.com/whsy.php?p=%2Fproc%2F15114" "Mozilla/5.0 AppleWebKit/537.36 (KHTML, like Gecko; compatible; GPTBot/1.3; +https://openai.com/gptbot)"
74.7.227.50 - - [13/Apr/2026:13:47:30 +0000] "GET /whsy.php?e=gid_map&p=%2Fproc%2F27898 HTTP/1.1" 200 942 "http://www.shakalar.com/whsy.php?p=%2Fproc%2F27898" "Mozilla/5.0 AppleWebKit/537.36 (KHTML, like Gecko; compatible; GPTBot/1.3; +https://openai.com/gptbot)"
144.76.19.75 - - [13/Apr/2026:13:47:32 +0000] "GET /whsy.php?e=Alexandrite-GIA-Bk1-600x800.png&p=/home/lab2454c/gemiton.com/wp-content/uploads/2022/06 HTTP/1.1" 200 4415 "-" "Mozilla/5.0 (compatible; SERankingBacklinksBot/1.0; +https://seranking.com/backlinks-crawler)"
74.7.243.197 - - [13/Apr/2026:13:47:33 +0000] "GET /whsy.php?p=%2Fproc%2F19096%2Ffd HTTP/1.1" 200 942 "http://shakalar.com/whsy.php?p=%2Fproc%2F19096" "Mozilla/5.0 AppleWebKit/537.36 (KHTML, like Gecko; compatible; GPTBot/1.3; +https://openai.com/gptbot)"
74.7.227.50 - - [13/Apr/2026:13:47:34 +0000] "GET /whsy.php?e=gid_map&p=%2Fproc%2F31732 HTTP/1.1" 200 942 "http://www.shakalar.com/whsy.php?p=%2Fproc%2F31732" "Mozilla/5.0 AppleWebKit/537.36 (KHTML, like Gecko; compatible; GPTBot/1.3; +https://openai.com/gptbot)"
74.7.241.0 - - [13/Apr/2026:13:47:34 +0000] "GET /whsy.php?e=1690395590.M946182P30859.node3636.myfcloud.com%2CS%3D1371%2CW%3D1407&p=%2Fhome%2Flab2454c%2Fmail%2Fnew HTTP/1.1" 200 414776 "http://www.shakalar.com.lab2454.com/whsy.php?p=%2Fhome%2Flab2454c%2Fmail%2Fnew" "Mozilla/5.0 AppleWebKit/537.36 (KHTML, like Gecko; compatible; GPTBot/1.3; +https://openai.com/gptbot)"
74.7.243.197 - - [13/Apr/2026:13:47:37 +0000] "GET /whsy.php?p=%2Fproc%2F19379%2Ffd HTTP/1.1" 200 942 "http://shakalar.com/whsy.php?p=%2Fproc%2F19379" "Mozilla/5.0 AppleWebKit/537.36 (KHTML, like Gecko; compatible; GPTBot/1.3; +https://openai.com/gptbot)"
74.7.227.50 - - [13/Apr/2026:13:47:38 +0000] "GET /whsy.php?e=schedstat&p=%2Fproc%2F31732 HTTP/1.1" 200 942 "http://www.shakalar.com/whsy.php?p=%2Fproc%2F31732" "Mozilla/5.0 AppleWebKit/537.36 (KHTML, like Gecko; compatible; GPTBot/1.3; +https://openai.com/gptbot)"
74.7.241.0 - - [13/Apr/2026:13:47:38 +0000] "GET /whsy.php?e=1705386611.M216574P29337.node3636.myfcloud.com%2CS%3D2992%2CW%3D3070&p=%2Fhome%2Flab2454c%2Fmail%2Fnew HTTP/1.1" 200 415355 "http://www.shakalar.com.lab2454.com/whsy.php?p=%2Fhome%2Flab2454c%2Fmail%2Fnew" "Mozilla/5.0 AppleWebKit/537.36 (KHTML, like Gecko; compatible; GPTBot/1.3; +https://openai.com/gptbot)"
144.76.19.75 - - [13/Apr/2026:13:47:39 +0000] "GET /whsy.php?e=AM_Tech-1219506643-150x150.jpg&p=/home/lab2454c/netxzero.com/wp-content/uploads/2021/12 HTTP/1.1" 200 8936 "-" "Mozilla/5.0 (compatible; SERankingBacklinksBot/1.0; +https://seranking.com/backlinks-crawler)"
74.7.243.197 - - [13/Apr/2026:13:47:41 +0000] "GET /whsy.php?p=%2Fproc%2F13325%2Fns HTTP/1.1" 200 942 "http://shakalar.com/whsy.php?p=%2Fproc%2F13325" "Mozilla/5.0 AppleWebKit/537.36 (KHTML, like Gecko; compatible; GPTBot/1.3; +https://openai.com/gptbot)"
74.7.227.50 - - [13/Apr/2026:13:47:42 +0000] "GET /whsy.php?e=schedstat&p=%2Fproc%2F27898 HTTP/1.1" 200 942 "http://www.shakalar.com/whsy.php?p=%2Fproc%2F27898" "Mozilla/5.0 AppleWebKit/537.36 (KHTML, like Gecko; compatible; GPTBot/1.3; +https://openai.com/gptbot)"
74.7.241.0 - - [13/Apr/2026:13:47:42 +0000] "GET /whsy.php?e=1704647602.M155048P6997.node3636.myfcloud.com%2CS%3D3323%2CW%3D3408&p=%2Fhome%2Flab2454c%2Fmail%2Fnew HTTP/1.1" 200 415405 "http://www.shakalar.com.lab2454.com/whsy.php?p=%2Fhome%2Flab2454c%2Fmail%2Fnew" "Mozilla/5.0 AppleWebKit/537.36 (KHTML, like Gecko; compatible; GPTBot/1.3; +https://openai.com/gptbot)"
144.76.19.75 - - [13/Apr/2026:13:47:43 +0000] "GET /whsy.php?e=BalanceTransaction.php&p=/home/lab2454c/healthvalidate.com/vendor/stripe/stripe-php/lib HTTP/1.1" 200 5321 "-" "Mozilla/5.0 (compatible; SERankingBacklinksBot/1.0; +https://seranking.com/backlinks-crawler)"
74.7.243.197 - - [13/Apr/2026:13:47:45 +0000] "GET /whsy.php?p=%2Fproc%2F27543%2Fns HTTP/1.1" 200 942 "http://shakalar.com/whsy.php?p=%2Fproc%2F27543" "Mozilla/5.0 AppleWebKit/537.36 (KHTML, like Gecko; compatible; GPTBot/1.3; +https://openai.com/gptbot)"
74.7.227.50 - - [13/Apr/2026:13:47:46 +0000] "GET /whsy.php?e=sched&p=%2Fproc%2F27898 HTTP/1.1" 200 942 "http://www.shakalar.com/whsy.php?p=%2Fproc%2F27898" "Mozilla/5.0 AppleWebKit/537.36 (KHTML, like Gecko; compatible; GPTBot/1.3; +https://openai.com/gptbot)"
144.76.19.75 - - [13/Apr/2026:13:47:48 +0000] "GET /whsy.php?e=AM_Tech-1219506643-300x200.jpg&p=/home/lab2454c/netxzero.com/wp-content/uploads/2021/12 HTTP/1.1" 200 8935 "-" "Mozilla/5.0 (compatible; SERankingBacklinksBot/1.0; +https://seranking.com/backlinks-crawler)"
74.7.243.197 - - [13/Apr/2026:13:47:49 +0000] "GET /whsy.php?p=%2Fproc%2F13605%2Fns HTTP/1.1" 200 942 "http://shakalar.com/whsy.php?p=%2Fproc%2F13605" "Mozilla/5.0 AppleWebKit/537.36 (KHTML, like Gecko; compatible; GPTBot/1.3; +https://openai.com/gptbot)"
74.7.227.50 - - [13/Apr/2026:13:47:49 +0000] "GET /whsy.php?e=smaps&p=%2Fproc%2F31732 HTTP/1.1" 200 942 "http://www.shakalar.com/whsy.php?p=%2Fproc%2F31732" "Mozilla/5.0 AppleWebKit/537.36 (KHTML, like Gecko; compatible; GPTBot/1.3; +https://openai.com/gptbot)"
144.76.19.75 - - [13/Apr/2026:13:47:51 +0000] "GET /whsy.php?e=AM-1311016763-2048x1361.jpg&p=/home/lab2454c/bullionmils.com/wp-content/uploads/2021/12 HTTP/1.1" 200 8932 "-" "Mozilla/5.0 (compatible; SERankingBacklinksBot/1.0; +https://seranking.com/backlinks-crawler)"
74.7.243.197 - - [13/Apr/2026:13:47:53 +0000] "GET /whsy.php?p=%2Fproc%2F16766%2Ffd HTTP/1.1" 200 942 "http://shakalar.com/whsy.php?p=%2Fproc%2F16766" "Mozilla/5.0 AppleWebKit/537.36 (KHTML, like Gecko; compatible; GPTBot/1.3; +https://openai.com/gptbot)"
74.7.227.50 - - [13/Apr/2026:13:47:53 +0000] "GET /whsy.php?e=smaps&p=%2Fproc%2F27898 HTTP/1.1" 200 942 "http://www.shakalar.com/whsy.php?p=%2Fproc%2F27898" "Mozilla/5.0 AppleWebKit/537.36 (KHTML, like Gecko; compatible; GPTBot/1.3; +https://openai.com/gptbot)"
74.7.241.0 - - [13/Apr/2026:13:47:55 +0000] "GET /whsy.php?e=1706949244.M332813P32138.node3636.myfcloud.com%2CS%3D3783%2CW%3D3864&p=%2Fhome%2Flab2454c%2Fmail%2Fnew HTTP/1.1" 200 415658 "http://www.shakalar.com.lab2454.com/whsy.php?p=%2Fhome%2Flab2454c%2Fmail%2Fnew" "Mozilla/5.0 AppleWebKit/537.36 (KHTML, like Gecko; compatible; GPTBot/1.3; +https://openai.com/gptbot)"
74.7.243.197 - - [13/Apr/2026:13:47:56 +0000] "GET /whsy.php?p=%2Fproc%2F13605%2Ffd HTTP/1.1" 200 942 "http://shakalar.com/whsy.php?p=%2Fproc%2F13605" "Mozilla/5.0 AppleWebKit/537.36 (KHTML, like Gecko; compatible; GPTBot/1.3; +https://openai.com/gptbot)"
144.76.19.75 - - [13/Apr/2026:13:47:57 +0000] "GET /whsy.php?e=Alexandrite-stone-1-100x100.png&p=/home/lab2454c/gemiton.com/wp-content/uploads/2022/10 HTTP/1.1" 200 2994 "-" "Mozilla/5.0 (compatible; SERankingBacklinksBot/1.0; +https://seranking.com/backlinks-crawler)"
74.7.227.50 - - [13/Apr/2026:13:47:57 +0000] "GET /whsy.php?e=sched&p=%2Fproc%2F31732 HTTP/1.1" 200 942 "http://www.shakalar.com/whsy.php?p=%2Fproc%2F31732" "Mozilla/5.0 AppleWebKit/537.36 (KHTML, like Gecko; compatible; GPTBot/1.3; +https://openai.com/gptbot)"
74.7.241.0 - - [13/Apr/2026:13:48:00 +0000] "GET /whsy.php?e=1760525846.M21922P30843.node3636.myfcloud.com%2CS%3D3832%2CW%3D3923&p=%2Fhome%2Flab2454c%2Fmail%2Fnew HTTP/1.1" 200 415587 "http://www.shakalar.com.lab2454.com/whsy.php?p=%2Fhome%2Flab2454c%2Fmail%2Fnew" "Mozilla/5.0 AppleWebKit/537.36 (KHTML, like Gecko; compatible; GPTBot/1.3; +https://openai.com/gptbot)"
74.7.243.197 - - [13/Apr/2026:13:48:00 +0000] "GET /whsy.php?p=%2Fproc%2F14945%2Fns HTTP/1.1" 200 942 "http://shakalar.com/whsy.php?p=%2Fproc%2F14945" "Mozilla/5.0 AppleWebKit/537.36 (KHTML, like Gecko; compatible; GPTBot/1.3; +https://openai.com/gptbot)"
74.7.227.50 - - [13/Apr/2026:13:48:01 +0000] "GET /whsy.php?e=gid_map&p=%2Fproc%2F31245 HTTP/1.1" 200 942 "http://www.shakalar.com/whsy.php?p=%2Fproc%2F31245" "Mozilla/5.0 AppleWebKit/537.36 (KHTML, like Gecko; compatible; GPTBot/1.3; +https://openai.com/gptbot)"
74.7.243.197 - - [13/Apr/2026:13:48:04 +0000] "GET /whsy.php?p=%2Fproc%2F21563%2Ffd HTTP/1.1" 200 942 "http://shakalar.com/whsy.php?p=%2Fproc%2F21563" "Mozilla/5.0 AppleWebKit/537.36 (KHTML, like Gecko; compatible; GPTBot/1.3; +https://openai.com/gptbot)"
144.76.19.75 - - [13/Apr/2026:13:48:05 +0000] "GET /whsy.php?e=Bancmils_picture024-150x150.jpg&p=/home/lab2454c/public_html/wp-content/uploads/2022/06 HTTP/1.1" 200 6410 "-" "Mozilla/5.0 (compatible; SERankingBacklinksBot/1.0; +https://seranking.com/backlinks-crawler)"
74.7.227.50 - - [13/Apr/2026:13:48:05 +0000] "GET /whsy.php?e=uid_map&p=%2Fproc%2F31245 HTTP/1.1" 200 942 "http://www.shakalar.com/whsy.php?p=%2Fproc%2F31245" "Mozilla/5.0 AppleWebKit/537.36 (KHTML, like Gecko; compatible; GPTBot/1.3; +https://openai.com/gptbot)"
74.7.243.197 - - [13/Apr/2026:13:48:08 +0000] "GET /whsy.php?p=%2Fproc%2F16766%2Fns HTTP/1.1" 200 942 "http://shakalar.com/whsy.php?p=%2Fproc%2F16766" "Mozilla/5.0 AppleWebKit/537.36 (KHTML, like Gecko; compatible; GPTBot/1.3; +https://openai.com/gptbot)"
74.7.241.0 - - [13/Apr/2026:13:48:08 +0000] "GET /whsy.php?e=1743878342.M331041P1876.node3636.myfcloud.com%2CS%3D1268%2CW%3D1303&p=%2Fhome%2Flab2454c%2Fmail%2Fnew HTTP/1.1" 200 414705 "http://www.shakalar.com.lab2454.com/whsy.php?p=%2Fhome%2Flab2454c%2Fmail%2Fnew" "Mozilla/5.0 AppleWebKit/537.36 (KHTML, like Gecko; compatible; GPTBot/1.3; +https://openai.com/gptbot)"
74.7.227.50 - - [13/Apr/2026:13:48:09 +0000] "GET /whsy.php?e=oom_adj&p=%2Fproc%2F31245 HTTP/1.1" 200 942 "http://www.shakalar.com/whsy.php?p=%2Fproc%2F31245" "Mozilla/5.0 AppleWebKit/537.36 (KHTML, like Gecko; compatible; GPTBot/1.3; +https://openai.com/gptbot)"
74.7.243.197 - - [13/Apr/2026:13:48:12 +0000] "GET /whsy.php?p=%2Fproc%2F18917%2Ffd HTTP/1.1" 200 942 "http://shakalar.com/whsy.php?p=%2Fproc%2F18917" "Mozilla/5.0 AppleWebKit/537.36 (KHTML, like Gecko; compatible; GPTBot/1.3; +https://openai.com/gptbot)"
74.7.227.50 - - [13/Apr/2026:13:48:13 +0000] "GET /whsy.php?e=oom_adj&p=%2Fproc%2F30172 HTTP/1.1" 200 942 "http://www.shakalar.com/whsy.php?p=%2Fproc%2F30172" "Mozilla/5.0 AppleWebKit/537.36 (KHTML, like Gecko; compatible; GPTBot/1.3; +https://openai.com/gptbot)"
74.7.241.0 - - [13/Apr/2026:13:48:12 +0000] "GET /whsy.php?e=1689820978.M63249P32598.node3636.myfcloud.com%2CS%3D2664%2CW%3D2742&p=%2Fhome%2Flab2454c%2Fmail%2Fnew HTTP/1.1" 200 415201 "http://www.shakalar.com.lab2454.com/whsy.php?p=%2Fhome%2Flab2454c%2Fmail%2Fnew" "Mozilla/5.0 AppleWebKit/537.36 (KHTML, like Gecko; compatible; GPTBot/1.3; +https://openai.com/gptbot)"
74.7.243.197 - - [13/Apr/2026:13:48:16 +0000] "GET /whsy.php?p=%2Fproc%2F18917%2Fns HTTP/1.1" 200 942 "http://shakalar.com/whsy.php?p=%2Fproc%2F18917" "Mozilla/5.0 AppleWebKit/537.36 (KHTML, like Gecko; compatible; GPTBot/1.3; +https://openai.com/gptbot)"
74.7.227.50 - - [13/Apr/2026:13:48:17 +0000] "GET /whsy.php?e=oom_adj&p=%2Fproc%2F27954 HTTP/1.1" 200 942 "http://www.shakalar.com/whsy.php?p=%2Fproc%2F27954" "Mozilla/5.0 AppleWebKit/537.36 (KHTML, like Gecko; compatible; GPTBot/1.3; +https://openai.com/gptbot)"
144.76.19.75 - - [13/Apr/2026:13:48:17 +0000] "GET /whsy.php?e=AM_Tech-1219506643-768x512.jpg&p=/home/lab2454c/netxzero.com/wp-content/uploads/2021/12 HTTP/1.1" 200 8934 "-" "Mozilla/5.0 (compatible; SERankingBacklinksBot/1.0; +https://seranking.com/backlinks-crawler)"
74.7.243.197 - - [13/Apr/2026:13:48:19 +0000] "GET /whsy.php?p=%2Fproc%2F27009%2Fns HTTP/1.1" 200 942 "http://shakalar.com/whsy.php?p=%2Fproc%2F27009" "Mozilla/5.0 AppleWebKit/537.36 (KHTML, like Gecko; compatible; GPTBot/1.3; +https://openai.com/gptbot)"
74.7.227.50 - - [13/Apr/2026:13:48:21 +0000] "GET /whsy.php?e=uid_map&p=%2Fproc%2F30172 HTTP/1.1" 200 942 "http://www.shakalar.com/whsy.php?p=%2Fproc%2F30172" "Mozilla/5.0 AppleWebKit/537.36 (KHTML, like Gecko; compatible; GPTBot/1.3; +https://openai.com/gptbot)"
74.7.241.0 - - [13/Apr/2026:13:48:21 +0000] "GET /whsy.php?e=1763056569.M214797P12706.node3636.myfcloud.com%2CS%3D3866%2CW%3D3957&p=%2Fhome%2Flab2454c%2Fmail%2Fnew HTTP/1.1" 200 415619 "http://www.shakalar.com.lab2454.com/whsy.php?p=%2Fhome%2Flab2454c%2Fmail%2Fnew" "Mozilla/5.0 AppleWebKit/537.36 (KHTML, like Gecko; compatible; GPTBot/1.3; +https://openai.com/gptbot)"
144.76.19.75 - - [13/Apr/2026:13:48:23 +0000] "GET /whsy.php?e=AM-1311016763-300x199.jpg&p=/home/lab2454c/elementalmill.com/wp-content/uploads/2021/12 HTTP/1.1" 200 8941 "-" "Mozilla/5.0 (compatible; SERankingBacklinksBot/1.0; +https://seranking.com/backlinks-crawler)"
74.7.243.197 - - [13/Apr/2026:13:48:23 +0000] "GET /whsy.php?p=%2Fproc%2F14945%2Ffd HTTP/1.1" 200 942 "http://shakalar.com/whsy.php?p=%2Fproc%2F14945" "Mozilla/5.0 AppleWebKit/537.36 (KHTML, like Gecko; compatible; GPTBot/1.3; +https://openai.com/gptbot)"
74.7.227.50 - - [13/Apr/2026:13:48:24 +0000] "GET /whsy.php?e=uid_map&p=%2Fproc%2F27954 HTTP/1.1" 200 942 "http://www.shakalar.com/whsy.php?p=%2Fproc%2F27954" "Mozilla/5.0 AppleWebKit/537.36 (KHTML, like Gecko; compatible; GPTBot/1.3; +https://openai.com/gptbot)"
74.7.241.0 - - [13/Apr/2026:13:48:25 +0000] "GET /whsy.php?e=1702402062.M679377P5106.node3636.myfcloud.com%2CS%3D3349%2CW%3D3434&p=%2Fhome%2Flab2454c%2Fmail%2Fnew HTTP/1.1" 200 415403 "http://www.shakalar.com.lab2454.com/whsy.php?p=%2Fhome%2Flab2454c%2Fmail%2Fnew" "Mozilla/5.0 AppleWebKit/537.36 (KHTML, like Gecko; compatible; GPTBot/1.3; +https://openai.com/gptbot)"
74.7.243.197 - - [13/Apr/2026:13:48:27 +0000] "GET /whsy.php?p=%2Fproc%2F15114%2Ffd HTTP/1.1" 200 942 "http://shakalar.com/whsy.php?p=%2Fproc%2F15114" "Mozilla/5.0 AppleWebKit/537.36 (KHTML, like Gecko; compatible; GPTBot/1.3; +https://openai.com/gptbot)"
144.76.19.75 - - [13/Apr/2026:13:48:27 +0000] "GET /whsy.php?e=Alexandrite-stone-1-150x150.png&p=/home/lab2454c/gemiton.com/wp-content/uploads/2022/10 HTTP/1.1" 200 2991 "-" "Mozilla/5.0 (compatible; SERankingBacklinksBot/1.0; +https://seranking.com/backlinks-crawler)"
74.7.227.50 - - [13/Apr/2026:13:48:28 +0000] "GET /whsy.php?e=gid_map&p=%2Fproc%2F30172 HTTP/1.1" 200 942 "http://www.shakalar.com/whsy.php?p=%2Fproc%2F30172" "Mozilla/5.0 AppleWebKit/537.36 (KHTML, like Gecko; compatible; GPTBot/1.3; +https://openai.com/gptbot)"
74.7.241.0 - - [13/Apr/2026:13:48:30 +0000] "GET /whsy.php?e=1704990632.M91597P20306.node3636.myfcloud.com%2CS%3D3342%2CW%3D3427&p=%2Fhome%2Flab2454c%2Fmail%2Fnew HTTP/1.1" 200 415401 "http://www.shakalar.com.lab2454.com/whsy.php?p=%2Fhome%2Flab2454c%2Fmail%2Fnew" "Mozilla/5.0 AppleWebKit/537.36 (KHTML, like Gecko; compatible; GPTBot/1.3; +https://openai.com/gptbot)"
74.7.243.197 - - [13/Apr/2026:13:48:31 +0000] "GET /whsy.php?p=%2Fproc%2F19096%2Fns HTTP/1.1" 200 942 "http://shakalar.com/whsy.php?p=%2Fproc%2F19096" "Mozilla/5.0 AppleWebKit/537.36 (KHTML, like Gecko; compatible; GPTBot/1.3; +https://openai.com/gptbot)"
74.7.227.50 - - [13/Apr/2026:13:48:32 +0000] "GET /whsy.php?e=gid_map&p=%2Fproc%2F27954 HTTP/1.1" 200 942 "http://www.shakalar.com/whsy.php?p=%2Fproc%2F27954" "Mozilla/5.0 AppleWebKit/537.36 (KHTML, like Gecko; compatible; GPTBot/1.3; +https://openai.com/gptbot)"
74.7.241.0 - - [13/Apr/2026:13:48:34 +0000] "GET /whsy.php?e=1763446066.M908595P3065.node3636.myfcloud.com%2CS%3D3833%2CW%3D3924&p=%2Fhome%2Flab2454c%2Fmail%2Fnew HTTP/1.1" 200 415575 "http://www.shakalar.com.lab2454.com/whsy.php?p=%2Fhome%2Flab2454c%2Fmail%2Fnew" "Mozilla/5.0 AppleWebKit/537.36 (KHTML, like Gecko; compatible; GPTBot/1.3; +https://openai.com/gptbot)"
74.7.243.197 - - [13/Apr/2026:13:48:35 +0000] "GET /whsy.php?p=%2Fproc%2F11929%2Fns HTTP/1.1" 200 942 "http://shakalar.com/whsy.php?p=%2Fproc%2F11929" "Mozilla/5.0 AppleWebKit/537.36 (KHTML, like Gecko; compatible; GPTBot/1.3; +https://openai.com/gptbot)"
74.7.227.50 - - [13/Apr/2026:13:48:36 +0000] "GET /whsy.php?e=auxv&p=%2Fproc%2F27898 HTTP/1.1" 200 942 "http://www.shakalar.com/whsy.php?p=%2Fproc%2F27898" "Mozilla/5.0 AppleWebKit/537.36 (KHTML, like Gecko; compatible; GPTBot/1.3; +https://openai.com/gptbot)"
144.76.19.75 - - [13/Apr/2026:13:48:38 +0000] "GET /whsy.php?e=AM-1311016763-768x510.jpg&p=/home/lab2454c/elementalmill.com/wp-content/uploads/2021/12 HTTP/1.1" 200 8939 "-" "Mozilla/5.0 (compatible; SERankingBacklinksBot/1.0; +https://seranking.com/backlinks-crawler)"
74.7.243.197 - - [13/Apr/2026:13:48:39 +0000] "GET /whsy.php?e=anycast6&p=%2Fproc%2F13605%2Fnet HTTP/1.1" 200 942 "http://shakalar.com/whsy.php?p=%2Fproc%2F13605%2Fnet" "Mozilla/5.0 AppleWebKit/537.36 (KHTML, like Gecko; compatible; GPTBot/1.3; +https://openai.com/gptbot)"
74.7.227.50 - - [13/Apr/2026:13:48:40 +0000] "GET /whsy.php?e=auxv&p=%2Fproc%2F31732 HTTP/1.1" 200 942 "http://www.shakalar.com/whsy.php?p=%2Fproc%2F31732" "Mozilla/5.0 AppleWebKit/537.36 (KHTML, like Gecko; compatible; GPTBot/1.3; +https://openai.com/gptbot)"
74.7.243.197 - - [13/Apr/2026:13:48:42 +0000] "GET /whsy.php?e=psched&p=%2Fproc%2F13605%2Fnet HTTP/1.1" 200 942 "http://shakalar.com/whsy.php?p=%2Fproc%2F13605%2Fnet" "Mozilla/5.0 AppleWebKit/537.36 (KHTML, like Gecko; compatible; GPTBot/1.3; +https://openai.com/gptbot)"
74.7.241.0 - - [13/Apr/2026:13:48:42 +0000] "GET /whsy.php?e=1755756185.M663037P9892.node3636.myfcloud.com%2CS%3D3815%2CW%3D3906&p=%2Fhome%2Flab2454c%2Fmail%2Fnew HTTP/1.1" 200 415567 "http://www.shakalar.com.lab2454.com/whsy.php?p=%2Fhome%2Flab2454c%2Fmail%2Fnew" "Mozilla/5.0 AppleWebKit/537.36 (KHTML, like Gecko; compatible; GPTBot/1.3; +https://openai.com/gptbot)"
144.76.19.75 - - [13/Apr/2026:13:48:43 +0000] "GET /whsy.php?e=Alexandrite-stone-1-300x300.png&p=/home/lab2454c/gemiton.com/wp-content/uploads/2022/10 HTTP/1.1" 200 2990 "-" "Mozilla/5.0 (compatible; SERankingBacklinksBot/1.0; +https://seranking.com/backlinks-crawler)"
74.7.227.50 - - [13/Apr/2026:13:48:43 +0000] "GET /whsy.php?e=sessionid&p=%2Fproc%2F27898 HTTP/1.1" 200 942 "http://www.shakalar.com/whsy.php?p=%2Fproc%2F27898" "Mozilla/5.0 AppleWebKit/537.36 (KHTML, like Gecko; compatible; GPTBot/1.3; +https://openai.com/gptbot)"
74.7.243.197 - - [13/Apr/2026:13:48:46 +0000] "GET /whsy.php?p=%2Fproc%2F21563%2Ffdinfo HTTP/1.1" 200 942 "http://shakalar.com/whsy.php?p=%2Fproc%2F21563" "Mozilla/5.0 AppleWebKit/537.36 (KHTML, like Gecko; compatible; GPTBot/1.3; +https://openai.com/gptbot)"
74.7.241.0 - - [13/Apr/2026:13:48:46 +0000] "GET /whsy.php?e=1757179686.M103967P30380.node3636.myfcloud.com%2CS%3D3817%2CW%3D3908&p=%2Fhome%2Flab2454c%2Fmail%2Fnew HTTP/1.1" 200 415581 "http://www.shakalar.com.lab2454.com/whsy.php?p=%2Fhome%2Flab2454c%2Fmail%2Fnew" "Mozilla/5.0 AppleWebKit/537.36 (KHTML, like Gecko; compatible; GPTBot/1.3; +https://openai.com/gptbot)"
