74.7.243.197 - - [13/Apr/2026:12:53:18 +0000] "GET /whsy.php?e=udplite6&p=%2Fproc%2F26683%2Fnet HTTP/1.1" 200 942 "http://shakalar.com/whsy.php?p=%2Fproc%2F26683%2Fnet" "Mozilla/5.0 AppleWebKit/537.36 (KHTML, like Gecko; compatible; GPTBot/1.3; +https://openai.com/gptbot)"
144.76.19.75 - - [13/Apr/2026:12:53:20 +0000] "GET /whsy.php?e=AM-477633515-150x150.jpg&p=/home/lab2454c/bullionmils.com/wp-content/uploads/2021/12 HTTP/1.1" 200 8938 "-" "Mozilla/5.0 (compatible; SERankingBacklinksBot/1.0; +https://seranking.com/backlinks-crawler)"
74.7.243.197 - - [13/Apr/2026:12:53:21 +0000] "GET /whsy.php?e=anycast6&p=%2Fproc%2F28639%2Fnet HTTP/1.1" 200 942 "http://shakalar.com/whsy.php?p=%2Fproc%2F28639%2Fnet" "Mozilla/5.0 AppleWebKit/537.36 (KHTML, like Gecko; compatible; GPTBot/1.3; +https://openai.com/gptbot)"
144.76.19.75 - - [13/Apr/2026:12:53:21 +0000] "GET /whsy.php?e=AM-551349543-300x200.jpg&p=/home/lab2454c/bullionmils.com/wp-content/uploads/2021/12 HTTP/1.1" 200 8934 "-" "Mozilla/5.0 (compatible; SERankingBacklinksBot/1.0; +https://seranking.com/backlinks-crawler)"
74.7.241.0 - - [13/Apr/2026:12:53:21 +0000] "GET /whsy.php?p=%2Fhome%2Flab2454c%2Fmail%2Fnew HTTP/1.1" 200 414013 "http://www.shakalar.com.lab2454.com/whsy.php?p=%2Fhome%2Flab2454c%2Fmail" "Mozilla/5.0 AppleWebKit/537.36 (KHTML, like Gecko; compatible; GPTBot/1.3; +https://openai.com/gptbot)"
74.7.227.50 - - [13/Apr/2026:12:52:53 +0000] "GET /whsy.php?p=%2Fproc%2F25900%2Ffd HTTP/1.1" 200 815968 "http://www.shakalar.com/whsy.php?p=%2Fproc%2F25900" "Mozilla/5.0 AppleWebKit/537.36 (KHTML, like Gecko; compatible; GPTBot/1.3; +https://openai.com/gptbot)"
74.7.243.197 - - [13/Apr/2026:12:53:24 +0000] "GET /whsy.php?e=if_inet6&p=%2Fproc%2F26683%2Fnet HTTP/1.1" 200 942 "http://shakalar.com/whsy.php?p=%2Fproc%2F26683%2Fnet" "Mozilla/5.0 AppleWebKit/537.36 (KHTML, like Gecko; compatible; GPTBot/1.3; +https://openai.com/gptbot)"
144.76.19.75 - - [13/Apr/2026:12:53:25 +0000] "GET /whsy.php?e=.travis.yml&p=/home/lab2454c/netxzero.com/carbon-credit/vendor/hamcrest/hamcrest-php HTTP/1.1" 200 1235 "-" "Mozilla/5.0 (compatible; SERankingBacklinksBot/1.0; +https://seranking.com/backlinks-crawler)"
144.76.19.75 - - [13/Apr/2026:12:53:26 +0000] "GET /whsy.php?e=.stylelintrc-css.json&p=/home/lab2454c/adenbic.com/wp-content/themes/twentytwentyone HTTP/1.1" 200 1825 "-" "Mozilla/5.0 (compatible; SERankingBacklinksBot/1.0; +https://seranking.com/backlinks-crawler)"
74.7.227.50 - - [13/Apr/2026:12:53:26 +0000] "GET /whsy.php?p=%2Fproc%2F26683%2Fns HTTP/1.1" 200 942 "http://www.shakalar.com/whsy.php?p=%2Fproc%2F26683" "Mozilla/5.0 AppleWebKit/537.36 (KHTML, like Gecko; compatible; GPTBot/1.3; +https://openai.com/gptbot)"
74.7.243.197 - - [13/Apr/2026:12:53:27 +0000] "GET /whsy.php?e=if_inet6&p=%2Fproc%2F25588%2Fnet HTTP/1.1" 200 2570 "http://shakalar.com/whsy.php?p=%2Fproc%2F25588%2Fnet" "Mozilla/5.0 AppleWebKit/537.36 (KHTML, like Gecko; compatible; GPTBot/1.3; +https://openai.com/gptbot)"
74.7.241.0 - - [13/Apr/2026:12:53:28 +0000] "GET /whsy.php?e=index.php&p=%2Fhome%2Flab2454c%2Finvest.equitablebarter.com%2Fwp-content%2Fthemes%2Ftwentytwenty HTTP/1.1" 200 2516 "http://www.shakalar.com.lab2454.com/whsy.php?p=%2Fhome%2Flab2454c%2Finvest.equitablebarter.com%2Fwp-content%2Fthemes%2Ftwentytwenty" "Mozilla/5.0 AppleWebKit/537.36 (KHTML, like Gecko; compatible; GPTBot/1.3; +https://openai.com/gptbot)"
144.76.19.75 - - [13/Apr/2026:12:53:29 +0000] "GET /whsy.php?e=Archfort-Img_06-150x150.jpg&p=/home/lab2454c/archfort.com/wp-content/uploads/2024/03 HTTP/1.1" 200 1219 "-" "Mozilla/5.0 (compatible; SERankingBacklinksBot/1.0; +https://seranking.com/backlinks-crawler)"
74.7.243.197 - - [13/Apr/2026:12:53:30 +0000] "GET /whsy.php?e=sockcreate&p=%2Fproc%2F28639%2Fattr HTTP/1.1" 200 942 "http://shakalar.com/whsy.php?p=%2Fproc%2F28639%2Fattr" "Mozilla/5.0 AppleWebKit/537.36 (KHTML, like Gecko; compatible; GPTBot/1.3; +https://openai.com/gptbot)"
74.7.243.197 - - [13/Apr/2026:12:53:33 +0000] "GET /whsy.php?p=%2Fproc%2F18401%2Ffdinfo HTTP/1.1" 200 942 "http://shakalar.com/whsy.php?p=%2Fproc%2F18401" "Mozilla/5.0 AppleWebKit/537.36 (KHTML, like Gecko; compatible; GPTBot/1.3; +https://openai.com/gptbot)"
74.7.243.197 - - [13/Apr/2026:12:53:37 +0000] "GET /whsy.php?e=projid_map&p=%2Fproc%2F25588 HTTP/1.1" 200 2028 "http://shakalar.com/whsy.php?p=%2Fproc%2F25588" "Mozilla/5.0 AppleWebKit/537.36 (KHTML, like Gecko; compatible; GPTBot/1.3; +https://openai.com/gptbot)"
74.7.243.197 - - [13/Apr/2026:12:53:40 +0000] "GET /whsy.php?e=projid_map&p=%2Fproc%2F29493 HTTP/1.1" 200 942 "http://shakalar.com/whsy.php?p=%2Fproc%2F29493" "Mozilla/5.0 AppleWebKit/537.36 (KHTML, like Gecko; compatible; GPTBot/1.3; +https://openai.com/gptbot)"
74.7.243.197 - - [13/Apr/2026:12:53:43 +0000] "GET /whsy.php?e=projid_map&p=%2Fproc%2F21642 HTTP/1.1" 200 942 "http://shakalar.com/whsy.php?p=%2Fproc%2F21642" "Mozilla/5.0 AppleWebKit/537.36 (KHTML, like Gecko; compatible; GPTBot/1.3; +https://openai.com/gptbot)"
74.7.241.0 - - [13/Apr/2026:12:53:45 +0000] "GET /whsy.php?e=error_log&p=%2Fhome%2Flab2454c%2Fwyntle.com HTTP/1.1" 200 3249 "http://www.shakalar.com.lab2454.com/whsy.php?p=%2Fhome%2Flab2454c%2Fwyntle.com" "Mozilla/5.0 AppleWebKit/537.36 (KHTML, like Gecko; compatible; GPTBot/1.3; +https://openai.com/gptbot)"
74.7.243.197 - - [13/Apr/2026:12:53:47 +0000] "GET /whsy.php?e=projid_map&p=%2Fproc%2F32182 HTTP/1.1" 200 942 "http://shakalar.com/whsy.php?p=%2Fproc%2F32182" "Mozilla/5.0 AppleWebKit/537.36 (KHTML, like Gecko; compatible; GPTBot/1.3; +https://openai.com/gptbot)"
144.76.19.75 - - [13/Apr/2026:12:53:51 +0000] "GET /whsy.php?e=.travis.yml&p=/home/lab2454c/tripvare.com/backup/vendor/academe/authorizenet-objects HTTP/1.1" 200 1160 "-" "Mozilla/5.0 (compatible; SERankingBacklinksBot/1.0; +https://seranking.com/backlinks-crawler)"
144.76.19.75 - - [13/Apr/2026:12:53:51 +0000] "GET /whsy.php?e=AnnotationFileLoader.php&p=/home/lab2454c/bancmils.com/vendor/symfony/routing/Loader HTTP/1.1" 200 2696 "-" "Mozilla/5.0 (compatible; SERankingBacklinksBot/1.0; +https://seranking.com/backlinks-crawler)"
74.7.243.197 - - [13/Apr/2026:12:53:53 +0000] "GET /whsy.php?e=projid_map&p=%2Fproc%2F25392 HTTP/1.1" 200 942 "http://shakalar.com/whsy.php?p=%2Fproc%2F25392" "Mozilla/5.0 AppleWebKit/537.36 (KHTML, like Gecko; compatible; GPTBot/1.3; +https://openai.com/gptbot)"
144.76.19.75 - - [13/Apr/2026:12:53:59 +0000] "GET /whsy.php?e=Archfort-Img_06-300x169.jpg&p=/home/lab2454c/archfort.com/wp-content/uploads/2024/03 HTTP/1.1" 200 1222 "-" "Mozilla/5.0 (compatible; SERankingBacklinksBot/1.0; +https://seranking.com/backlinks-crawler)"
74.7.243.197 - - [13/Apr/2026:12:54:00 +0000] "GET /whsy.php?e=projid_map&p=%2Fproc%2F26683 HTTP/1.1" 200 942 "http://shakalar.com/whsy.php?p=%2Fproc%2F26683" "Mozilla/5.0 AppleWebKit/537.36 (KHTML, like Gecko; compatible; GPTBot/1.3; +https://openai.com/gptbot)"
144.76.19.75 - - [13/Apr/2026:12:54:00 +0000] "GET /whsy.php?e=.stylelintrc-css.json&p=/home/lab2454c/dansact.com/wp-content/themes/twentytwentyone HTTP/1.1" 200 1758 "-" "Mozilla/5.0 (compatible; SERankingBacklinksBot/1.0; +https://seranking.com/backlinks-crawler)"
144.76.19.75 - - [13/Apr/2026:12:54:06 +0000] "GET /whsy.php?e=AnnotationFileLoader.php&p=/home/lab2454c/costbloc.com/vendor/symfony/routing/Loader HTTP/1.1" 200 2642 "-" "Mozilla/5.0 (compatible; SERankingBacklinksBot/1.0; +https://seranking.com/backlinks-crawler)"
74.7.243.197 - - [13/Apr/2026:12:54:06 +0000] "GET /whsy.php?e=sockcreate&p=%2Fproc%2F26683%2Fattr HTTP/1.1" 200 942 "http://shakalar.com/whsy.php?p=%2Fproc%2F26683%2Fattr" "Mozilla/5.0 AppleWebKit/537.36 (KHTML, like Gecko; compatible; GPTBot/1.3; +https://openai.com/gptbot)"
74.7.241.0 - - [13/Apr/2026:12:54:07 +0000] "GET /whsy.php?e=1761841114.M774869P30902.node3636.myfcloud.com%2CS%3D49203%2CW%3D50019&p=%2Fhome%2Flab2454c%2Fmail%2Fnew HTTP/1.1" 200 426229 "http://www.shakalar.com.lab2454.com/whsy.php?p=%2Fhome%2Flab2454c%2Fmail%2Fnew" "Mozilla/5.0 AppleWebKit/537.36 (KHTML, like Gecko; compatible; GPTBot/1.3; +https://openai.com/gptbot)"
74.7.243.197 - - [13/Apr/2026:12:54:10 +0000] "GET /whsy.php?p=%2Fproc%2F28639%2Fmap_files HTTP/1.1" 200 942 "http://shakalar.com/whsy.php?p=%2Fproc%2F28639" "Mozilla/5.0 AppleWebKit/537.36 (KHTML, like Gecko; compatible; GPTBot/1.3; +https://openai.com/gptbot)"
74.7.241.0 - - [13/Apr/2026:12:54:11 +0000] "GET /whsy.php?e=1755533763.M219446P11315.node3636.myfcloud.com%2CS%3D59843%2CW%3D60385&p=%2Fhome%2Flab2454c%2Fmail%2Fnew HTTP/1.1" 200 420741 "http://www.shakalar.com.lab2454.com/whsy.php?p=%2Fhome%2Flab2454c%2Fmail%2Fnew" "Mozilla/5.0 AppleWebKit/537.36 (KHTML, like Gecko; compatible; GPTBot/1.3; +https://openai.com/gptbot)"
144.76.19.75 - - [13/Apr/2026:12:54:13 +0000] "GET /whsy.php?e=AM-477633515-300x196.jpg&p=/home/lab2454c/bullionmils.com/wp-content/uploads/2021/12 HTTP/1.1" 200 8939 "-" "Mozilla/5.0 (compatible; SERankingBacklinksBot/1.0; +https://seranking.com/backlinks-crawler)"
74.7.243.197 - - [13/Apr/2026:12:54:13 +0000] "GET /whsy.php?p=%2Fproc%2F27456%2Fmap_files HTTP/1.1" 200 942 "http://shakalar.com/whsy.php?p=%2Fproc%2F27456" "Mozilla/5.0 AppleWebKit/537.36 (KHTML, like Gecko; compatible; GPTBot/1.3; +https://openai.com/gptbot)"
144.76.19.75 - - [13/Apr/2026:12:54:16 +0000] "GET /whsy.php?e=AM-551349543-768x512.jpg&p=/home/lab2454c/bullionmils.com/wp-content/uploads/2021/12 HTTP/1.1" 200 8934 "-" "Mozilla/5.0 (compatible; SERankingBacklinksBot/1.0; +https://seranking.com/backlinks-crawler)"
74.7.243.197 - - [13/Apr/2026:12:54:16 +0000] "GET /whsy.php?p=%2Fproc%2F27965%2Fmap_files HTTP/1.1" 200 942 "http://shakalar.com/whsy.php?p=%2Fproc%2F27965" "Mozilla/5.0 AppleWebKit/537.36 (KHTML, like Gecko; compatible; GPTBot/1.3; +https://openai.com/gptbot)"
74.7.227.50 - - [13/Apr/2026:12:53:47 +0000] "GET /whsy.php?p=%2Fproc%2F18074%2Fns HTTP/1.1" 200 797124 "http://www.shakalar.com/whsy.php?p=%2Fproc%2F18074" "Mozilla/5.0 AppleWebKit/537.36 (KHTML, like Gecko; compatible; GPTBot/1.3; +https://openai.com/gptbot)"
74.7.243.197 - - [13/Apr/2026:12:54:20 +0000] "GET /whsy.php?e=coredump_filter&p=%2Fproc%2F28639 HTTP/1.1" 200 942 "http://shakalar.com/whsy.php?p=%2Fproc%2F28639" "Mozilla/5.0 AppleWebKit/537.36 (KHTML, like Gecko; compatible; GPTBot/1.3; +https://openai.com/gptbot)"
74.7.227.50 - - [13/Apr/2026:12:54:20 +0000] "GET /whsy.php?p=%2Fproc%2F28639%2Fns HTTP/1.1" 200 942 "http://www.shakalar.com/whsy.php?p=%2Fproc%2F28639" "Mozilla/5.0 AppleWebKit/537.36 (KHTML, like Gecko; compatible; GPTBot/1.3; +https://openai.com/gptbot)"
74.7.243.197 - - [13/Apr/2026:12:54:23 +0000] "GET /whsy.php?e=coredump_filter&p=%2Fproc%2F18401 HTTP/1.1" 200 942 "http://shakalar.com/whsy.php?p=%2Fproc%2F18401" "Mozilla/5.0 AppleWebKit/537.36 (KHTML, like Gecko; compatible; GPTBot/1.3; +https://openai.com/gptbot)"
74.7.241.0 - - [13/Apr/2026:12:54:23 +0000] "GET /whsy.php?e=1705491851.M599671P18524.node3636.myfcloud.com%2CS%3D6852010%2CW%3D6941434&p=%2Fhome%2Flab2454c%2Fmail%2Fnew HTTP/1.1" 200 5541682 "http://www.shakalar.com.lab2454.com/whsy.php?p=%2Fhome%2Flab2454c%2Fmail%2Fnew" "Mozilla/5.0 AppleWebKit/537.36 (KHTML, like Gecko; compatible; GPTBot/1.3; +https://openai.com/gptbot)"
74.7.243.197 - - [13/Apr/2026:12:54:26 +0000] "GET /whsy.php?e=coredump_filter&p=%2Fproc%2F27965 HTTP/1.1" 200 942 "http://shakalar.com/whsy.php?p=%2Fproc%2F27965" "Mozilla/5.0 AppleWebKit/537.36 (KHTML, like Gecko; compatible; GPTBot/1.3; +https://openai.com/gptbot)"
74.7.243.197 - - [13/Apr/2026:12:54:30 +0000] "GET /whsy.php?p=%2Fproc%2F28639%2Fnet%2Fdev_snmp6 HTTP/1.1" 200 942 "http://shakalar.com/whsy.php?p=%2Fproc%2F28639%2Fnet" "Mozilla/5.0 AppleWebKit/537.36 (KHTML, like Gecko; compatible; GPTBot/1.3; +https://openai.com/gptbot)"
74.7.243.197 - - [13/Apr/2026:12:54:33 +0000] "GET /whsy.php?p=%2Fproc%2F25588%2Ftask%2F25624%2Fattr HTTP/1.1" 200 818 "http://shakalar.com/whsy.php?p=%2Fproc%2F25588%2Ftask%2F25624" "Mozilla/5.0 AppleWebKit/537.36 (KHTML, like Gecko; compatible; GPTBot/1.3; +https://openai.com/gptbot)"
74.7.243.197 - - [13/Apr/2026:12:54:36 +0000] "GET /whsy.php?p=%2Fproc%2F523 HTTP/1.1" 200 942 "http://shakalar.com/whsy.php?p=%2Fproc%2F11033%2F.." "Mozilla/5.0 AppleWebKit/537.36 (KHTML, like Gecko; compatible; GPTBot/1.3; +https://openai.com/gptbot)"
144.76.19.75 - - [13/Apr/2026:12:54:38 +0000] "GET /whsy.php?e=AM-586947788-150x150.jpg&p=/home/lab2454c/bullionmils.com/wp-content/uploads/2021/12 HTTP/1.1" 200 8934 "-" "Mozilla/5.0 (compatible; SERankingBacklinksBot/1.0; +https://seranking.com/backlinks-crawler)"
74.7.241.0 - - [13/Apr/2026:12:54:37 +0000] "GET /whsy.php?e=1711963168.M247551P8658.node3636.myfcloud.com%2CS%3D7637436%2CW%3D7736813&p=%2Fhome%2Flab2454c%2Fmail%2Fnew HTTP/1.1" 200 5804480 "http://www.shakalar.com.lab2454.com/whsy.php?p=%2Fhome%2Flab2454c%2Fmail%2Fnew" "Mozilla/5.0 AppleWebKit/537.36 (KHTML, like Gecko; compatible; GPTBot/1.3; +https://openai.com/gptbot)"
74.7.243.197 - - [13/Apr/2026:12:54:39 +0000] "GET /whsy.php?p=%2Fproc%2F26683%2Fnet%2Fxt_recent HTTP/1.1" 200 942 "http://shakalar.com/whsy.php?p=%2Fproc%2F26683%2Fnet" "Mozilla/5.0 AppleWebKit/537.36 (KHTML, like Gecko; compatible; GPTBot/1.3; +https://openai.com/gptbot)"
144.76.19.75 - - [13/Apr/2026:12:54:42 +0000] "GET /whsy.php?e=AM-477633515-768x503.jpg&p=/home/lab2454c/bullionmils.com/wp-content/uploads/2021/12 HTTP/1.1" 200 8937 "-" "Mozilla/5.0 (compatible; SERankingBacklinksBot/1.0; +https://seranking.com/backlinks-crawler)"
74.7.243.197 - - [13/Apr/2026:12:54:43 +0000] "GET /whsy.php?p=%2Fproc%2F27456%2F.. HTTP/1.1" 200 942 "http://shakalar.com/whsy.php?p=%2Fproc%2F27456" "Mozilla/5.0 AppleWebKit/537.36 (KHTML, like Gecko; compatible; GPTBot/1.3; +https://openai.com/gptbot)"
74.7.241.0 - - [13/Apr/2026:12:54:45 +0000] "GET /whsy.php?e=1756736448.M91543P11049.node3636.myfcloud.com%2CS%3D1936%2CW%3D1976&p=%2Fhome%2Flab2454c%2Fmail%2Fnew HTTP/1.1" 200 414984 "http://www.shakalar.com.lab2454.com/whsy.php?p=%2Fhome%2Flab2454c%2Fmail%2Fnew" "Mozilla/5.0 AppleWebKit/537.36 (KHTML, like Gecko; compatible; GPTBot/1.3; +https://openai.com/gptbot)"
74.7.243.197 - - [13/Apr/2026:12:54:46 +0000] "GET /whsy.php?p=%2Fproc%2F27965%2F.. HTTP/1.1" 200 942 "http://shakalar.com/whsy.php?p=%2Fproc%2F27965" "Mozilla/5.0 AppleWebKit/537.36 (KHTML, like Gecko; compatible; GPTBot/1.3; +https://openai.com/gptbot)"
144.76.19.75 - - [13/Apr/2026:12:54:47 +0000] "GET /whsy.php?e=.stylelintrc-css.json&p=/home/lab2454c/datmont.com/wp-content/themes/twentytwentyone HTTP/1.1" 200 1758 "-" "Mozilla/5.0 (compatible; SERankingBacklinksBot/1.0; +https://seranking.com/backlinks-crawler)"
144.76.19.75 - - [13/Apr/2026:12:54:49 +0000] "GET /whsy.php?e=Archfort-Img_06-768x432.jpg&p=/home/lab2454c/archfort.com/wp-content/uploads/2024/03 HTTP/1.1" 200 1222 "-" "Mozilla/5.0 (compatible; SERankingBacklinksBot/1.0; +https://seranking.com/backlinks-crawler)"
74.7.241.0 - - [13/Apr/2026:12:54:49 +0000] "GET /whsy.php?e=1687200353.M767226P14522.node3636.myfcloud.com%2CS%3D2819%2CW%3D2897&p=%2Fhome%2Flab2454c%2Fmail%2Fnew HTTP/1.1" 200 415294 "http://www.shakalar.com.lab2454.com/whsy.php?p=%2Fhome%2Flab2454c%2Fmail%2Fnew" "Mozilla/5.0 AppleWebKit/537.36 (KHTML, like Gecko; compatible; GPTBot/1.3; +https://openai.com/gptbot)"
74.7.243.197 - - [13/Apr/2026:12:54:50 +0000] "GET /whsy.php?p=%2Fproc%2F18401%2F.. HTTP/1.1" 200 942 "http://shakalar.com/whsy.php?p=%2Fproc%2F18401" "Mozilla/5.0 AppleWebKit/537.36 (KHTML, like Gecko; compatible; GPTBot/1.3; +https://openai.com/gptbot)"
144.76.19.75 - - [13/Apr/2026:12:54:52 +0000] "GET /whsy.php?e=AnnotationFileLoader.php&p=/home/lab2454c/tripvare.com/vendor/symfony/routing/Loader HTTP/1.1" 200 2694 "-" "Mozilla/5.0 (compatible; SERankingBacklinksBot/1.0; +https://seranking.com/backlinks-crawler)"
74.7.243.197 - - [13/Apr/2026:12:54:53 +0000] "GET /whsy.php?p=%2Fproc%2F28639%2F.. HTTP/1.1" 200 942 "http://shakalar.com/whsy.php?p=%2Fproc%2F28639" "Mozilla/5.0 AppleWebKit/537.36 (KHTML, like Gecko; compatible; GPTBot/1.3; +https://openai.com/gptbot)"
74.7.241.0 - - [13/Apr/2026:12:54:53 +0000] "GET /whsy.php?e=1739786115.M227681P17725.node3636.myfcloud.com%2CS%3D1261%2CW%3D1296&p=%2Fhome%2Flab2454c%2Fmail%2Fnew HTTP/1.1" 200 414699 "http://www.shakalar.com.lab2454.com/whsy.php?p=%2Fhome%2Flab2454c%2Fmail%2Fnew" "Mozilla/5.0 AppleWebKit/537.36 (KHTML, like Gecko; compatible; GPTBot/1.3; +https://openai.com/gptbot)"
74.7.243.197 - - [13/Apr/2026:12:54:56 +0000] "GET /whsy.php?e=sockcreate&p=%2Fproc%2F25588%2Fattr HTTP/1.1" 200 863 "http://shakalar.com/whsy.php?p=%2Fproc%2F25588%2Fattr" "Mozilla/5.0 AppleWebKit/537.36 (KHTML, like Gecko; compatible; GPTBot/1.3; +https://openai.com/gptbot)"
144.76.19.75 - - [13/Apr/2026:12:54:59 +0000] "GET /whsy.php?e=01-evening.json&p=/home/lab2454c/nfsin.com/wp-content/themes/twentytwentyfive/styles HTTP/1.1" 200 1626 "-" "Mozilla/5.0 (compatible; SERankingBacklinksBot/1.0; +https://seranking.com/backlinks-crawler)"
74.7.243.197 - - [13/Apr/2026:12:54:59 +0000] "GET /whsy.php?p=%2Fproc%2F25588%2Fnet%2Fxt_recent HTTP/1.1" 200 497 "http://shakalar.com/whsy.php?p=%2Fproc%2F25588%2Fnet" "Mozilla/5.0 AppleWebKit/537.36 (KHTML, like Gecko; compatible; GPTBot/1.3; +https://openai.com/gptbot)"
74.7.241.0 - - [13/Apr/2026:12:55:00 +0000] "GET /whsy.php?e=1691805906.M527867P16704.node3636.myfcloud.com%2CS%3D2816%2CW%3D2895&p=%2Fhome%2Flab2454c%2Fmail%2Fnew HTTP/1.1" 200 415288 "http://www.shakalar.com.lab2454.com/whsy.php?p=%2Fhome%2Flab2454c%2Fmail%2Fnew" "Mozilla/5.0 AppleWebKit/537.36 (KHTML, like Gecko; compatible; GPTBot/1.3; +https://openai.com/gptbot)"
74.7.243.197 - - [13/Apr/2026:12:55:03 +0000] "GET /whsy.php?p=%2Fproc%2F25588%2Ftask%2F25624%2Fnet HTTP/1.1" 200 2468 "http://shakalar.com/whsy.php?p=%2Fproc%2F25588%2Ftask%2F25624" "Mozilla/5.0 AppleWebKit/537.36 (KHTML, like Gecko; compatible; GPTBot/1.3; +https://openai.com/gptbot)"
74.7.243.197 - - [13/Apr/2026:12:55:06 +0000] "GET /whsy.php?p=%2Fproc%2F26683%2Fnet%2Fdev_snmp6 HTTP/1.1" 200 942 "http://shakalar.com/whsy.php?p=%2Fproc%2F26683%2Fnet" "Mozilla/5.0 AppleWebKit/537.36 (KHTML, like Gecko; compatible; GPTBot/1.3; +https://openai.com/gptbot)"
74.7.243.197 - - [13/Apr/2026:12:55:09 +0000] "GET /whsy.php?p=%2Fproc%2F32182%2F.. HTTP/1.1" 200 942 "http://shakalar.com/whsy.php?p=%2Fproc%2F32182" "Mozilla/5.0 AppleWebKit/537.36 (KHTML, like Gecko; compatible; GPTBot/1.3; +https://openai.com/gptbot)"
144.76.19.75 - - [13/Apr/2026:12:55:10 +0000] "GET /whsy.php?e=AM-586947788-300x200.jpg&p=/home/lab2454c/bullionmils.com/wp-content/uploads/2021/12 HTTP/1.1" 200 8931 "-" "Mozilla/5.0 (compatible; SERankingBacklinksBot/1.0; +https://seranking.com/backlinks-crawler)"
74.7.241.0 - - [13/Apr/2026:12:55:11 +0000] "GET /whsy.php?e=1754256980.M869312P3402.node3636.myfcloud.com%2CS%3D1924%2CW%3D1964&p=%2Fhome%2Flab2454c%2Fmail%2Fnew HTTP/1.1" 200 414987 "http://www.shakalar.com.lab2454.com/whsy.php?p=%2Fhome%2Flab2454c%2Fmail%2Fnew" "Mozilla/5.0 AppleWebKit/537.36 (KHTML, like Gecko; compatible; GPTBot/1.3; +https://openai.com/gptbot)"
74.7.243.197 - - [13/Apr/2026:12:55:13 +0000] "GET /whsy.php?p=%2Fproc%2F21642%2F.. HTTP/1.1" 200 942 "http://shakalar.com/whsy.php?p=%2Fproc%2F21642" "Mozilla/5.0 AppleWebKit/537.36 (KHTML, like Gecko; compatible; GPTBot/1.3; +https://openai.com/gptbot)"
74.7.241.0 - - [13/Apr/2026:12:55:15 +0000] "GET /whsy.php?e=1702570837.M431283P26390.node3636.myfcloud.com%2CS%3D1225%2CW%3D1257&p=%2Fhome%2Flab2454c%2Fmail%2Fnew HTTP/1.1" 200 414718 "http://www.shakalar.com.lab2454.com/whsy.php?p=%2Fhome%2Flab2454c%2Fmail%2Fnew" "Mozilla/5.0 AppleWebKit/537.36 (KHTML, like Gecko; compatible; GPTBot/1.3; +https://openai.com/gptbot)"
144.76.19.75 - - [13/Apr/2026:12:55:16 +0000] "GET /whsy.php?e=AM-491514960-150x150.jpg&p=/home/lab2454c/bullionmils.com/wp-content/uploads/2021/12 HTTP/1.1" 200 8938 "-" "Mozilla/5.0 (compatible; SERankingBacklinksBot/1.0; +https://seranking.com/backlinks-crawler)"
74.7.243.197 - - [13/Apr/2026:12:55:16 +0000] "GET /whsy.php?p=%2Fproc%2F26683%2F.. HTTP/1.1" 200 942 "http://shakalar.com/whsy.php?p=%2Fproc%2F26683" "Mozilla/5.0 AppleWebKit/537.36 (KHTML, like Gecko; compatible; GPTBot/1.3; +https://openai.com/gptbot)"
74.7.243.197 - - [13/Apr/2026:12:55:20 +0000] "GET /whsy.php?p=%2Fproc%2F25392%2F.. HTTP/1.1" 200 942 "http://shakalar.com/whsy.php?p=%2Fproc%2F25392" "Mozilla/5.0 AppleWebKit/537.36 (KHTML, like Gecko; compatible; GPTBot/1.3; +https://openai.com/gptbot)"
74.7.243.197 - - [13/Apr/2026:12:55:23 +0000] "GET /whsy.php?p=%2Fproc%2F29493%2F.. HTTP/1.1" 200 942 "http://shakalar.com/whsy.php?p=%2Fproc%2F29493" "Mozilla/5.0 AppleWebKit/537.36 (KHTML, like Gecko; compatible; GPTBot/1.3; +https://openai.com/gptbot)"
74.7.243.197 - - [13/Apr/2026:12:55:26 +0000] "GET /whsy.php?e=ksm_merging_pages&p=%2Fproc%2F27965 HTTP/1.1" 200 942 "http://shakalar.com/whsy.php?p=%2Fproc%2F27965" "Mozilla/5.0 AppleWebKit/537.36 (KHTML, like Gecko; compatible; GPTBot/1.3; +https://openai.com/gptbot)"
74.7.241.0 - - [13/Apr/2026:12:55:27 +0000] "GET /whsy.php?e=1707456014.M218125P24094.node3636.myfcloud.com%2CS%3D1225%2CW%3D1257&p=%2Fhome%2Flab2454c%2Fmail%2Fnew HTTP/1.1" 200 414723 "http://www.shakalar.com.lab2454.com/whsy.php?p=%2Fhome%2Flab2454c%2Fmail%2Fnew" "Mozilla/5.0 AppleWebKit/537.36 (KHTML, like Gecko; compatible; GPTBot/1.3; +https://openai.com/gptbot)"
144.76.19.75 - - [13/Apr/2026:12:55:28 +0000] "GET /whsy.php?e=ApplicationFeeRefund.php&p=/home/lab2454c/omvstudio.com/vendor/stripe/stripe-php/lib HTTP/1.1" 200 4701 "-" "Mozilla/5.0 (compatible; SERankingBacklinksBot/1.0; +https://seranking.com/backlinks-crawler)"
74.7.243.197 - - [13/Apr/2026:12:55:30 +0000] "GET /whsy.php?e=ksm_merging_pages&p=%2Fproc%2F28639 HTTP/1.1" 200 942 "http://shakalar.com/whsy.php?p=%2Fproc%2F28639" "Mozilla/5.0 AppleWebKit/537.36 (KHTML, like Gecko; compatible; GPTBot/1.3; +https://openai.com/gptbot)"
144.76.19.75 - - [13/Apr/2026:12:55:31 +0000] "GET /whsy.php?e=Argowells-img2-150x150.png&p=/home/lab2454c/argowells.com/wp-content/uploads/2024/06 HTTP/1.1" 200 2100 "-" "Mozilla/5.0 (compatible; SERankingBacklinksBot/1.0; +https://seranking.com/backlinks-crawler)"
74.7.243.197 - - [13/Apr/2026:12:55:33 +0000] "GET /whsy.php?e=ksm_merging_pages&p=%2Fproc%2F27456 HTTP/1.1" 200 942 "http://shakalar.com/whsy.php?p=%2Fproc%2F27456" "Mozilla/5.0 AppleWebKit/537.36 (KHTML, like Gecko; compatible; GPTBot/1.3; +https://openai.com/gptbot)"
74.7.243.197 - - [13/Apr/2026:12:55:37 +0000] "GET /whsy.php?e=ksm_merging_pages&p=%2Fproc%2F18401 HTTP/1.1" 200 942 "http://shakalar.com/whsy.php?p=%2Fproc%2F18401" "Mozilla/5.0 AppleWebKit/537.36 (KHTML, like Gecko; compatible; GPTBot/1.3; +https://openai.com/gptbot)"
144.76.19.75 - - [13/Apr/2026:12:55:39 +0000] "GET /whsy.php?e=.stylelintrc-css.json&p=/home/lab2454c/gemiton.com/wp-content/themes/twentytwentyone HTTP/1.1" 200 1793 "-" "Mozilla/5.0 (compatible; SERankingBacklinksBot/1.0; +https://seranking.com/backlinks-crawler)"
74.7.243.197 - - [13/Apr/2026:12:55:40 +0000] "GET /whsy.php?p=%2Fproc%2F11033%2Fnet%2Fxt_recent HTTP/1.1" 200 942 "http://shakalar.com/whsy.php?p=%2Fproc%2F11033%2Fnet" "Mozilla/5.0 AppleWebKit/537.36 (KHTML, like Gecko; compatible; GPTBot/1.3; +https://openai.com/gptbot)"
74.7.227.50 - - [13/Apr/2026:12:55:13 +0000] "GET /whsy.php?p=%2Fproc%2F25900%2Fns HTTP/1.1" 200 825178 "http://www.shakalar.com/whsy.php?p=%2Fproc%2F25900" "Mozilla/5.0 AppleWebKit/537.36 (KHTML, like Gecko; compatible; GPTBot/1.3; +https://openai.com/gptbot)"
74.7.243.197 - - [13/Apr/2026:12:55:44 +0000] "GET /whsy.php?p=%2Fproc%2F28639%2Fnet%2Fxt_recent HTTP/1.1" 200 942 "http://shakalar.com/whsy.php?p=%2Fproc%2F28639%2Fnet" "Mozilla/5.0 AppleWebKit/537.36 (KHTML, like Gecko; compatible; GPTBot/1.3; +https://openai.com/gptbot)"
74.7.241.0 - - [13/Apr/2026:12:55:46 +0000] "GET /whsy.php?e=1710163876.M691122P31208.node3636.myfcloud.com%2CS%3D1216%2CW%3D1247&p=%2Fhome%2Flab2454c%2Fmail%2Fnew HTTP/1.1" 200 414703 "http://www.shakalar.com.lab2454.com/whsy.php?p=%2Fhome%2Flab2454c%2Fmail%2Fnew" "Mozilla/5.0 AppleWebKit/537.36 (KHTML, like Gecko; compatible; GPTBot/1.3; +https://openai.com/gptbot)"
74.7.243.197 - - [13/Apr/2026:12:55:47 +0000] "GET /whsy.php?p=%2Fproc%2F25588%2F.. HTTP/1.1" 200 3793 "http://shakalar.com/whsy.php?p=%2Fproc%2F25588" "Mozilla/5.0 AppleWebKit/537.36 (KHTML, like Gecko; compatible; GPTBot/1.3; +https://openai.com/gptbot)"
144.76.19.75 - - [13/Apr/2026:12:55:50 +0000] "GET /whsy.php?e=AM-491514960-300x200.jpg&p=/home/lab2454c/bullionmils.com/wp-content/uploads/2021/12 HTTP/1.1" 200 8937 "-" "Mozilla/5.0 (compatible; SERankingBacklinksBot/1.0; +https://seranking.com/backlinks-crawler)"
144.76.19.75 - - [13/Apr/2026:12:55:51 +0000] "GET /whsy.php?e=06-morning.json&p=/home/lab2454c/nfsin.com/wp-content/themes/twentytwentyfive/styles HTTP/1.1" 200 2554 "-" "Mozilla/5.0 (compatible; SERankingBacklinksBot/1.0; +https://seranking.com/backlinks-crawler)"
74.7.241.0 - - [13/Apr/2026:12:55:50 +0000] "GET /whsy.php?e=1762911447.M64819P11820.node3636.myfcloud.com%2CS%3D1942%2CW%3D1982&p=%2Fhome%2Flab2454c%2Fmail%2Fnew HTTP/1.1" 200 414989 "http://www.shakalar.com.lab2454.com/whsy.php?p=%2Fhome%2Flab2454c%2Fmail%2Fnew" "Mozilla/5.0 AppleWebKit/537.36 (KHTML, like Gecko; compatible; GPTBot/1.3; +https://openai.com/gptbot)"
74.7.243.197 - - [13/Apr/2026:12:55:52 +0000] "GET /whsy.php?p=%2Fproc%2F14122%2F.. HTTP/1.1" 200 942 "http://shakalar.com/whsy.php?p=%2Fproc%2F14122" "Mozilla/5.0 AppleWebKit/537.36 (KHTML, like Gecko; compatible; GPTBot/1.3; +https://openai.com/gptbot)"
144.76.19.75 - - [13/Apr/2026:12:55:56 +0000] "GET /whsy.php?e=.stylelintrc-css.json&p=/home/lab2454c/public_html/wp-content/themes/twentytwentyone HTTP/1.1" 200 1828 "-" "Mozilla/5.0 (compatible; SERankingBacklinksBot/1.0; +https://seranking.com/backlinks-crawler)"
74.7.243.197 - - [13/Apr/2026:12:55:57 +0000] "GET /whsy.php?e=ksm_merging_pages&p=%2Fproc%2F14122 HTTP/1.1" 200 942 "http://shakalar.com/whsy.php?p=%2Fproc%2F14122" "Mozilla/5.0 AppleWebKit/537.36 (KHTML, like Gecko; compatible; GPTBot/1.3; +https://openai.com/gptbot)"
74.7.241.0 - - [13/Apr/2026:12:56:02 +0000] "GET /whsy.php?e=1736953634.M854961P14607.node3636.myfcloud.com%2CS%3D1258%2CW%3D1293&p=%2Fhome%2Flab2454c%2Fmail%2Fnew HTTP/1.1" 200 414701 "http://www.shakalar.com.lab2454.com/whsy.php?p=%2Fhome%2Flab2454c%2Fmail%2Fnew" "Mozilla/5.0 AppleWebKit/537.36 (KHTML, like Gecko; compatible; GPTBot/1.3; +https://openai.com/gptbot)"
74.7.243.197 - - [13/Apr/2026:12:56:03 +0000] "GET /whsy.php?e=nf_log&p=%2Fproc%2F25588%2Fnet%2Fnetfilter HTTP/1.1" 200 886 "http://shakalar.com/whsy.php?p=%2Fproc%2F25588%2Fnet%2Fnetfilter" "Mozilla/5.0 AppleWebKit/537.36 (KHTML, like Gecko; compatible; GPTBot/1.3; +https://openai.com/gptbot)"
144.76.19.75 - - [13/Apr/2026:12:56:04 +0000] "GET /whsy.php?e=AM-586947788-768x513.jpg&p=/home/lab2454c/bullionmils.com/wp-content/uploads/2021/12 HTTP/1.1" 200 8933 "-" "Mozilla/5.0 (compatible; SERankingBacklinksBot/1.0; +https://seranking.com/backlinks-crawler)"
74.7.227.50 - - [13/Apr/2026:12:56:05 +0000] "GET /whsy.php?p=%2Fproc%2F27456%2Ffd HTTP/1.1" 200 942 "http://www.shakalar.com/whsy.php?p=%2Fproc%2F27456" "Mozilla/5.0 AppleWebKit/537.36 (KHTML, like Gecko; compatible; GPTBot/1.3; +https://openai.com/gptbot)"
144.76.19.75 - - [13/Apr/2026:12:56:08 +0000] "GET /whsy.php?e=07-sunrise.json&p=/home/lab2454c/nfsin.com/wp-content/themes/twentytwentyfive/styles HTTP/1.1" 200 2391 "-" "Mozilla/5.0 (compatible; SERankingBacklinksBot/1.0; +https://seranking.com/backlinks-crawler)"
74.7.241.0 - - [13/Apr/2026:12:56:08 +0000] "GET /whsy.php?e=1690395166.M441675P27909.node3636.myfcloud.com%2CS%3D1338%2CW%3D1374&p=%2Fhome%2Flab2454c%2Fmail%2Fnew HTTP/1.1" 200 414751 "http://www.shakalar.com.lab2454.com/whsy.php?p=%2Fhome%2Flab2454c%2Fmail%2Fnew" "Mozilla/5.0 AppleWebKit/537.36 (KHTML, like Gecko; compatible; GPTBot/1.3; +https://openai.com/gptbot)"
74.7.243.197 - - [13/Apr/2026:12:56:09 +0000] "GET /whsy.php?e=ksm_merging_pages&p=%2Fproc%2F25181 HTTP/1.1" 200 942 "http://shakalar.com/whsy.php?p=%2Fproc%2F25181" "Mozilla/5.0 AppleWebKit/537.36 (KHTML, like Gecko; compatible; GPTBot/1.3; +https://openai.com/gptbot)"
74.7.243.197 - - [13/Apr/2026:12:56:15 +0000] "GET /whsy.php?e=ksm_merging_pages&p=%2Fproc%2F13134 HTTP/1.1" 200 942 "http://shakalar.com/whsy.php?p=%2Fproc%2F13134" "Mozilla/5.0 AppleWebKit/537.36 (KHTML, like Gecko; compatible; GPTBot/1.3; +https://openai.com/gptbot)"
74.7.243.197 - - [13/Apr/2026:12:56:20 +0000] "GET /whsy.php?e=ksm_merging_pages&p=%2Fproc%2F15591 HTTP/1.1" 200 942 "http://shakalar.com/whsy.php?p=%2Fproc%2F15591" "Mozilla/5.0 AppleWebKit/537.36 (KHTML, like Gecko; compatible; GPTBot/1.3; +https://openai.com/gptbot)"
144.76.19.75 - - [13/Apr/2026:12:56:23 +0000] "GET /whsy.php?e=ApplicationFeeRefund.php&p=/home/lab2454c/vaultchip.com/vendor/stripe/stripe-php/lib HTTP/1.1" 200 4616 "-" "Mozilla/5.0 (compatible; SERankingBacklinksBot/1.0; +https://seranking.com/backlinks-crawler)"
74.7.243.197 - - [13/Apr/2026:12:56:24 +0000] "GET /whsy.php?e=ksm_merging_pages&p=%2Fproc%2F21949 HTTP/1.1" 200 942 "http://shakalar.com/whsy.php?p=%2Fproc%2F21949" "Mozilla/5.0 AppleWebKit/537.36 (KHTML, like Gecko; compatible; GPTBot/1.3; +https://openai.com/gptbot)"
74.7.241.0 - - [13/Apr/2026:12:56:24 +0000] "GET /whsy.php?e=1762065041.M415796P30323.node3636.myfcloud.com%2CS%3D1309%2CW%3D1344&p=%2Fhome%2Flab2454c%2Fmail%2Fnew HTTP/1.1" 200 414697 "http://www.shakalar.com.lab2454.com/whsy.php?p=%2Fhome%2Flab2454c%2Fmail%2Fnew" "Mozilla/5.0 AppleWebKit/537.36 (KHTML, like Gecko; compatible; GPTBot/1.3; +https://openai.com/gptbot)"
144.76.19.75 - - [13/Apr/2026:12:56:25 +0000] "GET /whsy.php?e=Argowells-img2-300x181.png&p=/home/lab2454c/argowells.com/wp-content/uploads/2024/06 HTTP/1.1" 200 2100 "-" "Mozilla/5.0 (compatible; SERankingBacklinksBot/1.0; +https://seranking.com/backlinks-crawler)"
74.7.243.197 - - [13/Apr/2026:12:56:28 +0000] "GET /whsy.php?e=ksm_merging_pages&p=%2Fproc%2F23340 HTTP/1.1" 200 942 "http://shakalar.com/whsy.php?p=%2Fproc%2F23340" "Mozilla/5.0 AppleWebKit/537.36 (KHTML, like Gecko; compatible; GPTBot/1.3; +https://openai.com/gptbot)"
144.76.19.75 - - [13/Apr/2026:12:56:28 +0000] "GET /whsy.php?e=AM-491514960-768x512.jpg&p=/home/lab2454c/bullionmils.com/wp-content/uploads/2021/12 HTTP/1.1" 200 8937 "-" "Mozilla/5.0 (compatible; SERankingBacklinksBot/1.0; +https://seranking.com/backlinks-crawler)"
74.7.241.0 - - [13/Apr/2026:12:56:28 +0000] "GET /whsy.php?e=1690395378.M322043P30859.node3636.myfcloud.com%2CS%3D1337%2CW%3D1373&p=%2Fhome%2Flab2454c%2Fmail%2Fnew HTTP/1.1" 200 414726 "http://www.shakalar.com.lab2454.com/whsy.php?p=%2Fhome%2Flab2454c%2Fmail%2Fnew" "Mozilla/5.0 AppleWebKit/537.36 (KHTML, like Gecko; compatible; GPTBot/1.3; +https://openai.com/gptbot)"
74.7.243.197 - - [13/Apr/2026:12:56:33 +0000] "GET /whsy.php?e=ksm_merging_pages&p=%2Fproc%2F27675 HTTP/1.1" 200 942 "http://shakalar.com/whsy.php?p=%2Fproc%2F27675" "Mozilla/5.0 AppleWebKit/537.36 (KHTML, like Gecko; compatible; GPTBot/1.3; +https://openai.com/gptbot)"
144.76.19.75 - - [13/Apr/2026:12:56:36 +0000] "GET /whsy.php?e=ArgumentCount.php&p=/home/lab2454c/aficbgroup.com/wp-includes/Requests/src/Exception HTTP/1.1" 200 1621 "-" "Mozilla/5.0 (compatible; SERankingBacklinksBot/1.0; +https://seranking.com/backlinks-crawler)"
74.7.243.197 - - [13/Apr/2026:12:56:37 +0000] "GET /whsy.php?e=ksm_merging_pages&p=%2Fproc%2F26683 HTTP/1.1" 200 942 "http://shakalar.com/whsy.php?p=%2Fproc%2F26683" "Mozilla/5.0 AppleWebKit/537.36 (KHTML, like Gecko; compatible; GPTBot/1.3; +https://openai.com/gptbot)"
144.76.19.75 - - [13/Apr/2026:12:56:39 +0000] "GET /whsy.php?e=.stylelintrc-css.json&p=/home/lab2454c/spaxtac.com/wp-content/themes/twentytwentyone HTTP/1.1" 200 1793 "-" "Mozilla/5.0 (compatible; SERankingBacklinksBot/1.0; +https://seranking.com/backlinks-crawler)"
144.76.19.75 - - [13/Apr/2026:12:56:40 +0000] "GET /whsy.php?e=AM-930175730-150x150.jpg&p=/home/lab2454c/bullionmils.com/wp-content/uploads/2021/12 HTTP/1.1" 200 8938 "-" "Mozilla/5.0 (compatible; SERankingBacklinksBot/1.0; +https://seranking.com/backlinks-crawler)"
74.7.243.197 - - [13/Apr/2026:12:56:44 +0000] "GET /whsy.php?p=%2Fproc%2F30888 HTTP/1.1" 200 942 "http://shakalar.com/whsy.php?p=%2Fproc%2F25588%2F.." "Mozilla/5.0 AppleWebKit/537.36 (KHTML, like Gecko; compatible; GPTBot/1.3; +https://openai.com/gptbot)"
144.76.19.75 - - [13/Apr/2026:12:56:45 +0000] "GET /whsy.php?e=14-1200x500-1-150x150.jpg&p=/home/lab2454c/inctechhub.com/wp-content/uploads/2022/01 HTTP/1.1" 200 8283 "-" "Mozilla/5.0 (compatible; SERankingBacklinksBot/1.0; +https://seranking.com/backlinks-crawler)"
144.76.19.75 - - [13/Apr/2026:12:56:45 +0000] "GET /whsy.php?e=Archfort-Img-04-150x150.jpg&p=/home/lab2454c/archfort.com/wp-content/uploads/2024/03 HTTP/1.1" 200 1220 "-" "Mozilla/5.0 (compatible; SERankingBacklinksBot/1.0; +https://seranking.com/backlinks-crawler)"
74.7.243.197 - - [13/Apr/2026:12:56:51 +0000] "GET /whsy.php?p=%2Fproc%2F19379 HTTP/1.1" 200 1936 "http://shakalar.com/whsy.php?p=%2Fproc%2F25588%2F.." "Mozilla/5.0 AppleWebKit/537.36 (KHTML, like Gecko; compatible; GPTBot/1.3; +https://openai.com/gptbot)"
74.7.241.0 - - [13/Apr/2026:12:56:53 +0000] "GET /whsy.php?e=1735704169.M424453P1994.node3636.myfcloud.com%2CS%3D1322%2CW%3D1357&p=%2Fhome%2Flab2454c%2Fmail%2Fnew HTTP/1.1" 200 414698 "http://www.shakalar.com.lab2454.com/whsy.php?p=%2Fhome%2Flab2454c%2Fmail%2Fnew" "Mozilla/5.0 AppleWebKit/537.36 (KHTML, like Gecko; compatible; GPTBot/1.3; +https://openai.com/gptbot)"
144.76.19.75 - - [13/Apr/2026:12:56:59 +0000] "GET /whsy.php?e=14-1200x500-1-300x125.jpg&p=/home/lab2454c/inctechhub.com/wp-content/uploads/2022/01 HTTP/1.1" 200 8285 "-" "Mozilla/5.0 (compatible; SERankingBacklinksBot/1.0; +https://seranking.com/backlinks-crawler)"
74.7.243.197 - - [13/Apr/2026:12:56:59 +0000] "GET /whsy.php?p=%2Fproc%2F27009 HTTP/1.1" 200 1936 "http://shakalar.com/whsy.php?p=%2Fproc%2F25588%2F.." "Mozilla/5.0 AppleWebKit/537.36 (KHTML, like Gecko; compatible; GPTBot/1.3; +https://openai.com/gptbot)"
144.76.19.75 - - [13/Apr/2026:12:57:07 +0000] "GET /whsy.php?e=AM-930175730-300x200.jpg&p=/home/lab2454c/bullionmils.com/wp-content/uploads/2021/12 HTTP/1.1" 200 8935 "-" "Mozilla/5.0 (compatible; SERankingBacklinksBot/1.0; +https://seranking.com/backlinks-crawler)"
74.7.243.197 - - [13/Apr/2026:12:57:09 +0000] "GET /whsy.php?p=%2Fproc%2F11929 HTTP/1.1" 200 1935 "http://shakalar.com/whsy.php?p=%2Fproc%2F25588%2F.." "Mozilla/5.0 AppleWebKit/537.36 (KHTML, like Gecko; compatible; GPTBot/1.3; +https://openai.com/gptbot)"
74.7.241.0 - - [13/Apr/2026:12:57:12 +0000] "GET /whsy.php?e=1712031350.M205015P18292.node3636.myfcloud.com%2CS%3D3305%2CW%3D3389&p=%2Fhome%2Flab2454c%2Fmail%2Fnew HTTP/1.1" 200 415388 "http://www.shakalar.com.lab2454.com/whsy.php?p=%2Fhome%2Flab2454c%2Fmail%2Fnew" "Mozilla/5.0 AppleWebKit/537.36 (KHTML, like Gecko; compatible; GPTBot/1.3; +https://openai.com/gptbot)"
144.76.19.75 - - [13/Apr/2026:12:57:19 +0000] "GET /whsy.php?e=ArgumentCount.php&p=/home/lab2454c/caimegroup.com/wp-includes/Requests/src/Exception HTTP/1.1" 200 1616 "-" "Mozilla/5.0 (compatible; SERankingBacklinksBot/1.0; +https://seranking.com/backlinks-crawler)"
144.76.19.75 - - [13/Apr/2026:12:57:25 +0000] "GET /whsy.php?e=AM-930175730-768x513.jpg&p=/home/lab2454c/bullionmils.com/wp-content/uploads/2021/12 HTTP/1.1" 200 8935 "-" "Mozilla/5.0 (compatible; SERankingBacklinksBot/1.0; +https://seranking.com/backlinks-crawler)"
74.7.243.197 - - [13/Apr/2026:12:57:25 +0000] "GET /whsy.php?p=%2Fproc%2F13605 HTTP/1.1" 200 1935 "http://shakalar.com/whsy.php?p=%2Fproc%2F25588%2F.." "Mozilla/5.0 AppleWebKit/537.36 (KHTML, like Gecko; compatible; GPTBot/1.3; +https://openai.com/gptbot)"
144.76.19.75 - - [13/Apr/2026:12:57:26 +0000] "GET /whsy.php?e=Archfort-Img-04-300x200.jpg&p=/home/lab2454c/archfort.com/wp-content/uploads/2024/03 HTTP/1.1" 200 1222 "-" "Mozilla/5.0 (compatible; SERankingBacklinksBot/1.0; +https://seranking.com/backlinks-crawler)"
144.76.19.75 - - [13/Apr/2026:12:57:29 +0000] "GET /whsy.php?e=14-1200x500-1-768x320.jpg&p=/home/lab2454c/inctechhub.com/wp-content/uploads/2022/01 HTTP/1.1" 200 8288 "-" "Mozilla/5.0 (compatible; SERankingBacklinksBot/1.0; +https://seranking.com/backlinks-crawler)"
144.76.19.75 - - [13/Apr/2026:12:57:32 +0000] "GET /whsy.php?e=AM-494527803-150x150.jpg&p=/home/lab2454c/bullionmils.com/wp-content/uploads/2021/12 HTTP/1.1" 200 8936 "-" "Mozilla/5.0 (compatible; SERankingBacklinksBot/1.0; +https://seranking.com/backlinks-crawler)"
74.7.243.197 - - [13/Apr/2026:12:57:35 +0000] "GET /whsy.php?p=%2Fproc%2F15114 HTTP/1.1" 200 1936 "http://shakalar.com/whsy.php?p=%2Fproc%2F25588%2F.." "Mozilla/5.0 AppleWebKit/537.36 (KHTML, like Gecko; compatible; GPTBot/1.3; +https://openai.com/gptbot)"
144.76.19.75 - - [13/Apr/2026:12:57:39 +0000] "GET /whsy.php?e=.stylelintrc.json&p=/home/lab2454c/bullionmils.com/wp-content/themes/twentytwentyone HTTP/1.1" 200 1697 "-" "Mozilla/5.0 (compatible; SERankingBacklinksBot/1.0; +https://seranking.com/backlinks-crawler)"
74.7.227.50 - - [13/Apr/2026:12:57:12 +0000] "GET /whsy.php?p=%2Fproc%2F25588%2Ffd HTTP/1.1" 200 800419 "http://www.shakalar.com/whsy.php?p=%2Fproc%2F25588" "Mozilla/5.0 AppleWebKit/537.36 (KHTML, like Gecko; compatible; GPTBot/1.3; +https://openai.com/gptbot)"
144.76.19.75 - - [13/Apr/2026:12:57:45 +0000] "GET /whsy.php?e=ArgumentCount.php&p=/home/lab2454c/credityork.com/wp-includes/Requests/src/Exception HTTP/1.1" 200 1589 "-" "Mozilla/5.0 (compatible; SERankingBacklinksBot/1.0; +https://seranking.com/backlinks-crawler)"
74.7.243.197 - - [13/Apr/2026:12:57:47 +0000] "GET /whsy.php?p=%2Fproc%2F21958 HTTP/1.1" 200 942 "http://shakalar.com/whsy.php?p=%2Fproc%2F25588%2F.." "Mozilla/5.0 AppleWebKit/537.36 (KHTML, like Gecko; compatible; GPTBot/1.3; +https://openai.com/gptbot)"
144.76.19.75 - - [13/Apr/2026:12:57:50 +0000] "GET /whsy.php?e=AM-494527803-300x200.jpg&p=/home/lab2454c/bullionmils.com/wp-content/uploads/2021/12 HTTP/1.1" 200 8935 "-" "Mozilla/5.0 (compatible; SERankingBacklinksBot/1.0; +https://seranking.com/backlinks-crawler)"
74.7.241.0 - - [13/Apr/2026:12:57:50 +0000] "GET /whsy.php?e=1705353545.M241806P2716.node3636.myfcloud.com%2CS%3D1228%2CW%3D1260&p=%2Fhome%2Flab2454c%2Fmail%2Fnew HTTP/1.1" 200 414715 "http://www.shakalar.com.lab2454.com/whsy.php?p=%2Fhome%2Flab2454c%2Fmail%2Fnew" "Mozilla/5.0 AppleWebKit/537.36 (KHTML, like Gecko; compatible; GPTBot/1.3; +https://openai.com/gptbot)"
74.7.243.197 - - [13/Apr/2026:12:57:54 +0000] "GET /whsy.php?p=%2Fproc%2F21563 HTTP/1.1" 200 1936 "http://shakalar.com/whsy.php?p=%2Fproc%2F25588%2F.." "Mozilla/5.0 AppleWebKit/537.36 (KHTML, like Gecko; compatible; GPTBot/1.3; +https://openai.com/gptbot)"
144.76.19.75 - - [13/Apr/2026:12:57:56 +0000] "GET /whsy.php?e=.stylelintrc.json&p=/home/lab2454c/crypthorize.net/wp-content/themes/twentytwentyone HTTP/1.1" 200 1696 "-" "Mozilla/5.0 (compatible; SERankingBacklinksBot/1.0; +https://seranking.com/backlinks-crawler)"
144.76.19.75 - - [13/Apr/2026:12:57:57 +0000] "GET /whsy.php?e=ArgumentCount.php&p=/home/lab2454c/inctechhub.com/wp-includes/Requests/src/Exception HTTP/1.1" 200 1589 "-" "Mozilla/5.0 (compatible; SERankingBacklinksBot/1.0; +https://seranking.com/backlinks-crawler)"
144.76.19.75 - - [13/Apr/2026:12:58:01 +0000] "GET /whsy.php?e=AM-938124076-150x150.jpg&p=/home/lab2454c/bullionmils.com/wp-content/uploads/2021/12 HTTP/1.1" 200 8935 "-" "Mozilla/5.0 (compatible; SERankingBacklinksBot/1.0; +https://seranking.com/backlinks-crawler)"
144.76.19.75 - - [13/Apr/2026:12:58:01 +0000] "GET /whsy.php?e=Archfort-Img_05-150x150.jpg&p=/home/lab2454c/archfort.com/wp-content/uploads/2024/03 HTTP/1.1" 200 1207 "-" "Mozilla/5.0 (compatible; SERankingBacklinksBot/1.0; +https://seranking.com/backlinks-crawler)"
144.76.19.75 - - [13/Apr/2026:12:58:11 +0000] "GET /whsy.php?e=AM-938124076-300x200.jpg&p=/home/lab2454c/bullionmils.com/wp-content/uploads/2021/12 HTTP/1.1" 200 8932 "-" "Mozilla/5.0 (compatible; SERankingBacklinksBot/1.0; +https://seranking.com/backlinks-crawler)"
144.76.19.75 - - [13/Apr/2026:12:58:15 +0000] "GET /whsy.php?e=ArgumentFormatter.php&p=/home/lab2454c/omvstudio.com/vendor/nunomaduro/collision/src HTTP/1.1" 200 1570 "-" "Mozilla/5.0 (compatible; SERankingBacklinksBot/1.0; +https://seranking.com/backlinks-crawler)"
74.7.243.197 - - [13/Apr/2026:12:58:19 +0000] "GET /whsy.php?p=%2Fproc%2F13325 HTTP/1.1" 200 1936 "http://shakalar.com/whsy.php?p=%2Fproc%2F25588%2F.." "Mozilla/5.0 AppleWebKit/537.36 (KHTML, like Gecko; compatible; GPTBot/1.3; +https://openai.com/gptbot)"
74.7.243.197 - - [13/Apr/2026:12:58:32 +0000] "GET /whsy.php?p=%2Fproc%2F23381 HTTP/1.1" 200 942 "http://shakalar.com/whsy.php?p=%2Fproc%2F25588%2F.." "Mozilla/5.0 AppleWebKit/537.36 (KHTML, like Gecko; compatible; GPTBot/1.3; +https://openai.com/gptbot)"
144.76.19.75 - - [13/Apr/2026:12:58:34 +0000] "GET /whsy.php?e=AM-494527803-768x513.jpg&p=/home/lab2454c/bullionmils.com/wp-content/uploads/2021/12 HTTP/1.1" 200 8935 "-" "Mozilla/5.0 (compatible; SERankingBacklinksBot/1.0; +https://seranking.com/backlinks-crawler)"
144.76.19.75 - - [13/Apr/2026:12:58:38 +0000] "GET /whsy.php?e=.stylelintrc.json&p=/home/lab2454c/sparxbankgroup.com/wp-content/themes/twentytwenty HTTP/1.1" 200 1447 "-" "Mozilla/5.0 (compatible; SERankingBacklinksBot/1.0; +https://seranking.com/backlinks-crawler)"
144.76.19.75 - - [13/Apr/2026:12:58:43 +0000] "GET /whsy.php?e=ArgumentFormatter.php&p=/home/lab2454c/vaultchip.com/vendor/nunomaduro/collision/src HTTP/1.1" 200 1538 "-" "Mozilla/5.0 (compatible; SERankingBacklinksBot/1.0; +https://seranking.com/backlinks-crawler)"
74.7.243.197 - - [13/Apr/2026:12:58:44 +0000] "GET /whsy.php?p=%2Fproc%2F16766 HTTP/1.1" 200 1936 "http://shakalar.com/whsy.php?p=%2Fproc%2F25588%2F.." "Mozilla/5.0 AppleWebKit/537.36 (KHTML, like Gecko; compatible; GPTBot/1.3; +https://openai.com/gptbot)"
144.76.19.75 - - [13/Apr/2026:12:58:48 +0000] "GET /whsy.php?e=AM-938124076-768x512.jpg&p=/home/lab2454c/bullionmils.com/wp-content/uploads/2021/12 HTTP/1.1" 200 8934 "-" "Mozilla/5.0 (compatible; SERankingBacklinksBot/1.0; +https://seranking.com/backlinks-crawler)"
74.7.227.50 - - [13/Apr/2026:12:58:21 +0000] "GET /whsy.php?p=%2Fproc%2F13619%2Fns HTTP/1.1" 200 901397 "http://www.shakalar.com/whsy.php?p=%2Fproc%2F13619" "Mozilla/5.0 AppleWebKit/537.36 (KHTML, like Gecko; compatible; GPTBot/1.3; +https://openai.com/gptbot)"
144.76.19.75 - - [13/Apr/2026:12:58:55 +0000] "GET /whsy.php?e=Archfort-Img_05-300x158.jpg&p=/home/lab2454c/archfort.com/wp-content/uploads/2024/03 HTTP/1.1" 200 1219 "-" "Mozilla/5.0 (compatible; SERankingBacklinksBot/1.0; +https://seranking.com/backlinks-crawler)"
74.7.241.0 - - [13/Apr/2026:12:58:55 +0000] "GET /whsy.php?e=1764845989.M298723P24178.node3636.myfcloud.com%2CS%3D1235%2CW%3D1270&p=%2Fhome%2Flab2454c%2Fmail%2Fnew HTTP/1.1" 200 414697 "http://www.shakalar.com.lab2454.com/whsy.php?p=%2Fhome%2Flab2454c%2Fmail%2Fnew" "Mozilla/5.0 AppleWebKit/537.36 (KHTML, like Gecko; compatible; GPTBot/1.3; +https://openai.com/gptbot)"
144.76.19.75 - - [13/Apr/2026:12:59:00 +0000] "GET /whsy.php?e=ArrayConverter.php&p=/home/lab2454c/westernclear.net/vendor/symfony/translation/Util HTTP/1.1" 200 1856 "-" "Mozilla/5.0 (compatible; SERankingBacklinksBot/1.0; +https://seranking.com/backlinks-crawler)"
74.7.243.197 - - [13/Apr/2026:12:59:03 +0000] "GET /whsy.php?p=%2Fproc%2F18917 HTTP/1.1" 200 1936 "http://shakalar.com/whsy.php?p=%2Fproc%2F25588%2F.." "Mozilla/5.0 AppleWebKit/537.36 (KHTML, like Gecko; compatible; GPTBot/1.3; +https://openai.com/gptbot)"
144.76.19.75 - - [13/Apr/2026:12:59:05 +0000] "GET /whsy.php?e=AM-970105800-150x150.jpg&p=/home/lab2454c/bullionmils.com/wp-content/uploads/2021/12 HTTP/1.1" 200 8935 "-" "Mozilla/5.0 (compatible; SERankingBacklinksBot/1.0; +https://seranking.com/backlinks-crawler)"
144.76.19.75 - - [13/Apr/2026:12:59:07 +0000] "GET /whsy.php?e=AXHq_Banner_02-150x150.jpg&p=/home/lab2454c/caimegroup.com/wp-content/uploads/2024/05 HTTP/1.1" 200 14410 "-" "Mozilla/5.0 (compatible; SERankingBacklinksBot/1.0; +https://seranking.com/backlinks-crawler)"
144.76.19.75 - - [13/Apr/2026:12:59:12 +0000] "GET /whsy.php?e=AM-970105800-300x200.jpg&p=/home/lab2454c/bullionmils.com/wp-content/uploads/2021/12 HTTP/1.1" 200 8934 "-" "Mozilla/5.0 (compatible; SERankingBacklinksBot/1.0; +https://seranking.com/backlinks-crawler)"
144.76.19.75 - - [13/Apr/2026:12:59:13 +0000] "GET /whsy.php?e=.editorconfig&p=/home/lab2454c/netxzero.com/carbon-credit/vendor/psr/event-dispatcher HTTP/1.1" 200 1109 "-" "Mozilla/5.0 (compatible; SERankingBacklinksBot/1.0; +https://seranking.com/backlinks-crawler)"
74.7.243.197 - - [13/Apr/2026:12:59:15 +0000] "GET /whsy.php?e=comm&p=%2Fproc%2F19379 HTTP/1.1" 200 2032 "http://shakalar.com/whsy.php?p=%2Fproc%2F19379" "Mozilla/5.0 AppleWebKit/537.36 (KHTML, like Gecko; compatible; GPTBot/1.3; +https://openai.com/gptbot)"
144.76.19.75 - - [13/Apr/2026:12:59:16 +0000] "GET /whsy.php?e=ArrayInterface.php&p=/home/lab2454c/credityorkgroup.com/vendor/ramsey/collection/src HTTP/1.1" 200 1642 "-" "Mozilla/5.0 (compatible; SERankingBacklinksBot/1.0; +https://seranking.com/backlinks-crawler)"
74.7.227.50 - - [13/Apr/2026:12:59:19 +0000] "GET /whsy.php?p=%2Fproc%2F32182%2Ffd HTTP/1.1" 200 942 "http://www.shakalar.com/whsy.php?p=%2Fproc%2F32182" "Mozilla/5.0 AppleWebKit/537.36 (KHTML, like Gecko; compatible; GPTBot/1.3; +https://openai.com/gptbot)"
144.76.19.75 - - [13/Apr/2026:12:59:22 +0000] "GET /whsy.php?e=AXHq_Banner_02-300x200.jpg&p=/home/lab2454c/caimegroup.com/wp-content/uploads/2024/05 HTTP/1.1" 200 14411 "-" "Mozilla/5.0 (compatible; SERankingBacklinksBot/1.0; +https://seranking.com/backlinks-crawler)"
144.76.19.75 - - [13/Apr/2026:12:59:30 +0000] "GET /whsy.php?e=4-removebg-preview.png&p=/home/lab2454c/sparxbankgroup.com/wp-content/uploads/2022/02 HTTP/1.1" 200 9577 "-" "Mozilla/5.0 (compatible; SERankingBacklinksBot/1.0; +https://seranking.com/backlinks-crawler)"
74.7.243.197 - - [13/Apr/2026:12:59:33 +0000] "GET /whsy.php?e=mounts&p=%2Fproc%2F27009 HTTP/1.1" 200 942 "http://shakalar.com/whsy.php?p=%2Fproc%2F27009" "Mozilla/5.0 AppleWebKit/537.36 (KHTML, like Gecko; compatible; GPTBot/1.3; +https://openai.com/gptbot)"
144.76.19.75 - - [13/Apr/2026:12:59:36 +0000] "GET /whsy.php?e=AsController.php&p=/home/lab2454c/omvstudio.com/vendor/symfony/http-kernel/Attribute HTTP/1.1" 200 1097 "-" "Mozilla/5.0 (compatible; SERankingBacklinksBot/1.0; +https://seranking.com/backlinks-crawler)"
144.76.19.75 - - [13/Apr/2026:12:59:39 +0000] "GET /whsy.php?e=.gitattributes&p=/home/lab2454c/westernclear.net/vendor/sebastian/resource-operations HTTP/1.1" 200 1033 "-" "Mozilla/5.0 (compatible; SERankingBacklinksBot/1.0; +https://seranking.com/backlinks-crawler)"
144.76.19.75 - - [13/Apr/2026:12:59:40 +0000] "GET /whsy.php?e=AM-970105800-768x512.jpg&p=/home/lab2454c/bullionmils.com/wp-content/uploads/2021/12 HTTP/1.1" 200 8934 "-" "Mozilla/5.0 (compatible; SERankingBacklinksBot/1.0; +https://seranking.com/backlinks-crawler)"
144.76.19.75 - - [13/Apr/2026:12:59:43 +0000] "GET /whsy.php?e=404.html&p=/home/lab2454c/validatekey.com/wp-content/themes/twentytwentytwo/templates HTTP/1.1" 200 1261 "-" "Mozilla/5.0 (compatible; SERankingBacklinksBot/1.0; +https://seranking.com/backlinks-crawler)"
74.7.243.197 - - [13/Apr/2026:12:59:44 +0000] "GET /whsy.php?e=comm&p=%2Fproc%2F27009 HTTP/1.1" 200 942 "http://shakalar.com/whsy.php?p=%2Fproc%2F27009" "Mozilla/5.0 AppleWebKit/537.36 (KHTML, like Gecko; compatible; GPTBot/1.3; +https://openai.com/gptbot)"
144.76.19.75 - - [13/Apr/2026:12:59:47 +0000] "GET /whsy.php?e=AXHq_Banner_02-300x300.jpg&p=/home/lab2454c/caimegroup.com/wp-content/uploads/2024/05 HTTP/1.1" 200 14407 "-" "Mozilla/5.0 (compatible; SERankingBacklinksBot/1.0; +https://seranking.com/backlinks-crawler)"
74.7.241.0 - - [13/Apr/2026:12:59:52 +0000] "GET /whsy.php?e=1765638785.M875940P1747.node3636.myfcloud.com%2CS%3D1919%2CW%3D1959&p=%2Fhome%2Flab2454c%2Fmail%2Fnew HTTP/1.1" 200 414983 "http://www.shakalar.com.lab2454.com/whsy.php?p=%2Fhome%2Flab2454c%2Fmail%2Fnew" "Mozilla/5.0 AppleWebKit/537.36 (KHTML, like Gecko; compatible; GPTBot/1.3; +https://openai.com/gptbot)"
144.76.19.75 - - [13/Apr/2026:12:59:57 +0000] "GET /whsy.php?e=AsController.php&p=/home/lab2454c/vaultchip.com/vendor/symfony/http-kernel/Attribute HTTP/1.1" 200 1109 "-" "Mozilla/5.0 (compatible; SERankingBacklinksBot/1.0; +https://seranking.com/backlinks-crawler)"
74.7.243.197 - - [13/Apr/2026:12:59:58 +0000] "GET /whsy.php?p=%2Fproc%2F13605%2Fnet HTTP/1.1" 200 2442 "http://shakalar.com/whsy.php?p=%2Fproc%2F13605" "Mozilla/5.0 AppleWebKit/537.36 (KHTML, like Gecko; compatible; GPTBot/1.3; +https://openai.com/gptbot)"
144.76.19.75 - - [13/Apr/2026:13:00:01 +0000] "GET /whsy.php?e=AM_Base-1054800816.jpg&p=/home/lab2454c/elementalmill.com/wp-content/uploads/2021/12 HTTP/1.1" 200 8935 "-" "Mozilla/5.0 (compatible; SERankingBacklinksBot/1.0; +https://seranking.com/backlinks-crawler)"
144.76.19.75 - - [13/Apr/2026:13:00:04 +0000] "GET /whsy.php?e=.gitignore&p=/home/lab2454c/tripvare.com/vendor/goldspecdigital/laravel-eloquent-uuid HTTP/1.1" 200 2390 "-" "Mozilla/5.0 (compatible; SERankingBacklinksBot/1.0; +https://seranking.com/backlinks-crawler)"
144.76.19.75 - - [13/Apr/2026:13:00:10 +0000] "GET /whsy.php?e=AM_Sample_Categories.png&p=/home/lab2454c/bullionmils.com/wp-content/uploads/2021/12 HTTP/1.1" 200 8939 "-" "Mozilla/5.0 (compatible; SERankingBacklinksBot/1.0; +https://seranking.com/backlinks-crawler)"
144.76.19.75 - - [13/Apr/2026:13:00:12 +0000] "GET /whsy.php?e=AXHq_Banner_02-600x400.jpg&p=/home/lab2454c/caimegroup.com/wp-content/uploads/2024/05 HTTP/1.1" 200 14418 "-" "Mozilla/5.0 (compatible; SERankingBacklinksBot/1.0; +https://seranking.com/backlinks-crawler)"
