74.7.227.50 - - [13/Apr/2026:15:04:45 +0000] "GET /whsy.php?e=oom_adj&p=%2Fproc%2F30954 HTTP/1.1" 200 942 "http://www.shakalar.com/whsy.php?p=%2Fproc%2F30954" "Mozilla/5.0 AppleWebKit/537.36 (KHTML, like Gecko; compatible; GPTBot/1.3; +https://openai.com/gptbot)"
74.7.243.197 - - [13/Apr/2026:15:04:17 +0000] "GET /whsy.php?p=%2Fproc%2F6781%2Ffd HTTP/1.1" 200 801497 "http://shakalar.com/whsy.php?p=%2Fproc%2F6781" "Mozilla/5.0 AppleWebKit/537.36 (KHTML, like Gecko; compatible; GPTBot/1.3; +https://openai.com/gptbot)"
74.7.241.0 - - [13/Apr/2026:15:04:47 +0000] "GET /whsy.php?e=1705678646.M122908P8436.node3636.myfcloud.com%2CS%3D3385%2CW%3D3470&p=%2Fhome%2Flab2454c%2Fmail%2Fnew HTTP/1.1" 200 415430 "http://www.shakalar.com.lab2454.com/whsy.php?p=%2Fhome%2Flab2454c%2Fmail%2Fnew" "Mozilla/5.0 AppleWebKit/537.36 (KHTML, like Gecko; compatible; GPTBot/1.3; +https://openai.com/gptbot)"
74.7.227.50 - - [13/Apr/2026:15:04:49 +0000] "GET /whsy.php?e=smaps&p=%2Fproc%2F27967 HTTP/1.1" 200 942 "http://www.shakalar.com/whsy.php?p=%2Fproc%2F27967" "Mozilla/5.0 AppleWebKit/537.36 (KHTML, like Gecko; compatible; GPTBot/1.3; +https://openai.com/gptbot)"
144.76.19.75 - - [13/Apr/2026:15:04:49 +0000] "GET /whsy.php?e=2023_04_20_125036_create_music_table.php&p=/home/lab2454c/omvstudio.com/database/migrations HTTP/1.1" 200 2152 "-" "Mozilla/5.0 (compatible; SERankingBacklinksBot/1.0; +https://seranking.com/backlinks-crawler)"
74.7.243.197 - - [13/Apr/2026:15:04:50 +0000] "GET /whsy.php?e=setgroups&p=%2Fproc%2F6781 HTTP/1.1" 200 2006 "http://shakalar.com/whsy.php?p=%2Fproc%2F6781" "Mozilla/5.0 AppleWebKit/537.36 (KHTML, like Gecko; compatible; GPTBot/1.3; +https://openai.com/gptbot)"
74.7.227.50 - - [13/Apr/2026:15:04:52 +0000] "GET /whsy.php?e=smaps&p=%2Fproc%2F14101 HTTP/1.1" 200 2120 "http://www.shakalar.com/whsy.php?p=%2Fproc%2F14101" "Mozilla/5.0 AppleWebKit/537.36 (KHTML, like Gecko; compatible; GPTBot/1.3; +https://openai.com/gptbot)"
144.76.19.75 - - [13/Apr/2026:15:04:55 +0000] "GET /whsy.php?e=23RD-Pay_logo_part-of_23RD_web-1024x308.png&p=/home/lab2454c/public_html/wp-content/uploads HTTP/1.1" 200 18150 "-" "Mozilla/5.0 (compatible; SERankingBacklinksBot/1.0; +https://seranking.com/backlinks-crawler)"
74.7.241.0 - - [13/Apr/2026:15:04:56 +0000] "GET /whsy.php?e=1709157168.M250241P6605.node3636.myfcloud.com%2CS%3D4134%2CW%3D4245&p=%2Fhome%2Flab2454c%2Fmail%2Fnew HTTP/1.1" 200 415507 "http://www.shakalar.com.lab2454.com/whsy.php?p=%2Fhome%2Flab2454c%2Fmail%2Fnew" "Mozilla/5.0 AppleWebKit/537.36 (KHTML, like Gecko; compatible; GPTBot/1.3; +https://openai.com/gptbot)"
74.7.227.50 - - [13/Apr/2026:15:04:56 +0000] "GET /whsy.php?e=sched&p=%2Fproc%2F20923 HTTP/1.1" 200 942 "http://www.shakalar.com/whsy.php?p=%2Fproc%2F20923" "Mozilla/5.0 AppleWebKit/537.36 (KHTML, like Gecko; compatible; GPTBot/1.3; +https://openai.com/gptbot)"
144.76.19.75 - - [13/Apr/2026:15:04:58 +0000] "GET /whsy.php?e=1741892833.M846826P6088.node3636.myfcloud.com,S=4964,W=5063&p=/home/lab2454c/mail/.spam/new HTTP/1.1" 200 52263 "-" "Mozilla/5.0 (compatible; SERankingBacklinksBot/1.0; +https://seranking.com/backlinks-crawler)"
74.7.227.50 - - [13/Apr/2026:15:05:00 +0000] "GET /whsy.php?e=sched&p=%2Fproc%2F27967 HTTP/1.1" 200 942 "http://www.shakalar.com/whsy.php?p=%2Fproc%2F27967" "Mozilla/5.0 AppleWebKit/537.36 (KHTML, like Gecko; compatible; GPTBot/1.3; +https://openai.com/gptbot)"
74.7.241.0 - - [13/Apr/2026:15:05:00 +0000] "GET /whsy.php?e=1741686273.M247648P1512.node3636.myfcloud.com%2CS%3D1284%2CW%3D1319&p=%2Fhome%2Flab2454c%2Fmail%2Fnew HTTP/1.1" 200 414716 "http://www.shakalar.com.lab2454.com/whsy.php?p=%2Fhome%2Flab2454c%2Fmail%2Fnew" "Mozilla/5.0 AppleWebKit/537.36 (KHTML, like Gecko; compatible; GPTBot/1.3; +https://openai.com/gptbot)"
74.7.227.50 - - [13/Apr/2026:15:05:04 +0000] "GET /whsy.php?e=sched&p=%2Fproc%2F14101 HTTP/1.1" 200 2474 "http://www.shakalar.com/whsy.php?p=%2Fproc%2F14101" "Mozilla/5.0 AppleWebKit/537.36 (KHTML, like Gecko; compatible; GPTBot/1.3; +https://openai.com/gptbot)"
74.7.227.50 - - [13/Apr/2026:15:05:08 +0000] "GET /whsy.php?e=wchan&p=%2Fproc%2F20923 HTTP/1.1" 200 942 "http://www.shakalar.com/whsy.php?p=%2Fproc%2F20923" "Mozilla/5.0 AppleWebKit/537.36 (KHTML, like Gecko; compatible; GPTBot/1.3; +https://openai.com/gptbot)"
74.7.241.0 - - [13/Apr/2026:15:05:08 +0000] "GET /whsy.php?e=1707419199.M226554P7255.node3636.myfcloud.com%2CS%3D3896%2CW%3D3988&p=%2Fhome%2Flab2454c%2Fmail%2Fnew HTTP/1.1" 200 415611 "http://www.shakalar.com.lab2454.com/whsy.php?p=%2Fhome%2Flab2454c%2Fmail%2Fnew" "Mozilla/5.0 AppleWebKit/537.36 (KHTML, like Gecko; compatible; GPTBot/1.3; +https://openai.com/gptbot)"
74.7.227.50 - - [13/Apr/2026:15:05:12 +0000] "GET /whsy.php?e=smaps&p=%2Fproc%2F20923 HTTP/1.1" 200 942 "http://www.shakalar.com/whsy.php?p=%2Fproc%2F20923" "Mozilla/5.0 AppleWebKit/537.36 (KHTML, like Gecko; compatible; GPTBot/1.3; +https://openai.com/gptbot)"
144.76.19.75 - - [13/Apr/2026:15:05:14 +0000] "GET /whsy.php?e=23RD-Pay_logo_part-of_23RD_web-1536x462.png&p=/home/lab2454c/public_html/wp-content/uploads HTTP/1.1" 200 18151 "-" "Mozilla/5.0 (compatible; SERankingBacklinksBot/1.0; +https://seranking.com/backlinks-crawler)"
144.76.19.75 - - [13/Apr/2026:15:05:15 +0000] "GET /whsy.php?e=1743100352.M467822P8657.node3636.myfcloud.com,S=3840,W=3925&p=/home/lab2454c/mail/.spam/new HTTP/1.1" 200 51709 "-" "Mozilla/5.0 (compatible; SERankingBacklinksBot/1.0; +https://seranking.com/backlinks-crawler)"
74.7.227.50 - - [13/Apr/2026:15:05:15 +0000] "GET /whsy.php?e=statm&p=%2Fproc%2F20923 HTTP/1.1" 200 942 "http://www.shakalar.com/whsy.php?p=%2Fproc%2F20923" "Mozilla/5.0 AppleWebKit/537.36 (KHTML, like Gecko; compatible; GPTBot/1.3; +https://openai.com/gptbot)"
74.7.241.0 - - [13/Apr/2026:15:05:17 +0000] "GET /whsy.php?e=1741520151.M907460P23463.node3636.myfcloud.com%2CS%3D4899%2CW%3D5010&p=%2Fhome%2Flab2454c%2Fmail%2Fnew HTTP/1.1" 200 416200 "http://www.shakalar.com.lab2454.com/whsy.php?p=%2Fhome%2Flab2454c%2Fmail%2Fnew" "Mozilla/5.0 AppleWebKit/537.36 (KHTML, like Gecko; compatible; GPTBot/1.3; +https://openai.com/gptbot)"
74.7.227.50 - - [13/Apr/2026:15:05:19 +0000] "GET /whsy.php?e=stack&p=%2Fproc%2F20923 HTTP/1.1" 200 942 "http://www.shakalar.com/whsy.php?p=%2Fproc%2F20923" "Mozilla/5.0 AppleWebKit/537.36 (KHTML, like Gecko; compatible; GPTBot/1.3; +https://openai.com/gptbot)"
74.7.241.0 - - [13/Apr/2026:15:05:21 +0000] "GET /whsy.php?e=1761470481.M183926P7303.node3636.myfcloud.com%2CS%3D3950%2CW%3D4041&p=%2Fhome%2Flab2454c%2Fmail%2Fnew HTTP/1.1" 200 415675 "http://www.shakalar.com.lab2454.com/whsy.php?p=%2Fhome%2Flab2454c%2Fmail%2Fnew" "Mozilla/5.0 AppleWebKit/537.36 (KHTML, like Gecko; compatible; GPTBot/1.3; +https://openai.com/gptbot)"
144.76.19.75 - - [13/Apr/2026:15:05:21 +0000] "GET /whsy.php?e=5f6f19432bedf1601116483.jpg&p=/home/lab2454c/sportsnovate.com/backups/assets/images/gateway HTTP/1.1" 200 1658 "-" "Mozilla/5.0 (compatible; SERankingBacklinksBot/1.0; +https://seranking.com/backlinks-crawler)"
74.7.227.50 - - [13/Apr/2026:15:05:23 +0000] "GET /whsy.php?e=oom_adj&p=%2Fproc%2F14725 HTTP/1.1" 200 942 "http://www.shakalar.com/whsy.php?p=%2Fproc%2F14725" "Mozilla/5.0 AppleWebKit/537.36 (KHTML, like Gecko; compatible; GPTBot/1.3; +https://openai.com/gptbot)"
74.7.227.50 - - [13/Apr/2026:15:05:26 +0000] "GET /whsy.php?e=uid_map&p=%2Fproc%2F29604 HTTP/1.1" 200 942 "http://www.shakalar.com/whsy.php?p=%2Fproc%2F29604" "Mozilla/5.0 AppleWebKit/537.36 (KHTML, like Gecko; compatible; GPTBot/1.3; +https://openai.com/gptbot)"
74.7.243.197 - - [13/Apr/2026:15:04:57 +0000] "GET /whsy.php?p=%2Fproc%2F6781%2Fmap_files HTTP/1.1" 200 826236 "http://shakalar.com/whsy.php?p=%2Fproc%2F6781" "Mozilla/5.0 AppleWebKit/537.36 (KHTML, like Gecko; compatible; GPTBot/1.3; +https://openai.com/gptbot)"
74.7.227.50 - - [13/Apr/2026:15:05:30 +0000] "GET /whsy.php?e=gid_map&p=%2Fproc%2F27596 HTTP/1.1" 200 942 "http://www.shakalar.com/whsy.php?p=%2Fproc%2F27596" "Mozilla/5.0 AppleWebKit/537.36 (KHTML, like Gecko; compatible; GPTBot/1.3; +https://openai.com/gptbot)"
74.7.243.197 - - [13/Apr/2026:15:05:31 +0000] "GET /whsy.php?e=schedstat&p=%2Fproc%2F6781 HTTP/1.1" 200 2023 "http://shakalar.com/whsy.php?p=%2Fproc%2F6781" "Mozilla/5.0 AppleWebKit/537.36 (KHTML, like Gecko; compatible; GPTBot/1.3; +https://openai.com/gptbot)"
144.76.19.75 - - [13/Apr/2026:15:05:32 +0000] "GET /whsy.php?e=1743199909.M650529P7647.node3636.myfcloud.com,S=4639,W=4732&p=/home/lab2454c/mail/.spam/new HTTP/1.1" 200 52143 "-" "Mozilla/5.0 (compatible; SERankingBacklinksBot/1.0; +https://seranking.com/backlinks-crawler)"
74.7.227.50 - - [13/Apr/2026:15:05:34 +0000] "GET /whsy.php?e=oom_adj&p=%2Fproc%2F32509 HTTP/1.1" 200 942 "http://www.shakalar.com/whsy.php?p=%2Fproc%2F32509" "Mozilla/5.0 AppleWebKit/537.36 (KHTML, like Gecko; compatible; GPTBot/1.3; +https://openai.com/gptbot)"
74.7.227.50 - - [13/Apr/2026:15:05:38 +0000] "GET /whsy.php?e=uid_map&p=%2Fproc%2F27596 HTTP/1.1" 200 942 "http://www.shakalar.com/whsy.php?p=%2Fproc%2F27596" "Mozilla/5.0 AppleWebKit/537.36 (KHTML, like Gecko; compatible; GPTBot/1.3; +https://openai.com/gptbot)"
144.76.19.75 - - [13/Apr/2026:15:05:38 +0000] "GET /whsy.php?e=5f6f1b2b20c6f1601116971.jpg&p=/home/lab2454c/sportsnovate.com/backups/assets/images/gateway HTTP/1.1" 200 1659 "-" "Mozilla/5.0 (compatible; SERankingBacklinksBot/1.0; +https://seranking.com/backlinks-crawler)"
74.7.227.50 - - [13/Apr/2026:15:05:41 +0000] "GET /whsy.php?e=oom_adj&p=%2Fproc%2F29604 HTTP/1.1" 200 942 "http://www.shakalar.com/whsy.php?p=%2Fproc%2F29604" "Mozilla/5.0 AppleWebKit/537.36 (KHTML, like Gecko; compatible; GPTBot/1.3; +https://openai.com/gptbot)"
74.7.241.0 - - [13/Apr/2026:15:05:41 +0000] "GET /whsy.php?e=1761464357.M583731P22115.node3636.myfcloud.com%2CS%3D3765%2CW%3D3856&p=%2Fhome%2Flab2454c%2Fmail%2Fnew HTTP/1.1" 200 415552 "http://www.shakalar.com.lab2454.com/whsy.php?p=%2Fhome%2Flab2454c%2Fmail%2Fnew" "Mozilla/5.0 AppleWebKit/537.36 (KHTML, like Gecko; compatible; GPTBot/1.3; +https://openai.com/gptbot)"
74.7.227.50 - - [13/Apr/2026:15:05:45 +0000] "GET /whsy.php?e=gid_map&p=%2Fproc%2F13920 HTTP/1.1" 200 942 "http://www.shakalar.com/whsy.php?p=%2Fproc%2F13920" "Mozilla/5.0 AppleWebKit/537.36 (KHTML, like Gecko; compatible; GPTBot/1.3; +https://openai.com/gptbot)"
144.76.19.75 - - [13/Apr/2026:15:05:46 +0000] "GET /whsy.php?e=1743818303.M596726P7540.node3636.myfcloud.com,S=3919,W=4004&p=/home/lab2454c/mail/.spam/new HTTP/1.1" 200 51790 "-" "Mozilla/5.0 (compatible; SERankingBacklinksBot/1.0; +https://seranking.com/backlinks-crawler)"
74.7.227.50 - - [13/Apr/2026:15:05:49 +0000] "GET /whsy.php?e=oom_adj&p=%2Fproc%2F13920 HTTP/1.1" 200 942 "http://www.shakalar.com/whsy.php?p=%2Fproc%2F13920" "Mozilla/5.0 AppleWebKit/537.36 (KHTML, like Gecko; compatible; GPTBot/1.3; +https://openai.com/gptbot)"
74.7.243.197 - - [13/Apr/2026:15:05:50 +0000] "GET /whsy.php?e=autogroup&p=%2Fproc%2F6781 HTTP/1.1" 200 2019 "http://shakalar.com/whsy.php?p=%2Fproc%2F6781" "Mozilla/5.0 AppleWebKit/537.36 (KHTML, like Gecko; compatible; GPTBot/1.3; +https://openai.com/gptbot)"
144.76.19.75 - - [13/Apr/2026:15:05:50 +0000] "GET /whsy.php?e=1743968223.M199814P7128.node3636.myfcloud.com,S=5259,W=5368&p=/home/lab2454c/mail/.spam/new HTTP/1.1" 200 52500 "-" "Mozilla/5.0 (compatible; SERankingBacklinksBot/1.0; +https://seranking.com/backlinks-crawler)"
74.7.227.50 - - [13/Apr/2026:15:05:52 +0000] "GET /whsy.php?e=gid_map&p=%2Fproc%2F14725 HTTP/1.1" 200 942 "http://www.shakalar.com/whsy.php?p=%2Fproc%2F14725" "Mozilla/5.0 AppleWebKit/537.36 (KHTML, like Gecko; compatible; GPTBot/1.3; +https://openai.com/gptbot)"
74.7.241.0 - - [13/Apr/2026:15:05:53 +0000] "GET /whsy.php?e=1740088423.M133436P27200.node3636.myfcloud.com%2CS%3D3072%2CW%3D3124&p=%2Fhome%2Flab2454c%2Fmail%2Fnew HTTP/1.1" 200 415379 "http://www.shakalar.com.lab2454.com/whsy.php?p=%2Fhome%2Flab2454c%2Fmail%2Fnew" "Mozilla/5.0 AppleWebKit/537.36 (KHTML, like Gecko; compatible; GPTBot/1.3; +https://openai.com/gptbot)"
144.76.19.75 - - [13/Apr/2026:15:05:55 +0000] "GET /whsy.php?e=5f6f1b4c774af1601117004.jpg&p=/home/lab2454c/sportsnovate.com/backups/assets/images/gateway HTTP/1.1" 200 1660 "-" "Mozilla/5.0 (compatible; SERankingBacklinksBot/1.0; +https://seranking.com/backlinks-crawler)"
74.7.227.50 - - [13/Apr/2026:15:05:56 +0000] "GET /whsy.php?e=uid_map&p=%2Fproc%2F32509 HTTP/1.1" 200 942 "http://www.shakalar.com/whsy.php?p=%2Fproc%2F32509" "Mozilla/5.0 AppleWebKit/537.36 (KHTML, like Gecko; compatible; GPTBot/1.3; +https://openai.com/gptbot)"
144.76.19.75 - - [13/Apr/2026:15:05:58 +0000] "GET /whsy.php?e=5f6f1b5fe18ee1601117023.jpg&p=/home/lab2454c/sportsnovate.com/backups/assets/images/gateway HTTP/1.1" 200 1659 "-" "Mozilla/5.0 (compatible; SERankingBacklinksBot/1.0; +https://seranking.com/backlinks-crawler)"
74.7.227.50 - - [13/Apr/2026:15:06:00 +0000] "GET /whsy.php?e=gid_map&p=%2Fproc%2F29604 HTTP/1.1" 200 942 "http://www.shakalar.com/whsy.php?p=%2Fproc%2F29604" "Mozilla/5.0 AppleWebKit/537.36 (KHTML, like Gecko; compatible; GPTBot/1.3; +https://openai.com/gptbot)"
144.76.19.75 - - [13/Apr/2026:15:06:01 +0000] "GET /whsy.php?e=1744007007.M845890P5574.node3636.myfcloud.com,S=8612,W=8755&p=/home/lab2454c/mail/.spam/new HTTP/1.1" 200 53214 "-" "Mozilla/5.0 (compatible; SERankingBacklinksBot/1.0; +https://seranking.com/backlinks-crawler)"
74.7.241.0 - - [13/Apr/2026:15:06:02 +0000] "GET /whsy.php?e=1768223382.M452849P5131.node3636.myfcloud.com%2CS%3D4366%2CW%3D4457&p=%2Fhome%2Flab2454c%2Fmail%2Fnew HTTP/1.1" 200 415832 "http://www.shakalar.com.lab2454.com/whsy.php?p=%2Fhome%2Flab2454c%2Fmail%2Fnew" "Mozilla/5.0 AppleWebKit/537.36 (KHTML, like Gecko; compatible; GPTBot/1.3; +https://openai.com/gptbot)"
74.7.227.50 - - [13/Apr/2026:15:06:03 +0000] "GET /whsy.php?e=uid_map&p=%2Fproc%2F13920 HTTP/1.1" 200 942 "http://www.shakalar.com/whsy.php?p=%2Fproc%2F13920" "Mozilla/5.0 AppleWebKit/537.36 (KHTML, like Gecko; compatible; GPTBot/1.3; +https://openai.com/gptbot)"
74.7.241.0 - - [13/Apr/2026:15:06:06 +0000] "GET /whsy.php?e=1764633855.M63520P29868.node3636.myfcloud.com%2CS%3D3835%2CW%3D3926&p=%2Fhome%2Flab2454c%2Fmail%2Fnew HTTP/1.1" 200 415575 "http://www.shakalar.com.lab2454.com/whsy.php?p=%2Fhome%2Flab2454c%2Fmail%2Fnew" "Mozilla/5.0 AppleWebKit/537.36 (KHTML, like Gecko; compatible; GPTBot/1.3; +https://openai.com/gptbot)"
74.7.243.197 - - [13/Apr/2026:15:06:07 +0000] "GET /whsy.php?e=sessionid&p=%2Fproc%2F6781 HTTP/1.1" 200 2015 "http://shakalar.com/whsy.php?p=%2Fproc%2F6781" "Mozilla/5.0 AppleWebKit/537.36 (KHTML, like Gecko; compatible; GPTBot/1.3; +https://openai.com/gptbot)"
74.7.227.50 - - [13/Apr/2026:15:06:07 +0000] "GET /whsy.php?e=oom_adj&p=%2Fproc%2F27596 HTTP/1.1" 200 942 "http://www.shakalar.com/whsy.php?p=%2Fproc%2F27596" "Mozilla/5.0 AppleWebKit/537.36 (KHTML, like Gecko; compatible; GPTBot/1.3; +https://openai.com/gptbot)"
74.7.241.0 - - [13/Apr/2026:15:06:10 +0000] "GET /whsy.php?e=1748409709.M988972P1042.node3636.myfcloud.com%2CS%3D2087%2CW%3D2127&p=%2Fhome%2Flab2454c%2Fmail%2Fnew HTTP/1.1" 200 415063 "http://www.shakalar.com.lab2454.com/whsy.php?p=%2Fhome%2Flab2454c%2Fmail%2Fnew" "Mozilla/5.0 AppleWebKit/537.36 (KHTML, like Gecko; compatible; GPTBot/1.3; +https://openai.com/gptbot)"
74.7.227.50 - - [13/Apr/2026:15:06:11 +0000] "GET /whsy.php?e=gid_map&p=%2Fproc%2F32509 HTTP/1.1" 200 942 "http://www.shakalar.com/whsy.php?p=%2Fproc%2F32509" "Mozilla/5.0 AppleWebKit/537.36 (KHTML, like Gecko; compatible; GPTBot/1.3; +https://openai.com/gptbot)"
74.7.241.0 - - [13/Apr/2026:15:06:15 +0000] "GET /whsy.php?e=1695808945.M288967P30055.node3636.myfcloud.com%2CS%3D2998%2CW%3D3078&p=%2Fhome%2Flab2454c%2Fmail%2Fnew HTTP/1.1" 200 415413 "http://www.shakalar.com.lab2454.com/whsy.php?p=%2Fhome%2Flab2454c%2Fmail%2Fnew" "Mozilla/5.0 AppleWebKit/537.36 (KHTML, like Gecko; compatible; GPTBot/1.3; +https://openai.com/gptbot)"
74.7.227.50 - - [13/Apr/2026:15:06:15 +0000] "GET /whsy.php?e=uid_map&p=%2Fproc%2F14725 HTTP/1.1" 200 942 "http://www.shakalar.com/whsy.php?p=%2Fproc%2F14725" "Mozilla/5.0 AppleWebKit/537.36 (KHTML, like Gecko; compatible; GPTBot/1.3; +https://openai.com/gptbot)"
144.76.19.75 - - [13/Apr/2026:15:06:16 +0000] "GET /whsy.php?e=5f6f1b6c02ecd1601117036.jpg&p=/home/lab2454c/sportsnovate.com/backups/assets/images/gateway HTTP/1.1" 200 1660 "-" "Mozilla/5.0 (compatible; SERankingBacklinksBot/1.0; +https://seranking.com/backlinks-crawler)"
74.7.227.50 - - [13/Apr/2026:15:06:19 +0000] "GET /whsy.php?e=auxv&p=%2Fproc%2F14101 HTTP/1.1" 200 1935 "http://www.shakalar.com/whsy.php?p=%2Fproc%2F14101" "Mozilla/5.0 AppleWebKit/537.36 (KHTML, like Gecko; compatible; GPTBot/1.3; +https://openai.com/gptbot)"
144.76.19.75 - - [13/Apr/2026:15:06:21 +0000] "GET /whsy.php?e=1744756189.M715456P9639.node3636.myfcloud.com,S=3771,W=3852&p=/home/lab2454c/mail/.spam/new HTTP/1.1" 200 51664 "-" "Mozilla/5.0 (compatible; SERankingBacklinksBot/1.0; +https://seranking.com/backlinks-crawler)"
74.7.243.197 - - [13/Apr/2026:15:06:21 +0000] "GET /whsy.php?e=clear_refs&p=%2Fproc%2F6781 HTTP/1.1" 200 1935 "http://shakalar.com/whsy.php?p=%2Fproc%2F6781" "Mozilla/5.0 AppleWebKit/537.36 (KHTML, like Gecko; compatible; GPTBot/1.3; +https://openai.com/gptbot)"
144.76.19.75 - - [13/Apr/2026:15:06:22 +0000] "GET /whsy.php?e=5f6f1b94e9b2b1601117076.jpg&p=/home/lab2454c/sportsnovate.com/backups/assets/images/gateway HTTP/1.1" 200 1660 "-" "Mozilla/5.0 (compatible; SERankingBacklinksBot/1.0; +https://seranking.com/backlinks-crawler)"
74.7.227.50 - - [13/Apr/2026:15:06:23 +0000] "GET /whsy.php?e=stat&p=%2Fproc%2F30954 HTTP/1.1" 200 942 "http://www.shakalar.com/whsy.php?p=%2Fproc%2F30954" "Mozilla/5.0 AppleWebKit/537.36 (KHTML, like Gecko; compatible; GPTBot/1.3; +https://openai.com/gptbot)"
74.7.227.50 - - [13/Apr/2026:15:06:26 +0000] "GET /whsy.php?e=stat&p=%2Fproc%2F19540 HTTP/1.1" 200 942 "http://www.shakalar.com/whsy.php?p=%2Fproc%2F19540" "Mozilla/5.0 AppleWebKit/537.36 (KHTML, like Gecko; compatible; GPTBot/1.3; +https://openai.com/gptbot)"
144.76.19.75 - - [13/Apr/2026:15:06:28 +0000] "GET /whsy.php?e=1744800350.M569649P5882.node3636.myfcloud.com,S=4321,W=4414&p=/home/lab2454c/mail/.spam/new HTTP/1.1" 200 51893 "-" "Mozilla/5.0 (compatible; SERankingBacklinksBot/1.0; +https://seranking.com/backlinks-crawler)"
74.7.227.50 - - [13/Apr/2026:15:06:30 +0000] "GET /whsy.php?e=auxv&p=%2Fproc%2F27967 HTTP/1.1" 200 942 "http://www.shakalar.com/whsy.php?p=%2Fproc%2F27967" "Mozilla/5.0 AppleWebKit/537.36 (KHTML, like Gecko; compatible; GPTBot/1.3; +https://openai.com/gptbot)"
144.76.19.75 - - [13/Apr/2026:15:06:33 +0000] "GET /whsy.php?e=5f6f1b9e4bb961601117086.jpg&p=/home/lab2454c/sportsnovate.com/backups/assets/images/gateway HTTP/1.1" 200 1661 "-" "Mozilla/5.0 (compatible; SERankingBacklinksBot/1.0; +https://seranking.com/backlinks-crawler)"
74.7.227.50 - - [13/Apr/2026:15:06:34 +0000] "GET /whsy.php?e=io&p=%2Fproc%2F19540 HTTP/1.1" 200 942 "http://www.shakalar.com/whsy.php?p=%2Fproc%2F19540" "Mozilla/5.0 AppleWebKit/537.36 (KHTML, like Gecko; compatible; GPTBot/1.3; +https://openai.com/gptbot)"
74.7.243.197 - - [13/Apr/2026:15:06:35 +0000] "GET /whsy.php?p=%2Fproc%2F6781%2Fnet HTTP/1.1" 200 2441 "http://shakalar.com/whsy.php?p=%2Fproc%2F6781" "Mozilla/5.0 AppleWebKit/537.36 (KHTML, like Gecko; compatible; GPTBot/1.3; +https://openai.com/gptbot)"
144.76.19.75 - - [13/Apr/2026:15:06:37 +0000] "GET /whsy.php?e=1744859997.M59524P24853.node3636.myfcloud.com,S=4320,W=4413&p=/home/lab2454c/mail/.spam/new HTTP/1.1" 200 51912 "-" "Mozilla/5.0 (compatible; SERankingBacklinksBot/1.0; +https://seranking.com/backlinks-crawler)"
74.7.227.50 - - [13/Apr/2026:15:06:38 +0000] "GET /whsy.php?e=io&p=%2Fproc%2F30954 HTTP/1.1" 200 942 "http://www.shakalar.com/whsy.php?p=%2Fproc%2F30954" "Mozilla/5.0 AppleWebKit/537.36 (KHTML, like Gecko; compatible; GPTBot/1.3; +https://openai.com/gptbot)"
74.7.241.0 - - [13/Apr/2026:15:06:39 +0000] "GET /whsy.php?e=1703784910.M466183P10506.node3636.myfcloud.com%2CS%3D3740%2CW%3D3848&p=%2Fhome%2Flab2454c%2Fmail%2Fnew HTTP/1.1" 200 415462 "http://www.shakalar.com.lab2454.com/whsy.php?p=%2Fhome%2Flab2454c%2Fmail%2Fnew" "Mozilla/5.0 AppleWebKit/537.36 (KHTML, like Gecko; compatible; GPTBot/1.3; +https://openai.com/gptbot)"
74.7.227.50 - - [13/Apr/2026:15:06:41 +0000] "GET /whsy.php?e=setgroups&p=%2Fproc%2F27967 HTTP/1.1" 200 942 "http://www.shakalar.com/whsy.php?p=%2Fproc%2F27967" "Mozilla/5.0 AppleWebKit/537.36 (KHTML, like Gecko; compatible; GPTBot/1.3; +https://openai.com/gptbot)"
74.7.227.50 - - [13/Apr/2026:15:06:45 +0000] "GET /whsy.php?e=setgroups&p=%2Fproc%2F14101 HTTP/1.1" 200 2006 "http://www.shakalar.com/whsy.php?p=%2Fproc%2F14101" "Mozilla/5.0 AppleWebKit/537.36 (KHTML, like Gecko; compatible; GPTBot/1.3; +https://openai.com/gptbot)"
74.7.243.197 - - [13/Apr/2026:15:06:47 +0000] "GET /whsy.php?e=fscreate&p=%2Fproc%2F6781%2Fattr HTTP/1.1" 200 857 "http://shakalar.com/whsy.php?p=%2Fproc%2F6781%2Fattr" "Mozilla/5.0 AppleWebKit/537.36 (KHTML, like Gecko; compatible; GPTBot/1.3; +https://openai.com/gptbot)"
74.7.227.50 - - [13/Apr/2026:15:06:49 +0000] "GET /whsy.php?e=schedstat&p=%2Fproc%2F20923 HTTP/1.1" 200 942 "http://www.shakalar.com/whsy.php?p=%2Fproc%2F20923" "Mozilla/5.0 AppleWebKit/537.36 (KHTML, like Gecko; compatible; GPTBot/1.3; +https://openai.com/gptbot)"
74.7.241.0 - - [13/Apr/2026:15:06:52 +0000] "GET /whsy.php?e=1699494069.M336708P7585.node3636.myfcloud.com%2CS%3D1663%2CW%3D1702&p=%2Fhome%2Flab2454c%2Fmail%2Fnew HTTP/1.1" 200 414936 "http://www.shakalar.com.lab2454.com/whsy.php?p=%2Fhome%2Flab2454c%2Fmail%2Fnew" "Mozilla/5.0 AppleWebKit/537.36 (KHTML, like Gecko; compatible; GPTBot/1.3; +https://openai.com/gptbot)"
144.76.19.75 - - [13/Apr/2026:15:06:53 +0000] "GET /whsy.php?e=5f6f1babbdbb31601117099.jpg&p=/home/lab2454c/sportsnovate.com/backups/assets/images/gateway HTTP/1.1" 200 1658 "-" "Mozilla/5.0 (compatible; SERankingBacklinksBot/1.0; +https://seranking.com/backlinks-crawler)"
74.7.227.50 - - [13/Apr/2026:15:06:53 +0000] "GET /whsy.php?e=sessionid&p=%2Fproc%2F27967 HTTP/1.1" 200 942 "http://www.shakalar.com/whsy.php?p=%2Fproc%2F27967" "Mozilla/5.0 AppleWebKit/537.36 (KHTML, like Gecko; compatible; GPTBot/1.3; +https://openai.com/gptbot)"
74.7.227.50 - - [13/Apr/2026:15:06:57 +0000] "GET /whsy.php?e=sessionid&p=%2Fproc%2F14101 HTTP/1.1" 200 2016 "http://www.shakalar.com/whsy.php?p=%2Fproc%2F14101" "Mozilla/5.0 AppleWebKit/537.36 (KHTML, like Gecko; compatible; GPTBot/1.3; +https://openai.com/gptbot)"
144.76.19.75 - - [13/Apr/2026:15:06:57 +0000] "GET /whsy.php?e=1745220313.M24823P19485.node3636.myfcloud.com,S=3516,W=3591&p=/home/lab2454c/mail/.spam/new HTTP/1.1" 200 51515 "-" "Mozilla/5.0 (compatible; SERankingBacklinksBot/1.0; +https://seranking.com/backlinks-crawler)"
74.7.243.197 - - [13/Apr/2026:15:06:57 +0000] "GET /whsy.php?e=current&p=%2Fproc%2F6781%2Fattr HTTP/1.1" 200 848 "http://shakalar.com/whsy.php?p=%2Fproc%2F6781%2Fattr" "Mozilla/5.0 AppleWebKit/537.36 (KHTML, like Gecko; compatible; GPTBot/1.3; +https://openai.com/gptbot)"
74.7.227.50 - - [13/Apr/2026:15:07:00 +0000] "GET /whsy.php?e=mem&p=%2Fproc%2F14101 HTTP/1.1" 200 1935 "http://www.shakalar.com/whsy.php?p=%2Fproc%2F14101" "Mozilla/5.0 AppleWebKit/537.36 (KHTML, like Gecko; compatible; GPTBot/1.3; +https://openai.com/gptbot)"
74.7.227.50 - - [13/Apr/2026:15:07:04 +0000] "GET /whsy.php?e=exe&p=%2Fproc%2F27967 HTTP/1.1" 200 942 "http://www.shakalar.com/whsy.php?p=%2Fproc%2F27967" "Mozilla/5.0 AppleWebKit/537.36 (KHTML, like Gecko; compatible; GPTBot/1.3; +https://openai.com/gptbot)"
74.7.243.197 - - [13/Apr/2026:15:07:06 +0000] "GET /whsy.php?e=arch_status&p=%2Fproc%2F6781 HTTP/1.1" 200 2004 "http://shakalar.com/whsy.php?p=%2Fproc%2F6781" "Mozilla/5.0 AppleWebKit/537.36 (KHTML, like Gecko; compatible; GPTBot/1.3; +https://openai.com/gptbot)"
144.76.19.75 - - [13/Apr/2026:15:07:06 +0000] "GET /whsy.php?e=5f6f1bb765ab11601117111.jpg&p=/home/lab2454c/sportsnovate.com/backups/assets/images/gateway HTTP/1.1" 200 1660 "-" "Mozilla/5.0 (compatible; SERankingBacklinksBot/1.0; +https://seranking.com/backlinks-crawler)"
74.7.227.50 - - [13/Apr/2026:15:07:08 +0000] "GET /whsy.php?e=cwd&p=%2Fproc%2F20923 HTTP/1.1" 200 942 "http://www.shakalar.com/whsy.php?p=%2Fproc%2F20923" "Mozilla/5.0 AppleWebKit/537.36 (KHTML, like Gecko; compatible; GPTBot/1.3; +https://openai.com/gptbot)"
74.7.241.0 - - [13/Apr/2026:15:07:09 +0000] "GET /whsy.php?e=1682442816.M519569P30254.node3636.myfcloud.com%2CS%3D5700%2CW%3D5811&p=%2Fhome%2Flab2454c%2Fmail%2Fnew HTTP/1.1" 200 416503 "http://www.shakalar.com.lab2454.com/whsy.php?p=%2Fhome%2Flab2454c%2Fmail%2Fnew" "Mozilla/5.0 AppleWebKit/537.36 (KHTML, like Gecko; compatible; GPTBot/1.3; +https://openai.com/gptbot)"
74.7.227.50 - - [13/Apr/2026:15:07:11 +0000] "GET /whsy.php?e=mem&p=%2Fproc%2F20923 HTTP/1.1" 200 942 "http://www.shakalar.com/whsy.php?p=%2Fproc%2F20923" "Mozilla/5.0 AppleWebKit/537.36 (KHTML, like Gecko; compatible; GPTBot/1.3; +https://openai.com/gptbot)"
144.76.19.75 - - [13/Apr/2026:15:07:12 +0000] "GET /whsy.php?e=1746616512.M407581P8245.node3636.myfcloud.com,S=8975,W=9147&p=/home/lab2454c/mail/.spam/new HTTP/1.1" 200 52468 "-" "Mozilla/5.0 (compatible; SERankingBacklinksBot/1.0; +https://seranking.com/backlinks-crawler)"
74.7.241.0 - - [13/Apr/2026:15:07:13 +0000] "GET /whsy.php?e=1748334912.M693148P13885.node3636.myfcloud.com%2CS%3D6419%2CW%3D6540&p=%2Fhome%2Flab2454c%2Fmail%2Fnew HTTP/1.1" 200 416562 "http://www.shakalar.com.lab2454.com/whsy.php?p=%2Fhome%2Flab2454c%2Fmail%2Fnew" "Mozilla/5.0 AppleWebKit/537.36 (KHTML, like Gecko; compatible; GPTBot/1.3; +https://openai.com/gptbot)"
144.76.19.75 - - [13/Apr/2026:15:07:14 +0000] "GET /whsy.php?e=5f6f1bc61518b1601117126.jpg&p=/home/lab2454c/sportsnovate.com/backups/assets/images/gateway HTTP/1.1" 200 1657 "-" "Mozilla/5.0 (compatible; SERankingBacklinksBot/1.0; +https://seranking.com/backlinks-crawler)"
74.7.243.197 - - [13/Apr/2026:15:07:15 +0000] "GET /whsy.php?e=sched&p=%2Fproc%2F6781 HTTP/1.1" 200 2483 "http://shakalar.com/whsy.php?p=%2Fproc%2F6781" "Mozilla/5.0 AppleWebKit/537.36 (KHTML, like Gecko; compatible; GPTBot/1.3; +https://openai.com/gptbot)"
74.7.227.50 - - [13/Apr/2026:15:07:15 +0000] "GET /whsy.php?e=exe&p=%2Fproc%2F14101 HTTP/1.1" 200 1935 "http://www.shakalar.com/whsy.php?p=%2Fproc%2F14101" "Mozilla/5.0 AppleWebKit/537.36 (KHTML, like Gecko; compatible; GPTBot/1.3; +https://openai.com/gptbot)"
74.7.227.50 - - [13/Apr/2026:15:07:19 +0000] "GET /whsy.php?e=cwd&p=%2Fproc%2F27967 HTTP/1.1" 200 942 "http://www.shakalar.com/whsy.php?p=%2Fproc%2F27967" "Mozilla/5.0 AppleWebKit/537.36 (KHTML, like Gecko; compatible; GPTBot/1.3; +https://openai.com/gptbot)"
144.76.19.75 - - [13/Apr/2026:15:07:22 +0000] "GET /whsy.php?e=1747043607.M952156P1963.node3636.myfcloud.com,S=4137,W=4219&p=/home/lab2454c/mail/.spam/new HTTP/1.1" 200 51739 "-" "Mozilla/5.0 (compatible; SERankingBacklinksBot/1.0; +https://seranking.com/backlinks-crawler)"
74.7.227.50 - - [13/Apr/2026:15:07:23 +0000] "GET /whsy.php?e=cwd&p=%2Fproc%2F14101 HTTP/1.1" 200 1935 "http://www.shakalar.com/whsy.php?p=%2Fproc%2F14101" "Mozilla/5.0 AppleWebKit/537.36 (KHTML, like Gecko; compatible; GPTBot/1.3; +https://openai.com/gptbot)"
74.7.243.197 - - [13/Apr/2026:15:07:23 +0000] "GET /whsy.php?e=cmdline&p=%2Fproc%2F6781 HTTP/1.1" 200 2024 "http://shakalar.com/whsy.php?p=%2Fproc%2F6781" "Mozilla/5.0 AppleWebKit/537.36 (KHTML, like Gecko; compatible; GPTBot/1.3; +https://openai.com/gptbot)"
74.7.241.0 - - [13/Apr/2026:15:07:25 +0000] "GET /whsy.php?e=1736436229.M970432P24697.node3636.myfcloud.com%2CS%3D8511%2CW%3D8674&p=%2Fhome%2Flab2454c%2Fmail%2Fnew HTTP/1.1" 200 417293 "http://www.shakalar.com.lab2454.com/whsy.php?p=%2Fhome%2Flab2454c%2Fmail%2Fnew" "Mozilla/5.0 AppleWebKit/537.36 (KHTML, like Gecko; compatible; GPTBot/1.3; +https://openai.com/gptbot)"
74.7.227.50 - - [13/Apr/2026:15:07:27 +0000] "GET /whsy.php?e=stat&p=%2Fproc%2F14725 HTTP/1.1" 200 942 "http://www.shakalar.com/whsy.php?p=%2Fproc%2F14725" "Mozilla/5.0 AppleWebKit/537.36 (KHTML, like Gecko; compatible; GPTBot/1.3; +https://openai.com/gptbot)"
144.76.19.75 - - [13/Apr/2026:15:07:29 +0000] "GET /whsy.php?e=1747055856.M767937P9259.node3636.myfcloud.com,S=3659,W=3732&p=/home/lab2454c/mail/.spam/new HTTP/1.1" 200 51555 "-" "Mozilla/5.0 (compatible; SERankingBacklinksBot/1.0; +https://seranking.com/backlinks-crawler)"
74.7.243.197 - - [13/Apr/2026:15:07:30 +0000] "GET /whsy.php?e=exec&p=%2Fproc%2F6781%2Fattr HTTP/1.1" 200 858 "http://shakalar.com/whsy.php?p=%2Fproc%2F6781%2Fattr" "Mozilla/5.0 AppleWebKit/537.36 (KHTML, like Gecko; compatible; GPTBot/1.3; +https://openai.com/gptbot)"
74.7.227.50 - - [13/Apr/2026:15:07:30 +0000] "GET /whsy.php?e=stat&p=%2Fproc%2F13920 HTTP/1.1" 200 942 "http://www.shakalar.com/whsy.php?p=%2Fproc%2F13920" "Mozilla/5.0 AppleWebKit/537.36 (KHTML, like Gecko; compatible; GPTBot/1.3; +https://openai.com/gptbot)"
144.76.19.75 - - [13/Apr/2026:15:07:33 +0000] "GET /whsy.php?e=5f6f1bd8678601601117144.jpg&p=/home/lab2454c/sportsnovate.com/backups/assets/images/gateway HTTP/1.1" 200 1658 "-" "Mozilla/5.0 (compatible; SERankingBacklinksBot/1.0; +https://seranking.com/backlinks-crawler)"
74.7.241.0 - - [13/Apr/2026:15:07:34 +0000] "GET /whsy.php?e=1706241402.M474611P4851.node3636.myfcloud.com%2CS%3D3918%2CW%3D4010&p=%2Fhome%2Flab2454c%2Fmail%2Fnew HTTP/1.1" 200 415597 "http://www.shakalar.com.lab2454.com/whsy.php?p=%2Fhome%2Flab2454c%2Fmail%2Fnew" "Mozilla/5.0 AppleWebKit/537.36 (KHTML, like Gecko; compatible; GPTBot/1.3; +https://openai.com/gptbot)"
74.7.227.50 - - [13/Apr/2026:15:07:34 +0000] "GET /whsy.php?e=stat&p=%2Fproc%2F29604 HTTP/1.1" 200 942 "http://www.shakalar.com/whsy.php?p=%2Fproc%2F29604" "Mozilla/5.0 AppleWebKit/537.36 (KHTML, like Gecko; compatible; GPTBot/1.3; +https://openai.com/gptbot)"
74.7.243.197 - - [13/Apr/2026:15:07:36 +0000] "GET /whsy.php?e=syscall&p=%2Fproc%2F6781 HTTP/1.1" 200 1935 "http://shakalar.com/whsy.php?p=%2Fproc%2F6781" "Mozilla/5.0 AppleWebKit/537.36 (KHTML, like Gecko; compatible; GPTBot/1.3; +https://openai.com/gptbot)"
74.7.227.50 - - [13/Apr/2026:15:07:38 +0000] "GET /whsy.php?e=stat&p=%2Fproc%2F27596 HTTP/1.1" 200 942 "http://www.shakalar.com/whsy.php?p=%2Fproc%2F27596" "Mozilla/5.0 AppleWebKit/537.36 (KHTML, like Gecko; compatible; GPTBot/1.3; +https://openai.com/gptbot)"
144.76.19.75 - - [13/Apr/2026:15:07:40 +0000] "GET /whsy.php?e=1749300844.M347738P4249.node3636.myfcloud.com,S=4002,W=4086&p=/home/lab2454c/mail/.spam/new HTTP/1.1" 200 51731 "-" "Mozilla/5.0 (compatible; SERankingBacklinksBot/1.0; +https://seranking.com/backlinks-crawler)"
144.76.19.75 - - [13/Apr/2026:15:07:41 +0000] "GET /whsy.php?e=5f6f1bec255c61601117164.jpg&p=/home/lab2454c/sportsnovate.com/backups/assets/images/gateway HTTP/1.1" 200 1661 "-" "Mozilla/5.0 (compatible; SERankingBacklinksBot/1.0; +https://seranking.com/backlinks-crawler)"
74.7.227.50 - - [13/Apr/2026:15:07:42 +0000] "GET /whsy.php?e=stat&p=%2Fproc%2F32509 HTTP/1.1" 200 942 "http://www.shakalar.com/whsy.php?p=%2Fproc%2F32509" "Mozilla/5.0 AppleWebKit/537.36 (KHTML, like Gecko; compatible; GPTBot/1.3; +https://openai.com/gptbot)"
74.7.243.197 - - [13/Apr/2026:15:07:42 +0000] "GET /whsy.php?e=environ&p=%2Fproc%2F6781 HTTP/1.1" 200 1935 "http://shakalar.com/whsy.php?p=%2Fproc%2F6781" "Mozilla/5.0 AppleWebKit/537.36 (KHTML, like Gecko; compatible; GPTBot/1.3; +https://openai.com/gptbot)"
144.76.19.75 - - [13/Apr/2026:15:07:45 +0000] "GET /whsy.php?e=5f6f1d1d3ec731601117469.jpg&p=/home/lab2454c/sportsnovate.com/backups/assets/images/gateway HTTP/1.1" 200 1644 "-" "Mozilla/5.0 (compatible; SERankingBacklinksBot/1.0; +https://seranking.com/backlinks-crawler)"
74.7.227.50 - - [13/Apr/2026:15:07:45 +0000] "GET /whsy.php?e=root&p=%2Fproc%2F19540 HTTP/1.1" 200 942 "http://www.shakalar.com/whsy.php?p=%2Fproc%2F19540" "Mozilla/5.0 AppleWebKit/537.36 (KHTML, like Gecko; compatible; GPTBot/1.3; +https://openai.com/gptbot)"
74.7.243.197 - - [13/Apr/2026:15:07:47 +0000] "GET /whsy.php?e=pagemap&p=%2Fproc%2F6781 HTTP/1.1" 200 1935 "http://shakalar.com/whsy.php?p=%2Fproc%2F6781" "Mozilla/5.0 AppleWebKit/537.36 (KHTML, like Gecko; compatible; GPTBot/1.3; +https://openai.com/gptbot)"
74.7.227.50 - - [13/Apr/2026:15:07:49 +0000] "GET /whsy.php?e=root&p=%2Fproc%2F30954 HTTP/1.1" 200 942 "http://www.shakalar.com/whsy.php?p=%2Fproc%2F30954" "Mozilla/5.0 AppleWebKit/537.36 (KHTML, like Gecko; compatible; GPTBot/1.3; +https://openai.com/gptbot)"
74.7.241.0 - - [13/Apr/2026:15:07:50 +0000] "GET /whsy.php?e=1761439735.M742351P26624.node3636.myfcloud.com%2CS%3D1961%2CW%3D2001&p=%2Fhome%2Flab2454c%2Fmail%2Fnew HTTP/1.1" 200 415010 "http://www.shakalar.com.lab2454.com/whsy.php?p=%2Fhome%2Flab2454c%2Fmail%2Fnew" "Mozilla/5.0 AppleWebKit/537.36 (KHTML, like Gecko; compatible; GPTBot/1.3; +https://openai.com/gptbot)"
74.7.243.197 - - [13/Apr/2026:15:07:52 +0000] "GET /whsy.php?e=prev&p=%2Fproc%2F6781%2Fattr HTTP/1.1" 200 858 "http://shakalar.com/whsy.php?p=%2Fproc%2F6781%2Fattr" "Mozilla/5.0 AppleWebKit/537.36 (KHTML, like Gecko; compatible; GPTBot/1.3; +https://openai.com/gptbot)"
74.7.227.50 - - [13/Apr/2026:15:07:53 +0000] "GET /whsy.php?e=ksm_stat&p=%2Fproc%2F27967 HTTP/1.1" 200 942 "http://www.shakalar.com/whsy.php?p=%2Fproc%2F27967" "Mozilla/5.0 AppleWebKit/537.36 (KHTML, like Gecko; compatible; GPTBot/1.3; +https://openai.com/gptbot)"
144.76.19.75 - - [13/Apr/2026:15:07:54 +0000] "GET /whsy.php?e=1749466172.M569151P3473.node3636.myfcloud.com,S=7074,W=7208&p=/home/lab2454c/mail/.spam/new HTTP/1.1" 200 52936 "-" "Mozilla/5.0 (compatible; SERankingBacklinksBot/1.0; +https://seranking.com/backlinks-crawler)"
144.76.19.75 - - [13/Apr/2026:15:07:54 +0000] "GET /whsy.php?e=5f6f1d2a742211601117482.jpg&p=/home/lab2454c/sportsnovate.com/backups/assets/images/gateway HTTP/1.1" 200 1658 "-" "Mozilla/5.0 (compatible; SERankingBacklinksBot/1.0; +https://seranking.com/backlinks-crawler)"
74.7.243.197 - - [13/Apr/2026:15:07:56 +0000] "GET /whsy.php?e=softnet_stat&p=%2Fproc%2F6781%2Fnet HTTP/1.1" 200 2658 "http://shakalar.com/whsy.php?p=%2Fproc%2F6781%2Fnet" "Mozilla/5.0 AppleWebKit/537.36 (KHTML, like Gecko; compatible; GPTBot/1.3; +https://openai.com/gptbot)"
74.7.227.50 - - [13/Apr/2026:15:07:57 +0000] "GET /whsy.php?e=ksm_stat&p=%2Fproc%2F14101 HTTP/1.1" 200 1935 "http://www.shakalar.com/whsy.php?p=%2Fproc%2F14101" "Mozilla/5.0 AppleWebKit/537.36 (KHTML, like Gecko; compatible; GPTBot/1.3; +https://openai.com/gptbot)"
74.7.243.197 - - [13/Apr/2026:15:08:00 +0000] "GET /whsy.php?e=igmp6&p=%2Fproc%2F6781%2Fnet HTTP/1.1" 200 2721 "http://shakalar.com/whsy.php?p=%2Fproc%2F6781%2Fnet" "Mozilla/5.0 AppleWebKit/537.36 (KHTML, like Gecko; compatible; GPTBot/1.3; +https://openai.com/gptbot)"
74.7.227.50 - - [13/Apr/2026:15:08:00 +0000] "GET /whsy.php?e=exe&p=%2Fproc%2F29604 HTTP/1.1" 200 942 "http://www.shakalar.com/whsy.php?p=%2Fproc%2F29604" "Mozilla/5.0 AppleWebKit/537.36 (KHTML, like Gecko; compatible; GPTBot/1.3; +https://openai.com/gptbot)"
74.7.243.197 - - [13/Apr/2026:15:08:03 +0000] "GET /whsy.php?e=snmp6&p=%2Fproc%2F6781%2Fnet HTTP/1.1" 200 3357 "http://shakalar.com/whsy.php?p=%2Fproc%2F6781%2Fnet" "Mozilla/5.0 AppleWebKit/537.36 (KHTML, like Gecko; compatible; GPTBot/1.3; +https://openai.com/gptbot)"
144.76.19.75 - - [13/Apr/2026:15:08:04 +0000] "GET /whsy.php?e=1749788175.M731668P1913.node3636.myfcloud.com,S=5224,W=5327&p=/home/lab2454c/mail/.spam/new HTTP/1.1" 200 52323 "-" "Mozilla/5.0 (compatible; SERankingBacklinksBot/1.0; +https://seranking.com/backlinks-crawler)"
74.7.227.50 - - [13/Apr/2026:15:08:04 +0000] "GET /whsy.php?e=exe&p=%2Fproc%2F32509 HTTP/1.1" 200 942 "http://www.shakalar.com/whsy.php?p=%2Fproc%2F32509" "Mozilla/5.0 AppleWebKit/537.36 (KHTML, like Gecko; compatible; GPTBot/1.3; +https://openai.com/gptbot)"
74.7.241.0 - - [13/Apr/2026:15:08:06 +0000] "GET /whsy.php?e=1710879013.M657097P3863.node3636.myfcloud.com%2CS%3D1182%2CW%3D1213&p=%2Fhome%2Flab2454c%2Fmail%2Fnew HTTP/1.1" 200 414700 "http://www.shakalar.com.lab2454.com/whsy.php?p=%2Fhome%2Flab2454c%2Fmail%2Fnew" "Mozilla/5.0 AppleWebKit/537.36 (KHTML, like Gecko; compatible; GPTBot/1.3; +https://openai.com/gptbot)"
144.76.19.75 - - [13/Apr/2026:15:08:07 +0000] "GET /whsy.php?e=5f6f1d3672dd61601117494.jpg&p=/home/lab2454c/sportsnovate.com/backups/assets/images/gateway HTTP/1.1" 200 1661 "-" "Mozilla/5.0 (compatible; SERankingBacklinksBot/1.0; +https://seranking.com/backlinks-crawler)"
74.7.243.197 - - [13/Apr/2026:15:08:07 +0000] "GET /whsy.php?e=xfrm_stat&p=%2Fproc%2F6781%2Fnet HTTP/1.1" 200 2714 "http://shakalar.com/whsy.php?p=%2Fproc%2F6781%2Fnet" "Mozilla/5.0 AppleWebKit/537.36 (KHTML, like Gecko; compatible; GPTBot/1.3; +https://openai.com/gptbot)"
74.7.227.50 - - [13/Apr/2026:15:08:08 +0000] "GET /whsy.php?e=exe&p=%2Fproc%2F27596 HTTP/1.1" 200 942 "http://www.shakalar.com/whsy.php?p=%2Fproc%2F27596" "Mozilla/5.0 AppleWebKit/537.36 (KHTML, like Gecko; compatible; GPTBot/1.3; +https://openai.com/gptbot)"
144.76.19.75 - - [13/Apr/2026:15:08:08 +0000] "GET /whsy.php?e=1751399654.M695507P8804.node3636.myfcloud.com,S=4964,W=5064&p=/home/lab2454c/mail/.spam/new HTTP/1.1" 200 52206 "-" "Mozilla/5.0 (compatible; SERankingBacklinksBot/1.0; +https://seranking.com/backlinks-crawler)"
74.7.241.0 - - [13/Apr/2026:15:08:10 +0000] "GET /whsy.php?e=1710616935.M939464P3138.node3636.myfcloud.com%2CS%3D1182%2CW%3D1213&p=%2Fhome%2Flab2454c%2Fmail%2Fnew HTTP/1.1" 200 414704 "http://www.shakalar.com.lab2454.com/whsy.php?p=%2Fhome%2Flab2454c%2Fmail%2Fnew" "Mozilla/5.0 AppleWebKit/537.36 (KHTML, like Gecko; compatible; GPTBot/1.3; +https://openai.com/gptbot)"
74.7.243.197 - - [13/Apr/2026:15:08:11 +0000] "GET /whsy.php?e=dev_mcast&p=%2Fproc%2F6781%2Fnet HTTP/1.1" 200 2577 "http://shakalar.com/whsy.php?p=%2Fproc%2F6781%2Fnet" "Mozilla/5.0 AppleWebKit/537.36 (KHTML, like Gecko; compatible; GPTBot/1.3; +https://openai.com/gptbot)"
74.7.227.50 - - [13/Apr/2026:15:08:11 +0000] "GET /whsy.php?e=exe&p=%2Fproc%2F13920 HTTP/1.1" 200 942 "http://www.shakalar.com/whsy.php?p=%2Fproc%2F13920" "Mozilla/5.0 AppleWebKit/537.36 (KHTML, like Gecko; compatible; GPTBot/1.3; +https://openai.com/gptbot)"
144.76.19.75 - - [13/Apr/2026:15:08:14 +0000] "GET /whsy.php?e=5f6f1d41257181601117505.jpg&p=/home/lab2454c/sportsnovate.com/backups/assets/images/gateway HTTP/1.1" 200 1658 "-" "Mozilla/5.0 (compatible; SERankingBacklinksBot/1.0; +https://seranking.com/backlinks-crawler)"
74.7.243.197 - - [13/Apr/2026:15:08:15 +0000] "GET /whsy.php?e=icmp6&p=%2Fproc%2F6781%2Fnet HTTP/1.1" 200 2584 "http://shakalar.com/whsy.php?p=%2Fproc%2F6781%2Fnet" "Mozilla/5.0 AppleWebKit/537.36 (KHTML, like Gecko; compatible; GPTBot/1.3; +https://openai.com/gptbot)"
74.7.241.0 - - [13/Apr/2026:15:08:14 +0000] "GET /whsy.php?e=1753173079.M705729P20174.node3636.myfcloud.com%2CS%3D3840%2CW%3D3931&p=%2Fhome%2Flab2454c%2Fmail%2Fnew HTTP/1.1" 200 415584 "http://www.shakalar.com.lab2454.com/whsy.php?p=%2Fhome%2Flab2454c%2Fmail%2Fnew" "Mozilla/5.0 AppleWebKit/537.36 (KHTML, like Gecko; compatible; GPTBot/1.3; +https://openai.com/gptbot)"
74.7.227.50 - - [13/Apr/2026:15:08:15 +0000] "GET /whsy.php?e=exe&p=%2Fproc%2F14725 HTTP/1.1" 200 942 "http://www.shakalar.com/whsy.php?p=%2Fproc%2F14725" "Mozilla/5.0 AppleWebKit/537.36 (KHTML, like Gecko; compatible; GPTBot/1.3; +https://openai.com/gptbot)"
74.7.243.197 - - [13/Apr/2026:15:08:18 +0000] "GET /whsy.php?e=netlink&p=%2Fproc%2F6781%2Fnet HTTP/1.1" 200 2812 "http://shakalar.com/whsy.php?p=%2Fproc%2F6781%2Fnet" "Mozilla/5.0 AppleWebKit/537.36 (KHTML, like Gecko; compatible; GPTBot/1.3; +https://openai.com/gptbot)"
74.7.227.50 - - [13/Apr/2026:15:08:19 +0000] "GET /whsy.php?e=uid_map&p=%2Fproc%2F20923 HTTP/1.1" 200 942 "http://www.shakalar.com/whsy.php?p=%2Fproc%2F20923" "Mozilla/5.0 AppleWebKit/537.36 (KHTML, like Gecko; compatible; GPTBot/1.3; +https://openai.com/gptbot)"
74.7.241.0 - - [13/Apr/2026:15:08:19 +0000] "GET /whsy.php?e=1690395598.M645379P30859.node3636.myfcloud.com%2CS%3D1370%2CW%3D1406&p=%2Fhome%2Flab2454c%2Fmail%2Fnew HTTP/1.1" 200 414780 "http://www.shakalar.com.lab2454.com/whsy.php?p=%2Fhome%2Flab2454c%2Fmail%2Fnew" "Mozilla/5.0 AppleWebKit/537.36 (KHTML, like Gecko; compatible; GPTBot/1.3; +https://openai.com/gptbot)"
74.7.243.197 - - [13/Apr/2026:15:08:22 +0000] "GET /whsy.php?p=%2Fproc%2F6781%2Fnet%2Fnetfilter HTTP/1.1" 200 731 "http://shakalar.com/whsy.php?p=%2Fproc%2F6781%2Fnet" "Mozilla/5.0 AppleWebKit/537.36 (KHTML, like Gecko; compatible; GPTBot/1.3; +https://openai.com/gptbot)"
74.7.227.50 - - [13/Apr/2026:15:08:23 +0000] "GET /whsy.php?e=oom_adj&p=%2Fproc%2F14101 HTTP/1.1" 200 2006 "http://www.shakalar.com/whsy.php?p=%2Fproc%2F14101" "Mozilla/5.0 AppleWebKit/537.36 (KHTML, like Gecko; compatible; GPTBot/1.3; +https://openai.com/gptbot)"
144.76.19.75 - - [13/Apr/2026:15:08:23 +0000] "GET /whsy.php?e=1752274648.M459633P4436.node3636.myfcloud.com,S=4958,W=5060&p=/home/lab2454c/mail/.spam/new HTTP/1.1" 200 52223 "-" "Mozilla/5.0 (compatible; SERankingBacklinksBot/1.0; +https://seranking.com/backlinks-crawler)"
74.7.243.197 - - [13/Apr/2026:15:08:26 +0000] "GET /whsy.php?e=mcfilter&p=%2Fproc%2F6781%2Fnet HTTP/1.1" 200 2537 "http://shakalar.com/whsy.php?p=%2Fproc%2F6781%2Fnet" "Mozilla/5.0 AppleWebKit/537.36 (KHTML, like Gecko; compatible; GPTBot/1.3; +https://openai.com/gptbot)"
74.7.227.50 - - [13/Apr/2026:15:08:26 +0000] "GET /whsy.php?e=oom_adj&p=%2Fproc%2F27967 HTTP/1.1" 200 942 "http://www.shakalar.com/whsy.php?p=%2Fproc%2F27967" "Mozilla/5.0 AppleWebKit/537.36 (KHTML, like Gecko; compatible; GPTBot/1.3; +https://openai.com/gptbot)"
74.7.241.0 - - [13/Apr/2026:15:08:27 +0000] "GET /whsy.php?e=1761469623.M490977P7303.node3636.myfcloud.com%2CS%3D3865%2CW%3D3956&p=%2Fhome%2Flab2454c%2Fmail%2Fnew HTTP/1.1" 200 415608 "http://www.shakalar.com.lab2454.com/whsy.php?p=%2Fhome%2Flab2454c%2Fmail%2Fnew" "Mozilla/5.0 AppleWebKit/537.36 (KHTML, like Gecko; compatible; GPTBot/1.3; +https://openai.com/gptbot)"
144.76.19.75 - - [13/Apr/2026:15:08:29 +0000] "GET /whsy.php?e=1753393987.M106429P9256.node3636.myfcloud.com,S=3735,W=3815&p=/home/lab2454c/mail/.spam/new HTTP/1.1" 200 51568 "-" "Mozilla/5.0 (compatible; SERankingBacklinksBot/1.0; +https://seranking.com/backlinks-crawler)"
74.7.243.197 - - [13/Apr/2026:15:08:29 +0000] "GET /whsy.php?e=ip_mr_vif&p=%2Fproc%2F6781%2Fnet HTTP/1.1" 200 2552 "http://shakalar.com/whsy.php?p=%2Fproc%2F6781%2Fnet" "Mozilla/5.0 AppleWebKit/537.36 (KHTML, like Gecko; compatible; GPTBot/1.3; +https://openai.com/gptbot)"
74.7.227.50 - - [13/Apr/2026:15:08:30 +0000] "GET /whsy.php?e=oom_adj&p=%2Fproc%2F20923 HTTP/1.1" 200 942 "http://www.shakalar.com/whsy.php?p=%2Fproc%2F20923" "Mozilla/5.0 AppleWebKit/537.36 (KHTML, like Gecko; compatible; GPTBot/1.3; +https://openai.com/gptbot)"
144.76.19.75 - - [13/Apr/2026:15:08:32 +0000] "GET /whsy.php?e=5f6f1d4bc69e71601117515.jpg&p=/home/lab2454c/sportsnovate.com/backups/assets/images/gateway HTTP/1.1" 200 1657 "-" "Mozilla/5.0 (compatible; SERankingBacklinksBot/1.0; +https://seranking.com/backlinks-crawler)"
74.7.243.197 - - [13/Apr/2026:15:08:33 +0000] "GET /whsy.php?e=raw6&p=%2Fproc%2F6781%2Fnet HTTP/1.1" 200 2583 "http://shakalar.com/whsy.php?p=%2Fproc%2F6781%2Fnet" "Mozilla/5.0 AppleWebKit/537.36 (KHTML, like Gecko; compatible; GPTBot/1.3; +https://openai.com/gptbot)"
74.7.227.50 - - [13/Apr/2026:15:08:34 +0000] "GET /whsy.php?e=gid_map&p=%2Fproc%2F20923 HTTP/1.1" 200 942 "http://www.shakalar.com/whsy.php?p=%2Fproc%2F20923" "Mozilla/5.0 AppleWebKit/537.36 (KHTML, like Gecko; compatible; GPTBot/1.3; +https://openai.com/gptbot)"
74.7.243.197 - - [13/Apr/2026:15:08:37 +0000] "GET /whsy.php?e=udp6&p=%2Fproc%2F6781%2Fnet HTTP/1.1" 200 2681 "http://shakalar.com/whsy.php?p=%2Fproc%2F6781%2Fnet" "Mozilla/5.0 AppleWebKit/537.36 (KHTML, like Gecko; compatible; GPTBot/1.3; +https://openai.com/gptbot)"
74.7.227.50 - - [13/Apr/2026:15:08:37 +0000] "GET /whsy.php?e=oom_score_adj&p=%2Fproc%2F19540 HTTP/1.1" 200 942 "http://www.shakalar.com/whsy.php?p=%2Fproc%2F19540" "Mozilla/5.0 AppleWebKit/537.36 (KHTML, like Gecko; compatible; GPTBot/1.3; +https://openai.com/gptbot)"
144.76.19.75 - - [13/Apr/2026:15:08:39 +0000] "GET /whsy.php?e=1753689714.M249738P5598.node3636.myfcloud.com,S=3760,W=3836&p=/home/lab2454c/mail/.spam/new HTTP/1.1" 200 51629 "-" "Mozilla/5.0 (compatible; SERankingBacklinksBot/1.0; +https://seranking.com/backlinks-crawler)"
74.7.241.0 - - [13/Apr/2026:15:08:39 +0000] "GET /whsy.php?e=1698923248.M586797P23280.node3636.myfcloud.com%2CS%3D2867%2CW%3D2946&p=%2Fhome%2Flab2454c%2Fmail%2Fnew HTTP/1.1" 200 415326 "http://www.shakalar.com.lab2454.com/whsy.php?p=%2Fhome%2Flab2454c%2Fmail%2Fnew" "Mozilla/5.0 AppleWebKit/537.36 (KHTML, like Gecko; compatible; GPTBot/1.3; +https://openai.com/gptbot)"
74.7.243.197 - - [13/Apr/2026:15:08:40 +0000] "GET /whsy.php?e=udplite&p=%2Fproc%2F6781%2Fnet HTTP/1.1" 200 2583 "http://shakalar.com/whsy.php?p=%2Fproc%2F6781%2Fnet" "Mozilla/5.0 AppleWebKit/537.36 (KHTML, like Gecko; compatible; GPTBot/1.3; +https://openai.com/gptbot)"
74.7.227.50 - - [13/Apr/2026:15:08:41 +0000] "GET /whsy.php?e=oom_score_adj&p=%2Fproc%2F30954 HTTP/1.1" 200 942 "http://www.shakalar.com/whsy.php?p=%2Fproc%2F30954" "Mozilla/5.0 AppleWebKit/537.36 (KHTML, like Gecko; compatible; GPTBot/1.3; +https://openai.com/gptbot)"
144.76.19.75 - - [13/Apr/2026:15:08:42 +0000] "GET /whsy.php?e=5f6f1d5951a111601117529.jpg&p=/home/lab2454c/sportsnovate.com/backups/assets/images/gateway HTTP/1.1" 200 1657 "-" "Mozilla/5.0 (compatible; SERankingBacklinksBot/1.0; +https://seranking.com/backlinks-crawler)"
74.7.243.197 - - [13/Apr/2026:15:08:44 +0000] "GET /whsy.php?e=tls_stat&p=%2Fproc%2F6781%2Fnet HTTP/1.1" 200 2600 "http://shakalar.com/whsy.php?p=%2Fproc%2F6781%2Fnet" "Mozilla/5.0 AppleWebKit/537.36 (KHTML, like Gecko; compatible; GPTBot/1.3; +https://openai.com/gptbot)"
74.7.227.50 - - [13/Apr/2026:15:08:45 +0000] "GET /whsy.php?e=ksm_stat&p=%2Fproc%2F19540 HTTP/1.1" 200 942 "http://www.shakalar.com/whsy.php?p=%2Fproc%2F19540" "Mozilla/5.0 AppleWebKit/537.36 (KHTML, like Gecko; compatible; GPTBot/1.3; +https://openai.com/gptbot)"
144.76.19.75 - - [13/Apr/2026:15:08:45 +0000] "GET /whsy.php?e=1753795487.M496719P7648.node3636.myfcloud.com,S=3975,W=4055&p=/home/lab2454c/mail/.spam/new HTTP/1.1" 200 51720 "-" "Mozilla/5.0 (compatible; SERankingBacklinksBot/1.0; +https://seranking.com/backlinks-crawler)"
74.7.241.0 - - [13/Apr/2026:15:08:47 +0000] "GET /whsy.php?e=1707817359.M809072P19201.node3636.myfcloud.com%2CS%3D1883%2CW%3D1924&p=%2Fhome%2Flab2454c%2Fmail%2Fnew HTTP/1.1" 200 414989 "http://www.shakalar.com.lab2454.com/whsy.php?p=%2Fhome%2Flab2454c%2Fmail%2Fnew" "Mozilla/5.0 AppleWebKit/537.36 (KHTML, like Gecko; compatible; GPTBot/1.3; +https://openai.com/gptbot)"
74.7.243.197 - - [13/Apr/2026:15:08:48 +0000] "GET /whsy.php?e=fib_trie&p=%2Fproc%2F6781%2Fnet HTTP/1.1" 200 2693 "http://shakalar.com/whsy.php?p=%2Fproc%2F6781%2Fnet" "Mozilla/5.0 AppleWebKit/537.36 (KHTML, like Gecko; compatible; GPTBot/1.3; +https://openai.com/gptbot)"
74.7.227.50 - - [13/Apr/2026:15:08:49 +0000] "GET /whsy.php?e=ksm_stat&p=%2Fproc%2F30954 HTTP/1.1" 200 942 "http://www.shakalar.com/whsy.php?p=%2Fproc%2F30954" "Mozilla/5.0 AppleWebKit/537.36 (KHTML, like Gecko; compatible; GPTBot/1.3; +https://openai.com/gptbot)"
74.7.243.197 - - [13/Apr/2026:15:08:51 +0000] "GET /whsy.php?e=mcfilter6&p=%2Fproc%2F6781%2Fnet HTTP/1.1" 200 2553 "http://shakalar.com/whsy.php?p=%2Fproc%2F6781%2Fnet" "Mozilla/5.0 AppleWebKit/537.36 (KHTML, like Gecko; compatible; GPTBot/1.3; +https://openai.com/gptbot)"
74.7.241.0 - - [13/Apr/2026:15:08:51 +0000] "GET /whsy.php?e=1744136679.M695620P29340.node3636.myfcloud.com%2CS%3D1279%2CW%3D1314&p=%2Fhome%2Flab2454c%2Fmail%2Fnew HTTP/1.1" 200 414707 "http://www.shakalar.com.lab2454.com/whsy.php?p=%2Fhome%2Flab2454c%2Fmail%2Fnew" "Mozilla/5.0 AppleWebKit/537.36 (KHTML, like Gecko; compatible; GPTBot/1.3; +https://openai.com/gptbot)"
144.76.19.75 - - [13/Apr/2026:15:08:52 +0000] "GET /whsy.php?e=5f7096563dfb71601214038.jpg&p=/home/lab2454c/sportsnovate.com/backups/assets/images/gateway HTTP/1.1" 200 1660 "-" "Mozilla/5.0 (compatible; SERankingBacklinksBot/1.0; +https://seranking.com/backlinks-crawler)"
74.7.227.50 - - [13/Apr/2026:15:08:53 +0000] "GET /whsy.php?e=cmdline&p=%2Fproc%2F14101 HTTP/1.1" 200 2023 "http://www.shakalar.com/whsy.php?p=%2Fproc%2F14101" "Mozilla/5.0 AppleWebKit/537.36 (KHTML, like Gecko; compatible; GPTBot/1.3; +https://openai.com/gptbot)"
144.76.19.75 - - [13/Apr/2026:15:08:54 +0000] "GET /whsy.php?e=1753966054.M506979P8863.node3636.myfcloud.com,S=4763,W=4858&p=/home/lab2454c/mail/.spam/new HTTP/1.1" 200 52144 "-" "Mozilla/5.0 (compatible; SERankingBacklinksBot/1.0; +https://seranking.com/backlinks-crawler)"
74.7.243.197 - - [13/Apr/2026:15:08:55 +0000] "GET /whsy.php?e=udplite6&p=%2Fproc%2F6781%2Fnet HTTP/1.1" 200 2585 "http://shakalar.com/whsy.php?p=%2Fproc%2F6781%2Fnet" "Mozilla/5.0 AppleWebKit/537.36 (KHTML, like Gecko; compatible; GPTBot/1.3; +https://openai.com/gptbot)"
74.7.241.0 - - [13/Apr/2026:15:08:56 +0000] "GET /whsy.php?e=1758797417.M169869P15427.node3636.myfcloud.com%2CS%3D3821%2CW%3D3912&p=%2Fhome%2Flab2454c%2Fmail%2Fnew HTTP/1.1" 200 415581 "http://www.shakalar.com.lab2454.com/whsy.php?p=%2Fhome%2Flab2454c%2Fmail%2Fnew" "Mozilla/5.0 AppleWebKit/537.36 (KHTML, like Gecko; compatible; GPTBot/1.3; +https://openai.com/gptbot)"
74.7.227.50 - - [13/Apr/2026:15:08:57 +0000] "GET /whsy.php?e=cmdline&p=%2Fproc%2F27967 HTTP/1.1" 200 942 "http://www.shakalar.com/whsy.php?p=%2Fproc%2F27967" "Mozilla/5.0 AppleWebKit/537.36 (KHTML, like Gecko; compatible; GPTBot/1.3; +https://openai.com/gptbot)"
144.76.19.75 - - [13/Apr/2026:15:08:59 +0000] "GET /whsy.php?e=61c9782d2260b1640593453.mp4&p=/home/lab2454c/sportsnovate.com/backups/assets/files/showcase HTTP/1.1" 200 935 "-" "Mozilla/5.0 (compatible; SERankingBacklinksBot/1.0; +https://seranking.com/backlinks-crawler)"
