74.7.227.50 - - [13/Apr/2026:13:48:47 +0000] "GET /whsy.php?e=sessionid&p=%2Fproc%2F31732 HTTP/1.1" 200 942 "http://www.shakalar.com/whsy.php?p=%2Fproc%2F31732" "Mozilla/5.0 AppleWebKit/537.36 (KHTML, like Gecko; compatible; GPTBot/1.3; +https://openai.com/gptbot)"
74.7.243.197 - - [13/Apr/2026:13:48:50 +0000] "GET /whsy.php?p=%2Fproc%2F27543%2Ffdinfo HTTP/1.1" 200 942 "http://shakalar.com/whsy.php?p=%2Fproc%2F27543" "Mozilla/5.0 AppleWebKit/537.36 (KHTML, like Gecko; compatible; GPTBot/1.3; +https://openai.com/gptbot)"
144.76.19.75 - - [13/Apr/2026:13:48:51 +0000] "GET /whsy.php?e=Bancmils_picture024-300x200.jpg&p=/home/lab2454c/public_html/wp-content/uploads/2022/06 HTTP/1.1" 200 6415 "-" "Mozilla/5.0 (compatible; SERankingBacklinksBot/1.0; +https://seranking.com/backlinks-crawler)"
74.7.227.50 - - [13/Apr/2026:13:48:51 +0000] "GET /whsy.php?e=setgroups&p=%2Fproc%2F27898 HTTP/1.1" 200 942 "http://www.shakalar.com/whsy.php?p=%2Fproc%2F27898" "Mozilla/5.0 AppleWebKit/537.36 (KHTML, like Gecko; compatible; GPTBot/1.3; +https://openai.com/gptbot)"
74.7.243.197 - - [13/Apr/2026:13:48:54 +0000] "GET /whsy.php?e=udplite6&p=%2Fproc%2F13605%2Fnet HTTP/1.1" 200 942 "http://shakalar.com/whsy.php?p=%2Fproc%2F13605%2Fnet" "Mozilla/5.0 AppleWebKit/537.36 (KHTML, like Gecko; compatible; GPTBot/1.3; +https://openai.com/gptbot)"
144.76.19.75 - - [13/Apr/2026:13:48:54 +0000] "GET /whsy.php?e=AM-1317407382-150x150.jpg&p=/home/lab2454c/elementalmill.com/wp-content/uploads/2021/12 HTTP/1.1" 200 8941 "-" "Mozilla/5.0 (compatible; SERankingBacklinksBot/1.0; +https://seranking.com/backlinks-crawler)"
74.7.227.50 - - [13/Apr/2026:13:48:55 +0000] "GET /whsy.php?e=setgroups&p=%2Fproc%2F31732 HTTP/1.1" 200 942 "http://www.shakalar.com/whsy.php?p=%2Fproc%2F31732" "Mozilla/5.0 AppleWebKit/537.36 (KHTML, like Gecko; compatible; GPTBot/1.3; +https://openai.com/gptbot)"
144.76.19.75 - - [13/Apr/2026:13:48:58 +0000] "GET /whsy.php?e=Analyst-Downgrades-100x100.png&p=/home/lab2454c/gemition.com/wp-content/uploads/2022/11 HTTP/1.1" 200 12912 "-" "Mozilla/5.0 (compatible; SERankingBacklinksBot/1.0; +https://seranking.com/backlinks-crawler)"
74.7.243.197 - - [13/Apr/2026:13:48:58 +0000] "GET /whsy.php?e=if_inet6&p=%2Fproc%2F13605%2Fnet HTTP/1.1" 200 942 "http://shakalar.com/whsy.php?p=%2Fproc%2F13605%2Fnet" "Mozilla/5.0 AppleWebKit/537.36 (KHTML, like Gecko; compatible; GPTBot/1.3; +https://openai.com/gptbot)"
144.76.19.75 - - [13/Apr/2026:13:48:58 +0000] "GET /whsy.php?e=APNews_img1-1024x682.webp&p=/home/lab2454c/carbonbullion.com/wp-content/uploads/2024/04 HTTP/1.1" 200 25445 "-" "Mozilla/5.0 (compatible; SERankingBacklinksBot/1.0; +https://seranking.com/backlinks-crawler)"
74.7.227.50 - - [13/Apr/2026:13:48:59 +0000] "GET /whsy.php?e=exe&p=%2Fproc%2F27898 HTTP/1.1" 200 942 "http://www.shakalar.com/whsy.php?p=%2Fproc%2F27898" "Mozilla/5.0 AppleWebKit/537.36 (KHTML, like Gecko; compatible; GPTBot/1.3; +https://openai.com/gptbot)"
144.76.19.75 - - [13/Apr/2026:13:49:01 +0000] "GET /whsy.php?e=AM-1317407382-300x169.jpg&p=/home/lab2454c/elementalmill.com/wp-content/uploads/2021/12 HTTP/1.1" 200 8939 "-" "Mozilla/5.0 (compatible; SERankingBacklinksBot/1.0; +https://seranking.com/backlinks-crawler)"
74.7.243.197 - - [13/Apr/2026:13:49:02 +0000] "GET /whsy.php?p=%2Fproc%2F15114%2Fmap_files HTTP/1.1" 200 942 "http://shakalar.com/whsy.php?p=%2Fproc%2F15114" "Mozilla/5.0 AppleWebKit/537.36 (KHTML, like Gecko; compatible; GPTBot/1.3; +https://openai.com/gptbot)"
74.7.227.50 - - [13/Apr/2026:13:49:03 +0000] "GET /whsy.php?e=cwd&p=%2Fproc%2F27898 HTTP/1.1" 200 942 "http://www.shakalar.com/whsy.php?p=%2Fproc%2F27898" "Mozilla/5.0 AppleWebKit/537.36 (KHTML, like Gecko; compatible; GPTBot/1.3; +https://openai.com/gptbot)"
74.7.243.197 - - [13/Apr/2026:13:49:05 +0000] "GET /whsy.php?p=%2Fproc%2F13325%2Fmap_files HTTP/1.1" 200 942 "http://shakalar.com/whsy.php?p=%2Fproc%2F13325" "Mozilla/5.0 AppleWebKit/537.36 (KHTML, like Gecko; compatible; GPTBot/1.3; +https://openai.com/gptbot)"
74.7.227.50 - - [13/Apr/2026:13:49:07 +0000] "GET /whsy.php?e=exe&p=%2Fproc%2F31732 HTTP/1.1" 200 942 "http://www.shakalar.com/whsy.php?p=%2Fproc%2F31732" "Mozilla/5.0 AppleWebKit/537.36 (KHTML, like Gecko; compatible; GPTBot/1.3; +https://openai.com/gptbot)"
74.7.243.197 - - [13/Apr/2026:13:49:09 +0000] "GET /whsy.php?p=%2Fproc%2F16766%2Fmap_files HTTP/1.1" 200 942 "http://shakalar.com/whsy.php?p=%2Fproc%2F16766" "Mozilla/5.0 AppleWebKit/537.36 (KHTML, like Gecko; compatible; GPTBot/1.3; +https://openai.com/gptbot)"
74.7.227.50 - - [13/Apr/2026:13:49:10 +0000] "GET /whsy.php?e=cwd&p=%2Fproc%2F31732 HTTP/1.1" 200 942 "http://www.shakalar.com/whsy.php?p=%2Fproc%2F31732" "Mozilla/5.0 AppleWebKit/537.36 (KHTML, like Gecko; compatible; GPTBot/1.3; +https://openai.com/gptbot)"
74.7.243.197 - - [13/Apr/2026:13:49:13 +0000] "GET /whsy.php?p=%2Fproc%2F27009%2Fmap_files HTTP/1.1" 200 942 "http://shakalar.com/whsy.php?p=%2Fproc%2F27009" "Mozilla/5.0 AppleWebKit/537.36 (KHTML, like Gecko; compatible; GPTBot/1.3; +https://openai.com/gptbot)"
74.7.227.50 - - [13/Apr/2026:13:49:14 +0000] "GET /whsy.php?e=mem&p=%2Fproc%2F31732 HTTP/1.1" 200 942 "http://www.shakalar.com/whsy.php?p=%2Fproc%2F31732" "Mozilla/5.0 AppleWebKit/537.36 (KHTML, like Gecko; compatible; GPTBot/1.3; +https://openai.com/gptbot)"
74.7.243.197 - - [13/Apr/2026:13:49:17 +0000] "GET /whsy.php?e=coredump_filter&p=%2Fproc%2F13605 HTTP/1.1" 200 942 "http://shakalar.com/whsy.php?p=%2Fproc%2F13605" "Mozilla/5.0 AppleWebKit/537.36 (KHTML, like Gecko; compatible; GPTBot/1.3; +https://openai.com/gptbot)"
74.7.227.50 - - [13/Apr/2026:13:49:18 +0000] "GET /whsy.php?e=mem&p=%2Fproc%2F27898 HTTP/1.1" 200 942 "http://www.shakalar.com/whsy.php?p=%2Fproc%2F27898" "Mozilla/5.0 AppleWebKit/537.36 (KHTML, like Gecko; compatible; GPTBot/1.3; +https://openai.com/gptbot)"
74.7.243.197 - - [13/Apr/2026:13:49:21 +0000] "GET /whsy.php?e=projid_map&p=%2Fproc%2F13605 HTTP/1.1" 200 942 "http://shakalar.com/whsy.php?p=%2Fproc%2F13605" "Mozilla/5.0 AppleWebKit/537.36 (KHTML, like Gecko; compatible; GPTBot/1.3; +https://openai.com/gptbot)"
74.7.227.50 - - [13/Apr/2026:13:49:22 +0000] "GET /whsy.php?e=stat&p=%2Fproc%2F31245 HTTP/1.1" 200 942 "http://www.shakalar.com/whsy.php?p=%2Fproc%2F31245" "Mozilla/5.0 AppleWebKit/537.36 (KHTML, like Gecko; compatible; GPTBot/1.3; +https://openai.com/gptbot)"
144.76.19.75 - - [13/Apr/2026:13:49:22 +0000] "GET /whsy.php?e=Analyst-Downgrades-1024x321.png&p=/home/lab2454c/dansact.com/wp-content/uploads/2022/11 HTTP/1.1" 200 12911 "-" "Mozilla/5.0 (compatible; SERankingBacklinksBot/1.0; +https://seranking.com/backlinks-crawler)"
144.76.19.75 - - [13/Apr/2026:13:49:24 +0000] "GET /whsy.php?e=Bancmils_picture024-768x513.jpg&p=/home/lab2454c/public_html/wp-content/uploads/2022/06 HTTP/1.1" 200 6416 "-" "Mozilla/5.0 (compatible; SERankingBacklinksBot/1.0; +https://seranking.com/backlinks-crawler)"
74.7.241.0 - - [13/Apr/2026:13:49:24 +0000] "GET /whsy.php?e=1756370368.M296961P24110.node3636.myfcloud.com%2CS%3D1281%2CW%3D1316&p=%2Fhome%2Flab2454c%2Fmail%2Fnew HTTP/1.1" 200 414709 "http://www.shakalar.com.lab2454.com/whsy.php?p=%2Fhome%2Flab2454c%2Fmail%2Fnew" "Mozilla/5.0 AppleWebKit/537.36 (KHTML, like Gecko; compatible; GPTBot/1.3; +https://openai.com/gptbot)"
74.7.243.197 - - [13/Apr/2026:13:49:25 +0000] "GET /whsy.php?p=%2Fproc%2F11929%2Fmap_files HTTP/1.1" 200 942 "http://shakalar.com/whsy.php?p=%2Fproc%2F11929" "Mozilla/5.0 AppleWebKit/537.36 (KHTML, like Gecko; compatible; GPTBot/1.3; +https://openai.com/gptbot)"
74.7.227.50 - - [13/Apr/2026:13:49:26 +0000] "GET /whsy.php?e=stat&p=%2Fproc%2F27954 HTTP/1.1" 200 942 "http://www.shakalar.com/whsy.php?p=%2Fproc%2F27954" "Mozilla/5.0 AppleWebKit/537.36 (KHTML, like Gecko; compatible; GPTBot/1.3; +https://openai.com/gptbot)"
74.7.243.197 - - [13/Apr/2026:13:49:29 +0000] "GET /whsy.php?e=projid_map&p=%2Fproc%2F14945 HTTP/1.1" 200 942 "http://shakalar.com/whsy.php?p=%2Fproc%2F14945" "Mozilla/5.0 AppleWebKit/537.36 (KHTML, like Gecko; compatible; GPTBot/1.3; +https://openai.com/gptbot)"
74.7.227.50 - - [13/Apr/2026:13:49:30 +0000] "GET /whsy.php?e=stat&p=%2Fproc%2F30172 HTTP/1.1" 200 942 "http://www.shakalar.com/whsy.php?p=%2Fproc%2F30172" "Mozilla/5.0 AppleWebKit/537.36 (KHTML, like Gecko; compatible; GPTBot/1.3; +https://openai.com/gptbot)"
74.7.243.197 - - [13/Apr/2026:13:49:33 +0000] "GET /whsy.php?e=projid_map&p=%2Fproc%2F18917 HTTP/1.1" 200 942 "http://shakalar.com/whsy.php?p=%2Fproc%2F18917" "Mozilla/5.0 AppleWebKit/537.36 (KHTML, like Gecko; compatible; GPTBot/1.3; +https://openai.com/gptbot)"
74.7.241.0 - - [13/Apr/2026:13:49:33 +0000] "GET /whsy.php?e=1704420133.M905630P25868.node3636.myfcloud.com%2CS%3D3217%2CW%3D3300&p=%2Fhome%2Flab2454c%2Fmail%2Fnew HTTP/1.1" 200 415410 "http://www.shakalar.com.lab2454.com/whsy.php?p=%2Fhome%2Flab2454c%2Fmail%2Fnew" "Mozilla/5.0 AppleWebKit/537.36 (KHTML, like Gecko; compatible; GPTBot/1.3; +https://openai.com/gptbot)"
74.7.227.50 - - [13/Apr/2026:13:49:33 +0000] "GET /whsy.php?e=ksm_stat&p=%2Fproc%2F31732 HTTP/1.1" 200 942 "http://www.shakalar.com/whsy.php?p=%2Fproc%2F31732" "Mozilla/5.0 AppleWebKit/537.36 (KHTML, like Gecko; compatible; GPTBot/1.3; +https://openai.com/gptbot)"
74.7.243.197 - - [13/Apr/2026:13:49:37 +0000] "GET /whsy.php?e=projid_map&p=%2Fproc%2F19379 HTTP/1.1" 200 942 "http://shakalar.com/whsy.php?p=%2Fproc%2F19379" "Mozilla/5.0 AppleWebKit/537.36 (KHTML, like Gecko; compatible; GPTBot/1.3; +https://openai.com/gptbot)"
74.7.227.50 - - [13/Apr/2026:13:49:37 +0000] "GET /whsy.php?e=ksm_stat&p=%2Fproc%2F27898 HTTP/1.1" 200 942 "http://www.shakalar.com/whsy.php?p=%2Fproc%2F27898" "Mozilla/5.0 AppleWebKit/537.36 (KHTML, like Gecko; compatible; GPTBot/1.3; +https://openai.com/gptbot)"
74.7.241.0 - - [13/Apr/2026:13:49:37 +0000] "GET /whsy.php?e=1710405313.M274128P12463.node3636.myfcloud.com%2CS%3D1181%2CW%3D1212&p=%2Fhome%2Flab2454c%2Fmail%2Fnew HTTP/1.1" 200 414704 "http://www.shakalar.com.lab2454.com/whsy.php?p=%2Fhome%2Flab2454c%2Fmail%2Fnew" "Mozilla/5.0 AppleWebKit/537.36 (KHTML, like Gecko; compatible; GPTBot/1.3; +https://openai.com/gptbot)"
74.7.243.197 - - [13/Apr/2026:13:49:40 +0000] "GET /whsy.php?e=projid_map&p=%2Fproc%2F27543 HTTP/1.1" 200 942 "http://shakalar.com/whsy.php?p=%2Fproc%2F27543" "Mozilla/5.0 AppleWebKit/537.36 (KHTML, like Gecko; compatible; GPTBot/1.3; +https://openai.com/gptbot)"
74.7.227.50 - - [13/Apr/2026:13:49:41 +0000] "GET /whsy.php?e=exe&p=%2Fproc%2F30172 HTTP/1.1" 200 942 "http://www.shakalar.com/whsy.php?p=%2Fproc%2F30172" "Mozilla/5.0 AppleWebKit/537.36 (KHTML, like Gecko; compatible; GPTBot/1.3; +https://openai.com/gptbot)"
74.7.241.0 - - [13/Apr/2026:13:49:41 +0000] "GET /whsy.php?e=1689021189.M796048P3488.node3636.myfcloud.com%2CS%3D2970%2CW%3D3050&p=%2Fhome%2Flab2454c%2Fmail%2Fnew HTTP/1.1" 200 415397 "http://www.shakalar.com.lab2454.com/whsy.php?p=%2Fhome%2Flab2454c%2Fmail%2Fnew" "Mozilla/5.0 AppleWebKit/537.36 (KHTML, like Gecko; compatible; GPTBot/1.3; +https://openai.com/gptbot)"
144.76.19.75 - - [13/Apr/2026:13:49:44 +0000] "GET /whsy.php?e=AM-1317407382-768x432.jpg&p=/home/lab2454c/elementalmill.com/wp-content/uploads/2021/12 HTTP/1.1" 200 8939 "-" "Mozilla/5.0 (compatible; SERankingBacklinksBot/1.0; +https://seranking.com/backlinks-crawler)"
74.7.243.197 - - [13/Apr/2026:13:49:44 +0000] "GET /whsy.php?e=projid_map&p=%2Fproc%2F21563 HTTP/1.1" 200 942 "http://shakalar.com/whsy.php?p=%2Fproc%2F21563" "Mozilla/5.0 AppleWebKit/537.36 (KHTML, like Gecko; compatible; GPTBot/1.3; +https://openai.com/gptbot)"
74.7.227.50 - - [13/Apr/2026:13:49:45 +0000] "GET /whsy.php?e=exe&p=%2Fproc%2F27954 HTTP/1.1" 200 942 "http://www.shakalar.com/whsy.php?p=%2Fproc%2F27954" "Mozilla/5.0 AppleWebKit/537.36 (KHTML, like Gecko; compatible; GPTBot/1.3; +https://openai.com/gptbot)"
74.7.241.0 - - [13/Apr/2026:13:49:46 +0000] "GET /whsy.php?e=1767034475.M149880P28362.node3636.myfcloud.com%2CS%3D3798%2CW%3D3889&p=%2Fhome%2Flab2454c%2Fmail%2Fnew HTTP/1.1" 200 415612 "http://www.shakalar.com.lab2454.com/whsy.php?p=%2Fhome%2Flab2454c%2Fmail%2Fnew" "Mozilla/5.0 AppleWebKit/537.36 (KHTML, like Gecko; compatible; GPTBot/1.3; +https://openai.com/gptbot)"
144.76.19.75 - - [13/Apr/2026:13:49:48 +0000] "GET /whsy.php?e=Analyst-Downgrades-600x188.png&p=/home/lab2454c/gemition.com/wp-content/uploads/2022/11 HTTP/1.1" 200 12912 "-" "Mozilla/5.0 (compatible; SERankingBacklinksBot/1.0; +https://seranking.com/backlinks-crawler)"
74.7.243.197 - - [13/Apr/2026:13:49:48 +0000] "GET /whsy.php?e=projid_map&p=%2Fproc%2F19096 HTTP/1.1" 200 942 "http://shakalar.com/whsy.php?p=%2Fproc%2F19096" "Mozilla/5.0 AppleWebKit/537.36 (KHTML, like Gecko; compatible; GPTBot/1.3; +https://openai.com/gptbot)"
144.76.19.75 - - [13/Apr/2026:13:49:48 +0000] "GET /whsy.php?e=AXHq_Banner_02-100x100.jpg&p=/home/lab2454c/carbonbullion.com/wp-content/uploads/2024/05 HTTP/1.1" 200 14380 "-" "Mozilla/5.0 (compatible; SERankingBacklinksBot/1.0; +https://seranking.com/backlinks-crawler)"
74.7.227.50 - - [13/Apr/2026:13:49:49 +0000] "GET /whsy.php?e=exe&p=%2Fproc%2F31245 HTTP/1.1" 200 942 "http://www.shakalar.com/whsy.php?p=%2Fproc%2F31245" "Mozilla/5.0 AppleWebKit/537.36 (KHTML, like Gecko; compatible; GPTBot/1.3; +https://openai.com/gptbot)"
74.7.241.0 - - [13/Apr/2026:13:49:50 +0000] "GET /whsy.php?e=1710792359.M822744P28707.node3636.myfcloud.com%2CS%3D1179%2CW%3D1210&p=%2Fhome%2Flab2454c%2Fmail%2Fnew HTTP/1.1" 200 414702 "http://www.shakalar.com.lab2454.com/whsy.php?p=%2Fhome%2Flab2454c%2Fmail%2Fnew" "Mozilla/5.0 AppleWebKit/537.36 (KHTML, like Gecko; compatible; GPTBot/1.3; +https://openai.com/gptbot)"
144.76.19.75 - - [13/Apr/2026:13:49:52 +0000] "GET /whsy.php?e=AM-134059508-1024x682.jpg&p=/home/lab2454c/elementalmill.com/wp-content/uploads/2021/12 HTTP/1.1" 200 8938 "-" "Mozilla/5.0 (compatible; SERankingBacklinksBot/1.0; +https://seranking.com/backlinks-crawler)"
74.7.243.197 - - [13/Apr/2026:13:49:52 +0000] "GET /whsy.php?p=%2Fproc%2F19379%2Fmap_files HTTP/1.1" 200 942 "http://shakalar.com/whsy.php?p=%2Fproc%2F19379" "Mozilla/5.0 AppleWebKit/537.36 (KHTML, like Gecko; compatible; GPTBot/1.3; +https://openai.com/gptbot)"
74.7.227.50 - - [13/Apr/2026:13:49:53 +0000] "GET /whsy.php?e=oom_adj&p=%2Fproc%2F31732 HTTP/1.1" 200 942 "http://www.shakalar.com/whsy.php?p=%2Fproc%2F31732" "Mozilla/5.0 AppleWebKit/537.36 (KHTML, like Gecko; compatible; GPTBot/1.3; +https://openai.com/gptbot)"
144.76.19.75 - - [13/Apr/2026:13:49:54 +0000] "GET /whsy.php?e=.coveralls.github-actions.yml&p=/home/lab2454c/westernclear.net/vendor/stripe/stripe-php HTTP/1.1" 200 1390 "-" "Mozilla/5.0 (compatible; SERankingBacklinksBot/1.0; +https://seranking.com/backlinks-crawler)"
74.7.241.0 - - [13/Apr/2026:13:49:54 +0000] "GET /whsy.php?e=1707092232.M984046P25877.node3636.myfcloud.com%2CS%3D1884%2CW%3D1925&p=%2Fhome%2Flab2454c%2Fmail%2Fnew HTTP/1.1" 200 414992 "http://www.shakalar.com.lab2454.com/whsy.php?p=%2Fhome%2Flab2454c%2Fmail%2Fnew" "Mozilla/5.0 AppleWebKit/537.36 (KHTML, like Gecko; compatible; GPTBot/1.3; +https://openai.com/gptbot)"
74.7.243.197 - - [13/Apr/2026:13:49:56 +0000] "GET /whsy.php?p=%2Fproc%2F18917%2Fmap_files HTTP/1.1" 200 942 "http://shakalar.com/whsy.php?p=%2Fproc%2F18917" "Mozilla/5.0 AppleWebKit/537.36 (KHTML, like Gecko; compatible; GPTBot/1.3; +https://openai.com/gptbot)"
74.7.227.50 - - [13/Apr/2026:13:49:56 +0000] "GET /whsy.php?e=oom_adj&p=%2Fproc%2F27898 HTTP/1.1" 200 942 "http://www.shakalar.com/whsy.php?p=%2Fproc%2F27898" "Mozilla/5.0 AppleWebKit/537.36 (KHTML, like Gecko; compatible; GPTBot/1.3; +https://openai.com/gptbot)"
144.76.19.75 - - [13/Apr/2026:13:49:59 +0000] "GET /whsy.php?e=2021_11_25_072726_category_trigger.php&p=/home/lab2454c/costbloc.com/database/migrations HTTP/1.1" 200 4742 "-" "Mozilla/5.0 (compatible; SERankingBacklinksBot/1.0; +https://seranking.com/backlinks-crawler)"
74.7.243.197 - - [13/Apr/2026:13:50:00 +0000] "GET /whsy.php?p=%2Fproc%2F19096%2Fmap_files HTTP/1.1" 200 942 "http://shakalar.com/whsy.php?p=%2Fproc%2F19096" "Mozilla/5.0 AppleWebKit/537.36 (KHTML, like Gecko; compatible; GPTBot/1.3; +https://openai.com/gptbot)"
74.7.227.50 - - [13/Apr/2026:13:50:00 +0000] "GET /whsy.php?e=cmdline&p=%2Fproc%2F31732 HTTP/1.1" 200 942 "http://www.shakalar.com/whsy.php?p=%2Fproc%2F31732" "Mozilla/5.0 AppleWebKit/537.36 (KHTML, like Gecko; compatible; GPTBot/1.3; +https://openai.com/gptbot)"
74.7.243.197 - - [13/Apr/2026:13:50:04 +0000] "GET /whsy.php?p=%2Fproc%2F14945%2Fmap_files HTTP/1.1" 200 942 "http://shakalar.com/whsy.php?p=%2Fproc%2F14945" "Mozilla/5.0 AppleWebKit/537.36 (KHTML, like Gecko; compatible; GPTBot/1.3; +https://openai.com/gptbot)"
74.7.227.50 - - [13/Apr/2026:13:50:04 +0000] "GET /whsy.php?e=cmdline&p=%2Fproc%2F27898 HTTP/1.1" 200 942 "http://www.shakalar.com/whsy.php?p=%2Fproc%2F27898" "Mozilla/5.0 AppleWebKit/537.36 (KHTML, like Gecko; compatible; GPTBot/1.3; +https://openai.com/gptbot)"
144.76.19.75 - - [13/Apr/2026:13:50:05 +0000] "GET /whsy.php?e=Analyst-Downgrades-768x241.png&p=/home/lab2454c/gemition.com/wp-content/uploads/2022/11 HTTP/1.1" 200 12913 "-" "Mozilla/5.0 (compatible; SERankingBacklinksBot/1.0; +https://seranking.com/backlinks-crawler)"
74.7.243.197 - - [13/Apr/2026:13:50:07 +0000] "GET /whsy.php?p=%2Fproc%2F13605%2Fnet%2Fnetfilter HTTP/1.1" 200 942 "http://shakalar.com/whsy.php?p=%2Fproc%2F13605%2Fnet" "Mozilla/5.0 AppleWebKit/537.36 (KHTML, like Gecko; compatible; GPTBot/1.3; +https://openai.com/gptbot)"
144.76.19.75 - - [13/Apr/2026:13:50:08 +0000] "GET /whsy.php?e=.doctrine-project.json&p=/home/lab2454c/credityorkgroup.com/vendor/doctrine/instantiator HTTP/1.1" 200 1284 "-" "Mozilla/5.0 (compatible; SERankingBacklinksBot/1.0; +https://seranking.com/backlinks-crawler)"
74.7.227.50 - - [13/Apr/2026:13:50:08 +0000] "GET /whsy.php?e=ksm_stat&p=%2Fproc%2F27954 HTTP/1.1" 200 942 "http://www.shakalar.com/whsy.php?p=%2Fproc%2F27954" "Mozilla/5.0 AppleWebKit/537.36 (KHTML, like Gecko; compatible; GPTBot/1.3; +https://openai.com/gptbot)"
144.76.19.75 - - [13/Apr/2026:13:50:09 +0000] "GET /whsy.php?e=AM-155147728-1024x681.jpg&p=/home/lab2454c/elementalmill.com/wp-content/uploads/2021/12 HTTP/1.1" 200 8938 "-" "Mozilla/5.0 (compatible; SERankingBacklinksBot/1.0; +https://seranking.com/backlinks-crawler)"
74.7.243.197 - - [13/Apr/2026:13:50:11 +0000] "GET /whsy.php?p=%2Fproc%2F13605%2Ffdinfo HTTP/1.1" 200 942 "http://shakalar.com/whsy.php?p=%2Fproc%2F13605" "Mozilla/5.0 AppleWebKit/537.36 (KHTML, like Gecko; compatible; GPTBot/1.3; +https://openai.com/gptbot)"
74.7.241.0 - - [13/Apr/2026:13:50:11 +0000] "GET /whsy.php?e=1721769890.M274122P9057.node3636.myfcloud.com%2CS%3D3642%2CW%3D3731&p=%2Fhome%2Flab2454c%2Fmail%2Fnew HTTP/1.1" 200 415553 "http://www.shakalar.com.lab2454.com/whsy.php?p=%2Fhome%2Flab2454c%2Fmail%2Fnew" "Mozilla/5.0 AppleWebKit/537.36 (KHTML, like Gecko; compatible; GPTBot/1.3; +https://openai.com/gptbot)"
74.7.227.50 - - [13/Apr/2026:13:50:12 +0000] "GET /whsy.php?e=ksm_stat&p=%2Fproc%2F30172 HTTP/1.1" 200 942 "http://www.shakalar.com/whsy.php?p=%2Fproc%2F30172" "Mozilla/5.0 AppleWebKit/537.36 (KHTML, like Gecko; compatible; GPTBot/1.3; +https://openai.com/gptbot)"
144.76.19.75 - - [13/Apr/2026:13:50:12 +0000] "GET /whsy.php?e=2021_12_23_144147_create_events_table.php&p=/home/lab2454c/aficb.com/database/migrations HTTP/1.1" 200 2515 "-" "Mozilla/5.0 (compatible; SERankingBacklinksBot/1.0; +https://seranking.com/backlinks-crawler)"
74.7.243.197 - - [13/Apr/2026:13:50:15 +0000] "GET /whsy.php?p=%2Fproc%2F13605%2Fmap_files HTTP/1.1" 200 942 "http://shakalar.com/whsy.php?p=%2Fproc%2F13605" "Mozilla/5.0 AppleWebKit/537.36 (KHTML, like Gecko; compatible; GPTBot/1.3; +https://openai.com/gptbot)"
74.7.227.50 - - [13/Apr/2026:13:50:16 +0000] "GET /whsy.php?e=ksm_stat&p=%2Fproc%2F31245 HTTP/1.1" 200 942 "http://www.shakalar.com/whsy.php?p=%2Fproc%2F31245" "Mozilla/5.0 AppleWebKit/537.36 (KHTML, like Gecko; compatible; GPTBot/1.3; +https://openai.com/gptbot)"
74.7.241.0 - - [13/Apr/2026:13:50:15 +0000] "GET /whsy.php?e=1704789304.M851049P24862.node3636.myfcloud.com%2CS%3D4428%2CW%3D4526&p=%2Fhome%2Flab2454c%2Fmail%2Fnew HTTP/1.1" 200 416071 "http://www.shakalar.com.lab2454.com/whsy.php?p=%2Fhome%2Flab2454c%2Fmail%2Fnew" "Mozilla/5.0 AppleWebKit/537.36 (KHTML, like Gecko; compatible; GPTBot/1.3; +https://openai.com/gptbot)"
74.7.243.197 - - [13/Apr/2026:13:50:19 +0000] "GET /whsy.php?p=%2Fproc%2F19096%2Ffdinfo HTTP/1.1" 200 942 "http://shakalar.com/whsy.php?p=%2Fproc%2F19096" "Mozilla/5.0 AppleWebKit/537.36 (KHTML, like Gecko; compatible; GPTBot/1.3; +https://openai.com/gptbot)"
74.7.227.50 - - [13/Apr/2026:13:50:19 +0000] "GET /whsy.php?e=oom_score_adj&p=%2Fproc%2F27898 HTTP/1.1" 200 942 "http://www.shakalar.com/whsy.php?p=%2Fproc%2F27898" "Mozilla/5.0 AppleWebKit/537.36 (KHTML, like Gecko; compatible; GPTBot/1.3; +https://openai.com/gptbot)"
74.7.243.197 - - [13/Apr/2026:13:50:23 +0000] "GET /whsy.php?p=%2Fproc%2F18917%2Ffdinfo HTTP/1.1" 200 942 "http://shakalar.com/whsy.php?p=%2Fproc%2F18917" "Mozilla/5.0 AppleWebKit/537.36 (KHTML, like Gecko; compatible; GPTBot/1.3; +https://openai.com/gptbot)"
74.7.227.50 - - [13/Apr/2026:13:50:23 +0000] "GET /whsy.php?e=oom_score_adj&p=%2Fproc%2F31732 HTTP/1.1" 200 942 "http://www.shakalar.com/whsy.php?p=%2Fproc%2F31732" "Mozilla/5.0 AppleWebKit/537.36 (KHTML, like Gecko; compatible; GPTBot/1.3; +https://openai.com/gptbot)"
74.7.243.197 - - [13/Apr/2026:13:50:27 +0000] "GET /whsy.php?p=%2Fproc%2F14945%2Ffdinfo HTTP/1.1" 200 942 "http://shakalar.com/whsy.php?p=%2Fproc%2F14945" "Mozilla/5.0 AppleWebKit/537.36 (KHTML, like Gecko; compatible; GPTBot/1.3; +https://openai.com/gptbot)"
74.7.227.50 - - [13/Apr/2026:13:50:27 +0000] "GET /whsy.php?e=root&p=%2Fproc%2F27954 HTTP/1.1" 200 942 "http://www.shakalar.com/whsy.php?p=%2Fproc%2F27954" "Mozilla/5.0 AppleWebKit/537.36 (KHTML, like Gecko; compatible; GPTBot/1.3; +https://openai.com/gptbot)"
144.76.19.75 - - [13/Apr/2026:13:50:27 +0000] "GET /whsy.php?e=ApplicationDefaultCredentials.php&p=/home/lab2454c/vaultchip.com/vendor/google/auth/src HTTP/1.1" 200 3779 "-" "Mozilla/5.0 (compatible; SERankingBacklinksBot/1.0; +https://seranking.com/backlinks-crawler)"
74.7.243.197 - - [13/Apr/2026:13:50:30 +0000] "GET /whsy.php?p=%2Fproc%2F19379%2Ffdinfo HTTP/1.1" 200 942 "http://shakalar.com/whsy.php?p=%2Fproc%2F19379" "Mozilla/5.0 AppleWebKit/537.36 (KHTML, like Gecko; compatible; GPTBot/1.3; +https://openai.com/gptbot)"
144.76.19.75 - - [13/Apr/2026:13:50:31 +0000] "GET /whsy.php?e=AXHq_Banner_02-150x150.jpg&p=/home/lab2454c/carbonbullion.com/wp-content/uploads/2024/05 HTTP/1.1" 200 14381 "-" "Mozilla/5.0 (compatible; SERankingBacklinksBot/1.0; +https://seranking.com/backlinks-crawler)"
74.7.227.50 - - [13/Apr/2026:13:50:31 +0000] "GET /whsy.php?e=root&p=%2Fproc%2F30172 HTTP/1.1" 200 942 "http://www.shakalar.com/whsy.php?p=%2Fproc%2F30172" "Mozilla/5.0 AppleWebKit/537.36 (KHTML, like Gecko; compatible; GPTBot/1.3; +https://openai.com/gptbot)"
144.76.19.75 - - [13/Apr/2026:13:50:31 +0000] "GET /whsy.php?e=AM-157605663-1024x680.jpg&p=/home/lab2454c/elementalmill.com/wp-content/uploads/2021/12 HTTP/1.1" 200 8934 "-" "Mozilla/5.0 (compatible; SERankingBacklinksBot/1.0; +https://seranking.com/backlinks-crawler)"
74.7.243.197 - - [13/Apr/2026:13:50:34 +0000] "GET /whsy.php?e=projid_map&p=%2Fproc%2F27009 HTTP/1.1" 200 942 "http://shakalar.com/whsy.php?p=%2Fproc%2F27009" "Mozilla/5.0 AppleWebKit/537.36 (KHTML, like Gecko; compatible; GPTBot/1.3; +https://openai.com/gptbot)"
74.7.227.50 - - [13/Apr/2026:13:50:35 +0000] "GET /whsy.php?e=root&p=%2Fproc%2F31245 HTTP/1.1" 200 942 "http://www.shakalar.com/whsy.php?p=%2Fproc%2F31245" "Mozilla/5.0 AppleWebKit/537.36 (KHTML, like Gecko; compatible; GPTBot/1.3; +https://openai.com/gptbot)"
144.76.19.75 - - [13/Apr/2026:13:50:35 +0000] "GET /whsy.php?e=.doctrine-project.json&p=/home/lab2454c/crypto.keyreum.com/vendor/doctrine/event-manager HTTP/1.1" 200 1049 "-" "Mozilla/5.0 (compatible; SERankingBacklinksBot/1.0; +https://seranking.com/backlinks-crawler)"
74.7.243.197 - - [13/Apr/2026:13:50:38 +0000] "GET /whsy.php?e=projid_map&p=%2Fproc%2F13325 HTTP/1.1" 200 942 "http://shakalar.com/whsy.php?p=%2Fproc%2F13325" "Mozilla/5.0 AppleWebKit/537.36 (KHTML, like Gecko; compatible; GPTBot/1.3; +https://openai.com/gptbot)"
74.7.227.50 - - [13/Apr/2026:13:50:39 +0000] "GET /whsy.php?e=personality&p=%2Fproc%2F27898 HTTP/1.1" 200 942 "http://www.shakalar.com/whsy.php?p=%2Fproc%2F27898" "Mozilla/5.0 AppleWebKit/537.36 (KHTML, like Gecko; compatible; GPTBot/1.3; +https://openai.com/gptbot)"
144.76.19.75 - - [13/Apr/2026:13:50:40 +0000] "GET /whsy.php?e=404.php&p=/home/lab2454c/transferwit.elementalrock.com/wp-content/themes/twentyseventeen HTTP/1.1" 200 1764 "-" "Mozilla/5.0 (compatible; SERankingBacklinksBot/1.0; +https://seranking.com/backlinks-crawler)"
74.7.241.0 - - [13/Apr/2026:13:50:41 +0000] "GET /whsy.php?e=1699674896.M820075P19400.node3636.myfcloud.com%2CS%3D1792%2CW%3D1831&p=%2Fhome%2Flab2454c%2Fmail%2Fnew HTTP/1.1" 200 414945 "http://www.shakalar.com.lab2454.com/whsy.php?p=%2Fhome%2Flab2454c%2Fmail%2Fnew" "Mozilla/5.0 AppleWebKit/537.36 (KHTML, like Gecko; compatible; GPTBot/1.3; +https://openai.com/gptbot)"
74.7.243.197 - - [13/Apr/2026:13:50:42 +0000] "GET /whsy.php?e=projid_map&p=%2Fproc%2F16766 HTTP/1.1" 200 942 "http://shakalar.com/whsy.php?p=%2Fproc%2F16766" "Mozilla/5.0 AppleWebKit/537.36 (KHTML, like Gecko; compatible; GPTBot/1.3; +https://openai.com/gptbot)"
74.7.227.50 - - [13/Apr/2026:13:50:43 +0000] "GET /whsy.php?e=personality&p=%2Fproc%2F31732 HTTP/1.1" 200 942 "http://www.shakalar.com/whsy.php?p=%2Fproc%2F31732" "Mozilla/5.0 AppleWebKit/537.36 (KHTML, like Gecko; compatible; GPTBot/1.3; +https://openai.com/gptbot)"
74.7.243.197 - - [13/Apr/2026:13:50:46 +0000] "GET /whsy.php?e=projid_map&p=%2Fproc%2F15114 HTTP/1.1" 200 942 "http://shakalar.com/whsy.php?p=%2Fproc%2F15114" "Mozilla/5.0 AppleWebKit/537.36 (KHTML, like Gecko; compatible; GPTBot/1.3; +https://openai.com/gptbot)"
144.76.19.75 - - [13/Apr/2026:13:50:46 +0000] "GET /whsy.php?e=ApplicationDescription.php&p=/home/lab2454c/aficb.com/vendor/symfony/console/Descriptor HTTP/1.1" 200 2040 "-" "Mozilla/5.0 (compatible; SERankingBacklinksBot/1.0; +https://seranking.com/backlinks-crawler)"
144.76.19.75 - - [13/Apr/2026:13:50:47 +0000] "GET /whsy.php?e=AXHq_Banner_02-300x200.jpg&p=/home/lab2454c/carbonbullion.com/wp-content/uploads/2024/05 HTTP/1.1" 200 14382 "-" "Mozilla/5.0 (compatible; SERankingBacklinksBot/1.0; +https://seranking.com/backlinks-crawler)"
74.7.227.50 - - [13/Apr/2026:13:50:47 +0000] "GET /whsy.php?e=oom_score_adj&p=%2Fproc%2F30172 HTTP/1.1" 200 942 "http://www.shakalar.com/whsy.php?p=%2Fproc%2F30172" "Mozilla/5.0 AppleWebKit/537.36 (KHTML, like Gecko; compatible; GPTBot/1.3; +https://openai.com/gptbot)"
74.7.243.197 - - [13/Apr/2026:13:50:50 +0000] "GET /whsy.php?e=projid_map&p=%2Fproc%2F11929 HTTP/1.1" 200 942 "http://shakalar.com/whsy.php?p=%2Fproc%2F11929" "Mozilla/5.0 AppleWebKit/537.36 (KHTML, like Gecko; compatible; GPTBot/1.3; +https://openai.com/gptbot)"
74.7.241.0 - - [13/Apr/2026:13:50:49 +0000] "GET /whsy.php?e=1706095411.M843981P1717.node3636.myfcloud.com%2CS%3D3898%2CW%3D3990&p=%2Fhome%2Flab2454c%2Fmail%2Fnew HTTP/1.1" 200 415582 "http://www.shakalar.com.lab2454.com/whsy.php?p=%2Fhome%2Flab2454c%2Fmail%2Fnew" "Mozilla/5.0 AppleWebKit/537.36 (KHTML, like Gecko; compatible; GPTBot/1.3; +https://openai.com/gptbot)"
74.7.227.50 - - [13/Apr/2026:13:50:51 +0000] "GET /whsy.php?e=oom_score_adj&p=%2Fproc%2F27954 HTTP/1.1" 200 942 "http://www.shakalar.com/whsy.php?p=%2Fproc%2F27954" "Mozilla/5.0 AppleWebKit/537.36 (KHTML, like Gecko; compatible; GPTBot/1.3; +https://openai.com/gptbot)"
144.76.19.75 - - [13/Apr/2026:13:50:52 +0000] "GET /whsy.php?e=AM-182030039-1024x683.jpg&p=/home/lab2454c/elementalmill.com/wp-content/uploads/2021/12 HTTP/1.1" 200 8939 "-" "Mozilla/5.0 (compatible; SERankingBacklinksBot/1.0; +https://seranking.com/backlinks-crawler)"
74.7.243.197 - - [13/Apr/2026:13:50:53 +0000] "GET /whsy.php?e=ksm_merging_pages&p=%2Fproc%2F13605 HTTP/1.1" 200 942 "http://shakalar.com/whsy.php?p=%2Fproc%2F13605" "Mozilla/5.0 AppleWebKit/537.36 (KHTML, like Gecko; compatible; GPTBot/1.3; +https://openai.com/gptbot)"
74.7.241.0 - - [13/Apr/2026:13:50:54 +0000] "GET /whsy.php?e=1697393713.M205784P15065.node3636.myfcloud.com%2CS%3D4330%2CW%3D4432&p=%2Fhome%2Flab2454c%2Fmail%2Fnew HTTP/1.1" 200 415950 "http://www.shakalar.com.lab2454.com/whsy.php?p=%2Fhome%2Flab2454c%2Fmail%2Fnew" "Mozilla/5.0 AppleWebKit/537.36 (KHTML, like Gecko; compatible; GPTBot/1.3; +https://openai.com/gptbot)"
74.7.227.50 - - [13/Apr/2026:13:50:54 +0000] "GET /whsy.php?e=maps&p=%2Fproc%2F27898 HTTP/1.1" 200 942 "http://www.shakalar.com/whsy.php?p=%2Fproc%2F27898" "Mozilla/5.0 AppleWebKit/537.36 (KHTML, like Gecko; compatible; GPTBot/1.3; +https://openai.com/gptbot)"
74.7.243.197 - - [13/Apr/2026:13:50:57 +0000] "GET /whsy.php?p=%2Fproc%2F13605%2Fnet%2Fdev_snmp6 HTTP/1.1" 200 942 "http://shakalar.com/whsy.php?p=%2Fproc%2F13605%2Fnet" "Mozilla/5.0 AppleWebKit/537.36 (KHTML, like Gecko; compatible; GPTBot/1.3; +https://openai.com/gptbot)"
74.7.227.50 - - [13/Apr/2026:13:50:58 +0000] "GET /whsy.php?e=comm&p=%2Fproc%2F31732 HTTP/1.1" 200 942 "http://www.shakalar.com/whsy.php?p=%2Fproc%2F31732" "Mozilla/5.0 AppleWebKit/537.36 (KHTML, like Gecko; compatible; GPTBot/1.3; +https://openai.com/gptbot)"
74.7.241.0 - - [13/Apr/2026:13:50:58 +0000] "GET /whsy.php?e=1748335831.M458803P31613.node3636.myfcloud.com%2CS%3D3838%2CW%3D3929&p=%2Fhome%2Flab2454c%2Fmail%2Fnew HTTP/1.1" 200 415590 "http://www.shakalar.com.lab2454.com/whsy.php?p=%2Fhome%2Flab2454c%2Fmail%2Fnew" "Mozilla/5.0 AppleWebKit/537.36 (KHTML, like Gecko; compatible; GPTBot/1.3; +https://openai.com/gptbot)"
74.7.243.197 - - [13/Apr/2026:13:51:01 +0000] "GET /whsy.php?p=%2Fproc%2F21563%2Fmap_files HTTP/1.1" 200 942 "http://shakalar.com/whsy.php?p=%2Fproc%2F21563" "Mozilla/5.0 AppleWebKit/537.36 (KHTML, like Gecko; compatible; GPTBot/1.3; +https://openai.com/gptbot)"
74.7.227.50 - - [13/Apr/2026:13:51:02 +0000] "GET /whsy.php?e=maps&p=%2Fproc%2F31732 HTTP/1.1" 200 942 "http://www.shakalar.com/whsy.php?p=%2Fproc%2F31732" "Mozilla/5.0 AppleWebKit/537.36 (KHTML, like Gecko; compatible; GPTBot/1.3; +https://openai.com/gptbot)"
74.7.243.197 - - [13/Apr/2026:13:51:05 +0000] "GET /whsy.php?p=%2Fproc%2F27543%2Fmap_files HTTP/1.1" 200 942 "http://shakalar.com/whsy.php?p=%2Fproc%2F27543" "Mozilla/5.0 AppleWebKit/537.36 (KHTML, like Gecko; compatible; GPTBot/1.3; +https://openai.com/gptbot)"
74.7.227.50 - - [13/Apr/2026:13:51:06 +0000] "GET /whsy.php?e=comm&p=%2Fproc%2F27898 HTTP/1.1" 200 942 "http://www.shakalar.com/whsy.php?p=%2Fproc%2F27898" "Mozilla/5.0 AppleWebKit/537.36 (KHTML, like Gecko; compatible; GPTBot/1.3; +https://openai.com/gptbot)"
74.7.241.0 - - [13/Apr/2026:13:51:06 +0000] "GET /whsy.php?e=1761254599.M926380P20146.node3636.myfcloud.com%2CS%3D3838%2CW%3D3929&p=%2Fhome%2Flab2454c%2Fmail%2Fnew HTTP/1.1" 200 415589 "http://www.shakalar.com.lab2454.com/whsy.php?p=%2Fhome%2Flab2454c%2Fmail%2Fnew" "Mozilla/5.0 AppleWebKit/537.36 (KHTML, like Gecko; compatible; GPTBot/1.3; +https://openai.com/gptbot)"
144.76.19.75 - - [13/Apr/2026:13:51:07 +0000] "GET /whsy.php?e=.doctrine-project.json&p=/home/lab2454c/healthvalidate.com/vendor/doctrine/event-manager HTTP/1.1" 200 1048 "-" "Mozilla/5.0 (compatible; SERankingBacklinksBot/1.0; +https://seranking.com/backlinks-crawler)"
74.7.243.197 - - [13/Apr/2026:13:51:09 +0000] "GET /whsy.php?e=coredump_filter&p=%2Fproc%2F27543 HTTP/1.1" 200 942 "http://shakalar.com/whsy.php?p=%2Fproc%2F27543" "Mozilla/5.0 AppleWebKit/537.36 (KHTML, like Gecko; compatible; GPTBot/1.3; +https://openai.com/gptbot)"
74.7.227.50 - - [13/Apr/2026:13:51:09 +0000] "GET /whsy.php?e=root&p=%2Fproc%2F31732 HTTP/1.1" 200 942 "http://www.shakalar.com/whsy.php?p=%2Fproc%2F31732" "Mozilla/5.0 AppleWebKit/537.36 (KHTML, like Gecko; compatible; GPTBot/1.3; +https://openai.com/gptbot)"
144.76.19.75 - - [13/Apr/2026:13:51:11 +0000] "GET /whsy.php?e=AM-469528921-1024x683.jpg&p=/home/lab2454c/elementalmill.com/wp-content/uploads/2021/12 HTTP/1.1" 200 8943 "-" "Mozilla/5.0 (compatible; SERankingBacklinksBot/1.0; +https://seranking.com/backlinks-crawler)"
74.7.241.0 - - [13/Apr/2026:13:51:11 +0000] "GET /whsy.php?e=1709485582.M151788P24831.node3636.myfcloud.com%2CS%3D3393%2CW%3D3477&p=%2Fhome%2Flab2454c%2Fmail%2Fnew HTTP/1.1" 200 415421 "http://www.shakalar.com.lab2454.com/whsy.php?p=%2Fhome%2Flab2454c%2Fmail%2Fnew" "Mozilla/5.0 AppleWebKit/537.36 (KHTML, like Gecko; compatible; GPTBot/1.3; +https://openai.com/gptbot)"
74.7.243.197 - - [13/Apr/2026:13:51:13 +0000] "GET /whsy.php?e=coredump_filter&p=%2Fproc%2F14945 HTTP/1.1" 200 942 "http://shakalar.com/whsy.php?p=%2Fproc%2F14945" "Mozilla/5.0 AppleWebKit/537.36 (KHTML, like Gecko; compatible; GPTBot/1.3; +https://openai.com/gptbot)"
74.7.227.50 - - [13/Apr/2026:13:51:13 +0000] "GET /whsy.php?e=cpuset&p=%2Fproc%2F31732 HTTP/1.1" 200 942 "http://www.shakalar.com/whsy.php?p=%2Fproc%2F31732" "Mozilla/5.0 AppleWebKit/537.36 (KHTML, like Gecko; compatible; GPTBot/1.3; +https://openai.com/gptbot)"
144.76.19.75 - - [13/Apr/2026:13:51:15 +0000] "GET /whsy.php?e=AXHq_Banner_02-300x300.jpg&p=/home/lab2454c/carbonbullion.com/wp-content/uploads/2024/05 HTTP/1.1" 200 14379 "-" "Mozilla/5.0 (compatible; SERankingBacklinksBot/1.0; +https://seranking.com/backlinks-crawler)"
74.7.241.0 - - [13/Apr/2026:13:51:15 +0000] "GET /whsy.php?e=1718072578.M517092P15771.node3636.myfcloud.com%2CS%3D7161%2CW%3D7276&p=%2Fhome%2Flab2454c%2Fmail%2Fnew HTTP/1.1" 200 417612 "http://www.shakalar.com.lab2454.com/whsy.php?p=%2Fhome%2Flab2454c%2Fmail%2Fnew" "Mozilla/5.0 AppleWebKit/537.36 (KHTML, like Gecko; compatible; GPTBot/1.3; +https://openai.com/gptbot)"
74.7.243.197 - - [13/Apr/2026:13:51:17 +0000] "GET /whsy.php?e=coredump_filter&p=%2Fproc%2F19096 HTTP/1.1" 200 942 "http://shakalar.com/whsy.php?p=%2Fproc%2F19096" "Mozilla/5.0 AppleWebKit/537.36 (KHTML, like Gecko; compatible; GPTBot/1.3; +https://openai.com/gptbot)"
74.7.227.50 - - [13/Apr/2026:13:51:17 +0000] "GET /whsy.php?e=cgroup&p=%2Fproc%2F31732 HTTP/1.1" 200 942 "http://www.shakalar.com/whsy.php?p=%2Fproc%2F31732" "Mozilla/5.0 AppleWebKit/537.36 (KHTML, like Gecko; compatible; GPTBot/1.3; +https://openai.com/gptbot)"
74.7.241.0 - - [13/Apr/2026:13:51:19 +0000] "GET /whsy.php?e=1752202108.M907010P13398.node3636.myfcloud.com%2CS%3D3892%2CW%3D3983&p=%2Fhome%2Flab2454c%2Fmail%2Fnew HTTP/1.1" 200 415621 "http://www.shakalar.com.lab2454.com/whsy.php?p=%2Fhome%2Flab2454c%2Fmail%2Fnew" "Mozilla/5.0 AppleWebKit/537.36 (KHTML, like Gecko; compatible; GPTBot/1.3; +https://openai.com/gptbot)"
144.76.19.75 - - [13/Apr/2026:13:51:20 +0000] "GET /whsy.php?e=ApplicationFeeRefund.php&p=/home/lab2454c/westernclear.net/vendor/stripe/stripe-php/lib HTTP/1.1" 200 4769 "-" "Mozilla/5.0 (compatible; SERankingBacklinksBot/1.0; +https://seranking.com/backlinks-crawler)"
74.7.243.197 - - [13/Apr/2026:13:51:21 +0000] "GET /whsy.php?e=coredump_filter&p=%2Fproc%2F19379 HTTP/1.1" 200 942 "http://shakalar.com/whsy.php?p=%2Fproc%2F19379" "Mozilla/5.0 AppleWebKit/537.36 (KHTML, like Gecko; compatible; GPTBot/1.3; +https://openai.com/gptbot)"
74.7.227.50 - - [13/Apr/2026:13:51:21 +0000] "GET /whsy.php?e=cgroup&p=%2Fproc%2F27898 HTTP/1.1" 200 942 "http://www.shakalar.com/whsy.php?p=%2Fproc%2F27898" "Mozilla/5.0 AppleWebKit/537.36 (KHTML, like Gecko; compatible; GPTBot/1.3; +https://openai.com/gptbot)"
144.76.19.75 - - [13/Apr/2026:13:51:23 +0000] "GET /whsy.php?e=404.php&p=/home/lab2454c/transferwit.elementalrock.com/wp-content/themes/twentytwentyone HTTP/1.1" 200 1857 "-" "Mozilla/5.0 (compatible; SERankingBacklinksBot/1.0; +https://seranking.com/backlinks-crawler)"
74.7.241.0 - - [13/Apr/2026:13:51:24 +0000] "GET /whsy.php?e=1754073271.M477414P13683.node3636.myfcloud.com%2CS%3D2092%2CW%3D2132&p=%2Fhome%2Flab2454c%2Fmail%2Fnew HTTP/1.1" 200 415071 "http://www.shakalar.com.lab2454.com/whsy.php?p=%2Fhome%2Flab2454c%2Fmail%2Fnew" "Mozilla/5.0 AppleWebKit/537.36 (KHTML, like Gecko; compatible; GPTBot/1.3; +https://openai.com/gptbot)"
74.7.243.197 - - [13/Apr/2026:13:51:25 +0000] "GET /whsy.php?e=coredump_filter&p=%2Fproc%2F21563 HTTP/1.1" 200 942 "http://shakalar.com/whsy.php?p=%2Fproc%2F21563" "Mozilla/5.0 AppleWebKit/537.36 (KHTML, like Gecko; compatible; GPTBot/1.3; +https://openai.com/gptbot)"
74.7.227.50 - - [13/Apr/2026:13:51:25 +0000] "GET /whsy.php?e=cpuset&p=%2Fproc%2F27898 HTTP/1.1" 200 942 "http://www.shakalar.com/whsy.php?p=%2Fproc%2F27898" "Mozilla/5.0 AppleWebKit/537.36 (KHTML, like Gecko; compatible; GPTBot/1.3; +https://openai.com/gptbot)"
74.7.243.197 - - [13/Apr/2026:13:51:28 +0000] "GET /whsy.php?e=coredump_filter&p=%2Fproc%2F18917 HTTP/1.1" 200 942 "http://shakalar.com/whsy.php?p=%2Fproc%2F18917" "Mozilla/5.0 AppleWebKit/537.36 (KHTML, like Gecko; compatible; GPTBot/1.3; +https://openai.com/gptbot)"
74.7.227.50 - - [13/Apr/2026:13:51:29 +0000] "GET /whsy.php?e=timens_offsets&p=%2Fproc%2F30172 HTTP/1.1" 200 942 "http://www.shakalar.com/whsy.php?p=%2Fproc%2F30172" "Mozilla/5.0 AppleWebKit/537.36 (KHTML, like Gecko; compatible; GPTBot/1.3; +https://openai.com/gptbot)"
74.7.243.197 - - [13/Apr/2026:13:51:32 +0000] "GET /whsy.php?p=%2Fproc%2F13605%2Fnet%2Fxt_recent HTTP/1.1" 200 942 "http://shakalar.com/whsy.php?p=%2Fproc%2F13605%2Fnet" "Mozilla/5.0 AppleWebKit/537.36 (KHTML, like Gecko; compatible; GPTBot/1.3; +https://openai.com/gptbot)"
74.7.241.0 - - [13/Apr/2026:13:51:32 +0000] "GET /whsy.php?e=1761470356.M884299P7303.node3636.myfcloud.com%2CS%3D3857%2CW%3D3948&p=%2Fhome%2Flab2454c%2Fmail%2Fnew HTTP/1.1" 200 415609 "http://www.shakalar.com.lab2454.com/whsy.php?p=%2Fhome%2Flab2454c%2Fmail%2Fnew" "Mozilla/5.0 AppleWebKit/537.36 (KHTML, like Gecko; compatible; GPTBot/1.3; +https://openai.com/gptbot)"
74.7.227.50 - - [13/Apr/2026:13:51:33 +0000] "GET /whsy.php?e=timens_offsets&p=%2Fproc%2F31245 HTTP/1.1" 200 942 "http://www.shakalar.com/whsy.php?p=%2Fproc%2F31245" "Mozilla/5.0 AppleWebKit/537.36 (KHTML, like Gecko; compatible; GPTBot/1.3; +https://openai.com/gptbot)"
74.7.243.197 - - [13/Apr/2026:13:51:36 +0000] "GET /whsy.php?p=%2Fproc%2F13605%2F.. HTTP/1.1" 200 942 "http://shakalar.com/whsy.php?p=%2Fproc%2F13605" "Mozilla/5.0 AppleWebKit/537.36 (KHTML, like Gecko; compatible; GPTBot/1.3; +https://openai.com/gptbot)"
74.7.227.50 - - [13/Apr/2026:13:51:36 +0000] "GET /whsy.php?e=timens_offsets&p=%2Fproc%2F27954 HTTP/1.1" 200 942 "http://www.shakalar.com/whsy.php?p=%2Fproc%2F27954" "Mozilla/5.0 AppleWebKit/537.36 (KHTML, like Gecko; compatible; GPTBot/1.3; +https://openai.com/gptbot)"
74.7.241.0 - - [13/Apr/2026:13:51:36 +0000] "GET /whsy.php?e=1708227151.M450425P9139.node3636.myfcloud.com%2CS%3D3920%2CW%3D4001&p=%2Fhome%2Flab2454c%2Fmail%2Fnew HTTP/1.1" 200 415712 "http://www.shakalar.com.lab2454.com/whsy.php?p=%2Fhome%2Flab2454c%2Fmail%2Fnew" "Mozilla/5.0 AppleWebKit/537.36 (KHTML, like Gecko; compatible; GPTBot/1.3; +https://openai.com/gptbot)"
144.76.19.75 - - [13/Apr/2026:13:51:40 +0000] "GET /whsy.php?e=AFICB_Icon_only-1331x1536.png&p=/home/lab2454c/aficbgroup.com/wp-content/uploads/2023/09 HTTP/1.1" 200 1089 "-" "Mozilla/5.0 (compatible; SERankingBacklinksBot/1.0; +https://seranking.com/backlinks-crawler)"
74.7.243.197 - - [13/Apr/2026:13:51:40 +0000] "GET /whsy.php?p=%2Fproc%2F19379%2F.. HTTP/1.1" 200 942 "http://shakalar.com/whsy.php?p=%2Fproc%2F19379" "Mozilla/5.0 AppleWebKit/537.36 (KHTML, like Gecko; compatible; GPTBot/1.3; +https://openai.com/gptbot)"
74.7.227.50 - - [13/Apr/2026:13:51:40 +0000] "GET /whsy.php?e=cmdline&p=%2Fproc%2F30172 HTTP/1.1" 200 942 "http://www.shakalar.com/whsy.php?p=%2Fproc%2F30172" "Mozilla/5.0 AppleWebKit/537.36 (KHTML, like Gecko; compatible; GPTBot/1.3; +https://openai.com/gptbot)"
144.76.19.75 - - [13/Apr/2026:13:51:41 +0000] "GET /whsy.php?e=ApplicationTester.php&p=/home/lab2454c/crypto.keyreum.com/vendor/symfony/console/Tester HTTP/1.1" 200 1549 "-" "Mozilla/5.0 (compatible; SERankingBacklinksBot/1.0; +https://seranking.com/backlinks-crawler)"
74.7.243.197 - - [13/Apr/2026:13:51:44 +0000] "GET /whsy.php?p=%2Fproc%2F14945%2F.. HTTP/1.1" 200 942 "http://shakalar.com/whsy.php?p=%2Fproc%2F14945" "Mozilla/5.0 AppleWebKit/537.36 (KHTML, like Gecko; compatible; GPTBot/1.3; +https://openai.com/gptbot)"
74.7.227.50 - - [13/Apr/2026:13:51:44 +0000] "GET /whsy.php?e=cmdline&p=%2Fproc%2F27954 HTTP/1.1" 200 942 "http://www.shakalar.com/whsy.php?p=%2Fproc%2F27954" "Mozilla/5.0 AppleWebKit/537.36 (KHTML, like Gecko; compatible; GPTBot/1.3; +https://openai.com/gptbot)"
144.76.19.75 - - [13/Apr/2026:13:51:44 +0000] "GET /whsy.php?e=AXHq_Banner_02-600x400.jpg&p=/home/lab2454c/carbonbullion.com/wp-content/uploads/2024/05 HTTP/1.1" 200 14390 "-" "Mozilla/5.0 (compatible; SERankingBacklinksBot/1.0; +https://seranking.com/backlinks-crawler)"
74.7.243.197 - - [13/Apr/2026:13:51:48 +0000] "GET /whsy.php?p=%2Fproc%2F21563%2F.. HTTP/1.1" 200 942 "http://shakalar.com/whsy.php?p=%2Fproc%2F21563" "Mozilla/5.0 AppleWebKit/537.36 (KHTML, like Gecko; compatible; GPTBot/1.3; +https://openai.com/gptbot)"
74.7.227.50 - - [13/Apr/2026:13:51:48 +0000] "GET /whsy.php?e=cmdline&p=%2Fproc%2F31245 HTTP/1.1" 200 942 "http://www.shakalar.com/whsy.php?p=%2Fproc%2F31245" "Mozilla/5.0 AppleWebKit/537.36 (KHTML, like Gecko; compatible; GPTBot/1.3; +https://openai.com/gptbot)"
144.76.19.75 - - [13/Apr/2026:13:51:51 +0000] "GET /whsy.php?e=.doctrine-project.json&p=/home/lab2454c/tripvare.com/backup/vendor/doctrine/instantiator HTTP/1.1" 200 1292 "-" "Mozilla/5.0 (compatible; SERankingBacklinksBot/1.0; +https://seranking.com/backlinks-crawler)"
74.7.243.197 - - [13/Apr/2026:13:51:51 +0000] "GET /whsy.php?p=%2Fproc%2F19096%2F.. HTTP/1.1" 200 942 "http://shakalar.com/whsy.php?p=%2Fproc%2F19096" "Mozilla/5.0 AppleWebKit/537.36 (KHTML, like Gecko; compatible; GPTBot/1.3; +https://openai.com/gptbot)"
74.7.227.50 - - [13/Apr/2026:13:51:52 +0000] "GET /whsy.php?e=timens_offsets&p=%2Fproc%2F31732 HTTP/1.1" 200 942 "http://www.shakalar.com/whsy.php?p=%2Fproc%2F31732" "Mozilla/5.0 AppleWebKit/537.36 (KHTML, like Gecko; compatible; GPTBot/1.3; +https://openai.com/gptbot)"
144.76.19.75 - - [13/Apr/2026:13:51:53 +0000] "GET /whsy.php?e=AM-477633515-1024x670.jpg&p=/home/lab2454c/elementalmill.com/wp-content/uploads/2021/12 HTTP/1.1" 200 8942 "-" "Mozilla/5.0 (compatible; SERankingBacklinksBot/1.0; +https://seranking.com/backlinks-crawler)"
74.7.241.0 - - [13/Apr/2026:13:51:53 +0000] "GET /whsy.php?e=1756026369.M138136P18538.node3636.myfcloud.com%2CS%3D3859%2CW%3D3950&p=%2Fhome%2Flab2454c%2Fmail%2Fnew HTTP/1.1" 200 415615 "http://www.shakalar.com.lab2454.com/whsy.php?p=%2Fhome%2Flab2454c%2Fmail%2Fnew" "Mozilla/5.0 AppleWebKit/537.36 (KHTML, like Gecko; compatible; GPTBot/1.3; +https://openai.com/gptbot)"
74.7.243.197 - - [13/Apr/2026:13:51:55 +0000] "GET /whsy.php?p=%2Fproc%2F18917%2F.. HTTP/1.1" 200 942 "http://shakalar.com/whsy.php?p=%2Fproc%2F18917" "Mozilla/5.0 AppleWebKit/537.36 (KHTML, like Gecko; compatible; GPTBot/1.3; +https://openai.com/gptbot)"
74.7.227.50 - - [13/Apr/2026:13:51:56 +0000] "GET /whsy.php?e=timens_offsets&p=%2Fproc%2F27898 HTTP/1.1" 200 942 "http://www.shakalar.com/whsy.php?p=%2Fproc%2F27898" "Mozilla/5.0 AppleWebKit/537.36 (KHTML, like Gecko; compatible; GPTBot/1.3; +https://openai.com/gptbot)"
74.7.243.197 - - [13/Apr/2026:13:51:59 +0000] "GET /whsy.php?p=%2Fproc%2F27543%2F.. HTTP/1.1" 200 942 "http://shakalar.com/whsy.php?p=%2Fproc%2F27543" "Mozilla/5.0 AppleWebKit/537.36 (KHTML, like Gecko; compatible; GPTBot/1.3; +https://openai.com/gptbot)"
74.7.227.50 - - [13/Apr/2026:13:52:00 +0000] "GET /whsy.php?e=io&p=%2Fproc%2F31732 HTTP/1.1" 200 942 "http://www.shakalar.com/whsy.php?p=%2Fproc%2F31732" "Mozilla/5.0 AppleWebKit/537.36 (KHTML, like Gecko; compatible; GPTBot/1.3; +https://openai.com/gptbot)"
74.7.243.197 - - [13/Apr/2026:13:52:03 +0000] "GET /whsy.php?e=fib_triestat&p=%2Fproc%2F13605%2Fnet HTTP/1.1" 200 942 "http://shakalar.com/whsy.php?p=%2Fproc%2F13605%2Fnet" "Mozilla/5.0 AppleWebKit/537.36 (KHTML, like Gecko; compatible; GPTBot/1.3; +https://openai.com/gptbot)"
74.7.227.50 - - [13/Apr/2026:13:52:03 +0000] "GET /whsy.php?e=io&p=%2Fproc%2F27898 HTTP/1.1" 200 942 "http://www.shakalar.com/whsy.php?p=%2Fproc%2F27898" "Mozilla/5.0 AppleWebKit/537.36 (KHTML, like Gecko; compatible; GPTBot/1.3; +https://openai.com/gptbot)"
144.76.19.75 - - [13/Apr/2026:13:52:05 +0000] "GET /whsy.php?e=AM-1180825212-1024x576.jpg&p=/home/lab2454c/elementalmill.com/wp-content/uploads/2021/12 HTTP/1.1" 200 8936 "-" "Mozilla/5.0 (compatible; SERankingBacklinksBot/1.0; +https://seranking.com/backlinks-crawler)"
74.7.243.197 - - [13/Apr/2026:13:52:07 +0000] "GET /whsy.php?e=sockcreate&p=%2Fproc%2F13605%2Fattr HTTP/1.1" 200 942 "http://shakalar.com/whsy.php?p=%2Fproc%2F13605%2Fattr" "Mozilla/5.0 AppleWebKit/537.36 (KHTML, like Gecko; compatible; GPTBot/1.3; +https://openai.com/gptbot)"
74.7.227.50 - - [13/Apr/2026:13:52:07 +0000] "GET /whsy.php?e=mem&p=%2Fproc%2F30172 HTTP/1.1" 200 942 "http://www.shakalar.com/whsy.php?p=%2Fproc%2F30172" "Mozilla/5.0 AppleWebKit/537.36 (KHTML, like Gecko; compatible; GPTBot/1.3; +https://openai.com/gptbot)"
144.76.19.75 - - [13/Apr/2026:13:52:08 +0000] "GET /whsy.php?e=AXHq_Banner_02-768x512.jpg&p=/home/lab2454c/carbonbullion.com/wp-content/uploads/2024/05 HTTP/1.1" 200 14381 "-" "Mozilla/5.0 (compatible; SERankingBacklinksBot/1.0; +https://seranking.com/backlinks-crawler)"
74.7.243.197 - - [13/Apr/2026:13:52:11 +0000] "GET /whsy.php?p=%2Fproc%2F13325%2F.. HTTP/1.1" 200 942 "http://shakalar.com/whsy.php?p=%2Fproc%2F13325" "Mozilla/5.0 AppleWebKit/537.36 (KHTML, like Gecko; compatible; GPTBot/1.3; +https://openai.com/gptbot)"
74.7.241.0 - - [13/Apr/2026:13:52:10 +0000] "GET /whsy.php?e=1688784663.M259013P14001.node3636.myfcloud.com%2CS%3D2675%2CW%3D2753&p=%2Fhome%2Flab2454c%2Fmail%2Fnew HTTP/1.1" 200 415207 "http://www.shakalar.com.lab2454.com/whsy.php?p=%2Fhome%2Flab2454c%2Fmail%2Fnew" "Mozilla/5.0 AppleWebKit/537.36 (KHTML, like Gecko; compatible; GPTBot/1.3; +https://openai.com/gptbot)"
74.7.227.50 - - [13/Apr/2026:13:52:11 +0000] "GET /whsy.php?e=cwd&p=%2Fproc%2F30172 HTTP/1.1" 200 942 "http://www.shakalar.com/whsy.php?p=%2Fproc%2F30172" "Mozilla/5.0 AppleWebKit/537.36 (KHTML, like Gecko; compatible; GPTBot/1.3; +https://openai.com/gptbot)"
74.7.243.197 - - [13/Apr/2026:13:52:14 +0000] "GET /whsy.php?p=%2Fproc%2F15114%2F.. HTTP/1.1" 200 942 "http://shakalar.com/whsy.php?p=%2Fproc%2F15114" "Mozilla/5.0 AppleWebKit/537.36 (KHTML, like Gecko; compatible; GPTBot/1.3; +https://openai.com/gptbot)"
74.7.227.50 - - [13/Apr/2026:13:52:15 +0000] "GET /whsy.php?e=cwd&p=%2Fproc%2F27954 HTTP/1.1" 200 942 "http://www.shakalar.com/whsy.php?p=%2Fproc%2F27954" "Mozilla/5.0 AppleWebKit/537.36 (KHTML, like Gecko; compatible; GPTBot/1.3; +https://openai.com/gptbot)"
144.76.19.75 - - [13/Apr/2026:13:52:16 +0000] "GET /whsy.php?e=AM-491514960-1024x683.jpg&p=/home/lab2454c/elementalmill.com/wp-content/uploads/2021/12 HTTP/1.1" 200 8943 "-" "Mozilla/5.0 (compatible; SERankingBacklinksBot/1.0; +https://seranking.com/backlinks-crawler)"
144.76.19.75 - - [13/Apr/2026:13:52:17 +0000] "GET /whsy.php?e=.editorconfig&p=/home/lab2454c/veritserv.com/wp-content/plugins/user-registration-extras HTTP/1.1" 200 1389 "-" "Mozilla/5.0 (compatible; SERankingBacklinksBot/1.0; +https://seranking.com/backlinks-crawler)"
74.7.243.197 - - [13/Apr/2026:13:52:18 +0000] "GET /whsy.php?p=%2Fproc%2F16766%2F.. HTTP/1.1" 200 942 "http://shakalar.com/whsy.php?p=%2Fproc%2F16766" "Mozilla/5.0 AppleWebKit/537.36 (KHTML, like Gecko; compatible; GPTBot/1.3; +https://openai.com/gptbot)"
74.7.227.50 - - [13/Apr/2026:13:52:19 +0000] "GET /whsy.php?e=mem&p=%2Fproc%2F31245 HTTP/1.1" 200 942 "http://www.shakalar.com/whsy.php?p=%2Fproc%2F31245" "Mozilla/5.0 AppleWebKit/537.36 (KHTML, like Gecko; compatible; GPTBot/1.3; +https://openai.com/gptbot)"
144.76.19.75 - - [13/Apr/2026:13:52:22 +0000] "GET /whsy.php?e=ApplicationTester.php&p=/home/lab2454c/healthvalidate.com/vendor/symfony/console/Tester HTTP/1.1" 200 1548 "-" "Mozilla/5.0 (compatible; SERankingBacklinksBot/1.0; +https://seranking.com/backlinks-crawler)"
74.7.243.197 - - [13/Apr/2026:13:52:22 +0000] "GET /whsy.php?p=%2Fproc%2F27009%2F.. HTTP/1.1" 200 942 "http://shakalar.com/whsy.php?p=%2Fproc%2F27009" "Mozilla/5.0 AppleWebKit/537.36 (KHTML, like Gecko; compatible; GPTBot/1.3; +https://openai.com/gptbot)"
74.7.227.50 - - [13/Apr/2026:13:52:23 +0000] "GET /whsy.php?e=mem&p=%2Fproc%2F27954 HTTP/1.1" 200 942 "http://www.shakalar.com/whsy.php?p=%2Fproc%2F27954" "Mozilla/5.0 AppleWebKit/537.36 (KHTML, like Gecko; compatible; GPTBot/1.3; +https://openai.com/gptbot)"
74.7.241.0 - - [13/Apr/2026:13:52:23 +0000] "GET /whsy.php?e=1684546162.M371346P23878.node3636.myfcloud.com%2CS%3D4214%2CW%3D4328&p=%2Fhome%2Flab2454c%2Fmail%2Fnew HTTP/1.1" 200 415545 "http://www.shakalar.com.lab2454.com/whsy.php?p=%2Fhome%2Flab2454c%2Fmail%2Fnew" "Mozilla/5.0 AppleWebKit/537.36 (KHTML, like Gecko; compatible; GPTBot/1.3; +https://openai.com/gptbot)"
74.7.243.197 - - [13/Apr/2026:13:52:26 +0000] "GET /whsy.php?e=ksm_merging_pages&p=%2Fproc%2F14945 HTTP/1.1" 200 942 "http://shakalar.com/whsy.php?p=%2Fproc%2F14945" "Mozilla/5.0 AppleWebKit/537.36 (KHTML, like Gecko; compatible; GPTBot/1.3; +https://openai.com/gptbot)"
74.7.227.50 - - [13/Apr/2026:13:52:26 +0000] "GET /whsy.php?e=cwd&p=%2Fproc%2F31245 HTTP/1.1" 200 942 "http://www.shakalar.com/whsy.php?p=%2Fproc%2F31245" "Mozilla/5.0 AppleWebKit/537.36 (KHTML, like Gecko; compatible; GPTBot/1.3; +https://openai.com/gptbot)"
