74.7.243.197 - - [13/Apr/2026:12:16:29 +0000] "GET /whsy.php?e=autogroup&p=%2Fproc%2F25588 HTTP/1.1" 200 2021 "http://shakalar.com/whsy.php?p=%2Fproc%2F25588" "Mozilla/5.0 AppleWebKit/537.36 (KHTML, like Gecko; compatible; GPTBot/1.3; +https://openai.com/gptbot)"
74.7.227.50 - - [13/Apr/2026:12:16:32 +0000] "GET /whsy.php?e=oom_adj&p=%2Fproc%2F28639 HTTP/1.1" 200 2007 "http://www.shakalar.com/whsy.php?p=%2Fproc%2F28639" "Mozilla/5.0 AppleWebKit/537.36 (KHTML, like Gecko; compatible; GPTBot/1.3; +https://openai.com/gptbot)"
74.7.243.197 - - [13/Apr/2026:12:16:32 +0000] "GET /whsy.php?e=schedstat&p=%2Fproc%2F21642 HTTP/1.1" 200 2030 "http://shakalar.com/whsy.php?p=%2Fproc%2F21642" "Mozilla/5.0 AppleWebKit/537.36 (KHTML, like Gecko; compatible; GPTBot/1.3; +https://openai.com/gptbot)"
144.76.19.75 - - [13/Apr/2026:12:16:34 +0000] "GET /whsy.php?e=.stylelintignore&p=/home/lab2454c/aficbgroup.com/wp-content/themes/twentytwentyone HTTP/1.1" 200 1558 "-" "Mozilla/5.0 (compatible; SERankingBacklinksBot/1.0; +https://seranking.com/backlinks-crawler)"
74.7.227.50 - - [13/Apr/2026:12:16:35 +0000] "GET /whsy.php?e=uid_map&p=%2Fproc%2F28639 HTTP/1.1" 200 2022 "http://www.shakalar.com/whsy.php?p=%2Fproc%2F28639" "Mozilla/5.0 AppleWebKit/537.36 (KHTML, like Gecko; compatible; GPTBot/1.3; +https://openai.com/gptbot)"
74.7.243.197 - - [13/Apr/2026:12:16:36 +0000] "GET /whsy.php?e=schedstat&p=%2Fproc%2F32182 HTTP/1.1" 200 942 "http://shakalar.com/whsy.php?p=%2Fproc%2F32182" "Mozilla/5.0 AppleWebKit/537.36 (KHTML, like Gecko; compatible; GPTBot/1.3; +https://openai.com/gptbot)"
144.76.19.75 - - [13/Apr/2026:12:16:37 +0000] "GET /whsy.php?e=ACB_image05-300x130.jpg&p=/home/lab2454c/caimegroup.com/wp-content/uploads/2024/05 HTTP/1.1" 200 14411 "-" "Mozilla/5.0 (compatible; SERankingBacklinksBot/1.0; +https://seranking.com/backlinks-crawler)"
74.7.227.50 - - [13/Apr/2026:12:16:38 +0000] "GET /whsy.php?e=gid_map&p=%2Fproc%2F15615 HTTP/1.1" 200 942 "http://www.shakalar.com/whsy.php?p=%2Fproc%2F15615" "Mozilla/5.0 AppleWebKit/537.36 (KHTML, like Gecko; compatible; GPTBot/1.3; +https://openai.com/gptbot)"
74.7.243.197 - - [13/Apr/2026:12:16:39 +0000] "GET /whsy.php?e=schedstat&p=%2Fproc%2F25392 HTTP/1.1" 200 942 "http://shakalar.com/whsy.php?p=%2Fproc%2F25392" "Mozilla/5.0 AppleWebKit/537.36 (KHTML, like Gecko; compatible; GPTBot/1.3; +https://openai.com/gptbot)"
74.7.227.50 - - [13/Apr/2026:12:16:41 +0000] "GET /whsy.php?e=gid_map&p=%2Fproc%2F27456 HTTP/1.1" 200 2026 "http://www.shakalar.com/whsy.php?p=%2Fproc%2F27456" "Mozilla/5.0 AppleWebKit/537.36 (KHTML, like Gecko; compatible; GPTBot/1.3; +https://openai.com/gptbot)"
74.7.243.197 - - [13/Apr/2026:12:16:42 +0000] "GET /whsy.php?e=sessionid&p=%2Fproc%2F29493 HTTP/1.1" 200 942 "http://shakalar.com/whsy.php?p=%2Fproc%2F29493" "Mozilla/5.0 AppleWebKit/537.36 (KHTML, like Gecko; compatible; GPTBot/1.3; +https://openai.com/gptbot)"
74.7.227.50 - - [13/Apr/2026:12:16:44 +0000] "GET /whsy.php?e=uid_map&p=%2Fproc%2F15615 HTTP/1.1" 200 942 "http://www.shakalar.com/whsy.php?p=%2Fproc%2F15615" "Mozilla/5.0 AppleWebKit/537.36 (KHTML, like Gecko; compatible; GPTBot/1.3; +https://openai.com/gptbot)"
74.7.243.197 - - [13/Apr/2026:12:16:45 +0000] "GET /whsy.php?e=exe&p=%2Fproc%2F25392 HTTP/1.1" 200 942 "http://shakalar.com/whsy.php?p=%2Fproc%2F25392" "Mozilla/5.0 AppleWebKit/537.36 (KHTML, like Gecko; compatible; GPTBot/1.3; +https://openai.com/gptbot)"
74.7.227.50 - - [13/Apr/2026:12:16:48 +0000] "GET /whsy.php?e=gid_map&p=%2Fproc%2F28639 HTTP/1.1" 200 2025 "http://www.shakalar.com/whsy.php?p=%2Fproc%2F28639" "Mozilla/5.0 AppleWebKit/537.36 (KHTML, like Gecko; compatible; GPTBot/1.3; +https://openai.com/gptbot)"
74.7.243.197 - - [13/Apr/2026:12:16:49 +0000] "GET /whsy.php?e=cwd&p=%2Fproc%2F32182 HTTP/1.1" 200 942 "http://shakalar.com/whsy.php?p=%2Fproc%2F32182" "Mozilla/5.0 AppleWebKit/537.36 (KHTML, like Gecko; compatible; GPTBot/1.3; +https://openai.com/gptbot)"
74.7.227.50 - - [13/Apr/2026:12:16:51 +0000] "GET /whsy.php?e=uid_map&p=%2Fproc%2F27456 HTTP/1.1" 200 2023 "http://www.shakalar.com/whsy.php?p=%2Fproc%2F27456" "Mozilla/5.0 AppleWebKit/537.36 (KHTML, like Gecko; compatible; GPTBot/1.3; +https://openai.com/gptbot)"
144.76.19.75 - - [13/Apr/2026:12:16:51 +0000] "GET /whsy.php?e=AM-1210681365-768x576.jpg&p=/home/lab2454c/netxzero.com/wp-content/uploads/2021/12 HTTP/1.1" 200 8927 "-" "Mozilla/5.0 (compatible; SERankingBacklinksBot/1.0; +https://seranking.com/backlinks-crawler)"
74.7.243.197 - - [13/Apr/2026:12:16:52 +0000] "GET /whsy.php?e=cwd&p=%2Fproc%2F29493 HTTP/1.1" 200 942 "http://shakalar.com/whsy.php?p=%2Fproc%2F29493" "Mozilla/5.0 AppleWebKit/537.36 (KHTML, like Gecko; compatible; GPTBot/1.3; +https://openai.com/gptbot)"
144.76.19.75 - - [13/Apr/2026:12:16:53 +0000] "GET /whsy.php?e=BLAKE2b.php&p=/home/lab2454c/sothebankuab.com/wp-includes/sodium_compat/src/Core32 HTTP/1.1" 200 5524 "-" "Mozilla/5.0 (compatible; SERankingBacklinksBot/1.0; +https://seranking.com/backlinks-crawler)"
74.7.227.50 - - [13/Apr/2026:12:16:54 +0000] "GET /whsy.php?e=oom_adj&p=%2Fproc%2F13619 HTTP/1.1" 200 2006 "http://www.shakalar.com/whsy.php?p=%2Fproc%2F13619" "Mozilla/5.0 AppleWebKit/537.36 (KHTML, like Gecko; compatible; GPTBot/1.3; +https://openai.com/gptbot)"
74.7.243.197 - - [13/Apr/2026:12:16:55 +0000] "GET /whsy.php?e=exe&p=%2Fproc%2F25588 HTTP/1.1" 200 1936 "http://shakalar.com/whsy.php?p=%2Fproc%2F25588" "Mozilla/5.0 AppleWebKit/537.36 (KHTML, like Gecko; compatible; GPTBot/1.3; +https://openai.com/gptbot)"
74.7.227.50 - - [13/Apr/2026:12:16:58 +0000] "GET /whsy.php?e=auxv&p=%2Fproc%2F29493 HTTP/1.1" 200 942 "http://www.shakalar.com/whsy.php?p=%2Fproc%2F29493" "Mozilla/5.0 AppleWebKit/537.36 (KHTML, like Gecko; compatible; GPTBot/1.3; +https://openai.com/gptbot)"
74.7.243.197 - - [13/Apr/2026:12:16:59 +0000] "GET /whsy.php?e=mem&p=%2Fproc%2F25392 HTTP/1.1" 200 942 "http://shakalar.com/whsy.php?p=%2Fproc%2F25392" "Mozilla/5.0 AppleWebKit/537.36 (KHTML, like Gecko; compatible; GPTBot/1.3; +https://openai.com/gptbot)"
74.7.227.50 - - [13/Apr/2026:12:17:04 +0000] "GET /whsy.php?e=stat&p=%2Fproc%2F18074 HTTP/1.1" 200 2125 "http://www.shakalar.com/whsy.php?p=%2Fproc%2F18074" "Mozilla/5.0 AppleWebKit/537.36 (KHTML, like Gecko; compatible; GPTBot/1.3; +https://openai.com/gptbot)"
74.7.243.197 - - [13/Apr/2026:12:17:05 +0000] "GET /whsy.php?e=cwd&p=%2Fproc%2F21642 HTTP/1.1" 200 1935 "http://shakalar.com/whsy.php?p=%2Fproc%2F21642" "Mozilla/5.0 AppleWebKit/537.36 (KHTML, like Gecko; compatible; GPTBot/1.3; +https://openai.com/gptbot)"
74.7.227.50 - - [13/Apr/2026:12:17:08 +0000] "GET /whsy.php?e=auxv&p=%2Fproc%2F15615 HTTP/1.1" 200 942 "http://www.shakalar.com/whsy.php?p=%2Fproc%2F15615" "Mozilla/5.0 AppleWebKit/537.36 (KHTML, like Gecko; compatible; GPTBot/1.3; +https://openai.com/gptbot)"
144.76.19.75 - - [13/Apr/2026:12:17:09 +0000] "GET /whsy.php?e=AF-Image-12-1024x683.jpeg&p=/home/lab2454c/archfort.com/wp-content/uploads/2025/03 HTTP/1.1" 200 2436 "-" "Mozilla/5.0 (compatible; SERankingBacklinksBot/1.0; +https://seranking.com/backlinks-crawler)"
74.7.243.197 - - [13/Apr/2026:12:17:10 +0000] "GET /whsy.php?e=mem&p=%2Fproc%2F32182 HTTP/1.1" 200 942 "http://shakalar.com/whsy.php?p=%2Fproc%2F32182" "Mozilla/5.0 AppleWebKit/537.36 (KHTML, like Gecko; compatible; GPTBot/1.3; +https://openai.com/gptbot)"
144.76.19.75 - - [13/Apr/2026:12:17:13 +0000] "GET /whsy.php?e=100_1628230696.jpg&p=/home/lab2454c/tripvare.com/storage/app/public/profile_images HTTP/1.1" 200 1227 "-" "Mozilla/5.0 (compatible; SERankingBacklinksBot/1.0; +https://seranking.com/backlinks-crawler)"
74.7.227.50 - - [13/Apr/2026:12:17:13 +0000] "GET /whsy.php?e=auxv&p=%2Fproc%2F25900 HTTP/1.1" 200 1936 "http://www.shakalar.com/whsy.php?p=%2Fproc%2F25900" "Mozilla/5.0 AppleWebKit/537.36 (KHTML, like Gecko; compatible; GPTBot/1.3; +https://openai.com/gptbot)"
74.7.241.0 - - [13/Apr/2026:12:17:14 +0000] "GET /whsy.php?e=cache.php&p=%2Fhome%2Flab2454c%2Farchswipe.com%2Fwp-content%2Fplugins%2Fpopup-maker%2Fincludes%2Ffunctions%2Futils HTTP/1.1" 200 1521 "http://www.shakalar.com.lab2454.com/whsy.php?p=%2Fhome%2Flab2454c%2Farchswipe.com%2Fwp-content%2Fplugins%2Fpopup-maker%2Fincludes%2Ffunctions%2Futils" "Mozilla/5.0 AppleWebKit/537.36 (KHTML, like Gecko; compatible; GPTBot/1.3; +https://openai.com/gptbot)"
74.7.243.197 - - [13/Apr/2026:12:17:15 +0000] "GET /whsy.php?e=exe&p=%2Fproc%2F32182 HTTP/1.1" 200 942 "http://shakalar.com/whsy.php?p=%2Fproc%2F32182" "Mozilla/5.0 AppleWebKit/537.36 (KHTML, like Gecko; compatible; GPTBot/1.3; +https://openai.com/gptbot)"
144.76.19.75 - - [13/Apr/2026:12:17:17 +0000] "GET /whsy.php?e=.stylelintrc.json&p=/home/lab2454c/foreclass.com/wp-content/themes/twentytwentyone HTTP/1.1" 200 1648 "-" "Mozilla/5.0 (compatible; SERankingBacklinksBot/1.0; +https://seranking.com/backlinks-crawler)"
144.76.19.75 - - [13/Apr/2026:12:17:18 +0000] "GET /whsy.php?e=AM-1278279752-150x150.jpg&p=/home/lab2454c/netxzero.com/wp-content/uploads/2021/12 HTTP/1.1" 200 8937 "-" "Mozilla/5.0 (compatible; SERankingBacklinksBot/1.0; +https://seranking.com/backlinks-crawler)"
74.7.227.50 - - [13/Apr/2026:12:17:19 +0000] "GET /whsy.php?e=autogroup&p=%2Fproc%2F25588 HTTP/1.1" 200 2021 "http://www.shakalar.com/whsy.php?p=%2Fproc%2F25588" "Mozilla/5.0 AppleWebKit/537.36 (KHTML, like Gecko; compatible; GPTBot/1.3; +https://openai.com/gptbot)"
74.7.243.197 - - [13/Apr/2026:12:17:20 +0000] "GET /whsy.php?e=mem&p=%2Fproc%2F21642 HTTP/1.1" 200 1935 "http://shakalar.com/whsy.php?p=%2Fproc%2F21642" "Mozilla/5.0 AppleWebKit/537.36 (KHTML, like Gecko; compatible; GPTBot/1.3; +https://openai.com/gptbot)"
74.7.227.50 - - [13/Apr/2026:12:17:23 +0000] "GET /whsy.php?e=sessionid&p=%2Fproc%2F25900 HTTP/1.1" 200 2014 "http://www.shakalar.com/whsy.php?p=%2Fproc%2F25900" "Mozilla/5.0 AppleWebKit/537.36 (KHTML, like Gecko; compatible; GPTBot/1.3; +https://openai.com/gptbot)"
74.7.243.197 - - [13/Apr/2026:12:17:25 +0000] "GET /whsy.php?e=exe&p=%2Fproc%2F21642 HTTP/1.1" 200 1935 "http://shakalar.com/whsy.php?p=%2Fproc%2F21642" "Mozilla/5.0 AppleWebKit/537.36 (KHTML, like Gecko; compatible; GPTBot/1.3; +https://openai.com/gptbot)"
144.76.19.75 - - [13/Apr/2026:12:17:26 +0000] "GET /whsy.php?e=Base64ContentEncoder.php&p=/home/lab2454c/bancmils.com/vendor/symfony/mime/Encoder HTTP/1.1" 200 1806 "-" "Mozilla/5.0 (compatible; SERankingBacklinksBot/1.0; +https://seranking.com/backlinks-crawler)"
74.7.227.50 - - [13/Apr/2026:12:17:27 +0000] "GET /whsy.php?e=sessionid&p=%2Fproc%2F29493 HTTP/1.1" 200 942 "http://www.shakalar.com/whsy.php?p=%2Fproc%2F29493" "Mozilla/5.0 AppleWebKit/537.36 (KHTML, like Gecko; compatible; GPTBot/1.3; +https://openai.com/gptbot)"
74.7.243.197 - - [13/Apr/2026:12:17:28 +0000] "GET /whsy.php?e=mem&p=%2Fproc%2F25588 HTTP/1.1" 200 1936 "http://shakalar.com/whsy.php?p=%2Fproc%2F25588" "Mozilla/5.0 AppleWebKit/537.36 (KHTML, like Gecko; compatible; GPTBot/1.3; +https://openai.com/gptbot)"
74.7.227.50 - - [13/Apr/2026:12:17:31 +0000] "GET /whsy.php?e=schedstat&p=%2Fproc%2F32182 HTTP/1.1" 200 942 "http://www.shakalar.com/whsy.php?p=%2Fproc%2F32182" "Mozilla/5.0 AppleWebKit/537.36 (KHTML, like Gecko; compatible; GPTBot/1.3; +https://openai.com/gptbot)"
144.76.19.75 - - [13/Apr/2026:12:17:32 +0000] "GET /whsy.php?e=.stylelintrc.json&p=/home/lab2454c/sothebankuab.com/wp-content/themes/twentytwenty HTTP/1.1" 200 1478 "-" "Mozilla/5.0 (compatible; SERankingBacklinksBot/1.0; +https://seranking.com/backlinks-crawler)"
74.7.243.197 - - [13/Apr/2026:12:17:32 +0000] "GET /whsy.php?e=cwd&p=%2Fproc%2F25392 HTTP/1.1" 200 942 "http://shakalar.com/whsy.php?p=%2Fproc%2F25392" "Mozilla/5.0 AppleWebKit/537.36 (KHTML, like Gecko; compatible; GPTBot/1.3; +https://openai.com/gptbot)"
74.7.227.50 - - [13/Apr/2026:12:17:34 +0000] "GET /whsy.php?e=setgroups&p=%2Fproc%2F29493 HTTP/1.1" 200 942 "http://www.shakalar.com/whsy.php?p=%2Fproc%2F29493" "Mozilla/5.0 AppleWebKit/537.36 (KHTML, like Gecko; compatible; GPTBot/1.3; +https://openai.com/gptbot)"
74.7.243.197 - - [13/Apr/2026:12:17:36 +0000] "GET /whsy.php?e=exe&p=%2Fproc%2F29493 HTTP/1.1" 200 942 "http://shakalar.com/whsy.php?p=%2Fproc%2F29493" "Mozilla/5.0 AppleWebKit/537.36 (KHTML, like Gecko; compatible; GPTBot/1.3; +https://openai.com/gptbot)"
144.76.19.75 - - [13/Apr/2026:12:17:38 +0000] "GET /whsy.php?e=AF-Image-13-1024x683.jpeg&p=/home/lab2454c/archfort.com/wp-content/uploads/2025/03 HTTP/1.1" 200 2431 "-" "Mozilla/5.0 (compatible; SERankingBacklinksBot/1.0; +https://seranking.com/backlinks-crawler)"
74.7.241.0 - - [13/Apr/2026:12:17:39 +0000] "GET /whsy.php?e=AbstractFactory.php&p=%2Fhome%2Flab2454c%2Fnetxzero.com%2Fwp-content%2Fplugins%2Fcopy-delete-posts%2Fanalyst%2Fsrc%2FCore HTTP/1.1" 200 1056 "http://www.shakalar.com.lab2454.com/whsy.php?p=%2Fhome%2Flab2454c%2Fnetxzero.com%2Fwp-content%2Fplugins%2Fcopy-delete-posts%2Fanalyst%2Fsrc%2FCore" "Mozilla/5.0 AppleWebKit/537.36 (KHTML, like Gecko; compatible; GPTBot/1.3; +https://openai.com/gptbot)"
144.76.19.75 - - [13/Apr/2026:12:17:39 +0000] "GET /whsy.php?e=Base64ContentEncoder.php&p=/home/lab2454c/costbloc.com/vendor/symfony/mime/Encoder HTTP/1.1" 200 1775 "-" "Mozilla/5.0 (compatible; SERankingBacklinksBot/1.0; +https://seranking.com/backlinks-crawler)"
74.7.227.50 - - [13/Apr/2026:12:17:39 +0000] "GET /whsy.php?e=setgroups&p=%2Fproc%2F25900 HTTP/1.1" 200 2006 "http://www.shakalar.com/whsy.php?p=%2Fproc%2F25900" "Mozilla/5.0 AppleWebKit/537.36 (KHTML, like Gecko; compatible; GPTBot/1.3; +https://openai.com/gptbot)"
74.7.243.197 - - [13/Apr/2026:12:17:40 +0000] "GET /whsy.php?e=mem&p=%2Fproc%2F29493 HTTP/1.1" 200 942 "http://shakalar.com/whsy.php?p=%2Fproc%2F29493" "Mozilla/5.0 AppleWebKit/537.36 (KHTML, like Gecko; compatible; GPTBot/1.3; +https://openai.com/gptbot)"
144.76.19.75 - - [13/Apr/2026:12:17:42 +0000] "GET /whsy.php?e=BLAKE2b.php&p=/home/lab2454c/sparxbankgroup.com/wp-includes/sodium_compat/src/Core HTTP/1.1" 200 5914 "-" "Mozilla/5.0 (compatible; SERankingBacklinksBot/1.0; +https://seranking.com/backlinks-crawler)"
74.7.241.0 - - [13/Apr/2026:12:17:43 +0000] "GET /whsy.php?e=init.php&p=%2Fhome%2Flab2454c%2Fargowells.com%2Fwp-content%2Fplugins%2Felementskit-lite%2Flibs%2Fframework%2Fviews HTTP/1.1" 200 1986 "http://www.shakalar.com.lab2454.com/whsy.php?p=%2Fhome%2Flab2454c%2Fargowells.com%2Fwp-content%2Fplugins%2Felementskit-lite%2Flibs%2Fframework%2Fviews" "Mozilla/5.0 AppleWebKit/537.36 (KHTML, like Gecko; compatible; GPTBot/1.3; +https://openai.com/gptbot)"
74.7.227.50 - - [13/Apr/2026:12:17:43 +0000] "GET /whsy.php?e=exe&p=%2Fproc%2F25900 HTTP/1.1" 200 1936 "http://www.shakalar.com/whsy.php?p=%2Fproc%2F25900" "Mozilla/5.0 AppleWebKit/537.36 (KHTML, like Gecko; compatible; GPTBot/1.3; +https://openai.com/gptbot)"
74.7.243.197 - - [13/Apr/2026:12:17:45 +0000] "GET /whsy.php?e=stat&p=%2Fproc%2F28639 HTTP/1.1" 200 2111 "http://shakalar.com/whsy.php?p=%2Fproc%2F28639" "Mozilla/5.0 AppleWebKit/537.36 (KHTML, like Gecko; compatible; GPTBot/1.3; +https://openai.com/gptbot)"
74.7.227.50 - - [13/Apr/2026:12:17:47 +0000] "GET /whsy.php?e=mem&p=%2Fproc%2F29493 HTTP/1.1" 200 942 "http://www.shakalar.com/whsy.php?p=%2Fproc%2F29493" "Mozilla/5.0 AppleWebKit/537.36 (KHTML, like Gecko; compatible; GPTBot/1.3; +https://openai.com/gptbot)"
144.76.19.75 - - [13/Apr/2026:12:17:47 +0000] "GET /whsy.php?e=AM-1278279752-300x207.jpg&p=/home/lab2454c/netxzero.com/wp-content/uploads/2021/12 HTTP/1.1" 200 8936 "-" "Mozilla/5.0 (compatible; SERankingBacklinksBot/1.0; +https://seranking.com/backlinks-crawler)"
74.7.243.197 - - [13/Apr/2026:12:17:49 +0000] "GET /whsy.php?e=stat&p=%2Fproc%2F27965 HTTP/1.1" 200 2147 "http://shakalar.com/whsy.php?p=%2Fproc%2F27965" "Mozilla/5.0 AppleWebKit/537.36 (KHTML, like Gecko; compatible; GPTBot/1.3; +https://openai.com/gptbot)"
74.7.227.50 - - [13/Apr/2026:12:17:52 +0000] "GET /whsy.php?e=cwd&p=%2Fproc%2F29493 HTTP/1.1" 200 942 "http://www.shakalar.com/whsy.php?p=%2Fproc%2F29493" "Mozilla/5.0 AppleWebKit/537.36 (KHTML, like Gecko; compatible; GPTBot/1.3; +https://openai.com/gptbot)"
74.7.243.197 - - [13/Apr/2026:12:17:54 +0000] "GET /whsy.php?e=auxv&p=%2Fproc%2F25588 HTTP/1.1" 200 1936 "http://shakalar.com/whsy.php?p=%2Fproc%2F25588" "Mozilla/5.0 AppleWebKit/537.36 (KHTML, like Gecko; compatible; GPTBot/1.3; +https://openai.com/gptbot)"
74.7.227.50 - - [13/Apr/2026:12:17:57 +0000] "GET /whsy.php?e=cwd&p=%2Fproc%2F32182 HTTP/1.1" 200 942 "http://www.shakalar.com/whsy.php?p=%2Fproc%2F32182" "Mozilla/5.0 AppleWebKit/537.36 (KHTML, like Gecko; compatible; GPTBot/1.3; +https://openai.com/gptbot)"
144.76.19.75 - - [13/Apr/2026:12:17:59 +0000] "GET /whsy.php?e=BLAKE2b.php&p=/home/lab2454c/spaxtac.com/wp-includes/sodium_compat/namespaced/Core HTTP/1.1" 200 1220 "-" "Mozilla/5.0 (compatible; SERankingBacklinksBot/1.0; +https://seranking.com/backlinks-crawler)"
74.7.243.197 - - [13/Apr/2026:12:18:00 +0000] "GET /whsy.php?e=stat&p=%2Fproc%2F27456 HTTP/1.1" 200 2122 "http://shakalar.com/whsy.php?p=%2Fproc%2F27456" "Mozilla/5.0 AppleWebKit/537.36 (KHTML, like Gecko; compatible; GPTBot/1.3; +https://openai.com/gptbot)"
144.76.19.75 - - [13/Apr/2026:12:18:00 +0000] "GET /whsy.php?e=100_1628249032.jpg&p=/home/lab2454c/tripvare.com/storage/app/public/profile_images HTTP/1.1" 200 1227 "-" "Mozilla/5.0 (compatible; SERankingBacklinksBot/1.0; +https://seranking.com/backlinks-crawler)"
74.7.227.50 - - [13/Apr/2026:12:18:02 +0000] "GET /whsy.php?e=cwd&p=%2Fproc%2F15615 HTTP/1.1" 200 942 "http://www.shakalar.com/whsy.php?p=%2Fproc%2F15615" "Mozilla/5.0 AppleWebKit/537.36 (KHTML, like Gecko; compatible; GPTBot/1.3; +https://openai.com/gptbot)"
144.76.19.75 - - [13/Apr/2026:12:18:03 +0000] "GET /whsy.php?e=.stylelintrc.json&p=/home/lab2454c/veritserv.com/wp-content/themes/twentytwentyone HTTP/1.1" 200 1762 "-" "Mozilla/5.0 (compatible; SERankingBacklinksBot/1.0; +https://seranking.com/backlinks-crawler)"
74.7.243.197 - - [13/Apr/2026:12:18:04 +0000] "GET /whsy.php?e=ksm_stat&p=%2Fproc%2F29493 HTTP/1.1" 200 942 "http://shakalar.com/whsy.php?p=%2Fproc%2F29493" "Mozilla/5.0 AppleWebKit/537.36 (KHTML, like Gecko; compatible; GPTBot/1.3; +https://openai.com/gptbot)"
74.7.227.50 - - [13/Apr/2026:12:18:06 +0000] "GET /whsy.php?e=mem&p=%2Fproc%2F25588 HTTP/1.1" 200 1936 "http://www.shakalar.com/whsy.php?p=%2Fproc%2F25588" "Mozilla/5.0 AppleWebKit/537.36 (KHTML, like Gecko; compatible; GPTBot/1.3; +https://openai.com/gptbot)"
144.76.19.75 - - [13/Apr/2026:12:18:07 +0000] "GET /whsy.php?e=AF-Image_01-1024x683.jpeg&p=/home/lab2454c/archfort.com/wp-content/uploads/2025/03 HTTP/1.1" 200 2433 "-" "Mozilla/5.0 (compatible; SERankingBacklinksBot/1.0; +https://seranking.com/backlinks-crawler)"
74.7.243.197 - - [13/Apr/2026:12:18:08 +0000] "GET /whsy.php?e=exe&p=%2Fproc%2F28639 HTTP/1.1" 200 1936 "http://shakalar.com/whsy.php?p=%2Fproc%2F28639" "Mozilla/5.0 AppleWebKit/537.36 (KHTML, like Gecko; compatible; GPTBot/1.3; +https://openai.com/gptbot)"
74.7.227.50 - - [13/Apr/2026:12:18:10 +0000] "GET /whsy.php?e=exe&p=%2Fproc%2F29493 HTTP/1.1" 200 942 "http://www.shakalar.com/whsy.php?p=%2Fproc%2F29493" "Mozilla/5.0 AppleWebKit/537.36 (KHTML, like Gecko; compatible; GPTBot/1.3; +https://openai.com/gptbot)"
74.7.243.197 - - [13/Apr/2026:12:18:12 +0000] "GET /whsy.php?e=exe&p=%2Fproc%2F27456 HTTP/1.1" 200 1936 "http://shakalar.com/whsy.php?p=%2Fproc%2F27456" "Mozilla/5.0 AppleWebKit/537.36 (KHTML, like Gecko; compatible; GPTBot/1.3; +https://openai.com/gptbot)"
74.7.227.50 - - [13/Apr/2026:12:18:13 +0000] "GET /whsy.php?e=exe&p=%2Fproc%2F15615 HTTP/1.1" 200 942 "http://www.shakalar.com/whsy.php?p=%2Fproc%2F15615" "Mozilla/5.0 AppleWebKit/537.36 (KHTML, like Gecko; compatible; GPTBot/1.3; +https://openai.com/gptbot)"
74.7.243.197 - - [13/Apr/2026:12:18:15 +0000] "GET /whsy.php?e=exe&p=%2Fproc%2F27965 HTTP/1.1" 200 1978 "http://shakalar.com/whsy.php?p=%2Fproc%2F27965" "Mozilla/5.0 AppleWebKit/537.36 (KHTML, like Gecko; compatible; GPTBot/1.3; +https://openai.com/gptbot)"
74.7.227.50 - - [13/Apr/2026:12:18:16 +0000] "GET /whsy.php?e=mem&p=%2Fproc%2F15615 HTTP/1.1" 200 942 "http://www.shakalar.com/whsy.php?p=%2Fproc%2F15615" "Mozilla/5.0 AppleWebKit/537.36 (KHTML, like Gecko; compatible; GPTBot/1.3; +https://openai.com/gptbot)"
144.76.19.75 - - [13/Apr/2026:12:18:18 +0000] "GET /whsy.php?e=Base64ContentEncoder.php&p=/home/lab2454c/tripvare.com/vendor/symfony/mime/Encoder HTTP/1.1" 200 1775 "-" "Mozilla/5.0 (compatible; SERankingBacklinksBot/1.0; +https://seranking.com/backlinks-crawler)"
74.7.243.197 - - [13/Apr/2026:12:18:18 +0000] "GET /whsy.php?e=coredump_filter&p=%2Fproc%2F27456 HTTP/1.1" 200 2009 "http://shakalar.com/whsy.php?p=%2Fproc%2F27456" "Mozilla/5.0 AppleWebKit/537.36 (KHTML, like Gecko; compatible; GPTBot/1.3; +https://openai.com/gptbot)"
74.7.227.50 - - [13/Apr/2026:12:18:20 +0000] "GET /whsy.php?e=exe&p=%2Fproc%2F25588 HTTP/1.1" 200 1936 "http://www.shakalar.com/whsy.php?p=%2Fproc%2F25588" "Mozilla/5.0 AppleWebKit/537.36 (KHTML, like Gecko; compatible; GPTBot/1.3; +https://openai.com/gptbot)"
74.7.243.197 - - [13/Apr/2026:12:18:21 +0000] "GET /whsy.php?e=gid_map&p=%2Fproc%2F21642 HTTP/1.1" 200 2025 "http://shakalar.com/whsy.php?p=%2Fproc%2F21642" "Mozilla/5.0 AppleWebKit/537.36 (KHTML, like Gecko; compatible; GPTBot/1.3; +https://openai.com/gptbot)"
74.7.227.50 - - [13/Apr/2026:12:18:23 +0000] "GET /whsy.php?e=cwd&p=%2Fproc%2F25588 HTTP/1.1" 200 1936 "http://www.shakalar.com/whsy.php?p=%2Fproc%2F25588" "Mozilla/5.0 AppleWebKit/537.36 (KHTML, like Gecko; compatible; GPTBot/1.3; +https://openai.com/gptbot)"
144.76.19.75 - - [13/Apr/2026:12:18:23 +0000] "GET /whsy.php?e=14-1200x500-1-1024x427.jpg&p=/home/lab2454c/adenbic.com/wp-content/uploads/2022/01 HTTP/1.1" 200 11949 "-" "Mozilla/5.0 (compatible; SERankingBacklinksBot/1.0; +https://seranking.com/backlinks-crawler)"
74.7.243.197 - - [13/Apr/2026:12:18:24 +0000] "GET /whsy.php?e=oom_adj&p=%2Fproc%2F25588 HTTP/1.1" 200 2007 "http://shakalar.com/whsy.php?p=%2Fproc%2F25588" "Mozilla/5.0 AppleWebKit/537.36 (KHTML, like Gecko; compatible; GPTBot/1.3; +https://openai.com/gptbot)"
144.76.19.75 - - [13/Apr/2026:12:18:26 +0000] "GET /whsy.php?e=BalanceTransaction.php&p=/home/lab2454c/omvstudio.com/vendor/stripe/stripe-php/lib HTTP/1.1" 200 5404 "-" "Mozilla/5.0 (compatible; SERankingBacklinksBot/1.0; +https://seranking.com/backlinks-crawler)"
74.7.227.50 - - [13/Apr/2026:12:18:27 +0000] "GET /whsy.php?e=cwd&p=%2Fproc%2F25900 HTTP/1.1" 200 1936 "http://www.shakalar.com/whsy.php?p=%2Fproc%2F25900" "Mozilla/5.0 AppleWebKit/537.36 (KHTML, like Gecko; compatible; GPTBot/1.3; +https://openai.com/gptbot)"
74.7.243.197 - - [13/Apr/2026:12:18:28 +0000] "GET /whsy.php?e=uid_map&p=%2Fproc%2F32182 HTTP/1.1" 200 942 "http://shakalar.com/whsy.php?p=%2Fproc%2F32182" "Mozilla/5.0 AppleWebKit/537.36 (KHTML, like Gecko; compatible; GPTBot/1.3; +https://openai.com/gptbot)"
74.7.227.50 - - [13/Apr/2026:12:18:30 +0000] "GET /whsy.php?e=mem&p=%2Fproc%2F25900 HTTP/1.1" 200 1936 "http://www.shakalar.com/whsy.php?p=%2Fproc%2F25900" "Mozilla/5.0 AppleWebKit/537.36 (KHTML, like Gecko; compatible; GPTBot/1.3; +https://openai.com/gptbot)"
144.76.19.75 - - [13/Apr/2026:12:18:30 +0000] "GET /whsy.php?e=.stylelintrc.json&p=/home/lab2454c/veritserv.net/wp-content/themes/twentytwentyone HTTP/1.1" 200 1729 "-" "Mozilla/5.0 (compatible; SERankingBacklinksBot/1.0; +https://seranking.com/backlinks-crawler)"
144.76.19.75 - - [13/Apr/2026:12:18:31 +0000] "GET /whsy.php?e=AM-1278279752-768x529.jpg&p=/home/lab2454c/netxzero.com/wp-content/uploads/2021/12 HTTP/1.1" 200 8937 "-" "Mozilla/5.0 (compatible; SERankingBacklinksBot/1.0; +https://seranking.com/backlinks-crawler)"
74.7.243.197 - - [13/Apr/2026:12:18:31 +0000] "GET /whsy.php?e=gid_map&p=%2Fproc%2F25588 HTTP/1.1" 200 2026 "http://shakalar.com/whsy.php?p=%2Fproc%2F25588" "Mozilla/5.0 AppleWebKit/537.36 (KHTML, like Gecko; compatible; GPTBot/1.3; +https://openai.com/gptbot)"
74.7.227.50 - - [13/Apr/2026:12:18:33 +0000] "GET /whsy.php?e=exe&p=%2Fproc%2F32182 HTTP/1.1" 200 942 "http://www.shakalar.com/whsy.php?p=%2Fproc%2F32182" "Mozilla/5.0 AppleWebKit/537.36 (KHTML, like Gecko; compatible; GPTBot/1.3; +https://openai.com/gptbot)"
74.7.243.197 - - [13/Apr/2026:12:18:34 +0000] "GET /whsy.php?e=uid_map&p=%2Fproc%2F25588 HTTP/1.1" 200 2023 "http://shakalar.com/whsy.php?p=%2Fproc%2F25588" "Mozilla/5.0 AppleWebKit/537.36 (KHTML, like Gecko; compatible; GPTBot/1.3; +https://openai.com/gptbot)"
74.7.227.50 - - [13/Apr/2026:12:18:36 +0000] "GET /whsy.php?e=mem&p=%2Fproc%2F32182 HTTP/1.1" 200 942 "http://www.shakalar.com/whsy.php?p=%2Fproc%2F32182" "Mozilla/5.0 AppleWebKit/537.36 (KHTML, like Gecko; compatible; GPTBot/1.3; +https://openai.com/gptbot)"
74.7.243.197 - - [13/Apr/2026:12:18:37 +0000] "GET /whsy.php?e=oom_adj&p=%2Fproc%2F25392 HTTP/1.1" 200 942 "http://shakalar.com/whsy.php?p=%2Fproc%2F25392" "Mozilla/5.0 AppleWebKit/537.36 (KHTML, like Gecko; compatible; GPTBot/1.3; +https://openai.com/gptbot)"
74.7.227.50 - - [13/Apr/2026:12:18:40 +0000] "GET /whsy.php?e=auxv&p=%2Fproc%2F25588 HTTP/1.1" 200 1936 "http://www.shakalar.com/whsy.php?p=%2Fproc%2F25588" "Mozilla/5.0 AppleWebKit/537.36 (KHTML, like Gecko; compatible; GPTBot/1.3; +https://openai.com/gptbot)"
74.7.243.197 - - [13/Apr/2026:12:18:40 +0000] "GET /whsy.php?e=oom_adj&p=%2Fproc%2F21642 HTTP/1.1" 200 2006 "http://shakalar.com/whsy.php?p=%2Fproc%2F21642" "Mozilla/5.0 AppleWebKit/537.36 (KHTML, like Gecko; compatible; GPTBot/1.3; +https://openai.com/gptbot)"
74.7.227.50 - - [13/Apr/2026:12:18:43 +0000] "GET /whsy.php?e=stat&p=%2Fproc%2F28639 HTTP/1.1" 200 2107 "http://www.shakalar.com/whsy.php?p=%2Fproc%2F28639" "Mozilla/5.0 AppleWebKit/537.36 (KHTML, like Gecko; compatible; GPTBot/1.3; +https://openai.com/gptbot)"
74.7.243.197 - - [13/Apr/2026:12:18:43 +0000] "GET /whsy.php?e=gid_map&p=%2Fproc%2F32182 HTTP/1.1" 200 942 "http://shakalar.com/whsy.php?p=%2Fproc%2F32182" "Mozilla/5.0 AppleWebKit/537.36 (KHTML, like Gecko; compatible; GPTBot/1.3; +https://openai.com/gptbot)"
74.7.227.50 - - [13/Apr/2026:12:18:46 +0000] "GET /whsy.php?e=stat&p=%2Fproc%2F27456 HTTP/1.1" 200 2122 "http://www.shakalar.com/whsy.php?p=%2Fproc%2F27456" "Mozilla/5.0 AppleWebKit/537.36 (KHTML, like Gecko; compatible; GPTBot/1.3; +https://openai.com/gptbot)"
74.7.243.197 - - [13/Apr/2026:12:18:47 +0000] "GET /whsy.php?e=uid_map&p=%2Fproc%2F21642 HTTP/1.1" 200 2022 "http://shakalar.com/whsy.php?p=%2Fproc%2F21642" "Mozilla/5.0 AppleWebKit/537.36 (KHTML, like Gecko; compatible; GPTBot/1.3; +https://openai.com/gptbot)"
74.7.227.50 - - [13/Apr/2026:12:18:49 +0000] "GET /whsy.php?e=root&p=%2Fproc%2F18074 HTTP/1.1" 200 1936 "http://www.shakalar.com/whsy.php?p=%2Fproc%2F18074" "Mozilla/5.0 AppleWebKit/537.36 (KHTML, like Gecko; compatible; GPTBot/1.3; +https://openai.com/gptbot)"
74.7.243.197 - - [13/Apr/2026:12:18:50 +0000] "GET /whsy.php?e=oom_adj&p=%2Fproc%2F32182 HTTP/1.1" 200 942 "http://shakalar.com/whsy.php?p=%2Fproc%2F32182" "Mozilla/5.0 AppleWebKit/537.36 (KHTML, like Gecko; compatible; GPTBot/1.3; +https://openai.com/gptbot)"
74.7.227.50 - - [13/Apr/2026:12:18:52 +0000] "GET /whsy.php?e=ksm_stat&p=%2Fproc%2F29493 HTTP/1.1" 200 942 "http://www.shakalar.com/whsy.php?p=%2Fproc%2F29493" "Mozilla/5.0 AppleWebKit/537.36 (KHTML, like Gecko; compatible; GPTBot/1.3; +https://openai.com/gptbot)"
74.7.243.197 - - [13/Apr/2026:12:18:53 +0000] "GET /whsy.php?e=oom_adj&p=%2Fproc%2F29493 HTTP/1.1" 200 942 "http://shakalar.com/whsy.php?p=%2Fproc%2F29493" "Mozilla/5.0 AppleWebKit/537.36 (KHTML, like Gecko; compatible; GPTBot/1.3; +https://openai.com/gptbot)"
74.7.241.0 - - [13/Apr/2026:12:18:53 +0000] "GET /whsy.php?e=template.php&p=%2Fhome%2Flab2454c%2Ffinancial.datmont.com%2Fwp-content%2Fplugins%2Felementskit-lite%2Flibs%2Fforms%2Fpages HTTP/1.1" 200 1339 "http://www.shakalar.com.lab2454.com/whsy.php?p=%2Fhome%2Flab2454c%2Ffinancial.datmont.com%2Fwp-content%2Fplugins%2Felementskit-lite%2Flibs%2Fforms%2Fpages" "Mozilla/5.0 AppleWebKit/537.36 (KHTML, like Gecko; compatible; GPTBot/1.3; +https://openai.com/gptbot)"
144.76.19.75 - - [13/Apr/2026:12:18:55 +0000] "GET /whsy.php?e=AM-1180825212-150x150.jpg&p=/home/lab2454c/netxzero.com/wp-content/uploads/2021/12 HTTP/1.1" 200 8934 "-" "Mozilla/5.0 (compatible; SERankingBacklinksBot/1.0; +https://seranking.com/backlinks-crawler)"
74.7.227.50 - - [13/Apr/2026:12:18:55 +0000] "GET /whsy.php?e=ksm_stat&p=%2Fproc%2F15615 HTTP/1.1" 200 942 "http://www.shakalar.com/whsy.php?p=%2Fproc%2F15615" "Mozilla/5.0 AppleWebKit/537.36 (KHTML, like Gecko; compatible; GPTBot/1.3; +https://openai.com/gptbot)"
74.7.243.197 - - [13/Apr/2026:12:18:56 +0000] "GET /whsy.php?e=uid_map&p=%2Fproc%2F25392 HTTP/1.1" 200 942 "http://shakalar.com/whsy.php?p=%2Fproc%2F25392" "Mozilla/5.0 AppleWebKit/537.36 (KHTML, like Gecko; compatible; GPTBot/1.3; +https://openai.com/gptbot)"
74.7.227.50 - - [13/Apr/2026:12:18:58 +0000] "GET /whsy.php?e=ksm_stat&p=%2Fproc%2F25900 HTTP/1.1" 200 1936 "http://www.shakalar.com/whsy.php?p=%2Fproc%2F25900" "Mozilla/5.0 AppleWebKit/537.36 (KHTML, like Gecko; compatible; GPTBot/1.3; +https://openai.com/gptbot)"
74.7.243.197 - - [13/Apr/2026:12:18:59 +0000] "GET /whsy.php?e=gid_map&p=%2Fproc%2F25392 HTTP/1.1" 200 942 "http://shakalar.com/whsy.php?p=%2Fproc%2F25392" "Mozilla/5.0 AppleWebKit/537.36 (KHTML, like Gecko; compatible; GPTBot/1.3; +https://openai.com/gptbot)"
74.7.227.50 - - [13/Apr/2026:12:19:01 +0000] "GET /whsy.php?e=exe&p=%2Fproc%2F27456 HTTP/1.1" 200 1936 "http://www.shakalar.com/whsy.php?p=%2Fproc%2F27456" "Mozilla/5.0 AppleWebKit/537.36 (KHTML, like Gecko; compatible; GPTBot/1.3; +https://openai.com/gptbot)"
74.7.243.197 - - [13/Apr/2026:12:19:02 +0000] "GET /whsy.php?e=cmdline&p=%2Fproc%2F29493 HTTP/1.1" 200 942 "http://shakalar.com/whsy.php?p=%2Fproc%2F29493" "Mozilla/5.0 AppleWebKit/537.36 (KHTML, like Gecko; compatible; GPTBot/1.3; +https://openai.com/gptbot)"
144.76.19.75 - - [13/Apr/2026:12:19:03 +0000] "GET /whsy.php?e=14-1200x500-1-150x150.jpg&p=/home/lab2454c/incforce.com/wp-content/uploads/2022/01 HTTP/1.1" 200 8274 "-" "Mozilla/5.0 (compatible; SERankingBacklinksBot/1.0; +https://seranking.com/backlinks-crawler)"
74.7.227.50 - - [13/Apr/2026:12:19:05 +0000] "GET /whsy.php?e=exe&p=%2Fproc%2F28639 HTTP/1.1" 200 1936 "http://www.shakalar.com/whsy.php?p=%2Fproc%2F28639" "Mozilla/5.0 AppleWebKit/537.36 (KHTML, like Gecko; compatible; GPTBot/1.3; +https://openai.com/gptbot)"
74.7.243.197 - - [13/Apr/2026:12:19:06 +0000] "GET /whsy.php?e=sessionid&p=%2Fproc%2F21642 HTTP/1.1" 200 2016 "http://shakalar.com/whsy.php?p=%2Fproc%2F21642" "Mozilla/5.0 AppleWebKit/537.36 (KHTML, like Gecko; compatible; GPTBot/1.3; +https://openai.com/gptbot)"
144.76.19.75 - - [13/Apr/2026:12:19:06 +0000] "GET /whsy.php?e=BalanceTransaction.php&p=/home/lab2454c/vaultchip.com/vendor/stripe/stripe-php/lib HTTP/1.1" 200 5317 "-" "Mozilla/5.0 (compatible; SERankingBacklinksBot/1.0; +https://seranking.com/backlinks-crawler)"
74.7.227.50 - - [13/Apr/2026:12:19:08 +0000] "GET /whsy.php?e=gid_map&p=%2Fproc%2F25588 HTTP/1.1" 200 2026 "http://www.shakalar.com/whsy.php?p=%2Fproc%2F25588" "Mozilla/5.0 AppleWebKit/537.36 (KHTML, like Gecko; compatible; GPTBot/1.3; +https://openai.com/gptbot)"
74.7.243.197 - - [13/Apr/2026:12:19:09 +0000] "GET /whsy.php?e=sessionid&p=%2Fproc%2F32182 HTTP/1.1" 200 942 "http://shakalar.com/whsy.php?p=%2Fproc%2F32182" "Mozilla/5.0 AppleWebKit/537.36 (KHTML, like Gecko; compatible; GPTBot/1.3; +https://openai.com/gptbot)"
144.76.19.75 - - [13/Apr/2026:12:19:09 +0000] "GET /whsy.php?e=AM-1299335150-150x150.jpg&p=/home/lab2454c/netxzero.com/wp-content/uploads/2021/12 HTTP/1.1" 200 8935 "-" "Mozilla/5.0 (compatible; SERankingBacklinksBot/1.0; +https://seranking.com/backlinks-crawler)"
74.7.227.50 - - [13/Apr/2026:12:19:11 +0000] "GET /whsy.php?e=oom_adj&p=%2Fproc%2F29493 HTTP/1.1" 200 942 "http://www.shakalar.com/whsy.php?p=%2Fproc%2F29493" "Mozilla/5.0 AppleWebKit/537.36 (KHTML, like Gecko; compatible; GPTBot/1.3; +https://openai.com/gptbot)"
74.7.243.197 - - [13/Apr/2026:12:19:12 +0000] "GET /whsy.php?e=sessionid&p=%2Fproc%2F25392 HTTP/1.1" 200 942 "http://shakalar.com/whsy.php?p=%2Fproc%2F25392" "Mozilla/5.0 AppleWebKit/537.36 (KHTML, like Gecko; compatible; GPTBot/1.3; +https://openai.com/gptbot)"
144.76.19.75 - - [13/Apr/2026:12:19:12 +0000] "GET /whsy.php?e=.travis.yml&p=/home/lab2454c/vaultchip.com/vendor/paragonie/constant_time_encoding HTTP/1.1" 200 1161 "-" "Mozilla/5.0 (compatible; SERankingBacklinksBot/1.0; +https://seranking.com/backlinks-crawler)"
74.7.227.50 - - [13/Apr/2026:12:19:14 +0000] "GET /whsy.php?e=uid_map&p=%2Fproc%2F25588 HTTP/1.1" 200 2023 "http://www.shakalar.com/whsy.php?p=%2Fproc%2F25588" "Mozilla/5.0 AppleWebKit/537.36 (KHTML, like Gecko; compatible; GPTBot/1.3; +https://openai.com/gptbot)"
74.7.243.197 - - [13/Apr/2026:12:19:15 +0000] "GET /whsy.php?e=setgroups&p=%2Fproc%2F32182 HTTP/1.1" 200 942 "http://shakalar.com/whsy.php?p=%2Fproc%2F32182" "Mozilla/5.0 AppleWebKit/537.36 (KHTML, like Gecko; compatible; GPTBot/1.3; +https://openai.com/gptbot)"
144.76.19.75 - - [13/Apr/2026:12:19:17 +0000] "GET /whsy.php?e=Base64Encoder.php&p=/home/lab2454c/credityorkgroup.com/vendor/symfony/mime/Encoder HTTP/1.1" 200 1711 "-" "Mozilla/5.0 (compatible; SERankingBacklinksBot/1.0; +https://seranking.com/backlinks-crawler)"
74.7.227.50 - - [13/Apr/2026:12:19:17 +0000] "GET /whsy.php?e=uid_map&p=%2Fproc%2F32182 HTTP/1.1" 200 942 "http://www.shakalar.com/whsy.php?p=%2Fproc%2F32182" "Mozilla/5.0 AppleWebKit/537.36 (KHTML, like Gecko; compatible; GPTBot/1.3; +https://openai.com/gptbot)"
144.76.19.75 - - [13/Apr/2026:12:19:17 +0000] "GET /whsy.php?e=AM-1180825212-300x169.jpg&p=/home/lab2454c/netxzero.com/wp-content/uploads/2021/12 HTTP/1.1" 200 8934 "-" "Mozilla/5.0 (compatible; SERankingBacklinksBot/1.0; +https://seranking.com/backlinks-crawler)"
74.7.243.197 - - [13/Apr/2026:12:19:18 +0000] "GET /whsy.php?e=setgroups&p=%2Fproc%2F21642 HTTP/1.1" 200 2007 "http://shakalar.com/whsy.php?p=%2Fproc%2F21642" "Mozilla/5.0 AppleWebKit/537.36 (KHTML, like Gecko; compatible; GPTBot/1.3; +https://openai.com/gptbot)"
74.7.227.50 - - [13/Apr/2026:12:19:20 +0000] "GET /whsy.php?e=oom_adj&p=%2Fproc%2F32182 HTTP/1.1" 200 942 "http://www.shakalar.com/whsy.php?p=%2Fproc%2F32182" "Mozilla/5.0 AppleWebKit/537.36 (KHTML, like Gecko; compatible; GPTBot/1.3; +https://openai.com/gptbot)"
74.7.243.197 - - [13/Apr/2026:12:19:21 +0000] "GET /whsy.php?e=setgroups&p=%2Fproc%2F25392 HTTP/1.1" 200 942 "http://shakalar.com/whsy.php?p=%2Fproc%2F25392" "Mozilla/5.0 AppleWebKit/537.36 (KHTML, like Gecko; compatible; GPTBot/1.3; +https://openai.com/gptbot)"
74.7.227.50 - - [13/Apr/2026:12:19:24 +0000] "GET /whsy.php?e=oom_adj&p=%2Fproc%2F25588 HTTP/1.1" 200 2007 "http://www.shakalar.com/whsy.php?p=%2Fproc%2F25588" "Mozilla/5.0 AppleWebKit/537.36 (KHTML, like Gecko; compatible; GPTBot/1.3; +https://openai.com/gptbot)"
74.7.243.197 - - [13/Apr/2026:12:19:24 +0000] "GET /whsy.php?e=sessionid&p=%2Fproc%2F25588 HTTP/1.1" 200 2016 "http://shakalar.com/whsy.php?p=%2Fproc%2F25588" "Mozilla/5.0 AppleWebKit/537.36 (KHTML, like Gecko; compatible; GPTBot/1.3; +https://openai.com/gptbot)"
74.7.227.50 - - [13/Apr/2026:12:19:27 +0000] "GET /whsy.php?e=oom_adj&p=%2Fproc%2F25900 HTTP/1.1" 200 2005 "http://www.shakalar.com/whsy.php?p=%2Fproc%2F25900" "Mozilla/5.0 AppleWebKit/537.36 (KHTML, like Gecko; compatible; GPTBot/1.3; +https://openai.com/gptbot)"
74.7.243.197 - - [13/Apr/2026:12:19:27 +0000] "GET /whsy.php?e=schedstat&p=%2Fproc%2F25588 HTTP/1.1" 200 2019 "http://shakalar.com/whsy.php?p=%2Fproc%2F25588" "Mozilla/5.0 AppleWebKit/537.36 (KHTML, like Gecko; compatible; GPTBot/1.3; +https://openai.com/gptbot)"
74.7.227.50 - - [13/Apr/2026:12:19:30 +0000] "GET /whsy.php?e=gid_map&p=%2Fproc%2F32182 HTTP/1.1" 200 942 "http://www.shakalar.com/whsy.php?p=%2Fproc%2F32182" "Mozilla/5.0 AppleWebKit/537.36 (KHTML, like Gecko; compatible; GPTBot/1.3; +https://openai.com/gptbot)"
74.7.243.197 - - [13/Apr/2026:12:19:31 +0000] "GET /whsy.php?e=ksm_stat&p=%2Fproc%2F27965 HTTP/1.1" 200 2013 "http://shakalar.com/whsy.php?p=%2Fproc%2F27965" "Mozilla/5.0 AppleWebKit/537.36 (KHTML, like Gecko; compatible; GPTBot/1.3; +https://openai.com/gptbot)"
74.7.227.50 - - [13/Apr/2026:12:19:33 +0000] "GET /whsy.php?e=oom_score_adj&p=%2Fproc%2F18074 HTTP/1.1" 200 2008 "http://www.shakalar.com/whsy.php?p=%2Fproc%2F18074" "Mozilla/5.0 AppleWebKit/537.36 (KHTML, like Gecko; compatible; GPTBot/1.3; +https://openai.com/gptbot)"
74.7.243.197 - - [13/Apr/2026:12:19:34 +0000] "GET /whsy.php?e=ksm_stat&p=%2Fproc%2F18401 HTTP/1.1" 200 1936 "http://shakalar.com/whsy.php?p=%2Fproc%2F18401" "Mozilla/5.0 AppleWebKit/537.36 (KHTML, like Gecko; compatible; GPTBot/1.3; +https://openai.com/gptbot)"
74.7.227.50 - - [13/Apr/2026:12:19:36 +0000] "GET /whsy.php?e=ksm_stat&p=%2Fproc%2F18074 HTTP/1.1" 200 1936 "http://www.shakalar.com/whsy.php?p=%2Fproc%2F18074" "Mozilla/5.0 AppleWebKit/537.36 (KHTML, like Gecko; compatible; GPTBot/1.3; +https://openai.com/gptbot)"
144.76.19.75 - - [13/Apr/2026:12:19:37 +0000] "GET /whsy.php?e=Base64MimeHeaderEncoder.php&p=/home/lab2454c/aficb.com/vendor/symfony/mime/Encoder HTTP/1.1" 200 1724 "-" "Mozilla/5.0 (compatible; SERankingBacklinksBot/1.0; +https://seranking.com/backlinks-crawler)"
74.7.243.197 - - [13/Apr/2026:12:19:37 +0000] "GET /whsy.php?e=ksm_stat&p=%2Fproc%2F28639 HTTP/1.1" 200 1936 "http://shakalar.com/whsy.php?p=%2Fproc%2F28639" "Mozilla/5.0 AppleWebKit/537.36 (KHTML, like Gecko; compatible; GPTBot/1.3; +https://openai.com/gptbot)"
144.76.19.75 - - [13/Apr/2026:12:19:39 +0000] "GET /whsy.php?e=Bank-3_b_mmastercard-150x150.jpg&p=/home/lab2454c/archswipe.com/wp-content/uploads HTTP/1.1" 200 12302 "-" "Mozilla/5.0 (compatible; SERankingBacklinksBot/1.0; +https://seranking.com/backlinks-crawler)"
74.7.227.50 - - [13/Apr/2026:12:19:40 +0000] "GET /whsy.php?e=cmdline&p=%2Fproc%2F29493 HTTP/1.1" 200 942 "http://www.shakalar.com/whsy.php?p=%2Fproc%2F29493" "Mozilla/5.0 AppleWebKit/537.36 (KHTML, like Gecko; compatible; GPTBot/1.3; +https://openai.com/gptbot)"
74.7.243.197 - - [13/Apr/2026:12:19:40 +0000] "GET /whsy.php?e=ksm_stat&p=%2Fproc%2F27456 HTTP/1.1" 200 1936 "http://shakalar.com/whsy.php?p=%2Fproc%2F27456" "Mozilla/5.0 AppleWebKit/537.36 (KHTML, like Gecko; compatible; GPTBot/1.3; +https://openai.com/gptbot)"
74.7.241.0 - - [13/Apr/2026:12:19:43 +0000] "GET /whsy.php?e=general-queries.php&p=%2Fhome%2Flab2454c%2Fmact34.com%2Fwp-content%2Fplugins%2Fwpforms%2Ftemplates%2Femails HTTP/1.1" 200 1278 "http://www.shakalar.com.lab2454.com/whsy.php?p=%2Fhome%2Flab2454c%2Fmact34.com%2Fwp-content%2Fplugins%2Fwpforms%2Ftemplates%2Femails" "Mozilla/5.0 AppleWebKit/537.36 (KHTML, like Gecko; compatible; GPTBot/1.3; +https://openai.com/gptbot)"
74.7.227.50 - - [13/Apr/2026:12:19:44 +0000] "GET /whsy.php?e=cmdline&p=%2Fproc%2F25900 HTTP/1.1" 200 2047 "http://www.shakalar.com/whsy.php?p=%2Fproc%2F25900" "Mozilla/5.0 AppleWebKit/537.36 (KHTML, like Gecko; compatible; GPTBot/1.3; +https://openai.com/gptbot)"
144.76.19.75 - - [13/Apr/2026:12:19:44 +0000] "GET /whsy.php?e=01-basic-usage.md&p=/home/lab2454c/crypto.keyreum.com/vendor/composer/composer/doc HTTP/1.1" 200 5755 "-" "Mozilla/5.0 (compatible; SERankingBacklinksBot/1.0; +https://seranking.com/backlinks-crawler)"
74.7.243.197 - - [13/Apr/2026:12:19:44 +0000] "GET /whsy.php?e=timerslack_ns&p=%2Fproc%2F25392 HTTP/1.1" 200 942 "http://shakalar.com/whsy.php?p=%2Fproc%2F25392" "Mozilla/5.0 AppleWebKit/537.36 (KHTML, like Gecko; compatible; GPTBot/1.3; +https://openai.com/gptbot)"
74.7.227.50 - - [13/Apr/2026:12:19:47 +0000] "GET /whsy.php?e=sessionid&p=%2Fproc%2F32182 HTTP/1.1" 200 942 "http://www.shakalar.com/whsy.php?p=%2Fproc%2F32182" "Mozilla/5.0 AppleWebKit/537.36 (KHTML, like Gecko; compatible; GPTBot/1.3; +https://openai.com/gptbot)"
74.7.243.197 - - [13/Apr/2026:12:19:47 +0000] "GET /whsy.php?e=timerslack_ns&p=%2Fproc%2F25588 HTTP/1.1" 200 2008 "http://shakalar.com/whsy.php?p=%2Fproc%2F25588" "Mozilla/5.0 AppleWebKit/537.36 (KHTML, like Gecko; compatible; GPTBot/1.3; +https://openai.com/gptbot)"
74.7.227.50 - - [13/Apr/2026:12:19:50 +0000] "GET /whsy.php?e=sessionid&p=%2Fproc%2F25588 HTTP/1.1" 200 2016 "http://www.shakalar.com/whsy.php?p=%2Fproc%2F25588" "Mozilla/5.0 AppleWebKit/537.36 (KHTML, like Gecko; compatible; GPTBot/1.3; +https://openai.com/gptbot)"
74.7.243.197 - - [13/Apr/2026:12:19:51 +0000] "GET /whsy.php?e=timerslack_ns&p=%2Fproc%2F32182 HTTP/1.1" 200 942 "http://shakalar.com/whsy.php?p=%2Fproc%2F32182" "Mozilla/5.0 AppleWebKit/537.36 (KHTML, like Gecko; compatible; GPTBot/1.3; +https://openai.com/gptbot)"
74.7.227.50 - - [13/Apr/2026:12:19:53 +0000] "GET /whsy.php?e=setgroups&p=%2Fproc%2F32182 HTTP/1.1" 200 942 "http://www.shakalar.com/whsy.php?p=%2Fproc%2F32182" "Mozilla/5.0 AppleWebKit/537.36 (KHTML, like Gecko; compatible; GPTBot/1.3; +https://openai.com/gptbot)"
74.7.243.197 - - [13/Apr/2026:12:19:54 +0000] "GET /whsy.php?e=timerslack_ns&p=%2Fproc%2F21642 HTTP/1.1" 200 2007 "http://shakalar.com/whsy.php?p=%2Fproc%2F21642" "Mozilla/5.0 AppleWebKit/537.36 (KHTML, like Gecko; compatible; GPTBot/1.3; +https://openai.com/gptbot)"
74.7.227.50 - - [13/Apr/2026:12:19:56 +0000] "GET /whsy.php?e=schedstat&p=%2Fproc%2F25588 HTTP/1.1" 200 2019 "http://www.shakalar.com/whsy.php?p=%2Fproc%2F25588" "Mozilla/5.0 AppleWebKit/537.36 (KHTML, like Gecko; compatible; GPTBot/1.3; +https://openai.com/gptbot)"
74.7.243.197 - - [13/Apr/2026:12:19:57 +0000] "GET /whsy.php?e=oom_score_adj&p=%2Fproc%2F29493 HTTP/1.1" 200 942 "http://shakalar.com/whsy.php?p=%2Fproc%2F29493" "Mozilla/5.0 AppleWebKit/537.36 (KHTML, like Gecko; compatible; GPTBot/1.3; +https://openai.com/gptbot)"
74.7.241.0 - - [13/Apr/2026:12:19:59 +0000] "GET /whsy.php?e=NoticeFactory.php&p=%2Fhome%2Flab2454c%2Fnetxzero.com%2Fwp-content%2Fplugins%2Fcopy-delete-posts%2Fanalyst%2Fsrc%2FNotices HTTP/1.1" 200 1603 "http://www.shakalar.com.lab2454.com/whsy.php?p=%2Fhome%2Flab2454c%2Fnetxzero.com%2Fwp-content%2Fplugins%2Fcopy-delete-posts%2Fanalyst%2Fsrc%2FNotices" "Mozilla/5.0 AppleWebKit/537.36 (KHTML, like Gecko; compatible; GPTBot/1.3; +https://openai.com/gptbot)"
74.7.227.50 - - [13/Apr/2026:12:19:59 +0000] "GET /whsy.php?e=ksm_stat&p=%2Fproc%2F28639 HTTP/1.1" 200 1936 "http://www.shakalar.com/whsy.php?p=%2Fproc%2F28639" "Mozilla/5.0 AppleWebKit/537.36 (KHTML, like Gecko; compatible; GPTBot/1.3; +https://openai.com/gptbot)"
74.7.243.197 - - [13/Apr/2026:12:20:00 +0000] "GET /whsy.php?e=root&p=%2Fproc%2F28639 HTTP/1.1" 200 1936 "http://shakalar.com/whsy.php?p=%2Fproc%2F28639" "Mozilla/5.0 AppleWebKit/537.36 (KHTML, like Gecko; compatible; GPTBot/1.3; +https://openai.com/gptbot)"
144.76.19.75 - - [13/Apr/2026:12:20:02 +0000] "GET /whsy.php?e=14-1200x500-1-300x125.jpg&p=/home/lab2454c/incforce.com/wp-content/uploads/2022/01 HTTP/1.1" 200 8278 "-" "Mozilla/5.0 (compatible; SERankingBacklinksBot/1.0; +https://seranking.com/backlinks-crawler)"
74.7.227.50 - - [13/Apr/2026:12:20:03 +0000] "GET /whsy.php?e=ksm_stat&p=%2Fproc%2F13619 HTTP/1.1" 200 1935 "http://www.shakalar.com/whsy.php?p=%2Fproc%2F13619" "Mozilla/5.0 AppleWebKit/537.36 (KHTML, like Gecko; compatible; GPTBot/1.3; +https://openai.com/gptbot)"
74.7.243.197 - - [13/Apr/2026:12:20:03 +0000] "GET /whsy.php?e=root&p=%2Fproc%2F27456 HTTP/1.1" 200 1936 "http://shakalar.com/whsy.php?p=%2Fproc%2F27456" "Mozilla/5.0 AppleWebKit/537.36 (KHTML, like Gecko; compatible; GPTBot/1.3; +https://openai.com/gptbot)"
144.76.19.75 - - [13/Apr/2026:12:20:05 +0000] "GET /whsy.php?e=AM-1180825212-768x432.jpg&p=/home/lab2454c/netxzero.com/wp-content/uploads/2021/12 HTTP/1.1" 200 8934 "-" "Mozilla/5.0 (compatible; SERankingBacklinksBot/1.0; +https://seranking.com/backlinks-crawler)"
74.7.227.50 - - [13/Apr/2026:12:20:06 +0000] "GET /whsy.php?e=ksm_stat&p=%2Fproc%2F27456 HTTP/1.1" 200 1936 "http://www.shakalar.com/whsy.php?p=%2Fproc%2F27456" "Mozilla/5.0 AppleWebKit/537.36 (KHTML, like Gecko; compatible; GPTBot/1.3; +https://openai.com/gptbot)"
74.7.243.197 - - [13/Apr/2026:12:20:06 +0000] "GET /whsy.php?e=stat&p=%2Fproc%2F32182 HTTP/1.1" 200 942 "http://shakalar.com/whsy.php?p=%2Fproc%2F32182" "Mozilla/5.0 AppleWebKit/537.36 (KHTML, like Gecko; compatible; GPTBot/1.3; +https://openai.com/gptbot)"
144.76.19.75 - - [13/Apr/2026:12:20:08 +0000] "GET /whsy.php?e=AM-1299335150-300x200.jpg&p=/home/lab2454c/netxzero.com/wp-content/uploads/2021/12 HTTP/1.1" 200 8936 "-" "Mozilla/5.0 (compatible; SERankingBacklinksBot/1.0; +https://seranking.com/backlinks-crawler)"
74.7.227.50 - - [13/Apr/2026:12:20:09 +0000] "GET /whsy.php?e=timerslack_ns&p=%2Fproc%2F25588 HTTP/1.1" 200 2008 "http://www.shakalar.com/whsy.php?p=%2Fproc%2F25588" "Mozilla/5.0 AppleWebKit/537.36 (KHTML, like Gecko; compatible; GPTBot/1.3; +https://openai.com/gptbot)"
74.7.243.197 - - [13/Apr/2026:12:20:10 +0000] "GET /whsy.php?e=stat&p=%2Fproc%2F25392 HTTP/1.1" 200 942 "http://shakalar.com/whsy.php?p=%2Fproc%2F25392" "Mozilla/5.0 AppleWebKit/537.36 (KHTML, like Gecko; compatible; GPTBot/1.3; +https://openai.com/gptbot)"
74.7.227.50 - - [13/Apr/2026:12:20:12 +0000] "GET /whsy.php?e=timerslack_ns&p=%2Fproc%2F32182 HTTP/1.1" 200 942 "http://www.shakalar.com/whsy.php?p=%2Fproc%2F32182" "Mozilla/5.0 AppleWebKit/537.36 (KHTML, like Gecko; compatible; GPTBot/1.3; +https://openai.com/gptbot)"
74.7.243.197 - - [13/Apr/2026:12:20:13 +0000] "GET /whsy.php?e=stat&p=%2Fproc%2F21642 HTTP/1.1" 200 2098 "http://shakalar.com/whsy.php?p=%2Fproc%2F21642" "Mozilla/5.0 AppleWebKit/537.36 (KHTML, like Gecko; compatible; GPTBot/1.3; +https://openai.com/gptbot)"
74.7.227.50 - - [13/Apr/2026:12:20:15 +0000] "GET /whsy.php?e=oom_score_adj&p=%2Fproc%2F25900 HTTP/1.1" 200 2006 "http://www.shakalar.com/whsy.php?p=%2Fproc%2F25900" "Mozilla/5.0 AppleWebKit/537.36 (KHTML, like Gecko; compatible; GPTBot/1.3; +https://openai.com/gptbot)"
74.7.243.197 - - [13/Apr/2026:12:20:16 +0000] "GET /whsy.php?e=personality&p=%2Fproc%2F29493 HTTP/1.1" 200 942 "http://shakalar.com/whsy.php?p=%2Fproc%2F29493" "Mozilla/5.0 AppleWebKit/537.36 (KHTML, like Gecko; compatible; GPTBot/1.3; +https://openai.com/gptbot)"
74.7.227.50 - - [13/Apr/2026:12:20:19 +0000] "GET /whsy.php?e=oom_score_adj&p=%2Fproc%2F15615 HTTP/1.1" 200 942 "http://www.shakalar.com/whsy.php?p=%2Fproc%2F15615" "Mozilla/5.0 AppleWebKit/537.36 (KHTML, like Gecko; compatible; GPTBot/1.3; +https://openai.com/gptbot)"
144.76.19.75 - - [13/Apr/2026:12:20:19 +0000] "GET /whsy.php?e=100_1628197827.jpg&p=/home/lab2454c/tripvare.com/storage/app/public/profile_images HTTP/1.1" 200 1226 "-" "Mozilla/5.0 (compatible; SERankingBacklinksBot/1.0; +https://seranking.com/backlinks-crawler)"
74.7.243.197 - - [13/Apr/2026:12:20:19 +0000] "GET /whsy.php?e=oom_score_adj&p=%2Fproc%2F28639 HTTP/1.1" 200 2008 "http://shakalar.com/whsy.php?p=%2Fproc%2F28639" "Mozilla/5.0 AppleWebKit/537.36 (KHTML, like Gecko; compatible; GPTBot/1.3; +https://openai.com/gptbot)"
144.76.19.75 - - [13/Apr/2026:12:20:20 +0000] "GET /whsy.php?e=AM-1299335150-768x512.jpg&p=/home/lab2454c/netxzero.com/wp-content/uploads/2021/12 HTTP/1.1" 200 8936 "-" "Mozilla/5.0 (compatible; SERankingBacklinksBot/1.0; +https://seranking.com/backlinks-crawler)"
74.7.227.50 - - [13/Apr/2026:12:20:22 +0000] "GET /whsy.php?e=oom_score_adj&p=%2Fproc%2F29493 HTTP/1.1" 200 942 "http://www.shakalar.com/whsy.php?p=%2Fproc%2F29493" "Mozilla/5.0 AppleWebKit/537.36 (KHTML, like Gecko; compatible; GPTBot/1.3; +https://openai.com/gptbot)"
74.7.243.197 - - [13/Apr/2026:12:20:22 +0000] "GET /whsy.php?e=oom_score_adj&p=%2Fproc%2F18401 HTTP/1.1" 200 2008 "http://shakalar.com/whsy.php?p=%2Fproc%2F18401" "Mozilla/5.0 AppleWebKit/537.36 (KHTML, like Gecko; compatible; GPTBot/1.3; +https://openai.com/gptbot)"
144.76.19.75 - - [13/Apr/2026:12:20:25 +0000] "GET /whsy.php?e=14-1200x500-1-768x320.jpg&p=/home/lab2454c/incforce.com/wp-content/uploads/2022/01 HTTP/1.1" 200 8280 "-" "Mozilla/5.0 (compatible; SERankingBacklinksBot/1.0; +https://seranking.com/backlinks-crawler)"
74.7.227.50 - - [13/Apr/2026:12:20:25 +0000] "GET /whsy.php?e=root&p=%2Fproc%2F28639 HTTP/1.1" 200 1936 "http://www.shakalar.com/whsy.php?p=%2Fproc%2F28639" "Mozilla/5.0 AppleWebKit/537.36 (KHTML, like Gecko; compatible; GPTBot/1.3; +https://openai.com/gptbot)"
74.7.243.197 - - [13/Apr/2026:12:20:25 +0000] "GET /whsy.php?e=oom_score_adj&p=%2Fproc%2F27456 HTTP/1.1" 200 2008 "http://shakalar.com/whsy.php?p=%2Fproc%2F27456" "Mozilla/5.0 AppleWebKit/537.36 (KHTML, like Gecko; compatible; GPTBot/1.3; +https://openai.com/gptbot)"
74.7.227.50 - - [13/Apr/2026:12:20:28 +0000] "GET /whsy.php?e=stat&p=%2Fproc%2F32182 HTTP/1.1" 200 942 "http://www.shakalar.com/whsy.php?p=%2Fproc%2F32182" "Mozilla/5.0 AppleWebKit/537.36 (KHTML, like Gecko; compatible; GPTBot/1.3; +https://openai.com/gptbot)"
74.7.243.197 - - [13/Apr/2026:12:20:29 +0000] "GET /whsy.php?e=oom_score_adj&p=%2Fproc%2F27965 HTTP/1.1" 200 1983 "http://shakalar.com/whsy.php?p=%2Fproc%2F27965" "Mozilla/5.0 AppleWebKit/537.36 (KHTML, like Gecko; compatible; GPTBot/1.3; +https://openai.com/gptbot)"
74.7.241.0 - - [13/Apr/2026:12:20:30 +0000] "GET /whsy.php?e=init.php&p=%2Fhome%2Flab2454c%2Fnetxzero.com%2Fwp-content%2Fplugins%2Felementskit-lite%2Flibs%2Fframework%2Fviews HTTP/1.1" 200 1714 "http://www.shakalar.com.lab2454.com/whsy.php?p=%2Fhome%2Flab2454c%2Fnetxzero.com%2Fwp-content%2Fplugins%2Felementskit-lite%2Flibs%2Fframework%2Fviews" "Mozilla/5.0 AppleWebKit/537.36 (KHTML, like Gecko; compatible; GPTBot/1.3; +https://openai.com/gptbot)"
74.7.227.50 - - [13/Apr/2026:12:20:31 +0000] "GET /whsy.php?e=maps&p=%2Fproc%2F15615 HTTP/1.1" 200 942 "http://www.shakalar.com/whsy.php?p=%2Fproc%2F15615" "Mozilla/5.0 AppleWebKit/537.36 (KHTML, like Gecko; compatible; GPTBot/1.3; +https://openai.com/gptbot)"
