74.7.227.50 - - [13/Apr/2026:14:07:07 +0000] "GET /whsy.php?e=ptype&p=%2Fproc%2F28247%2Fnet HTTP/1.1" 200 942 "http://www.shakalar.com/whsy.php?p=%2Fproc%2F28247%2Fnet" "Mozilla/5.0 AppleWebKit/537.36 (KHTML, like Gecko; compatible; GPTBot/1.3; +https://openai.com/gptbot)"
74.7.243.197 - - [13/Apr/2026:14:07:10 +0000] "GET /whsy.php?p=%2Fproc%2F16081%2Fnet%2Frpc HTTP/1.1" 200 942 "http://shakalar.com/whsy.php?p=%2Fproc%2F16081%2Fnet" "Mozilla/5.0 AppleWebKit/537.36 (KHTML, like Gecko; compatible; GPTBot/1.3; +https://openai.com/gptbot)"
74.7.227.50 - - [13/Apr/2026:14:07:11 +0000] "GET /whsy.php?e=oom_score&p=%2Fproc%2F27954 HTTP/1.1" 200 942 "http://www.shakalar.com/whsy.php?p=%2Fproc%2F27954" "Mozilla/5.0 AppleWebKit/537.36 (KHTML, like Gecko; compatible; GPTBot/1.3; +https://openai.com/gptbot)"
74.7.243.197 - - [13/Apr/2026:14:07:14 +0000] "GET /whsy.php?e=nfnetlink_log&p=%2Fproc%2F18804%2Fnet%2Fnetfilter HTTP/1.1" 200 942 "http://shakalar.com/whsy.php?p=%2Fproc%2F18804%2Fnet%2Fnetfilter" "Mozilla/5.0 AppleWebKit/537.36 (KHTML, like Gecko; compatible; GPTBot/1.3; +https://openai.com/gptbot)"
74.7.227.50 - - [13/Apr/2026:14:07:15 +0000] "GET /whsy.php?e=oom_score&p=%2Fproc%2F27056 HTTP/1.1" 200 942 "http://www.shakalar.com/whsy.php?p=%2Fproc%2F27056" "Mozilla/5.0 AppleWebKit/537.36 (KHTML, like Gecko; compatible; GPTBot/1.3; +https://openai.com/gptbot)"
74.7.243.197 - - [13/Apr/2026:14:07:18 +0000] "GET /whsy.php?e=nfnetlink_log&p=%2Fproc%2F18702%2Fnet%2Fnetfilter HTTP/1.1" 200 942 "http://shakalar.com/whsy.php?p=%2Fproc%2F18702%2Fnet%2Fnetfilter" "Mozilla/5.0 AppleWebKit/537.36 (KHTML, like Gecko; compatible; GPTBot/1.3; +https://openai.com/gptbot)"
74.7.227.50 - - [13/Apr/2026:14:07:18 +0000] "GET /whsy.php?e=oom_score&p=%2Fproc%2F31245 HTTP/1.1" 200 942 "http://www.shakalar.com/whsy.php?p=%2Fproc%2F31245" "Mozilla/5.0 AppleWebKit/537.36 (KHTML, like Gecko; compatible; GPTBot/1.3; +https://openai.com/gptbot)"
144.76.19.75 - - [13/Apr/2026:14:07:19 +0000] "GET /whsy.php?e=AdminMenusTableSeeder.php&p=/home/lab2454c/costbloc.com/Modules/Upgrader/Database/Seeders HTTP/1.1" 200 1235 "-" "Mozilla/5.0 (compatible; SERankingBacklinksBot/1.0; +https://seranking.com/backlinks-crawler)"
74.7.241.0 - - [13/Apr/2026:14:07:19 +0000] "GET /whsy.php?e=1756147417.M153694P24767.node3636.myfcloud.com%2CS%3D3828%2CW%3D3919&p=%2Fhome%2Flab2454c%2Fmail%2Fnew HTTP/1.1" 200 415586 "http://www.shakalar.com.lab2454.com/whsy.php?p=%2Fhome%2Flab2454c%2Fmail%2Fnew" "Mozilla/5.0 AppleWebKit/537.36 (KHTML, like Gecko; compatible; GPTBot/1.3; +https://openai.com/gptbot)"
144.76.19.75 - - [13/Apr/2026:14:07:20 +0000] "GET /whsy.php?e=1d0d2769d19c6dcc4c0e95a492881e63.png&p=/home/lab2454c/costbloc.com/public/seeder/20221127 HTTP/1.1" 200 1996 "-" "Mozilla/5.0 (compatible; SERankingBacklinksBot/1.0; +https://seranking.com/backlinks-crawler)"
74.7.243.197 - - [13/Apr/2026:14:07:22 +0000] "GET /whsy.php?e=nfnetlink_log&p=%2Fproc%2F27643%2Fnet%2Fnetfilter HTTP/1.1" 200 942 "http://shakalar.com/whsy.php?p=%2Fproc%2F27643%2Fnet%2Fnetfilter" "Mozilla/5.0 AppleWebKit/537.36 (KHTML, like Gecko; compatible; GPTBot/1.3; +https://openai.com/gptbot)"
74.7.227.50 - - [13/Apr/2026:14:07:23 +0000] "GET /whsy.php?e=oom_score&p=%2Fproc%2F30172 HTTP/1.1" 200 942 "http://www.shakalar.com/whsy.php?p=%2Fproc%2F30172" "Mozilla/5.0 AppleWebKit/537.36 (KHTML, like Gecko; compatible; GPTBot/1.3; +https://openai.com/gptbot)"
74.7.241.0 - - [13/Apr/2026:14:07:25 +0000] "GET /whsy.php?e=1753259486.M744217P12303.node3636.myfcloud.com%2CS%3D1691%2CW%3D1728&p=%2Fhome%2Flab2454c%2Fmail%2Fnew HTTP/1.1" 200 414974 "http://www.shakalar.com.lab2454.com/whsy.php?p=%2Fhome%2Flab2454c%2Fmail%2Fnew" "Mozilla/5.0 AppleWebKit/537.36 (KHTML, like Gecko; compatible; GPTBot/1.3; +https://openai.com/gptbot)"
144.76.19.75 - - [13/Apr/2026:14:07:26 +0000] "GET /whsy.php?e=1f6a7f963c45fdf2697c4395d2d987ee.png&p=/home/lab2454c/costbloc.com/public/seeder/20221116 HTTP/1.1" 200 7137 "-" "Mozilla/5.0 (compatible; SERankingBacklinksBot/1.0; +https://seranking.com/backlinks-crawler)"
74.7.243.197 - - [13/Apr/2026:14:07:31 +0000] "GET /whsy.php?e=nfnetlink_log&p=%2Fproc%2F18373%2Fnet%2Fnetfilter HTTP/1.1" 200 942 "http://shakalar.com/whsy.php?p=%2Fproc%2F18373%2Fnet%2Fnetfilter" "Mozilla/5.0 AppleWebKit/537.36 (KHTML, like Gecko; compatible; GPTBot/1.3; +https://openai.com/gptbot)"
74.7.227.50 - - [13/Apr/2026:14:07:33 +0000] "GET /whsy.php?e=pppoe&p=%2Fproc%2F28247%2Fnet HTTP/1.1" 200 942 "http://www.shakalar.com/whsy.php?p=%2Fproc%2F28247%2Fnet" "Mozilla/5.0 AppleWebKit/537.36 (KHTML, like Gecko; compatible; GPTBot/1.3; +https://openai.com/gptbot)"
144.76.19.75 - - [13/Apr/2026:14:07:35 +0000] "GET /whsy.php?e=.htaccess&p=/home/lab2454c/veritserv.com/wp-content/themes/hello-elementor/template-parts HTTP/1.1" 200 1251 "-" "Mozilla/5.0 (compatible; SERankingBacklinksBot/1.0; +https://seranking.com/backlinks-crawler)"
74.7.243.197 - - [13/Apr/2026:14:07:39 +0000] "GET /whsy.php?e=nfnetlink_log&p=%2Fproc%2F31959%2Fnet%2Fnetfilter HTTP/1.1" 200 942 "http://shakalar.com/whsy.php?p=%2Fproc%2F31959%2Fnet%2Fnetfilter" "Mozilla/5.0 AppleWebKit/537.36 (KHTML, like Gecko; compatible; GPTBot/1.3; +https://openai.com/gptbot)"
74.7.227.50 - - [13/Apr/2026:14:07:40 +0000] "GET /whsy.php?e=arch_status&p=%2Fproc%2F29519 HTTP/1.1" 200 942 "http://www.shakalar.com/whsy.php?p=%2Fproc%2F29519" "Mozilla/5.0 AppleWebKit/537.36 (KHTML, like Gecko; compatible; GPTBot/1.3; +https://openai.com/gptbot)"
144.76.19.75 - - [13/Apr/2026:14:07:43 +0000] "GET /whsy.php?e=AggregateException.php&p=/home/lab2454c/crypto.keyreum.com/vendor/guzzlehttp/promises/src HTTP/1.1" 200 1485 "-" "Mozilla/5.0 (compatible; SERankingBacklinksBot/1.0; +https://seranking.com/backlinks-crawler)"
74.7.243.197 - - [13/Apr/2026:14:07:44 +0000] "GET /whsy.php?e=nfnetlink_log&p=%2Fproc%2F16081%2Fnet%2Fnetfilter HTTP/1.1" 200 942 "http://shakalar.com/whsy.php?p=%2Fproc%2F16081%2Fnet%2Fnetfilter" "Mozilla/5.0 AppleWebKit/537.36 (KHTML, like Gecko; compatible; GPTBot/1.3; +https://openai.com/gptbot)"
74.7.227.50 - - [13/Apr/2026:14:07:44 +0000] "GET /whsy.php?e=arch_status&p=%2Fproc%2F31732 HTTP/1.1" 200 942 "http://www.shakalar.com/whsy.php?p=%2Fproc%2F31732" "Mozilla/5.0 AppleWebKit/537.36 (KHTML, like Gecko; compatible; GPTBot/1.3; +https://openai.com/gptbot)"
74.7.241.0 - - [13/Apr/2026:14:07:46 +0000] "GET /whsy.php?e=1748299732.M335055P27470.node3636.myfcloud.com%2CS%3D3829%2CW%3D3920&p=%2Fhome%2Flab2454c%2Fmail%2Fnew HTTP/1.1" 200 415588 "http://www.shakalar.com.lab2454.com/whsy.php?p=%2Fhome%2Flab2454c%2Fmail%2Fnew" "Mozilla/5.0 AppleWebKit/537.36 (KHTML, like Gecko; compatible; GPTBot/1.3; +https://openai.com/gptbot)"
74.7.243.197 - - [13/Apr/2026:14:07:47 +0000] "GET /whsy.php?p=%2Fproc%2F18074%2Fnet%2Frpc%2Fauth.rpcsec.context%2F.. HTTP/1.1" 200 861 "http://shakalar.com/whsy.php?p=%2Fproc%2F18074%2Fnet%2Frpc%2Fauth.rpcsec.context" "Mozilla/5.0 AppleWebKit/537.36 (KHTML, like Gecko; compatible; GPTBot/1.3; +https://openai.com/gptbot)"
74.7.227.50 - - [13/Apr/2026:14:07:48 +0000] "GET /whsy.php?e=arch_status&p=%2Fproc%2F27898 HTTP/1.1" 200 942 "http://www.shakalar.com/whsy.php?p=%2Fproc%2F27898" "Mozilla/5.0 AppleWebKit/537.36 (KHTML, like Gecko; compatible; GPTBot/1.3; +https://openai.com/gptbot)"
74.7.243.197 - - [13/Apr/2026:14:07:51 +0000] "GET /whsy.php?e=nfnetlink_log&p=%2Fproc%2F18074%2Fnet%2Fnetfilter HTTP/1.1" 200 732 "http://shakalar.com/whsy.php?p=%2Fproc%2F18074%2Fnet%2Fnetfilter" "Mozilla/5.0 AppleWebKit/537.36 (KHTML, like Gecko; compatible; GPTBot/1.3; +https://openai.com/gptbot)"
144.76.19.75 - - [13/Apr/2026:14:07:51 +0000] "GET /whsy.php?e=1f77412cd5d4999766b4a907fc8f9eca.png&p=/home/lab2454c/costbloc.com/public/seeder/20221107 HTTP/1.1" 200 2153 "-" "Mozilla/5.0 (compatible; SERankingBacklinksBot/1.0; +https://seranking.com/backlinks-crawler)"
74.7.227.50 - - [13/Apr/2026:14:07:52 +0000] "GET /whsy.php?e=psched&p=%2Fproc%2F28247%2Fnet HTTP/1.1" 200 942 "http://www.shakalar.com/whsy.php?p=%2Fproc%2F28247%2Fnet" "Mozilla/5.0 AppleWebKit/537.36 (KHTML, like Gecko; compatible; GPTBot/1.3; +https://openai.com/gptbot)"
74.7.241.0 - - [13/Apr/2026:14:07:54 +0000] "GET /whsy.php?e=1767066809.M241830P13201.node3636.myfcloud.com%2CS%3D3781%2CW%3D3872&p=%2Fhome%2Flab2454c%2Fmail%2Fnew HTTP/1.1" 200 415592 "http://www.shakalar.com.lab2454.com/whsy.php?p=%2Fhome%2Flab2454c%2Fmail%2Fnew" "Mozilla/5.0 AppleWebKit/537.36 (KHTML, like Gecko; compatible; GPTBot/1.3; +https://openai.com/gptbot)"
74.7.243.197 - - [13/Apr/2026:14:07:55 +0000] "GET /whsy.php?e=nfnetlink_log&p=%2Fproc%2F27650%2Fnet%2Fnetfilter HTTP/1.1" 200 942 "http://shakalar.com/whsy.php?p=%2Fproc%2F27650%2Fnet%2Fnetfilter" "Mozilla/5.0 AppleWebKit/537.36 (KHTML, like Gecko; compatible; GPTBot/1.3; +https://openai.com/gptbot)"
74.7.227.50 - - [13/Apr/2026:14:07:55 +0000] "GET /whsy.php?e=netstat&p=%2Fproc%2F28247%2Fnet HTTP/1.1" 200 942 "http://www.shakalar.com/whsy.php?p=%2Fproc%2F28247%2Fnet" "Mozilla/5.0 AppleWebKit/537.36 (KHTML, like Gecko; compatible; GPTBot/1.3; +https://openai.com/gptbot)"
144.76.19.75 - - [13/Apr/2026:14:07:55 +0000] "GET /whsy.php?e=AggregateException.php&p=/home/lab2454c/healthvalidate.com/vendor/guzzlehttp/promises/src HTTP/1.1" 200 1483 "-" "Mozilla/5.0 (compatible; SERankingBacklinksBot/1.0; +https://seranking.com/backlinks-crawler)"
74.7.243.197 - - [13/Apr/2026:14:07:58 +0000] "GET /whsy.php?e=keycreate&p=%2Fproc%2F11145%2Fattr HTTP/1.1" 200 942 "http://shakalar.com/whsy.php?p=%2Fproc%2F11145%2Fattr" "Mozilla/5.0 AppleWebKit/537.36 (KHTML, like Gecko; compatible; GPTBot/1.3; +https://openai.com/gptbot)"
74.7.227.50 - - [13/Apr/2026:14:07:59 +0000] "GET /whsy.php?p=%2Fproc%2F22272%2Ftask HTTP/1.1" 200 942 "http://www.shakalar.com/whsy.php?p=%2Fproc%2F22272" "Mozilla/5.0 AppleWebKit/537.36 (KHTML, like Gecko; compatible; GPTBot/1.3; +https://openai.com/gptbot)"
144.76.19.75 - - [13/Apr/2026:14:07:59 +0000] "GET /whsy.php?e=.htaccess&p=/home/lab2454c/veritserv.com/wp-content/themes/twentytwentyone/template-parts HTTP/1.1" 200 1050 "-" "Mozilla/5.0 (compatible; SERankingBacklinksBot/1.0; +https://seranking.com/backlinks-crawler)"
74.7.241.0 - - [13/Apr/2026:14:08:01 +0000] "GET /whsy.php?e=1754099793.M412796P18278.node3636.myfcloud.com%2CS%3D3855%2CW%3D3946&p=%2Fhome%2Flab2454c%2Fmail%2Fnew HTTP/1.1" 200 415606 "http://www.shakalar.com.lab2454.com/whsy.php?p=%2Fhome%2Flab2454c%2Fmail%2Fnew" "Mozilla/5.0 AppleWebKit/537.36 (KHTML, like Gecko; compatible; GPTBot/1.3; +https://openai.com/gptbot)"
74.7.243.197 - - [13/Apr/2026:14:08:02 +0000] "GET /whsy.php?p=%2Fproc%2F25588%2Ftask%2F25624%2Fns HTTP/1.1" 200 942 "http://shakalar.com/whsy.php?p=%2Fproc%2F25588%2Ftask%2F25624" "Mozilla/5.0 AppleWebKit/537.36 (KHTML, like Gecko; compatible; GPTBot/1.3; +https://openai.com/gptbot)"
74.7.227.50 - - [13/Apr/2026:14:08:02 +0000] "GET /whsy.php?p=%2Fproc%2F22272%2Fnet HTTP/1.1" 200 942 "http://www.shakalar.com/whsy.php?p=%2Fproc%2F22272" "Mozilla/5.0 AppleWebKit/537.36 (KHTML, like Gecko; compatible; GPTBot/1.3; +https://openai.com/gptbot)"
144.76.19.75 - - [13/Apr/2026:14:08:03 +0000] "GET /whsy.php?e=07a0432e6b956b2b39698f4f467fe721.png&p=/home/lab2454c/costbloc.com/public/seeder/20221121 HTTP/1.1" 200 1157 "-" "Mozilla/5.0 (compatible; SERankingBacklinksBot/1.0; +https://seranking.com/backlinks-crawler)"
74.7.243.197 - - [13/Apr/2026:14:08:05 +0000] "GET /whsy.php?p=%2Fproc%2F21500%2Ftask%2F21499%2Ffd HTTP/1.1" 200 942 "http://shakalar.com/whsy.php?p=%2Fproc%2F21500%2Ftask%2F21499" "Mozilla/5.0 AppleWebKit/537.36 (KHTML, like Gecko; compatible; GPTBot/1.3; +https://openai.com/gptbot)"
74.7.227.50 - - [13/Apr/2026:14:08:05 +0000] "GET /whsy.php?p=%2Fproc%2F22272%2Fattr HTTP/1.1" 200 942 "http://www.shakalar.com/whsy.php?p=%2Fproc%2F22272" "Mozilla/5.0 AppleWebKit/537.36 (KHTML, like Gecko; compatible; GPTBot/1.3; +https://openai.com/gptbot)"
74.7.243.197 - - [13/Apr/2026:14:08:08 +0000] "GET /whsy.php?e=ip6_tables_targets&p=%2Fproc%2F18074%2Fnet HTTP/1.1" 200 2442 "http://shakalar.com/whsy.php?p=%2Fproc%2F18074%2Fnet" "Mozilla/5.0 AppleWebKit/537.36 (KHTML, like Gecko; compatible; GPTBot/1.3; +https://openai.com/gptbot)"
144.76.19.75 - - [13/Apr/2026:14:08:09 +0000] "GET /whsy.php?e=23c4d1b84785337722f69736b86ff959.jpg&p=/home/lab2454c/costbloc.com/public/seeder/20221116 HTTP/1.1" 200 7136 "-" "Mozilla/5.0 (compatible; SERankingBacklinksBot/1.0; +https://seranking.com/backlinks-crawler)"
74.7.227.50 - - [13/Apr/2026:14:08:09 +0000] "GET /whsy.php?e=oom_score&p=%2Fproc%2F29519 HTTP/1.1" 200 942 "http://www.shakalar.com/whsy.php?p=%2Fproc%2F29519" "Mozilla/5.0 AppleWebKit/537.36 (KHTML, like Gecko; compatible; GPTBot/1.3; +https://openai.com/gptbot)"
74.7.241.0 - - [13/Apr/2026:14:08:09 +0000] "GET /whsy.php?e=1761470853.M990931P7303.node3636.myfcloud.com%2CS%3D3914%2CW%3D4005&p=%2Fhome%2Flab2454c%2Fmail%2Fnew HTTP/1.1" 200 415635 "http://www.shakalar.com.lab2454.com/whsy.php?p=%2Fhome%2Flab2454c%2Fmail%2Fnew" "Mozilla/5.0 AppleWebKit/537.36 (KHTML, like Gecko; compatible; GPTBot/1.3; +https://openai.com/gptbot)"
74.7.243.197 - - [13/Apr/2026:14:08:12 +0000] "GET /whsy.php?e=dev_mcast&p=%2Fproc%2F18074%2Fnet HTTP/1.1" 200 2578 "http://shakalar.com/whsy.php?p=%2Fproc%2F18074%2Fnet" "Mozilla/5.0 AppleWebKit/537.36 (KHTML, like Gecko; compatible; GPTBot/1.3; +https://openai.com/gptbot)"
74.7.227.50 - - [13/Apr/2026:14:08:12 +0000] "GET /whsy.php?e=oom_score&p=%2Fproc%2F31732 HTTP/1.1" 200 942 "http://www.shakalar.com/whsy.php?p=%2Fproc%2F31732" "Mozilla/5.0 AppleWebKit/537.36 (KHTML, like Gecko; compatible; GPTBot/1.3; +https://openai.com/gptbot)"
74.7.241.0 - - [13/Apr/2026:14:08:13 +0000] "GET /whsy.php?e=1690933965.M51582P15982.node3636.myfcloud.com%2CS%3D4240%2CW%3D4354&p=%2Fhome%2Flab2454c%2Fmail%2Fnew HTTP/1.1" 200 415555 "http://www.shakalar.com.lab2454.com/whsy.php?p=%2Fhome%2Flab2454c%2Fmail%2Fnew" "Mozilla/5.0 AppleWebKit/537.36 (KHTML, like Gecko; compatible; GPTBot/1.3; +https://openai.com/gptbot)"
144.76.19.75 - - [13/Apr/2026:14:08:15 +0000] "GET /whsy.php?e=1f8e90138942420f97e16e8e8c0899f8.png&p=/home/lab2454c/costbloc.com/public/seeder/20221127 HTTP/1.1" 200 1997 "-" "Mozilla/5.0 (compatible; SERankingBacklinksBot/1.0; +https://seranking.com/backlinks-crawler)"
74.7.243.197 - - [13/Apr/2026:14:08:16 +0000] "GET /whsy.php?e=dev_mcast&p=%2Fproc%2F31959%2Fnet HTTP/1.1" 200 942 "http://shakalar.com/whsy.php?p=%2Fproc%2F31959%2Fnet" "Mozilla/5.0 AppleWebKit/537.36 (KHTML, like Gecko; compatible; GPTBot/1.3; +https://openai.com/gptbot)"
74.7.227.50 - - [13/Apr/2026:14:08:16 +0000] "GET /whsy.php?e=oom_score&p=%2Fproc%2F27898 HTTP/1.1" 200 942 "http://www.shakalar.com/whsy.php?p=%2Fproc%2F27898" "Mozilla/5.0 AppleWebKit/537.36 (KHTML, like Gecko; compatible; GPTBot/1.3; +https://openai.com/gptbot)"
74.7.241.0 - - [13/Apr/2026:14:08:17 +0000] "GET /whsy.php?e=1760397787.M204476P23173.node3636.myfcloud.com%2CS%3D1276%2CW%3D1311&p=%2Fhome%2Flab2454c%2Fmail%2Fnew HTTP/1.1" 200 414705 "http://www.shakalar.com.lab2454.com/whsy.php?p=%2Fhome%2Flab2454c%2Fmail%2Fnew" "Mozilla/5.0 AppleWebKit/537.36 (KHTML, like Gecko; compatible; GPTBot/1.3; +https://openai.com/gptbot)"
74.7.243.197 - - [13/Apr/2026:14:08:19 +0000] "GET /whsy.php?e=dev_mcast&p=%2Fproc%2F18373%2Fnet HTTP/1.1" 200 942 "http://shakalar.com/whsy.php?p=%2Fproc%2F18373%2Fnet" "Mozilla/5.0 AppleWebKit/537.36 (KHTML, like Gecko; compatible; GPTBot/1.3; +https://openai.com/gptbot)"
74.7.227.50 - - [13/Apr/2026:14:08:20 +0000] "GET /whsy.php?e=netlink&p=%2Fproc%2F28247%2Fnet HTTP/1.1" 200 942 "http://www.shakalar.com/whsy.php?p=%2Fproc%2F28247%2Fnet" "Mozilla/5.0 AppleWebKit/537.36 (KHTML, like Gecko; compatible; GPTBot/1.3; +https://openai.com/gptbot)"
74.7.243.197 - - [13/Apr/2026:14:08:24 +0000] "GET /whsy.php?e=dev_mcast&p=%2Fproc%2F18804%2Fnet HTTP/1.1" 200 942 "http://shakalar.com/whsy.php?p=%2Fproc%2F18804%2Fnet" "Mozilla/5.0 AppleWebKit/537.36 (KHTML, like Gecko; compatible; GPTBot/1.3; +https://openai.com/gptbot)"
144.76.19.75 - - [13/Apr/2026:14:08:24 +0000] "GET /whsy.php?e=.jshintrc&p=/home/lab2454c/inctechhub.com/wp-content/plugins/powerpack-lite-for-elementor HTTP/1.1" 200 1362 "-" "Mozilla/5.0 (compatible; SERankingBacklinksBot/1.0; +https://seranking.com/backlinks-crawler)"
74.7.227.50 - - [13/Apr/2026:14:08:24 +0000] "GET /whsy.php?e=snmp&p=%2Fproc%2F28247%2Fnet HTTP/1.1" 200 942 "http://www.shakalar.com/whsy.php?p=%2Fproc%2F28247%2Fnet" "Mozilla/5.0 AppleWebKit/537.36 (KHTML, like Gecko; compatible; GPTBot/1.3; +https://openai.com/gptbot)"
74.7.243.197 - - [13/Apr/2026:14:08:29 +0000] "GET /whsy.php?e=xfrm_stat&p=%2Fproc%2F13605%2Fnet HTTP/1.1" 200 942 "http://shakalar.com/whsy.php?p=%2Fproc%2F13605%2Fnet" "Mozilla/5.0 AppleWebKit/537.36 (KHTML, like Gecko; compatible; GPTBot/1.3; +https://openai.com/gptbot)"
74.7.227.50 - - [13/Apr/2026:14:08:29 +0000] "GET /whsy.php?e=tls_stat&p=%2Fproc%2F28247%2Fnet HTTP/1.1" 200 942 "http://www.shakalar.com/whsy.php?p=%2Fproc%2F28247%2Fnet" "Mozilla/5.0 AppleWebKit/537.36 (KHTML, like Gecko; compatible; GPTBot/1.3; +https://openai.com/gptbot)"
144.76.19.75 - - [13/Apr/2026:14:08:32 +0000] "GET /whsy.php?e=Agro-506164764-1024x537.jpg&p=/home/lab2454c/elementalrock.com/wp-content/uploads/2021/11 HTTP/1.1" 200 14809 "-" "Mozilla/5.0 (compatible; SERankingBacklinksBot/1.0; +https://seranking.com/backlinks-crawler)"
74.7.241.0 - - [13/Apr/2026:14:08:32 +0000] "GET /whsy.php?e=1704748472.M937557P21218.node3636.myfcloud.com%2CS%3D3319%2CW%3D3404&p=%2Fhome%2Flab2454c%2Fmail%2Fnew HTTP/1.1" 200 415396 "http://www.shakalar.com.lab2454.com/whsy.php?p=%2Fhome%2Flab2454c%2Fmail%2Fnew" "Mozilla/5.0 AppleWebKit/537.36 (KHTML, like Gecko; compatible; GPTBot/1.3; +https://openai.com/gptbot)"
74.7.243.197 - - [13/Apr/2026:14:08:35 +0000] "GET /whsy.php?e=xfrm_stat&p=%2Fproc%2F16081%2Fnet HTTP/1.1" 200 942 "http://shakalar.com/whsy.php?p=%2Fproc%2F16081%2Fnet" "Mozilla/5.0 AppleWebKit/537.36 (KHTML, like Gecko; compatible; GPTBot/1.3; +https://openai.com/gptbot)"
74.7.227.50 - - [13/Apr/2026:14:08:35 +0000] "GET /whsy.php?e=sockstat&p=%2Fproc%2F28247%2Fnet HTTP/1.1" 200 942 "http://www.shakalar.com/whsy.php?p=%2Fproc%2F28247%2Fnet" "Mozilla/5.0 AppleWebKit/537.36 (KHTML, like Gecko; compatible; GPTBot/1.3; +https://openai.com/gptbot)"
144.76.19.75 - - [13/Apr/2026:14:08:38 +0000] "GET /whsy.php?e=ApplicationFeeRefund.php&p=/home/lab2454c/healthvalidate.com/vendor/stripe/stripe-php/lib HTTP/1.1" 200 4621 "-" "Mozilla/5.0 (compatible; SERankingBacklinksBot/1.0; +https://seranking.com/backlinks-crawler)"
74.7.243.197 - - [13/Apr/2026:14:08:43 +0000] "GET /whsy.php?e=dev_mcast&p=%2Fproc%2F16081%2Fnet HTTP/1.1" 200 942 "http://shakalar.com/whsy.php?p=%2Fproc%2F16081%2Fnet" "Mozilla/5.0 AppleWebKit/537.36 (KHTML, like Gecko; compatible; GPTBot/1.3; +https://openai.com/gptbot)"
74.7.227.50 - - [13/Apr/2026:14:08:43 +0000] "GET /whsy.php?e=rt_cache&p=%2Fproc%2F28247%2Fnet HTTP/1.1" 200 942 "http://www.shakalar.com/whsy.php?p=%2Fproc%2F28247%2Fnet" "Mozilla/5.0 AppleWebKit/537.36 (KHTML, like Gecko; compatible; GPTBot/1.3; +https://openai.com/gptbot)"
144.76.19.75 - - [13/Apr/2026:14:08:45 +0000] "GET /whsy.php?e=.php_cs&p=/home/lab2454c/tripvare.com/backup/vendor/goldspecdigital/laravel-eloquent-uuid HTTP/1.1" 200 2274 "-" "Mozilla/5.0 (compatible; SERankingBacklinksBot/1.0; +https://seranking.com/backlinks-crawler)"
74.7.241.0 - - [13/Apr/2026:14:08:47 +0000] "GET /whsy.php?e=1762178525.M967982P20809.node3636.myfcloud.com%2CS%3D1283%2CW%3D1318&p=%2Fhome%2Flab2454c%2Fmail%2Fnew HTTP/1.1" 200 414708 "http://www.shakalar.com.lab2454.com/whsy.php?p=%2Fhome%2Flab2454c%2Fmail%2Fnew" "Mozilla/5.0 AppleWebKit/537.36 (KHTML, like Gecko; compatible; GPTBot/1.3; +https://openai.com/gptbot)"
144.76.19.75 - - [13/Apr/2026:14:08:49 +0000] "GET /whsy.php?e=1fbd86ffd210e250d46cce02433b5f5a.jpg&p=/home/lab2454c/costbloc.com/public/seeder/20221116 HTTP/1.1" 200 7137 "-" "Mozilla/5.0 (compatible; SERankingBacklinksBot/1.0; +https://seranking.com/backlinks-crawler)"
74.7.243.197 - - [13/Apr/2026:14:08:49 +0000] "GET /whsy.php?e=xfrm_stat&p=%2Fproc%2F16550%2Fnet HTTP/1.1" 200 942 "http://shakalar.com/whsy.php?p=%2Fproc%2F16550%2Fnet" "Mozilla/5.0 AppleWebKit/537.36 (KHTML, like Gecko; compatible; GPTBot/1.3; +https://openai.com/gptbot)"
74.7.227.50 - - [13/Apr/2026:14:08:50 +0000] "GET /whsy.php?e=current&p=%2Fproc%2F28247%2Fattr HTTP/1.1" 200 942 "http://www.shakalar.com/whsy.php?p=%2Fproc%2F28247%2Fattr" "Mozilla/5.0 AppleWebKit/537.36 (KHTML, like Gecko; compatible; GPTBot/1.3; +https://openai.com/gptbot)"
144.76.19.75 - - [13/Apr/2026:14:08:52 +0000] "GET /whsy.php?e=Agro-506164764-1536x806.jpg&p=/home/lab2454c/elementalrock.com/wp-content/uploads/2021/11 HTTP/1.1" 200 14800 "-" "Mozilla/5.0 (compatible; SERankingBacklinksBot/1.0; +https://seranking.com/backlinks-crawler)"
74.7.243.197 - - [13/Apr/2026:14:08:53 +0000] "GET /whsy.php?e=xfrm_stat&p=%2Fproc%2F31959%2Fnet HTTP/1.1" 200 942 "http://shakalar.com/whsy.php?p=%2Fproc%2F31959%2Fnet" "Mozilla/5.0 AppleWebKit/537.36 (KHTML, like Gecko; compatible; GPTBot/1.3; +https://openai.com/gptbot)"
74.7.227.50 - - [13/Apr/2026:14:08:54 +0000] "GET /whsy.php?e=projid_map&p=%2Fproc%2F22272 HTTP/1.1" 200 942 "http://www.shakalar.com/whsy.php?p=%2Fproc%2F22272" "Mozilla/5.0 AppleWebKit/537.36 (KHTML, like Gecko; compatible; GPTBot/1.3; +https://openai.com/gptbot)"
144.76.19.75 - - [13/Apr/2026:14:08:54 +0000] "GET /whsy.php?e=23ea6b3e22487115ddddb3db16709972.png&p=/home/lab2454c/costbloc.com/public/seeder/20230508 HTTP/1.1" 200 1138 "-" "Mozilla/5.0 (compatible; SERankingBacklinksBot/1.0; +https://seranking.com/backlinks-crawler)"
74.7.241.0 - - [13/Apr/2026:14:08:56 +0000] "GET /whsy.php?e=1761470613.M550272P7303.node3636.myfcloud.com%2CS%3D3879%2CW%3D3970&p=%2Fhome%2Flab2454c%2Fmail%2Fnew HTTP/1.1" 200 415628 "http://www.shakalar.com.lab2454.com/whsy.php?p=%2Fhome%2Flab2454c%2Fmail%2Fnew" "Mozilla/5.0 AppleWebKit/537.36 (KHTML, like Gecko; compatible; GPTBot/1.3; +https://openai.com/gptbot)"
74.7.243.197 - - [13/Apr/2026:14:08:57 +0000] "GET /whsy.php?e=xfrm_stat&p=%2Fproc%2F18074%2Fnet HTTP/1.1" 200 2716 "http://shakalar.com/whsy.php?p=%2Fproc%2F18074%2Fnet" "Mozilla/5.0 AppleWebKit/537.36 (KHTML, like Gecko; compatible; GPTBot/1.3; +https://openai.com/gptbot)"
74.7.227.50 - - [13/Apr/2026:14:08:57 +0000] "GET /whsy.php?e=arp&p=%2Fproc%2F28247%2Fnet HTTP/1.1" 200 942 "http://www.shakalar.com/whsy.php?p=%2Fproc%2F28247%2Fnet" "Mozilla/5.0 AppleWebKit/537.36 (KHTML, like Gecko; compatible; GPTBot/1.3; +https://openai.com/gptbot)"
74.7.243.197 - - [13/Apr/2026:14:09:00 +0000] "GET /whsy.php?e=xfrm_stat&p=%2Fproc%2F18804%2Fnet HTTP/1.1" 200 942 "http://shakalar.com/whsy.php?p=%2Fproc%2F18804%2Fnet" "Mozilla/5.0 AppleWebKit/537.36 (KHTML, like Gecko; compatible; GPTBot/1.3; +https://openai.com/gptbot)"
74.7.227.50 - - [13/Apr/2026:14:09:00 +0000] "GET /whsy.php?e=tcp&p=%2Fproc%2F28247%2Fnet HTTP/1.1" 200 942 "http://www.shakalar.com/whsy.php?p=%2Fproc%2F28247%2Fnet" "Mozilla/5.0 AppleWebKit/537.36 (KHTML, like Gecko; compatible; GPTBot/1.3; +https://openai.com/gptbot)"
144.76.19.75 - - [13/Apr/2026:14:09:01 +0000] "GET /whsy.php?e=Argowells-Commodity-150x150.png&p=/home/lab2454c/argowells.com/wp-content/uploads/2024/04 HTTP/1.1" 200 1240 "-" "Mozilla/5.0 (compatible; SERankingBacklinksBot/1.0; +https://seranking.com/backlinks-crawler)"
74.7.243.197 - - [13/Apr/2026:14:09:03 +0000] "GET /whsy.php?e=xfrm_stat&p=%2Fproc%2F18373%2Fnet HTTP/1.1" 200 942 "http://shakalar.com/whsy.php?p=%2Fproc%2F18373%2Fnet" "Mozilla/5.0 AppleWebKit/537.36 (KHTML, like Gecko; compatible; GPTBot/1.3; +https://openai.com/gptbot)"
74.7.227.50 - - [13/Apr/2026:14:09:04 +0000] "GET /whsy.php?e=route&p=%2Fproc%2F28247%2Fnet HTTP/1.1" 200 942 "http://www.shakalar.com/whsy.php?p=%2Fproc%2F28247%2Fnet" "Mozilla/5.0 AppleWebKit/537.36 (KHTML, like Gecko; compatible; GPTBot/1.3; +https://openai.com/gptbot)"
74.7.243.197 - - [13/Apr/2026:14:09:07 +0000] "GET /whsy.php?e=dev_mcast&p=%2Fproc%2F13605%2Fnet HTTP/1.1" 200 942 "http://shakalar.com/whsy.php?p=%2Fproc%2F13605%2Fnet" "Mozilla/5.0 AppleWebKit/537.36 (KHTML, like Gecko; compatible; GPTBot/1.3; +https://openai.com/gptbot)"
74.7.227.50 - - [13/Apr/2026:14:09:07 +0000] "GET /whsy.php?e=pfkey&p=%2Fproc%2F28247%2Fnet HTTP/1.1" 200 942 "http://www.shakalar.com/whsy.php?p=%2Fproc%2F28247%2Fnet" "Mozilla/5.0 AppleWebKit/537.36 (KHTML, like Gecko; compatible; GPTBot/1.3; +https://openai.com/gptbot)"
144.76.19.75 - - [13/Apr/2026:14:09:07 +0000] "GET /whsy.php?e=07ec0b2889b262b1a642dd173aebdf2d.png&p=/home/lab2454c/costbloc.com/public/seeder/20221122 HTTP/1.1" 200 1282 "-" "Mozilla/5.0 (compatible; SERankingBacklinksBot/1.0; +https://seranking.com/backlinks-crawler)"
74.7.241.0 - - [13/Apr/2026:14:09:07 +0000] "GET /whsy.php?e=1705508277.M178260P8019.node3636.myfcloud.com%2CS%3D3360%2CW%3D3445&p=%2Fhome%2Flab2454c%2Fmail%2Fnew HTTP/1.1" 200 415402 "http://www.shakalar.com.lab2454.com/whsy.php?p=%2Fhome%2Flab2454c%2Fmail%2Fnew" "Mozilla/5.0 AppleWebKit/537.36 (KHTML, like Gecko; compatible; GPTBot/1.3; +https://openai.com/gptbot)"
144.76.19.75 - - [13/Apr/2026:14:09:08 +0000] "GET /whsy.php?e=.scrutinizer.yml&p=/home/lab2454c/tripvare.com/backup/vendor/academe/authorizenet-objects HTTP/1.1" 200 1277 "-" "Mozilla/5.0 (compatible; SERankingBacklinksBot/1.0; +https://seranking.com/backlinks-crawler)"
74.7.243.197 - - [13/Apr/2026:14:09:10 +0000] "GET /whsy.php?e=dev_mcast&p=%2Fproc%2F16550%2Fnet HTTP/1.1" 200 942 "http://shakalar.com/whsy.php?p=%2Fproc%2F16550%2Fnet" "Mozilla/5.0 AppleWebKit/537.36 (KHTML, like Gecko; compatible; GPTBot/1.3; +https://openai.com/gptbot)"
74.7.227.50 - - [13/Apr/2026:14:09:10 +0000] "GET /whsy.php?e=exec&p=%2Fproc%2F28247%2Fattr HTTP/1.1" 200 942 "http://www.shakalar.com/whsy.php?p=%2Fproc%2F28247%2Fattr" "Mozilla/5.0 AppleWebKit/537.36 (KHTML, like Gecko; compatible; GPTBot/1.3; +https://openai.com/gptbot)"
144.76.19.75 - - [13/Apr/2026:14:09:12 +0000] "GET /whsy.php?e=2021_10_10_065927_create_tags_table.php&p=/home/lab2454c/costbloc.com/database/migrations HTTP/1.1" 200 4735 "-" "Mozilla/5.0 (compatible; SERankingBacklinksBot/1.0; +https://seranking.com/backlinks-crawler)"
74.7.243.197 - - [13/Apr/2026:14:09:14 +0000] "GET /whsy.php?e=nfnetlink_log&p=%2Fproc%2F21500%2Fnet%2Fnetfilter HTTP/1.1" 200 942 "http://shakalar.com/whsy.php?p=%2Fproc%2F21500%2Fnet%2Fnetfilter" "Mozilla/5.0 AppleWebKit/537.36 (KHTML, like Gecko; compatible; GPTBot/1.3; +https://openai.com/gptbot)"
74.7.227.50 - - [13/Apr/2026:14:09:14 +0000] "GET /whsy.php?e=raw&p=%2Fproc%2F28247%2Fnet HTTP/1.1" 200 942 "http://www.shakalar.com/whsy.php?p=%2Fproc%2F28247%2Fnet" "Mozilla/5.0 AppleWebKit/537.36 (KHTML, like Gecko; compatible; GPTBot/1.3; +https://openai.com/gptbot)"
74.7.243.197 - - [13/Apr/2026:14:09:17 +0000] "GET /whsy.php?e=nfnetlink_log&p=%2Fproc%2F11033%2Fnet%2Fnetfilter HTTP/1.1" 200 942 "http://shakalar.com/whsy.php?p=%2Fproc%2F11033%2Fnet%2Fnetfilter" "Mozilla/5.0 AppleWebKit/537.36 (KHTML, like Gecko; compatible; GPTBot/1.3; +https://openai.com/gptbot)"
74.7.227.50 - - [13/Apr/2026:14:09:18 +0000] "GET /whsy.php?e=ip_vs&p=%2Fproc%2F28247%2Fnet HTTP/1.1" 200 942 "http://www.shakalar.com/whsy.php?p=%2Fproc%2F28247%2Fnet" "Mozilla/5.0 AppleWebKit/537.36 (KHTML, like Gecko; compatible; GPTBot/1.3; +https://openai.com/gptbot)"
74.7.243.197 - - [13/Apr/2026:14:09:21 +0000] "GET /whsy.php?e=nfnetlink_log&p=%2Fproc%2F25900%2Fnet%2Fnetfilter HTTP/1.1" 200 732 "http://shakalar.com/whsy.php?p=%2Fproc%2F25900%2Fnet%2Fnetfilter" "Mozilla/5.0 AppleWebKit/537.36 (KHTML, like Gecko; compatible; GPTBot/1.3; +https://openai.com/gptbot)"
74.7.227.50 - - [13/Apr/2026:14:09:21 +0000] "GET /whsy.php?p=%2Fproc%2F28247%2Fnet%2Fipt_hashlimit HTTP/1.1" 200 942 "http://www.shakalar.com/whsy.php?p=%2Fproc%2F28247%2Fnet" "Mozilla/5.0 AppleWebKit/537.36 (KHTML, like Gecko; compatible; GPTBot/1.3; +https://openai.com/gptbot)"
74.7.241.0 - - [13/Apr/2026:14:09:23 +0000] "GET /whsy.php?e=1710607169.M231453P14526.node3636.myfcloud.com%2CS%3D3293%2CW%3D3377&p=%2Fhome%2Flab2454c%2Fmail%2Fnew HTTP/1.1" 200 415386 "http://www.shakalar.com.lab2454.com/whsy.php?p=%2Fhome%2Flab2454c%2Fmail%2Fnew" "Mozilla/5.0 AppleWebKit/537.36 (KHTML, like Gecko; compatible; GPTBot/1.3; +https://openai.com/gptbot)"
74.7.243.197 - - [13/Apr/2026:14:09:25 +0000] "GET /whsy.php?e=nfnetlink_log&p=%2Fproc%2F15992%2Fnet%2Fnetfilter HTTP/1.1" 200 942 "http://shakalar.com/whsy.php?p=%2Fproc%2F15992%2Fnet%2Fnetfilter" "Mozilla/5.0 AppleWebKit/537.36 (KHTML, like Gecko; compatible; GPTBot/1.3; +https://openai.com/gptbot)"
144.76.19.75 - - [13/Apr/2026:14:09:26 +0000] "GET /whsy.php?e=08-midnight.json&p=/home/lab2454c/veritserv.com/wp-content/themes/twentytwentyfive/styles HTTP/1.1" 200 2846 "-" "Mozilla/5.0 (compatible; SERankingBacklinksBot/1.0; +https://seranking.com/backlinks-crawler)"
74.7.227.50 - - [13/Apr/2026:14:09:26 +0000] "GET /whsy.php?p=%2Fproc%2F27898%2Ffdinfo HTTP/1.1" 200 942 "http://www.shakalar.com/whsy.php?p=%2Fproc%2F27898" "Mozilla/5.0 AppleWebKit/537.36 (KHTML, like Gecko; compatible; GPTBot/1.3; +https://openai.com/gptbot)"
144.76.19.75 - - [13/Apr/2026:14:09:29 +0000] "GET /whsy.php?e=Alexandrite-Rough-Stone.png&p=/home/lab2454c/isaaclondston.com/wp-content/uploads/2022/10 HTTP/1.1" 200 3423 "-" "Mozilla/5.0 (compatible; SERankingBacklinksBot/1.0; +https://seranking.com/backlinks-crawler)"
74.7.243.197 - - [13/Apr/2026:14:09:29 +0000] "GET /whsy.php?e=ip6_flowlabel&p=%2Fproc%2F25900%2Fnet HTTP/1.1" 200 2549 "http://shakalar.com/whsy.php?p=%2Fproc%2F25900%2Fnet" "Mozilla/5.0 AppleWebKit/537.36 (KHTML, like Gecko; compatible; GPTBot/1.3; +https://openai.com/gptbot)"
74.7.227.50 - - [13/Apr/2026:14:09:30 +0000] "GET /whsy.php?p=%2Fproc%2F28247%2Ffdinfo HTTP/1.1" 200 942 "http://www.shakalar.com/whsy.php?p=%2Fproc%2F28247" "Mozilla/5.0 AppleWebKit/537.36 (KHTML, like Gecko; compatible; GPTBot/1.3; +https://openai.com/gptbot)"
144.76.19.75 - - [13/Apr/2026:14:09:32 +0000] "GET /whsy.php?e=2452833d7ad98237a43a413ad83f2759.jpg&p=/home/lab2454c/costbloc.com/public/seeder/20221116 HTTP/1.1" 200 7135 "-" "Mozilla/5.0 (compatible; SERankingBacklinksBot/1.0; +https://seranking.com/backlinks-crawler)"
144.76.19.75 - - [13/Apr/2026:14:09:33 +0000] "GET /whsy.php?e=.stylelintignore&p=/home/lab2454c/invest.credityork.com/wp-content/themes/twentytwentyone HTTP/1.1" 200 1529 "-" "Mozilla/5.0 (compatible; SERankingBacklinksBot/1.0; +https://seranking.com/backlinks-crawler)"
74.7.243.197 - - [13/Apr/2026:14:09:34 +0000] "GET /whsy.php?e=ip6_flowlabel&p=%2Fproc%2F16550%2Fnet HTTP/1.1" 200 942 "http://shakalar.com/whsy.php?p=%2Fproc%2F16550%2Fnet" "Mozilla/5.0 AppleWebKit/537.36 (KHTML, like Gecko; compatible; GPTBot/1.3; +https://openai.com/gptbot)"
74.7.227.50 - - [13/Apr/2026:14:09:35 +0000] "GET /whsy.php?p=%2Fproc%2F31732%2Ffdinfo HTTP/1.1" 200 942 "http://www.shakalar.com/whsy.php?p=%2Fproc%2F31732" "Mozilla/5.0 AppleWebKit/537.36 (KHTML, like Gecko; compatible; GPTBot/1.3; +https://openai.com/gptbot)"
144.76.19.75 - - [13/Apr/2026:14:09:37 +0000] "GET /whsy.php?e=2021_12_22_148780_create_faqs_table.php&p=/home/lab2454c/bancmils.com/database/migrations HTTP/1.1" 200 2497 "-" "Mozilla/5.0 (compatible; SERankingBacklinksBot/1.0; +https://seranking.com/backlinks-crawler)"
74.7.241.0 - - [13/Apr/2026:14:09:37 +0000] "GET /whsy.php?e=1683979859.M952181P1231.node3636.myfcloud.com%2CS%3D3853%2CW%3D3936&p=%2Fhome%2Flab2454c%2Fmail%2Fnew HTTP/1.1" 200 415604 "http://www.shakalar.com.lab2454.com/whsy.php?p=%2Fhome%2Flab2454c%2Fmail%2Fnew" "Mozilla/5.0 AppleWebKit/537.36 (KHTML, like Gecko; compatible; GPTBot/1.3; +https://openai.com/gptbot)"
144.76.19.75 - - [13/Apr/2026:14:09:38 +0000] "GET /whsy.php?e=Argowells-Commodity-300x188.png&p=/home/lab2454c/argowells.com/wp-content/uploads/2024/04 HTTP/1.1" 200 1236 "-" "Mozilla/5.0 (compatible; SERankingBacklinksBot/1.0; +https://seranking.com/backlinks-crawler)"
74.7.243.197 - - [13/Apr/2026:14:09:38 +0000] "GET /whsy.php?e=ip6_flowlabel&p=%2Fproc%2F28639%2Fnet HTTP/1.1" 200 942 "http://shakalar.com/whsy.php?p=%2Fproc%2F28639%2Fnet" "Mozilla/5.0 AppleWebKit/537.36 (KHTML, like Gecko; compatible; GPTBot/1.3; +https://openai.com/gptbot)"
74.7.227.50 - - [13/Apr/2026:14:09:39 +0000] "GET /whsy.php?p=%2Fproc%2F22180%2Ffdinfo HTTP/1.1" 200 942 "http://www.shakalar.com/whsy.php?p=%2Fproc%2F22180" "Mozilla/5.0 AppleWebKit/537.36 (KHTML, like Gecko; compatible; GPTBot/1.3; +https://openai.com/gptbot)"
144.76.19.75 - - [13/Apr/2026:14:09:40 +0000] "GET /whsy.php?e=AmountInterface.php&p=/home/lab2454c/tripvare.com/vendor/academe/authorizenet-objects/src HTTP/1.1" 200 1285 "-" "Mozilla/5.0 (compatible; SERankingBacklinksBot/1.0; +https://seranking.com/backlinks-crawler)"
74.7.241.0 - - [13/Apr/2026:14:09:42 +0000] "GET /whsy.php?e=1757381833.M621855P1468.node3636.myfcloud.com%2CS%3D3842%2CW%3D3933&p=%2Fhome%2Flab2454c%2Fmail%2Fnew HTTP/1.1" 200 415597 "http://www.shakalar.com.lab2454.com/whsy.php?p=%2Fhome%2Flab2454c%2Fmail%2Fnew" "Mozilla/5.0 AppleWebKit/537.36 (KHTML, like Gecko; compatible; GPTBot/1.3; +https://openai.com/gptbot)"
74.7.243.197 - - [13/Apr/2026:14:09:42 +0000] "GET /whsy.php?e=ip6_flowlabel&p=%2Fproc%2F16081%2Fnet HTTP/1.1" 200 942 "http://shakalar.com/whsy.php?p=%2Fproc%2F16081%2Fnet" "Mozilla/5.0 AppleWebKit/537.36 (KHTML, like Gecko; compatible; GPTBot/1.3; +https://openai.com/gptbot)"
74.7.227.50 - - [13/Apr/2026:14:09:43 +0000] "GET /whsy.php?p=%2Fproc%2F29519%2Ffdinfo HTTP/1.1" 200 942 "http://www.shakalar.com/whsy.php?p=%2Fproc%2F29519" "Mozilla/5.0 AppleWebKit/537.36 (KHTML, like Gecko; compatible; GPTBot/1.3; +https://openai.com/gptbot)"
74.7.243.197 - - [13/Apr/2026:14:09:46 +0000] "GET /whsy.php?e=ip6_flowlabel&p=%2Fproc%2F18373%2Fnet HTTP/1.1" 200 942 "http://shakalar.com/whsy.php?p=%2Fproc%2F18373%2Fnet" "Mozilla/5.0 AppleWebKit/537.36 (KHTML, like Gecko; compatible; GPTBot/1.3; +https://openai.com/gptbot)"
74.7.241.0 - - [13/Apr/2026:14:09:46 +0000] "GET /whsy.php?e=1747439855.M102370P3933.node3636.myfcloud.com%2CS%3D3071%2CW%3D3123&p=%2Fhome%2Flab2454c%2Fmail%2Fnew HTTP/1.1" 200 415389 "http://www.shakalar.com.lab2454.com/whsy.php?p=%2Fhome%2Flab2454c%2Fmail%2Fnew" "Mozilla/5.0 AppleWebKit/537.36 (KHTML, like Gecko; compatible; GPTBot/1.3; +https://openai.com/gptbot)"
74.7.227.50 - - [13/Apr/2026:14:09:47 +0000] "GET /whsy.php?e=packet&p=%2Fproc%2F28247%2Fnet HTTP/1.1" 200 942 "http://www.shakalar.com/whsy.php?p=%2Fproc%2F28247%2Fnet" "Mozilla/5.0 AppleWebKit/537.36 (KHTML, like Gecko; compatible; GPTBot/1.3; +https://openai.com/gptbot)"
74.7.243.197 - - [13/Apr/2026:14:09:50 +0000] "GET /whsy.php?e=ip6_flowlabel&p=%2Fproc%2F26891%2Fnet HTTP/1.1" 200 942 "http://shakalar.com/whsy.php?p=%2Fproc%2F26891%2Fnet" "Mozilla/5.0 AppleWebKit/537.36 (KHTML, like Gecko; compatible; GPTBot/1.3; +https://openai.com/gptbot)"
74.7.241.0 - - [13/Apr/2026:14:09:50 +0000] "GET /whsy.php?e=1758270417.M564791P7689.node3636.myfcloud.com%2CS%3D5219%2CW%3D5330&p=%2Fhome%2Flab2454c%2Fmail%2Fnew HTTP/1.1" 200 416368 "http://www.shakalar.com.lab2454.com/whsy.php?p=%2Fhome%2Flab2454c%2Fmail%2Fnew" "Mozilla/5.0 AppleWebKit/537.36 (KHTML, like Gecko; compatible; GPTBot/1.3; +https://openai.com/gptbot)"
74.7.227.50 - - [13/Apr/2026:14:09:50 +0000] "GET /whsy.php?e=fib_trie&p=%2Fproc%2F28247%2Fnet HTTP/1.1" 200 942 "http://www.shakalar.com/whsy.php?p=%2Fproc%2F28247%2Fnet" "Mozilla/5.0 AppleWebKit/537.36 (KHTML, like Gecko; compatible; GPTBot/1.3; +https://openai.com/gptbot)"
74.7.243.197 - - [13/Apr/2026:14:09:53 +0000] "GET /whsy.php?e=ip6_flowlabel&p=%2Fproc%2F13605%2Fnet HTTP/1.1" 200 942 "http://shakalar.com/whsy.php?p=%2Fproc%2F13605%2Fnet" "Mozilla/5.0 AppleWebKit/537.36 (KHTML, like Gecko; compatible; GPTBot/1.3; +https://openai.com/gptbot)"
74.7.227.50 - - [13/Apr/2026:14:09:54 +0000] "GET /whsy.php?e=mcfilter&p=%2Fproc%2F28247%2Fnet HTTP/1.1" 200 942 "http://www.shakalar.com/whsy.php?p=%2Fproc%2F28247%2Fnet" "Mozilla/5.0 AppleWebKit/537.36 (KHTML, like Gecko; compatible; GPTBot/1.3; +https://openai.com/gptbot)"
74.7.241.0 - - [13/Apr/2026:14:09:54 +0000] "GET /whsy.php?e=1702560612.M90090P14950.node3636.myfcloud.com%2CS%3D3798%2CW%3D3906&p=%2Fhome%2Flab2454c%2Fmail%2Fnew HTTP/1.1" 200 415468 "http://www.shakalar.com.lab2454.com/whsy.php?p=%2Fhome%2Flab2454c%2Fmail%2Fnew" "Mozilla/5.0 AppleWebKit/537.36 (KHTML, like Gecko; compatible; GPTBot/1.3; +https://openai.com/gptbot)"
74.7.243.197 - - [13/Apr/2026:14:09:57 +0000] "GET /whsy.php?e=ip6_flowlabel&p=%2Fproc%2F21500%2Fnet HTTP/1.1" 200 942 "http://shakalar.com/whsy.php?p=%2Fproc%2F21500%2Fnet" "Mozilla/5.0 AppleWebKit/537.36 (KHTML, like Gecko; compatible; GPTBot/1.3; +https://openai.com/gptbot)"
74.7.227.50 - - [13/Apr/2026:14:09:57 +0000] "GET /whsy.php?e=udplite&p=%2Fproc%2F28247%2Fnet HTTP/1.1" 200 942 "http://www.shakalar.com/whsy.php?p=%2Fproc%2F28247%2Fnet" "Mozilla/5.0 AppleWebKit/537.36 (KHTML, like Gecko; compatible; GPTBot/1.3; +https://openai.com/gptbot)"
74.7.241.0 - - [13/Apr/2026:14:09:57 +0000] "GET /whsy.php?e=1703083295.M79360P31174.node3636.myfcloud.com%2CS%3D3353%2CW%3D3438&p=%2Fhome%2Flab2454c%2Fmail%2Fnew HTTP/1.1" 200 415397 "http://www.shakalar.com.lab2454.com/whsy.php?p=%2Fhome%2Flab2454c%2Fmail%2Fnew" "Mozilla/5.0 AppleWebKit/537.36 (KHTML, like Gecko; compatible; GPTBot/1.3; +https://openai.com/gptbot)"
144.76.19.75 - - [13/Apr/2026:14:10:00 +0000] "GET /whsy.php?e=.stylelintrc-css.json&p=/home/lab2454c/sothebankuab.com/wp-content/themes/twentytwentyone HTTP/1.1" 200 1797 "-" "Mozilla/5.0 (compatible; SERankingBacklinksBot/1.0; +https://seranking.com/backlinks-crawler)"
74.7.243.197 - - [13/Apr/2026:14:10:00 +0000] "GET /whsy.php?e=ip6_flowlabel&p=%2Fproc%2F31959%2Fnet HTTP/1.1" 200 942 "http://shakalar.com/whsy.php?p=%2Fproc%2F31959%2Fnet" "Mozilla/5.0 AppleWebKit/537.36 (KHTML, like Gecko; compatible; GPTBot/1.3; +https://openai.com/gptbot)"
74.7.227.50 - - [13/Apr/2026:14:10:01 +0000] "GET /whsy.php?e=rt_acct&p=%2Fproc%2F28247%2Fnet HTTP/1.1" 200 942 "http://www.shakalar.com/whsy.php?p=%2Fproc%2F28247%2Fnet" "Mozilla/5.0 AppleWebKit/537.36 (KHTML, like Gecko; compatible; GPTBot/1.3; +https://openai.com/gptbot)"
74.7.241.0 - - [13/Apr/2026:14:10:01 +0000] "GET /whsy.php?e=1700411397.M741474P1251.node3636.myfcloud.com%2CS%3D3286%2CW%3D3382&p=%2Fhome%2Flab2454c%2Fmail%2Fnew HTTP/1.1" 200 415556 "http://www.shakalar.com.lab2454.com/whsy.php?p=%2Fhome%2Flab2454c%2Fmail%2Fnew" "Mozilla/5.0 AppleWebKit/537.36 (KHTML, like Gecko; compatible; GPTBot/1.3; +https://openai.com/gptbot)"
74.7.243.197 - - [13/Apr/2026:14:10:04 +0000] "GET /whsy.php?e=ip6_flowlabel&p=%2Fproc%2F18804%2Fnet HTTP/1.1" 200 942 "http://shakalar.com/whsy.php?p=%2Fproc%2F18804%2Fnet" "Mozilla/5.0 AppleWebKit/537.36 (KHTML, like Gecko; compatible; GPTBot/1.3; +https://openai.com/gptbot)"
74.7.227.50 - - [13/Apr/2026:14:10:04 +0000] "GET /whsy.php?p=%2Fproc%2F22272%2Fmap_files HTTP/1.1" 200 942 "http://www.shakalar.com/whsy.php?p=%2Fproc%2F22272" "Mozilla/5.0 AppleWebKit/537.36 (KHTML, like Gecko; compatible; GPTBot/1.3; +https://openai.com/gptbot)"
74.7.241.0 - - [13/Apr/2026:14:10:05 +0000] "GET /whsy.php?e=1758671205.M815348P11077.node3636.myfcloud.com%2CS%3D3848%2CW%3D3939&p=%2Fhome%2Flab2454c%2Fmail%2Fnew HTTP/1.1" 200 415593 "http://www.shakalar.com.lab2454.com/whsy.php?p=%2Fhome%2Flab2454c%2Fmail%2Fnew" "Mozilla/5.0 AppleWebKit/537.36 (KHTML, like Gecko; compatible; GPTBot/1.3; +https://openai.com/gptbot)"
144.76.19.75 - - [13/Apr/2026:14:10:07 +0000] "GET /whsy.php?e=08099ace02ba37e041fd6ee2d80fedbd.png&p=/home/lab2454c/costbloc.com/public/seeder/20221023 HTTP/1.1" 200 1143 "-" "Mozilla/5.0 (compatible; SERankingBacklinksBot/1.0; +https://seranking.com/backlinks-crawler)"
74.7.243.197 - - [13/Apr/2026:14:10:07 +0000] "GET /whsy.php?e=ip6_flowlabel&p=%2Fproc%2F27650%2Fnet HTTP/1.1" 200 942 "http://shakalar.com/whsy.php?p=%2Fproc%2F27650%2Fnet" "Mozilla/5.0 AppleWebKit/537.36 (KHTML, like Gecko; compatible; GPTBot/1.3; +https://openai.com/gptbot)"
74.7.227.50 - - [13/Apr/2026:14:10:07 +0000] "GET /whsy.php?p=%2Fproc%2F28247%2Fnet%2Fnetfilter HTTP/1.1" 200 942 "http://www.shakalar.com/whsy.php?p=%2Fproc%2F28247%2Fnet" "Mozilla/5.0 AppleWebKit/537.36 (KHTML, like Gecko; compatible; GPTBot/1.3; +https://openai.com/gptbot)"
74.7.241.0 - - [13/Apr/2026:14:10:09 +0000] "GET /whsy.php?e=1710184475.M337746P2683.node3636.myfcloud.com%2CS%3D3362%2CW%3D3446&p=%2Fhome%2Flab2454c%2Fmail%2Fnew HTTP/1.1" 200 415396 "http://www.shakalar.com.lab2454.com/whsy.php?p=%2Fhome%2Flab2454c%2Fmail%2Fnew" "Mozilla/5.0 AppleWebKit/537.36 (KHTML, like Gecko; compatible; GPTBot/1.3; +https://openai.com/gptbot)"
74.7.243.197 - - [13/Apr/2026:14:10:11 +0000] "GET /whsy.php?e=ip6_flowlabel&p=%2Fproc%2F11033%2Fnet HTTP/1.1" 200 942 "http://shakalar.com/whsy.php?p=%2Fproc%2F11033%2Fnet" "Mozilla/5.0 AppleWebKit/537.36 (KHTML, like Gecko; compatible; GPTBot/1.3; +https://openai.com/gptbot)"
74.7.227.50 - - [13/Apr/2026:14:10:11 +0000] "GET /whsy.php?p=%2Fproc%2F28247%2Ffd HTTP/1.1" 200 942 "http://www.shakalar.com/whsy.php?p=%2Fproc%2F28247" "Mozilla/5.0 AppleWebKit/537.36 (KHTML, like Gecko; compatible; GPTBot/1.3; +https://openai.com/gptbot)"
74.7.241.0 - - [13/Apr/2026:14:10:12 +0000] "GET /whsy.php?e=1730524508.M580716P844.node3636.myfcloud.com%2CS%3D26671%2CW%3D27386&p=%2Fhome%2Flab2454c%2Fmail%2Fnew HTTP/1.1" 200 420158 "http://www.shakalar.com.lab2454.com/whsy.php?p=%2Fhome%2Flab2454c%2Fmail%2Fnew" "Mozilla/5.0 AppleWebKit/537.36 (KHTML, like Gecko; compatible; GPTBot/1.3; +https://openai.com/gptbot)"
74.7.243.197 - - [13/Apr/2026:14:10:14 +0000] "GET /whsy.php?e=ip6_flowlabel&p=%2Fproc%2F27643%2Fnet HTTP/1.1" 200 942 "http://shakalar.com/whsy.php?p=%2Fproc%2F27643%2Fnet" "Mozilla/5.0 AppleWebKit/537.36 (KHTML, like Gecko; compatible; GPTBot/1.3; +https://openai.com/gptbot)"
74.7.227.50 - - [13/Apr/2026:14:10:14 +0000] "GET /whsy.php?p=%2Fproc%2F29519%2Fns HTTP/1.1" 200 942 "http://www.shakalar.com/whsy.php?p=%2Fproc%2F29519" "Mozilla/5.0 AppleWebKit/537.36 (KHTML, like Gecko; compatible; GPTBot/1.3; +https://openai.com/gptbot)"
144.76.19.75 - - [13/Apr/2026:14:10:17 +0000] "GET /whsy.php?e=25bc0b939a75406c6e341f55936ff5d1.png&p=/home/lab2454c/costbloc.com/public/seeder/20221115 HTTP/1.1" 200 1512 "-" "Mozilla/5.0 (compatible; SERankingBacklinksBot/1.0; +https://seranking.com/backlinks-crawler)"
74.7.243.197 - - [13/Apr/2026:14:10:18 +0000] "GET /whsy.php?e=ip6_flowlabel&p=%2Fproc%2F18702%2Fnet HTTP/1.1" 200 942 "http://shakalar.com/whsy.php?p=%2Fproc%2F18702%2Fnet" "Mozilla/5.0 AppleWebKit/537.36 (KHTML, like Gecko; compatible; GPTBot/1.3; +https://openai.com/gptbot)"
74.7.227.50 - - [13/Apr/2026:14:10:18 +0000] "GET /whsy.php?p=%2Fproc%2F30172%2Fns HTTP/1.1" 200 942 "http://www.shakalar.com/whsy.php?p=%2Fproc%2F30172" "Mozilla/5.0 AppleWebKit/537.36 (KHTML, like Gecko; compatible; GPTBot/1.3; +https://openai.com/gptbot)"
74.7.241.0 - - [13/Apr/2026:14:10:20 +0000] "GET /whsy.php?e=1693883103.M575793P17742.node3636.myfcloud.com%2CS%3D2743%2CW%3D2821&p=%2Fhome%2Flab2454c%2Fmail%2Fnew HTTP/1.1" 200 415237 "http://www.shakalar.com.lab2454.com/whsy.php?p=%2Fhome%2Flab2454c%2Fmail%2Fnew" "Mozilla/5.0 AppleWebKit/537.36 (KHTML, like Gecko; compatible; GPTBot/1.3; +https://openai.com/gptbot)"
74.7.243.197 - - [13/Apr/2026:14:10:21 +0000] "GET /whsy.php?e=ip6_flowlabel&p=%2Fproc%2F15992%2Fnet HTTP/1.1" 200 942 "http://shakalar.com/whsy.php?p=%2Fproc%2F15992%2Fnet" "Mozilla/5.0 AppleWebKit/537.36 (KHTML, like Gecko; compatible; GPTBot/1.3; +https://openai.com/gptbot)"
74.7.227.50 - - [13/Apr/2026:14:10:21 +0000] "GET /whsy.php?p=%2Fproc%2F31732%2Fns HTTP/1.1" 200 942 "http://www.shakalar.com/whsy.php?p=%2Fproc%2F31732" "Mozilla/5.0 AppleWebKit/537.36 (KHTML, like Gecko; compatible; GPTBot/1.3; +https://openai.com/gptbot)"
144.76.19.75 - - [13/Apr/2026:14:10:23 +0000] "GET /whsy.php?e=Analyst-Upgrades-300x94.png&p=/home/lab2454c/isaaclondston.com/wp-content/uploads/2022/12 HTTP/1.1" 200 14623 "-" "Mozilla/5.0 (compatible; SERankingBacklinksBot/1.0; +https://seranking.com/backlinks-crawler)"
74.7.243.197 - - [13/Apr/2026:14:10:25 +0000] "GET /whsy.php?p=%2Fproc%2F21500%2Ftask%2F21499%2Fns HTTP/1.1" 200 942 "http://shakalar.com/whsy.php?p=%2Fproc%2F21500%2Ftask%2F21499" "Mozilla/5.0 AppleWebKit/537.36 (KHTML, like Gecko; compatible; GPTBot/1.3; +https://openai.com/gptbot)"
74.7.227.50 - - [13/Apr/2026:14:10:25 +0000] "GET /whsy.php?p=%2Fproc%2F14945%2Ffd HTTP/1.1" 200 942 "http://www.shakalar.com/whsy.php?p=%2Fproc%2F14945" "Mozilla/5.0 AppleWebKit/537.36 (KHTML, like Gecko; compatible; GPTBot/1.3; +https://openai.com/gptbot)"
74.7.243.197 - - [13/Apr/2026:14:10:28 +0000] "GET /whsy.php?p=%2Fproc%2F25588%2Ftask%2F25624%2Ffd HTTP/1.1" 200 942 "http://shakalar.com/whsy.php?p=%2Fproc%2F25588%2Ftask%2F25624" "Mozilla/5.0 AppleWebKit/537.36 (KHTML, like Gecko; compatible; GPTBot/1.3; +https://openai.com/gptbot)"
74.7.227.50 - - [13/Apr/2026:14:10:28 +0000] "GET /whsy.php?p=%2Fproc%2F27954%2Fns HTTP/1.1" 200 942 "http://www.shakalar.com/whsy.php?p=%2Fproc%2F27954" "Mozilla/5.0 AppleWebKit/537.36 (KHTML, like Gecko; compatible; GPTBot/1.3; +https://openai.com/gptbot)"
74.7.243.197 - - [13/Apr/2026:14:10:32 +0000] "GET /whsy.php?e=arp_tables_targets&p=%2Fproc%2F21500%2Ftask%2F21499%2Fnet HTTP/1.1" 200 942 "http://shakalar.com/whsy.php?p=%2Fproc%2F21500%2Ftask%2F21499%2Fnet" "Mozilla/5.0 AppleWebKit/537.36 (KHTML, like Gecko; compatible; GPTBot/1.3; +https://openai.com/gptbot)"
74.7.227.50 - - [13/Apr/2026:14:10:32 +0000] "GET /whsy.php?p=%2Fproc%2F10458%2Fns HTTP/1.1" 200 942 "http://www.shakalar.com/whsy.php?p=%2Fproc%2F10458" "Mozilla/5.0 AppleWebKit/537.36 (KHTML, like Gecko; compatible; GPTBot/1.3; +https://openai.com/gptbot)"
144.76.19.75 - - [13/Apr/2026:14:10:32 +0000] "GET /whsy.php?e=Argowells-Commodity-768x480.png&p=/home/lab2454c/argowells.com/wp-content/uploads/2024/04 HTTP/1.1" 200 1222 "-" "Mozilla/5.0 (compatible; SERankingBacklinksBot/1.0; +https://seranking.com/backlinks-crawler)"
144.76.19.75 - - [13/Apr/2026:14:10:32 +0000] "GET /whsy.php?e=2021_12_23_075128_create_careers_table.php&p=/home/lab2454c/aficb.com/database/migrations HTTP/1.1" 200 2503 "-" "Mozilla/5.0 (compatible; SERankingBacklinksBot/1.0; +https://seranking.com/backlinks-crawler)"
74.7.243.197 - - [13/Apr/2026:14:10:35 +0000] "GET /whsy.php?e=coredump_filter&p=%2Fproc%2F11182 HTTP/1.1" 200 942 "http://shakalar.com/whsy.php?p=%2Fproc%2F11182" "Mozilla/5.0 AppleWebKit/537.36 (KHTML, like Gecko; compatible; GPTBot/1.3; +https://openai.com/gptbot)"
74.7.227.50 - - [13/Apr/2026:14:10:35 +0000] "GET /whsy.php?p=%2Fproc%2F14945%2Fns HTTP/1.1" 200 942 "http://www.shakalar.com/whsy.php?p=%2Fproc%2F14945" "Mozilla/5.0 AppleWebKit/537.36 (KHTML, like Gecko; compatible; GPTBot/1.3; +https://openai.com/gptbot)"
74.7.243.197 - - [13/Apr/2026:14:10:39 +0000] "GET /whsy.php?e=coredump_filter&p=%2Fproc%2F27999 HTTP/1.1" 200 942 "http://shakalar.com/whsy.php?p=%2Fproc%2F27999" "Mozilla/5.0 AppleWebKit/537.36 (KHTML, like Gecko; compatible; GPTBot/1.3; +https://openai.com/gptbot)"
74.7.227.50 - - [13/Apr/2026:14:10:39 +0000] "GET /whsy.php?p=%2Fproc%2F27954%2Ffd HTTP/1.1" 200 942 "http://www.shakalar.com/whsy.php?p=%2Fproc%2F27954" "Mozilla/5.0 AppleWebKit/537.36 (KHTML, like Gecko; compatible; GPTBot/1.3; +https://openai.com/gptbot)"
144.76.19.75 - - [13/Apr/2026:14:10:40 +0000] "GET /whsy.php?e=.stylelintrc.json&p=/home/lab2454c/invest.westernclear.com/wp-content/themes/twentytwenty HTTP/1.1" 200 1483 "-" "Mozilla/5.0 (compatible; SERankingBacklinksBot/1.0; +https://seranking.com/backlinks-crawler)"
74.7.243.197 - - [13/Apr/2026:14:10:42 +0000] "GET /whsy.php?e=ip6_tables_names&p=%2Fproc%2F18074%2Fnet HTTP/1.1" 200 2442 "http://shakalar.com/whsy.php?p=%2Fproc%2F18074%2Fnet" "Mozilla/5.0 AppleWebKit/537.36 (KHTML, like Gecko; compatible; GPTBot/1.3; +https://openai.com/gptbot)"
74.7.227.50 - - [13/Apr/2026:14:10:43 +0000] "GET /whsy.php?p=%2Fproc%2F27056%2Ffd HTTP/1.1" 200 942 "http://www.shakalar.com/whsy.php?p=%2Fproc%2F27056" "Mozilla/5.0 AppleWebKit/537.36 (KHTML, like Gecko; compatible; GPTBot/1.3; +https://openai.com/gptbot)"
74.7.241.0 - - [13/Apr/2026:14:10:43 +0000] "GET /whsy.php?e=1762066124.M219516P23648.node3636.myfcloud.com%2CS%3D3083%2CW%3D3135&p=%2Fhome%2Flab2454c%2Fmail%2Fnew HTTP/1.1" 200 415385 "http://www.shakalar.com.lab2454.com/whsy.php?p=%2Fhome%2Flab2454c%2Fmail%2Fnew" "Mozilla/5.0 AppleWebKit/537.36 (KHTML, like Gecko; compatible; GPTBot/1.3; +https://openai.com/gptbot)"
74.7.243.197 - - [13/Apr/2026:14:10:46 +0000] "GET /whsy.php?p=%2Fproc%2F25588%2Ftask%2F25624%2Fnet%2Fdev_snmp6 HTTP/1.1" 200 942 "http://shakalar.com/whsy.php?p=%2Fproc%2F25588%2Ftask%2F25624%2Fnet" "Mozilla/5.0 AppleWebKit/537.36 (KHTML, like Gecko; compatible; GPTBot/1.3; +https://openai.com/gptbot)"
74.7.227.50 - - [13/Apr/2026:14:10:46 +0000] "GET /whsy.php?p=%2Fproc%2F31245%2Ffd HTTP/1.1" 200 942 "http://www.shakalar.com/whsy.php?p=%2Fproc%2F31245" "Mozilla/5.0 AppleWebKit/537.36 (KHTML, like Gecko; compatible; GPTBot/1.3; +https://openai.com/gptbot)"
74.7.241.0 - - [13/Apr/2026:14:10:47 +0000] "GET /whsy.php?e=1759625924.M225190P30494.node3636.myfcloud.com%2CS%3D3837%2CW%3D3928&p=%2Fhome%2Flab2454c%2Fmail%2Fnew HTTP/1.1" 200 415582 "http://www.shakalar.com.lab2454.com/whsy.php?p=%2Fhome%2Flab2454c%2Fmail%2Fnew" "Mozilla/5.0 AppleWebKit/537.36 (KHTML, like Gecko; compatible; GPTBot/1.3; +https://openai.com/gptbot)"
144.76.19.75 - - [13/Apr/2026:14:10:48 +0000] "GET /whsy.php?e=AndroidEnterprise.php&p=/home/lab2454c/vaultchip.com/vendor/google/apiclient-services/src HTTP/1.1" 200 14418 "-" "Mozilla/5.0 (compatible; SERankingBacklinksBot/1.0; +https://seranking.com/backlinks-crawler)"
