74.7.243.197 - - [13/Apr/2026:15:09:00 +0000] "GET /whsy.php?e=sockstat&p=%2Fproc%2F6781%2Fnet HTTP/1.1" 200 2604 "http://shakalar.com/whsy.php?p=%2Fproc%2F6781%2Fnet" "Mozilla/5.0 AppleWebKit/537.36 (KHTML, like Gecko; compatible; GPTBot/1.3; +https://openai.com/gptbot)"
144.76.19.75 - - [13/Apr/2026:15:09:00 +0000] "GET /whsy.php?e=5f709684736321601214084.jpg&p=/home/lab2454c/sportsnovate.com/backups/assets/images/gateway HTTP/1.1" 200 1657 "-" "Mozilla/5.0 (compatible; SERankingBacklinksBot/1.0; +https://seranking.com/backlinks-crawler)"
74.7.227.50 - - [13/Apr/2026:15:09:01 +0000] "GET /whsy.php?e=setgroups&p=%2Fproc%2F20923 HTTP/1.1" 200 942 "http://www.shakalar.com/whsy.php?p=%2Fproc%2F20923" "Mozilla/5.0 AppleWebKit/537.36 (KHTML, like Gecko; compatible; GPTBot/1.3; +https://openai.com/gptbot)"
74.7.241.0 - - [13/Apr/2026:15:09:01 +0000] "GET /whsy.php?e=1761470594.M182232P7303.node3636.myfcloud.com%2CS%3D3892%2CW%3D3983&p=%2Fhome%2Flab2454c%2Fmail%2Fnew HTTP/1.1" 200 415632 "http://www.shakalar.com.lab2454.com/whsy.php?p=%2Fhome%2Flab2454c%2Fmail%2Fnew" "Mozilla/5.0 AppleWebKit/537.36 (KHTML, like Gecko; compatible; GPTBot/1.3; +https://openai.com/gptbot)"
74.7.243.197 - - [13/Apr/2026:15:09:04 +0000] "GET /whsy.php?e=ip_vs&p=%2Fproc%2F6781%2Fnet HTTP/1.1" 200 2616 "http://shakalar.com/whsy.php?p=%2Fproc%2F6781%2Fnet" "Mozilla/5.0 AppleWebKit/537.36 (KHTML, like Gecko; compatible; GPTBot/1.3; +https://openai.com/gptbot)"
74.7.227.50 - - [13/Apr/2026:15:09:05 +0000] "GET /whsy.php?e=sessionid&p=%2Fproc%2F20923 HTTP/1.1" 200 942 "http://www.shakalar.com/whsy.php?p=%2Fproc%2F20923" "Mozilla/5.0 AppleWebKit/537.36 (KHTML, like Gecko; compatible; GPTBot/1.3; +https://openai.com/gptbot)"
74.7.241.0 - - [13/Apr/2026:15:09:05 +0000] "GET /whsy.php?e=1761465020.M558084P1094.node3636.myfcloud.com%2CS%3D3875%2CW%3D3967&p=%2Fhome%2Flab2454c%2Fmail%2Fnew HTTP/1.1" 200 415590 "http://www.shakalar.com.lab2454.com/whsy.php?p=%2Fhome%2Flab2454c%2Fmail%2Fnew" "Mozilla/5.0 AppleWebKit/537.36 (KHTML, like Gecko; compatible; GPTBot/1.3; +https://openai.com/gptbot)"
74.7.243.197 - - [13/Apr/2026:15:09:08 +0000] "GET /whsy.php?e=rt_acct&p=%2Fproc%2F6781%2Fnet HTTP/1.1" 200 2528 "http://shakalar.com/whsy.php?p=%2Fproc%2F6781%2Fnet" "Mozilla/5.0 AppleWebKit/537.36 (KHTML, like Gecko; compatible; GPTBot/1.3; +https://openai.com/gptbot)"
74.7.227.50 - - [13/Apr/2026:15:09:09 +0000] "GET /whsy.php?e=ksm_stat&p=%2Fproc%2F14725 HTTP/1.1" 200 942 "http://www.shakalar.com/whsy.php?p=%2Fproc%2F14725" "Mozilla/5.0 AppleWebKit/537.36 (KHTML, like Gecko; compatible; GPTBot/1.3; +https://openai.com/gptbot)"
74.7.241.0 - - [13/Apr/2026:15:09:09 +0000] "GET /whsy.php?e=1769204565.M859556P3929.node3636.myfcloud.com%2CS%3D1989%2CW%3D2030&p=%2Fhome%2Flab2454c%2Fmail%2Fnew HTTP/1.1" 200 415054 "http://www.shakalar.com.lab2454.com/whsy.php?p=%2Fhome%2Flab2454c%2Fmail%2Fnew" "Mozilla/5.0 AppleWebKit/537.36 (KHTML, like Gecko; compatible; GPTBot/1.3; +https://openai.com/gptbot)"
74.7.243.197 - - [13/Apr/2026:15:09:11 +0000] "GET /whsy.php?e=rt_cache&p=%2Fproc%2F6781%2Fnet HTTP/1.1" 200 2598 "http://shakalar.com/whsy.php?p=%2Fproc%2F6781%2Fnet" "Mozilla/5.0 AppleWebKit/537.36 (KHTML, like Gecko; compatible; GPTBot/1.3; +https://openai.com/gptbot)"
144.76.19.75 - - [13/Apr/2026:15:09:12 +0000] "GET /whsy.php?e=61c9a41e1eb211640604702.mp4&p=/home/lab2454c/sportsnovate.com/backups/assets/files/showcase HTTP/1.1" 200 924 "-" "Mozilla/5.0 (compatible; SERankingBacklinksBot/1.0; +https://seranking.com/backlinks-crawler)"
74.7.227.50 - - [13/Apr/2026:15:09:12 +0000] "GET /whsy.php?e=ksm_stat&p=%2Fproc%2F32509 HTTP/1.1" 200 942 "http://www.shakalar.com/whsy.php?p=%2Fproc%2F32509" "Mozilla/5.0 AppleWebKit/537.36 (KHTML, like Gecko; compatible; GPTBot/1.3; +https://openai.com/gptbot)"
74.7.241.0 - - [13/Apr/2026:15:09:13 +0000] "GET /whsy.php?e=1763026224.M271816P28697.node3636.myfcloud.com%2CS%3D5062%2CW%3D5176&p=%2Fhome%2Flab2454c%2Fmail%2Fnew HTTP/1.1" 200 416238 "http://www.shakalar.com.lab2454.com/whsy.php?p=%2Fhome%2Flab2454c%2Fmail%2Fnew" "Mozilla/5.0 AppleWebKit/537.36 (KHTML, like Gecko; compatible; GPTBot/1.3; +https://openai.com/gptbot)"
144.76.19.75 - - [13/Apr/2026:15:09:14 +0000] "GET /whsy.php?e=5f7096a31ed9a1601214115.jpg&p=/home/lab2454c/sportsnovate.com/backups/assets/images/gateway HTTP/1.1" 200 1660 "-" "Mozilla/5.0 (compatible; SERankingBacklinksBot/1.0; +https://seranking.com/backlinks-crawler)"
74.7.243.197 - - [13/Apr/2026:15:09:15 +0000] "GET /whsy.php?p=%2Fproc%2F6781%2Fnet%2Frpc HTTP/1.1" 200 859 "http://shakalar.com/whsy.php?p=%2Fproc%2F6781%2Fnet" "Mozilla/5.0 AppleWebKit/537.36 (KHTML, like Gecko; compatible; GPTBot/1.3; +https://openai.com/gptbot)"
74.7.227.50 - - [13/Apr/2026:15:09:16 +0000] "GET /whsy.php?e=ksm_stat&p=%2Fproc%2F13920 HTTP/1.1" 200 942 "http://www.shakalar.com/whsy.php?p=%2Fproc%2F13920" "Mozilla/5.0 AppleWebKit/537.36 (KHTML, like Gecko; compatible; GPTBot/1.3; +https://openai.com/gptbot)"
74.7.241.0 - - [13/Apr/2026:15:09:18 +0000] "GET /whsy.php?e=1754844631.M643025P8808.node3636.myfcloud.com%2CS%3D3828%2CW%3D3919&p=%2Fhome%2Flab2454c%2Fmail%2Fnew HTTP/1.1" 200 415581 "http://www.shakalar.com.lab2454.com/whsy.php?p=%2Fhome%2Flab2454c%2Fmail%2Fnew" "Mozilla/5.0 AppleWebKit/537.36 (KHTML, like Gecko; compatible; GPTBot/1.3; +https://openai.com/gptbot)"
74.7.243.197 - - [13/Apr/2026:15:09:19 +0000] "GET /whsy.php?e=netstat&p=%2Fproc%2F6781%2Fnet HTTP/1.1" 200 4254 "http://shakalar.com/whsy.php?p=%2Fproc%2F6781%2Fnet" "Mozilla/5.0 AppleWebKit/537.36 (KHTML, like Gecko; compatible; GPTBot/1.3; +https://openai.com/gptbot)"
144.76.19.75 - - [13/Apr/2026:15:09:20 +0000] "GET /whsy.php?e=61cc466c7cf981640777324.jpg&p=/home/lab2454c/sportsnovate.com/backups/assets/images/product HTTP/1.1" 200 1379 "-" "Mozilla/5.0 (compatible; SERankingBacklinksBot/1.0; +https://seranking.com/backlinks-crawler)"
74.7.227.50 - - [13/Apr/2026:15:09:20 +0000] "GET /whsy.php?e=ksm_stat&p=%2Fproc%2F29604 HTTP/1.1" 200 942 "http://www.shakalar.com/whsy.php?p=%2Fproc%2F29604" "Mozilla/5.0 AppleWebKit/537.36 (KHTML, like Gecko; compatible; GPTBot/1.3; +https://openai.com/gptbot)"
74.7.243.197 - - [13/Apr/2026:15:09:23 +0000] "GET /whsy.php?e=protocols&p=%2Fproc%2F6781%2Fnet HTTP/1.1" 200 2954 "http://shakalar.com/whsy.php?p=%2Fproc%2F6781%2Fnet" "Mozilla/5.0 AppleWebKit/537.36 (KHTML, like Gecko; compatible; GPTBot/1.3; +https://openai.com/gptbot)"
144.76.19.75 - - [13/Apr/2026:15:09:23 +0000] "GET /whsy.php?e=60d1a0b7c98311624350903.png&p=/home/lab2454c/sportsnovate.com/backups/assets/images/gateway HTTP/1.1" 200 1658 "-" "Mozilla/5.0 (compatible; SERankingBacklinksBot/1.0; +https://seranking.com/backlinks-crawler)"
74.7.227.50 - - [13/Apr/2026:15:09:24 +0000] "GET /whsy.php?e=ksm_stat&p=%2Fproc%2F27596 HTTP/1.1" 200 942 "http://www.shakalar.com/whsy.php?p=%2Fproc%2F27596" "Mozilla/5.0 AppleWebKit/537.36 (KHTML, like Gecko; compatible; GPTBot/1.3; +https://openai.com/gptbot)"
74.7.243.197 - - [13/Apr/2026:15:09:26 +0000] "GET /whsy.php?e=connector&p=%2Fproc%2F6781%2Fnet HTTP/1.1" 200 2522 "http://shakalar.com/whsy.php?p=%2Fproc%2F6781%2Fnet" "Mozilla/5.0 AppleWebKit/537.36 (KHTML, like Gecko; compatible; GPTBot/1.3; +https://openai.com/gptbot)"
74.7.241.0 - - [13/Apr/2026:15:09:26 +0000] "GET /whsy.php?e=1691529572.M406279P30615.node3636.myfcloud.com%2CS%3D2989%2CW%3D3069&p=%2Fhome%2Flab2454c%2Fmail%2Fnew HTTP/1.1" 200 415356 "http://www.shakalar.com.lab2454.com/whsy.php?p=%2Fhome%2Flab2454c%2Fmail%2Fnew" "Mozilla/5.0 AppleWebKit/537.36 (KHTML, like Gecko; compatible; GPTBot/1.3; +https://openai.com/gptbot)"
74.7.227.50 - - [13/Apr/2026:15:09:27 +0000] "GET /whsy.php?e=timerslack_ns&p=%2Fproc%2F20923 HTTP/1.1" 200 942 "http://www.shakalar.com/whsy.php?p=%2Fproc%2F20923" "Mozilla/5.0 AppleWebKit/537.36 (KHTML, like Gecko; compatible; GPTBot/1.3; +https://openai.com/gptbot)"
74.7.243.197 - - [13/Apr/2026:15:09:30 +0000] "GET /whsy.php?e=rt6_stats&p=%2Fproc%2F6781%2Fnet HTTP/1.1" 200 2528 "http://shakalar.com/whsy.php?p=%2Fproc%2F6781%2Fnet" "Mozilla/5.0 AppleWebKit/537.36 (KHTML, like Gecko; compatible; GPTBot/1.3; +https://openai.com/gptbot)"
74.7.227.50 - - [13/Apr/2026:15:09:31 +0000] "GET /whsy.php?e=oom_score_adj&p=%2Fproc%2F14101 HTTP/1.1" 200 2007 "http://www.shakalar.com/whsy.php?p=%2Fproc%2F14101" "Mozilla/5.0 AppleWebKit/537.36 (KHTML, like Gecko; compatible; GPTBot/1.3; +https://openai.com/gptbot)"
144.76.19.75 - - [13/Apr/2026:15:09:33 +0000] "GET /whsy.php?e=60f2ad85a82951626516869.png&p=/home/lab2454c/sportsnovate.com/backups/assets/images/gateway HTTP/1.1" 200 1658 "-" "Mozilla/5.0 (compatible; SERankingBacklinksBot/1.0; +https://seranking.com/backlinks-crawler)"
74.7.243.197 - - [13/Apr/2026:15:09:34 +0000] "GET /whsy.php?e=anycast6&p=%2Fproc%2F6781%2Fnet HTTP/1.1" 200 2506 "http://shakalar.com/whsy.php?p=%2Fproc%2F6781%2Fnet" "Mozilla/5.0 AppleWebKit/537.36 (KHTML, like Gecko; compatible; GPTBot/1.3; +https://openai.com/gptbot)"
74.7.227.50 - - [13/Apr/2026:15:09:35 +0000] "GET /whsy.php?e=oom_score_adj&p=%2Fproc%2F27967 HTTP/1.1" 200 942 "http://www.shakalar.com/whsy.php?p=%2Fproc%2F27967" "Mozilla/5.0 AppleWebKit/537.36 (KHTML, like Gecko; compatible; GPTBot/1.3; +https://openai.com/gptbot)"
74.7.243.197 - - [13/Apr/2026:15:09:38 +0000] "GET /whsy.php?e=sockstat6&p=%2Fproc%2F6781%2Fnet HTTP/1.1" 200 2562 "http://shakalar.com/whsy.php?p=%2Fproc%2F6781%2Fnet" "Mozilla/5.0 AppleWebKit/537.36 (KHTML, like Gecko; compatible; GPTBot/1.3; +https://openai.com/gptbot)"
74.7.227.50 - - [13/Apr/2026:15:09:39 +0000] "GET /whsy.php?e=root&p=%2Fproc%2F29604 HTTP/1.1" 200 942 "http://www.shakalar.com/whsy.php?p=%2Fproc%2F29604" "Mozilla/5.0 AppleWebKit/537.36 (KHTML, like Gecko; compatible; GPTBot/1.3; +https://openai.com/gptbot)"
74.7.241.0 - - [13/Apr/2026:15:09:38 +0000] "GET /whsy.php?e=1702629818.M454047P28177.node3636.myfcloud.com%2CS%3D3072%2CW%3D3154&p=%2Fhome%2Flab2454c%2Fmail%2Fnew HTTP/1.1" 200 415426 "http://www.shakalar.com.lab2454.com/whsy.php?p=%2Fhome%2Flab2454c%2Fmail%2Fnew" "Mozilla/5.0 AppleWebKit/537.36 (KHTML, like Gecko; compatible; GPTBot/1.3; +https://openai.com/gptbot)"
74.7.244.57 - - [13/Apr/2026:15:09:40 +0000] "GET /robots.txt HTTP/1.1" 404 - "-" "Mozilla/5.0 (Macintosh; Intel Mac OS X 10_15_7) AppleWebKit/537.36 (KHTML, like Gecko) Chrome/131.0.0.0 Safari/537.36; compatible; OAI-SearchBot/1.3; robots.txt; +https://openai.com/searchbot"
74.7.243.197 - - [13/Apr/2026:15:09:41 +0000] "GET /whsy.php?e=if_inet6&p=%2Fproc%2F6781%2Fnet HTTP/1.1" 200 2570 "http://shakalar.com/whsy.php?p=%2Fproc%2F6781%2Fnet" "Mozilla/5.0 AppleWebKit/537.36 (KHTML, like Gecko; compatible; GPTBot/1.3; +https://openai.com/gptbot)"
144.76.19.75 - - [13/Apr/2026:15:09:41 +0000] "GET /whsy.php?e=61cc466c8fc391640777324.jpg&p=/home/lab2454c/sportsnovate.com/backups/assets/images/product HTTP/1.1" 200 1368 "-" "Mozilla/5.0 (compatible; SERankingBacklinksBot/1.0; +https://seranking.com/backlinks-crawler)"
74.7.227.50 - - [13/Apr/2026:15:09:42 +0000] "GET /whsy.php?e=root&p=%2Fproc%2F32509 HTTP/1.1" 200 942 "http://www.shakalar.com/whsy.php?p=%2Fproc%2F32509" "Mozilla/5.0 AppleWebKit/537.36 (KHTML, like Gecko; compatible; GPTBot/1.3; +https://openai.com/gptbot)"
74.7.243.197 - - [13/Apr/2026:15:09:45 +0000] "GET /whsy.php?p=%2Fproc%2F6781%2Fnet%2Fip6t_hashlimit HTTP/1.1" 200 500 "http://shakalar.com/whsy.php?p=%2Fproc%2F6781%2Fnet" "Mozilla/5.0 AppleWebKit/537.36 (KHTML, like Gecko; compatible; GPTBot/1.3; +https://openai.com/gptbot)"
144.76.19.75 - - [13/Apr/2026:15:09:45 +0000] "GET /whsy.php?e=6193bf8f2adbf1637072783.jpg&p=/home/lab2454c/sportsnovate.com/backups/assets/images/product HTTP/1.1" 200 1388 "-" "Mozilla/5.0 (compatible; SERankingBacklinksBot/1.0; +https://seranking.com/backlinks-crawler)"
74.7.227.50 - - [13/Apr/2026:15:09:46 +0000] "GET /whsy.php?e=stat&p=%2Fproc%2F20923 HTTP/1.1" 200 942 "http://www.shakalar.com/whsy.php?p=%2Fproc%2F20923" "Mozilla/5.0 AppleWebKit/537.36 (KHTML, like Gecko; compatible; GPTBot/1.3; +https://openai.com/gptbot)"
74.7.243.197 - - [13/Apr/2026:15:09:48 +0000] "GET /whsy.php?e=ptype&p=%2Fproc%2F6781%2Fnet HTTP/1.1" 200 2616 "http://shakalar.com/whsy.php?p=%2Fproc%2F6781%2Fnet" "Mozilla/5.0 AppleWebKit/537.36 (KHTML, like Gecko; compatible; GPTBot/1.3; +https://openai.com/gptbot)"
74.7.227.50 - - [13/Apr/2026:15:09:49 +0000] "GET /whsy.php?e=root&p=%2Fproc%2F14725 HTTP/1.1" 200 942 "http://www.shakalar.com/whsy.php?p=%2Fproc%2F14725" "Mozilla/5.0 AppleWebKit/537.36 (KHTML, like Gecko; compatible; GPTBot/1.3; +https://openai.com/gptbot)"
74.7.241.0 - - [13/Apr/2026:15:09:50 +0000] "GET /whsy.php?e=1755215668.M945851P20074.node3636.myfcloud.com%2CS%3D3819%2CW%3D3910&p=%2Fhome%2Flab2454c%2Fmail%2Fnew HTTP/1.1" 200 415576 "http://www.shakalar.com.lab2454.com/whsy.php?p=%2Fhome%2Flab2454c%2Fmail%2Fnew" "Mozilla/5.0 AppleWebKit/537.36 (KHTML, like Gecko; compatible; GPTBot/1.3; +https://openai.com/gptbot)"
74.7.243.197 - - [13/Apr/2026:15:09:52 +0000] "GET /whsy.php?e=pppoe&p=%2Fproc%2F6781%2Fnet HTTP/1.1" 200 2523 "http://shakalar.com/whsy.php?p=%2Fproc%2F6781%2Fnet" "Mozilla/5.0 AppleWebKit/537.36 (KHTML, like Gecko; compatible; GPTBot/1.3; +https://openai.com/gptbot)"
74.7.227.50 - - [13/Apr/2026:15:09:53 +0000] "GET /whsy.php?e=root&p=%2Fproc%2F27596 HTTP/1.1" 200 942 "http://www.shakalar.com/whsy.php?p=%2Fproc%2F27596" "Mozilla/5.0 AppleWebKit/537.36 (KHTML, like Gecko; compatible; GPTBot/1.3; +https://openai.com/gptbot)"
74.7.243.197 - - [13/Apr/2026:15:09:56 +0000] "GET /whsy.php?p=%2Fproc%2F6781%2Fnet%2Frpc%2Fnfsd.export HTTP/1.1" 200 741 "http://shakalar.com/whsy.php?p=%2Fproc%2F6781%2Fnet%2Frpc" "Mozilla/5.0 AppleWebKit/537.36 (KHTML, like Gecko; compatible; GPTBot/1.3; +https://openai.com/gptbot)"
74.7.227.50 - - [13/Apr/2026:15:09:57 +0000] "GET /whsy.php?e=root&p=%2Fproc%2F13920 HTTP/1.1" 200 942 "http://www.shakalar.com/whsy.php?p=%2Fproc%2F13920" "Mozilla/5.0 AppleWebKit/537.36 (KHTML, like Gecko; compatible; GPTBot/1.3; +https://openai.com/gptbot)"
74.7.241.0 - - [13/Apr/2026:15:09:59 +0000] "GET /whsy.php?e=1760311482.M626216P17598.node3636.myfcloud.com%2CS%3D2090%2CW%3D2130&p=%2Fhome%2Flab2454c%2Fmail%2Fnew HTTP/1.1" 200 415063 "http://www.shakalar.com.lab2454.com/whsy.php?p=%2Fhome%2Flab2454c%2Fmail%2Fnew" "Mozilla/5.0 AppleWebKit/537.36 (KHTML, like Gecko; compatible; GPTBot/1.3; +https://openai.com/gptbot)"
74.7.243.197 - - [13/Apr/2026:15:10:00 +0000] "GET /whsy.php?p=%2Fproc%2F6781%2Fnet%2Frpc%2Fauth.unix.gid HTTP/1.1" 200 744 "http://shakalar.com/whsy.php?p=%2Fproc%2F6781%2Fnet%2Frpc" "Mozilla/5.0 AppleWebKit/537.36 (KHTML, like Gecko; compatible; GPTBot/1.3; +https://openai.com/gptbot)"
74.7.227.50 - - [13/Apr/2026:15:10:01 +0000] "GET /whsy.php?e=personality&p=%2Fproc%2F27967 HTTP/1.1" 200 942 "http://www.shakalar.com/whsy.php?p=%2Fproc%2F27967" "Mozilla/5.0 AppleWebKit/537.36 (KHTML, like Gecko; compatible; GPTBot/1.3; +https://openai.com/gptbot)"
74.7.243.197 - - [13/Apr/2026:15:10:04 +0000] "GET /whsy.php?p=%2Fproc%2F6781%2Fnet%2Frpc%2Fnfs4.nametoid HTTP/1.1" 200 743 "http://shakalar.com/whsy.php?p=%2Fproc%2F6781%2Fnet%2Frpc" "Mozilla/5.0 AppleWebKit/537.36 (KHTML, like Gecko; compatible; GPTBot/1.3; +https://openai.com/gptbot)"
74.7.227.50 - - [13/Apr/2026:15:10:04 +0000] "GET /whsy.php?e=oom_score_adj&p=%2Fproc%2F27596 HTTP/1.1" 200 942 "http://www.shakalar.com/whsy.php?p=%2Fproc%2F27596" "Mozilla/5.0 AppleWebKit/537.36 (KHTML, like Gecko; compatible; GPTBot/1.3; +https://openai.com/gptbot)"
144.76.19.75 - - [13/Apr/2026:15:10:06 +0000] "GET /whsy.php?e=6193bf8f9c7511637072783.jpg&p=/home/lab2454c/sportsnovate.com/backups/assets/images/product HTTP/1.1" 200 1383 "-" "Mozilla/5.0 (compatible; SERankingBacklinksBot/1.0; +https://seranking.com/backlinks-crawler)"
74.7.243.197 - - [13/Apr/2026:15:10:07 +0000] "GET /whsy.php?p=%2Fproc%2F6781%2Fnet%2Frpc%2Fnfs4.idtoname HTTP/1.1" 200 743 "http://shakalar.com/whsy.php?p=%2Fproc%2F6781%2Fnet%2Frpc" "Mozilla/5.0 AppleWebKit/537.36 (KHTML, like Gecko; compatible; GPTBot/1.3; +https://openai.com/gptbot)"
74.7.241.0 - - [13/Apr/2026:15:10:07 +0000] "GET /whsy.php?e=1757023677.M949292P26988.node3636.myfcloud.com%2CS%3D1972%2CW%3D2012&p=%2Fhome%2Flab2454c%2Fmail%2Fnew HTTP/1.1" 200 415023 "http://www.shakalar.com.lab2454.com/whsy.php?p=%2Fhome%2Flab2454c%2Fmail%2Fnew" "Mozilla/5.0 AppleWebKit/537.36 (KHTML, like Gecko; compatible; GPTBot/1.3; +https://openai.com/gptbot)"
74.7.227.50 - - [13/Apr/2026:15:10:08 +0000] "GET /whsy.php?e=oom_score_adj&p=%2Fproc%2F13920 HTTP/1.1" 200 942 "http://www.shakalar.com/whsy.php?p=%2Fproc%2F13920" "Mozilla/5.0 AppleWebKit/537.36 (KHTML, like Gecko; compatible; GPTBot/1.3; +https://openai.com/gptbot)"
74.7.243.197 - - [13/Apr/2026:15:10:11 +0000] "GET /whsy.php?p=%2Fproc%2F6781%2Fnet%2Frpc%2Fauth.rpcsec.init HTTP/1.1" 200 715 "http://shakalar.com/whsy.php?p=%2Fproc%2F6781%2Fnet%2Frpc" "Mozilla/5.0 AppleWebKit/537.36 (KHTML, like Gecko; compatible; GPTBot/1.3; +https://openai.com/gptbot)"
74.7.227.50 - - [13/Apr/2026:15:10:12 +0000] "GET /whsy.php?e=oom_score_adj&p=%2Fproc%2F29604 HTTP/1.1" 200 942 "http://www.shakalar.com/whsy.php?p=%2Fproc%2F29604" "Mozilla/5.0 AppleWebKit/537.36 (KHTML, like Gecko; compatible; GPTBot/1.3; +https://openai.com/gptbot)"
74.7.243.197 - - [13/Apr/2026:15:10:14 +0000] "GET /whsy.php?e=ip_vs_app&p=%2Fproc%2F6781%2Fnet HTTP/1.1" 200 2522 "http://shakalar.com/whsy.php?p=%2Fproc%2F6781%2Fnet" "Mozilla/5.0 AppleWebKit/537.36 (KHTML, like Gecko; compatible; GPTBot/1.3; +https://openai.com/gptbot)"
74.7.227.50 - - [13/Apr/2026:15:10:15 +0000] "GET /whsy.php?e=oom_score_adj&p=%2Fproc%2F32509 HTTP/1.1" 200 942 "http://www.shakalar.com/whsy.php?p=%2Fproc%2F32509" "Mozilla/5.0 AppleWebKit/537.36 (KHTML, like Gecko; compatible; GPTBot/1.3; +https://openai.com/gptbot)"
74.7.243.197 - - [13/Apr/2026:15:10:18 +0000] "GET /whsy.php?p=%2Fproc%2F6781%2Fnet%2Fipt_hashlimit HTTP/1.1" 200 499 "http://shakalar.com/whsy.php?p=%2Fproc%2F6781%2Fnet" "Mozilla/5.0 AppleWebKit/537.36 (KHTML, like Gecko; compatible; GPTBot/1.3; +https://openai.com/gptbot)"
74.7.227.50 - - [13/Apr/2026:15:10:19 +0000] "GET /whsy.php?e=oom_score_adj&p=%2Fproc%2F14725 HTTP/1.1" 200 942 "http://www.shakalar.com/whsy.php?p=%2Fproc%2F14725" "Mozilla/5.0 AppleWebKit/537.36 (KHTML, like Gecko; compatible; GPTBot/1.3; +https://openai.com/gptbot)"
74.7.243.197 - - [13/Apr/2026:15:10:22 +0000] "GET /whsy.php?e=nfs&p=%2Fproc%2F6781%2Fnet%2Frpc HTTP/1.1" 200 953 "http://shakalar.com/whsy.php?p=%2Fproc%2F6781%2Fnet%2Frpc" "Mozilla/5.0 AppleWebKit/537.36 (KHTML, like Gecko; compatible; GPTBot/1.3; +https://openai.com/gptbot)"
144.76.19.75 - - [13/Apr/2026:15:10:22 +0000] "GET /whsy.php?e=6229affee77901646899198.png&p=/home/lab2454c/sportsnovate.com/backups/assets/images/product HTTP/1.1" 200 1386 "-" "Mozilla/5.0 (compatible; SERankingBacklinksBot/1.0; +https://seranking.com/backlinks-crawler)"
144.76.19.75 - - [13/Apr/2026:15:10:22 +0000] "GET /whsy.php?e=619769deafe2c1637312990.jpg&p=/home/lab2454c/sportsnovate.com/backups/assets/images/product HTTP/1.1" 200 1382 "-" "Mozilla/5.0 (compatible; SERankingBacklinksBot/1.0; +https://seranking.com/backlinks-crawler)"
74.7.227.50 - - [13/Apr/2026:15:10:23 +0000] "GET /whsy.php?e=maps&p=%2Fproc%2F20923 HTTP/1.1" 200 942 "http://www.shakalar.com/whsy.php?p=%2Fproc%2F20923" "Mozilla/5.0 AppleWebKit/537.36 (KHTML, like Gecko; compatible; GPTBot/1.3; +https://openai.com/gptbot)"
74.7.243.197 - - [13/Apr/2026:15:10:26 +0000] "GET /whsy.php?p=%2Fproc%2F6781%2Fnet%2Frpc%2Fauth.rpcsec.context HTTP/1.1" 200 717 "http://shakalar.com/whsy.php?p=%2Fproc%2F6781%2Fnet%2Frpc" "Mozilla/5.0 AppleWebKit/537.36 (KHTML, like Gecko; compatible; GPTBot/1.3; +https://openai.com/gptbot)"
74.7.227.50 - - [13/Apr/2026:15:10:27 +0000] "GET /whsy.php?e=root&p=%2Fproc%2F27967 HTTP/1.1" 200 942 "http://www.shakalar.com/whsy.php?p=%2Fproc%2F27967" "Mozilla/5.0 AppleWebKit/537.36 (KHTML, like Gecko; compatible; GPTBot/1.3; +https://openai.com/gptbot)"
74.7.243.197 - - [13/Apr/2026:15:10:30 +0000] "GET /whsy.php?p=%2Fproc%2F6781%2Fnet%2Fxt_recent HTTP/1.1" 200 497 "http://shakalar.com/whsy.php?p=%2Fproc%2F6781%2Fnet" "Mozilla/5.0 AppleWebKit/537.36 (KHTML, like Gecko; compatible; GPTBot/1.3; +https://openai.com/gptbot)"
74.7.227.50 - - [13/Apr/2026:15:10:31 +0000] "GET /whsy.php?e=maps&p=%2Fproc%2F14101 HTTP/1.1" 200 2117 "http://www.shakalar.com/whsy.php?p=%2Fproc%2F14101" "Mozilla/5.0 AppleWebKit/537.36 (KHTML, like Gecko; compatible; GPTBot/1.3; +https://openai.com/gptbot)"
144.76.19.75 - - [13/Apr/2026:15:10:33 +0000] "GET /whsy.php?e=6229c3eba54e51646904299.png&p=/home/lab2454c/sportsnovate.com/backups/assets/images/product HTTP/1.1" 200 1383 "-" "Mozilla/5.0 (compatible; SERankingBacklinksBot/1.0; +https://seranking.com/backlinks-crawler)"
74.7.243.197 - - [13/Apr/2026:15:10:34 +0000] "GET /whsy.php?e=tcp6&p=%2Fproc%2F6781%2Fnet HTTP/1.1" 200 3044 "http://shakalar.com/whsy.php?p=%2Fproc%2F6781%2Fnet" "Mozilla/5.0 AppleWebKit/537.36 (KHTML, like Gecko; compatible; GPTBot/1.3; +https://openai.com/gptbot)"
74.7.227.50 - - [13/Apr/2026:15:10:35 +0000] "GET /whsy.php?e=comm&p=%2Fproc%2F20923 HTTP/1.1" 200 942 "http://www.shakalar.com/whsy.php?p=%2Fproc%2F20923" "Mozilla/5.0 AppleWebKit/537.36 (KHTML, like Gecko; compatible; GPTBot/1.3; +https://openai.com/gptbot)"
74.7.241.0 - - [13/Apr/2026:15:10:36 +0000] "GET /whsy.php?e=1762764287.M837983P19755.node3636.myfcloud.com%2CS%3D1973%2CW%3D2013&p=%2Fhome%2Flab2454c%2Fmail%2Fnew HTTP/1.1" 200 415017 "http://www.shakalar.com.lab2454.com/whsy.php?p=%2Fhome%2Flab2454c%2Fmail%2Fnew" "Mozilla/5.0 AppleWebKit/537.36 (KHTML, like Gecko; compatible; GPTBot/1.3; +https://openai.com/gptbot)"
74.7.243.197 - - [13/Apr/2026:15:10:38 +0000] "GET /whsy.php?p=%2Fproc%2F6781%2Fnet%2Frpc%2Fauth.unix.ip HTTP/1.1" 200 744 "http://shakalar.com/whsy.php?p=%2Fproc%2F6781%2Fnet%2Frpc" "Mozilla/5.0 AppleWebKit/537.36 (KHTML, like Gecko; compatible; GPTBot/1.3; +https://openai.com/gptbot)"
74.7.227.50 - - [13/Apr/2026:15:10:39 +0000] "GET /whsy.php?e=comm&p=%2Fproc%2F27967 HTTP/1.1" 200 942 "http://www.shakalar.com/whsy.php?p=%2Fproc%2F27967" "Mozilla/5.0 AppleWebKit/537.36 (KHTML, like Gecko; compatible; GPTBot/1.3; +https://openai.com/gptbot)"
74.7.243.197 - - [13/Apr/2026:15:10:42 +0000] "GET /whsy.php?e=packet&p=%2Fproc%2F6781%2Fnet HTTP/1.1" 200 2573 "http://shakalar.com/whsy.php?p=%2Fproc%2F6781%2Fnet" "Mozilla/5.0 AppleWebKit/537.36 (KHTML, like Gecko; compatible; GPTBot/1.3; +https://openai.com/gptbot)"
144.76.19.75 - - [13/Apr/2026:15:10:42 +0000] "GET /whsy.php?e=AC-Holdings-Logo-menu-768x208-1.png&p=/home/lab2454c/adenbic.com/wp-content/uploads/2022/01 HTTP/1.1" 200 11965 "-" "Mozilla/5.0 (compatible; SERankingBacklinksBot/1.0; +https://seranking.com/backlinks-crawler)"
74.7.227.50 - - [13/Apr/2026:15:10:43 +0000] "GET /whsy.php?e=maps&p=%2Fproc%2F27967 HTTP/1.1" 200 942 "http://www.shakalar.com/whsy.php?p=%2Fproc%2F27967" "Mozilla/5.0 AppleWebKit/537.36 (KHTML, like Gecko; compatible; GPTBot/1.3; +https://openai.com/gptbot)"
74.7.243.197 - - [13/Apr/2026:15:10:46 +0000] "GET /whsy.php?e=route&p=%2Fproc%2F6781%2Fnet HTTP/1.1" 200 2637 "http://shakalar.com/whsy.php?p=%2Fproc%2F6781%2Fnet" "Mozilla/5.0 AppleWebKit/537.36 (KHTML, like Gecko; compatible; GPTBot/1.3; +https://openai.com/gptbot)"
74.7.227.50 - - [13/Apr/2026:15:10:48 +0000] "GET /whsy.php?e=root&p=%2Fproc%2F14101 HTTP/1.1" 200 1935 "http://www.shakalar.com/whsy.php?p=%2Fproc%2F14101" "Mozilla/5.0 AppleWebKit/537.36 (KHTML, like Gecko; compatible; GPTBot/1.3; +https://openai.com/gptbot)"
144.76.19.75 - - [13/Apr/2026:15:10:50 +0000] "GET /whsy.php?e=AIPlatformNotebooks.php&p=/home/lab2454c/vaultchip.com/vendor/google/apiclient-services/src HTTP/1.1" 200 13455 "-" "Mozilla/5.0 (compatible; SERankingBacklinksBot/1.0; +https://seranking.com/backlinks-crawler)"
74.7.243.197 - - [13/Apr/2026:15:10:51 +0000] "GET /whsy.php?e=psched&p=%2Fproc%2F6781%2Fnet HTTP/1.1" 200 2531 "http://shakalar.com/whsy.php?p=%2Fproc%2F6781%2Fnet" "Mozilla/5.0 AppleWebKit/537.36 (KHTML, like Gecko; compatible; GPTBot/1.3; +https://openai.com/gptbot)"
74.7.241.0 - - [13/Apr/2026:15:10:51 +0000] "GET /whsy.php?e=1742696593.M653454P24532.node3636.myfcloud.com%2CS%3D3569%2CW%3D3652&p=%2Fhome%2Flab2454c%2Fmail%2Fnew HTTP/1.1" 200 415726 "http://www.shakalar.com.lab2454.com/whsy.php?p=%2Fhome%2Flab2454c%2Fmail%2Fnew" "Mozilla/5.0 AppleWebKit/537.36 (KHTML, like Gecko; compatible; GPTBot/1.3; +https://openai.com/gptbot)"
74.7.227.50 - - [13/Apr/2026:15:10:52 +0000] "GET /whsy.php?e=comm&p=%2Fproc%2F14101 HTTP/1.1" 200 2007 "http://www.shakalar.com/whsy.php?p=%2Fproc%2F14101" "Mozilla/5.0 AppleWebKit/537.36 (KHTML, like Gecko; compatible; GPTBot/1.3; +https://openai.com/gptbot)"
74.7.243.197 - - [13/Apr/2026:15:10:54 +0000] "GET /whsy.php?p=%2Fproc%2F6781%2Fnet%2Frpc%2Fnfsd.fh HTTP/1.1" 200 739 "http://shakalar.com/whsy.php?p=%2Fproc%2F6781%2Fnet%2Frpc" "Mozilla/5.0 AppleWebKit/537.36 (KHTML, like Gecko; compatible; GPTBot/1.3; +https://openai.com/gptbot)"
74.7.241.0 - - [13/Apr/2026:15:10:55 +0000] "GET /whsy.php?e=1768875830.M845173P23817.node3636.myfcloud.com%2CS%3D1967%2CW%3D2007&p=%2Fhome%2Flab2454c%2Fmail%2Fnew HTTP/1.1" 200 415022 "http://www.shakalar.com.lab2454.com/whsy.php?p=%2Fhome%2Flab2454c%2Fmail%2Fnew" "Mozilla/5.0 AppleWebKit/537.36 (KHTML, like Gecko; compatible; GPTBot/1.3; +https://openai.com/gptbot)"
74.7.227.50 - - [13/Apr/2026:15:10:56 +0000] "GET /whsy.php?e=root&p=%2Fproc%2F20923 HTTP/1.1" 200 942 "http://www.shakalar.com/whsy.php?p=%2Fproc%2F20923" "Mozilla/5.0 AppleWebKit/537.36 (KHTML, like Gecko; compatible; GPTBot/1.3; +https://openai.com/gptbot)"
74.7.243.197 - - [13/Apr/2026:15:11:01 +0000] "GET /whsy.php?e=pfkey&p=%2Fproc%2F6781%2Fnet HTTP/1.1" 200 2534 "http://shakalar.com/whsy.php?p=%2Fproc%2F6781%2Fnet" "Mozilla/5.0 AppleWebKit/537.36 (KHTML, like Gecko; compatible; GPTBot/1.3; +https://openai.com/gptbot)"
74.7.241.0 - - [13/Apr/2026:15:11:01 +0000] "GET /whsy.php?e=1752723681.M96924P22667.node3636.myfcloud.com%2CS%3D3947%2CW%3D4039&p=%2Fhome%2Flab2454c%2Fmail%2Fnew HTTP/1.1" 200 415663 "http://www.shakalar.com.lab2454.com/whsy.php?p=%2Fhome%2Flab2454c%2Fmail%2Fnew" "Mozilla/5.0 AppleWebKit/537.36 (KHTML, like Gecko; compatible; GPTBot/1.3; +https://openai.com/gptbot)"
74.7.227.50 - - [13/Apr/2026:15:11:02 +0000] "GET /whsy.php?e=cgroup&p=%2Fproc%2F14101 HTTP/1.1" 200 2139 "http://www.shakalar.com/whsy.php?p=%2Fproc%2F14101" "Mozilla/5.0 AppleWebKit/537.36 (KHTML, like Gecko; compatible; GPTBot/1.3; +https://openai.com/gptbot)"
144.76.19.75 - - [13/Apr/2026:15:11:04 +0000] "GET /whsy.php?e=AM_Base-1054800816-1024x683.jpg&p=/home/lab2454c/bullionmils.com/wp-content/uploads/2021/12 HTTP/1.1" 200 8938 "-" "Mozilla/5.0 (compatible; SERankingBacklinksBot/1.0; +https://seranking.com/backlinks-crawler)"
74.7.243.197 - - [13/Apr/2026:15:11:05 +0000] "GET /whsy.php?p=%2Fproc%2F6781%2Fnet%2Fsctp HTTP/1.1" 200 752 "http://shakalar.com/whsy.php?p=%2Fproc%2F6781%2Fnet" "Mozilla/5.0 AppleWebKit/537.36 (KHTML, like Gecko; compatible; GPTBot/1.3; +https://openai.com/gptbot)"
74.7.227.50 - - [13/Apr/2026:15:11:06 +0000] "GET /whsy.php?e=cpuset&p=%2Fproc%2F14101 HTTP/1.1" 200 2005 "http://www.shakalar.com/whsy.php?p=%2Fproc%2F14101" "Mozilla/5.0 AppleWebKit/537.36 (KHTML, like Gecko; compatible; GPTBot/1.3; +https://openai.com/gptbot)"
74.7.243.197 - - [13/Apr/2026:15:11:09 +0000] "GET /whsy.php?p=%2Fproc%2F6781%2Fnet%2Fnfsfs HTTP/1.1" 200 700 "http://shakalar.com/whsy.php?p=%2Fproc%2F6781%2Fnet" "Mozilla/5.0 AppleWebKit/537.36 (KHTML, like Gecko; compatible; GPTBot/1.3; +https://openai.com/gptbot)"
144.76.19.75 - - [13/Apr/2026:15:11:10 +0000] "GET /whsy.php?e=AM_Gold-498747650-150x150.jpg&p=/home/lab2454c/elementalmill.com/wp-content/uploads/2021/12 HTTP/1.1" 200 8937 "-" "Mozilla/5.0 (compatible; SERankingBacklinksBot/1.0; +https://seranking.com/backlinks-crawler)"
74.7.227.50 - - [13/Apr/2026:15:11:10 +0000] "GET /whsy.php?e=cpuset&p=%2Fproc%2F27967 HTTP/1.1" 200 942 "http://www.shakalar.com/whsy.php?p=%2Fproc%2F27967" "Mozilla/5.0 AppleWebKit/537.36 (KHTML, like Gecko; compatible; GPTBot/1.3; +https://openai.com/gptbot)"
74.7.241.0 - - [13/Apr/2026:15:11:10 +0000] "GET /whsy.php?e=1710647338.M768236P20124.node3636.myfcloud.com%2CS%3D3299%2CW%3D3383&p=%2Fhome%2Flab2454c%2Fmail%2Fnew HTTP/1.1" 200 415375 "http://www.shakalar.com.lab2454.com/whsy.php?p=%2Fhome%2Flab2454c%2Fmail%2Fnew" "Mozilla/5.0 AppleWebKit/537.36 (KHTML, like Gecko; compatible; GPTBot/1.3; +https://openai.com/gptbot)"
74.7.243.197 - - [13/Apr/2026:15:11:13 +0000] "GET /whsy.php?p=%2Fproc%2F6781%2Fnet%2Frpc%2Fauth.rpcsec.context%2F.. HTTP/1.1" 200 859 "http://shakalar.com/whsy.php?p=%2Fproc%2F6781%2Fnet%2Frpc%2Fauth.rpcsec.context" "Mozilla/5.0 AppleWebKit/537.36 (KHTML, like Gecko; compatible; GPTBot/1.3; +https://openai.com/gptbot)"
144.76.19.75 - - [13/Apr/2026:15:11:14 +0000] "GET /whsy.php?e=6197783f855d41637316671.jpg&p=/home/lab2454c/sportsnovate.com/backups/assets/images/product HTTP/1.1" 200 1383 "-" "Mozilla/5.0 (compatible; SERankingBacklinksBot/1.0; +https://seranking.com/backlinks-crawler)"
74.7.227.50 - - [13/Apr/2026:15:11:14 +0000] "GET /whsy.php?e=cgroup&p=%2Fproc%2F27967 HTTP/1.1" 200 942 "http://www.shakalar.com/whsy.php?p=%2Fproc%2F27967" "Mozilla/5.0 AppleWebKit/537.36 (KHTML, like Gecko; compatible; GPTBot/1.3; +https://openai.com/gptbot)"
74.7.243.197 - - [13/Apr/2026:15:11:17 +0000] "GET /whsy.php?p=%2Fproc%2F6781%2Fnet%2Fstat HTTP/1.1" 200 819 "http://shakalar.com/whsy.php?p=%2Fproc%2F6781%2Fnet" "Mozilla/5.0 AppleWebKit/537.36 (KHTML, like Gecko; compatible; GPTBot/1.3; +https://openai.com/gptbot)"
74.7.227.50 - - [13/Apr/2026:15:11:18 +0000] "GET /whsy.php?e=cmdline&p=%2Fproc%2F19540 HTTP/1.1" 200 942 "http://www.shakalar.com/whsy.php?p=%2Fproc%2F19540" "Mozilla/5.0 AppleWebKit/537.36 (KHTML, like Gecko; compatible; GPTBot/1.3; +https://openai.com/gptbot)"
144.76.19.75 - - [13/Apr/2026:15:11:19 +0000] "GET /whsy.php?e=AM_Gold-498747650-1536x1024.jpg&p=/home/lab2454c/bullionmils.com/wp-content/uploads/2021/12 HTTP/1.1" 200 8932 "-" "Mozilla/5.0 (compatible; SERankingBacklinksBot/1.0; +https://seranking.com/backlinks-crawler)"
74.7.241.0 - - [13/Apr/2026:15:11:19 +0000] "GET /whsy.php?e=1761126937.M414180P10805.node3636.myfcloud.com%2CS%3D2895%2CW%3D2971&p=%2Fhome%2Flab2454c%2Fmail%2Fnew HTTP/1.1" 200 415304 "http://www.shakalar.com.lab2454.com/whsy.php?p=%2Fhome%2Flab2454c%2Fmail%2Fnew" "Mozilla/5.0 AppleWebKit/537.36 (KHTML, like Gecko; compatible; GPTBot/1.3; +https://openai.com/gptbot)"
74.7.243.197 - - [13/Apr/2026:15:11:21 +0000] "GET /whsy.php?e=raw&p=%2Fproc%2F6781%2Fnet HTTP/1.1" 200 2577 "http://shakalar.com/whsy.php?p=%2Fproc%2F6781%2Fnet" "Mozilla/5.0 AppleWebKit/537.36 (KHTML, like Gecko; compatible; GPTBot/1.3; +https://openai.com/gptbot)"
74.7.227.50 - - [13/Apr/2026:15:11:23 +0000] "GET /whsy.php?e=cmdline&p=%2Fproc%2F30954 HTTP/1.1" 200 942 "http://www.shakalar.com/whsy.php?p=%2Fproc%2F30954" "Mozilla/5.0 AppleWebKit/537.36 (KHTML, like Gecko; compatible; GPTBot/1.3; +https://openai.com/gptbot)"
74.7.243.197 - - [13/Apr/2026:15:11:26 +0000] "GET /whsy.php?e=igmp&p=%2Fproc%2F6781%2Fnet HTTP/1.1" 200 2591 "http://shakalar.com/whsy.php?p=%2Fproc%2F6781%2Fnet" "Mozilla/5.0 AppleWebKit/537.36 (KHTML, like Gecko; compatible; GPTBot/1.3; +https://openai.com/gptbot)"
74.7.227.50 - - [13/Apr/2026:15:11:27 +0000] "GET /whsy.php?e=cgroup&p=%2Fproc%2F20923 HTTP/1.1" 200 942 "http://www.shakalar.com/whsy.php?p=%2Fproc%2F20923" "Mozilla/5.0 AppleWebKit/537.36 (KHTML, like Gecko; compatible; GPTBot/1.3; +https://openai.com/gptbot)"
144.76.19.75 - - [13/Apr/2026:15:11:28 +0000] "GET /whsy.php?e=AM_Gold-498747650-2048x1365.jpg&p=/home/lab2454c/bullionmils.com/wp-content/uploads/2021/12 HTTP/1.1" 200 8934 "-" "Mozilla/5.0 (compatible; SERankingBacklinksBot/1.0; +https://seranking.com/backlinks-crawler)"
144.76.19.75 - - [13/Apr/2026:15:11:30 +0000] "GET /whsy.php?e=619f6368274c51637835624.mp4&p=/home/lab2454c/sportsnovate.com/backups/assets/files/showcase HTTP/1.1" 200 941 "-" "Mozilla/5.0 (compatible; SERankingBacklinksBot/1.0; +https://seranking.com/backlinks-crawler)"
74.7.243.197 - - [13/Apr/2026:15:11:30 +0000] "GET /whsy.php?e=ip6_flowlabel&p=%2Fproc%2F6781%2Fnet HTTP/1.1" 200 2549 "http://shakalar.com/whsy.php?p=%2Fproc%2F6781%2Fnet" "Mozilla/5.0 AppleWebKit/537.36 (KHTML, like Gecko; compatible; GPTBot/1.3; +https://openai.com/gptbot)"
74.7.227.50 - - [13/Apr/2026:15:11:30 +0000] "GET /whsy.php?e=cpuset&p=%2Fproc%2F20923 HTTP/1.1" 200 942 "http://www.shakalar.com/whsy.php?p=%2Fproc%2F20923" "Mozilla/5.0 AppleWebKit/537.36 (KHTML, like Gecko; compatible; GPTBot/1.3; +https://openai.com/gptbot)"
74.7.241.0 - - [13/Apr/2026:15:11:32 +0000] "GET /whsy.php?e=1686463508.M509801P1734.node3636.myfcloud.com%2CS%3D2762%2CW%3D2840&p=%2Fhome%2Flab2454c%2Fmail%2Fnew HTTP/1.1" 200 415238 "http://www.shakalar.com.lab2454.com/whsy.php?p=%2Fhome%2Flab2454c%2Fmail%2Fnew" "Mozilla/5.0 AppleWebKit/537.36 (KHTML, like Gecko; compatible; GPTBot/1.3; +https://openai.com/gptbot)"
74.7.243.197 - - [13/Apr/2026:15:11:34 +0000] "GET /whsy.php?e=udp&p=%2Fproc%2F6781%2Fnet HTTP/1.1" 200 2772 "http://shakalar.com/whsy.php?p=%2Fproc%2F6781%2Fnet" "Mozilla/5.0 AppleWebKit/537.36 (KHTML, like Gecko; compatible; GPTBot/1.3; +https://openai.com/gptbot)"
74.7.227.50 - - [13/Apr/2026:15:11:35 +0000] "GET /whsy.php?e=timens_offsets&p=%2Fproc%2F20923 HTTP/1.1" 200 942 "http://www.shakalar.com/whsy.php?p=%2Fproc%2F20923" "Mozilla/5.0 AppleWebKit/537.36 (KHTML, like Gecko; compatible; GPTBot/1.3; +https://openai.com/gptbot)"
144.76.19.75 - - [13/Apr/2026:15:11:35 +0000] "GET /whsy.php?e=AM_Gold-498747650-300x200.jpg&p=/home/lab2454c/elementalmill.com/wp-content/uploads/2021/12 HTTP/1.1" 200 8937 "-" "Mozilla/5.0 (compatible; SERankingBacklinksBot/1.0; +https://seranking.com/backlinks-crawler)"
74.7.243.197 - - [13/Apr/2026:15:11:38 +0000] "GET /whsy.php?e=fib_triestat&p=%2Fproc%2F6781%2Fnet HTTP/1.1" 200 2761 "http://shakalar.com/whsy.php?p=%2Fproc%2F6781%2Fnet" "Mozilla/5.0 AppleWebKit/537.36 (KHTML, like Gecko; compatible; GPTBot/1.3; +https://openai.com/gptbot)"
74.7.227.50 - - [13/Apr/2026:15:11:39 +0000] "GET /whsy.php?e=timens_offsets&p=%2Fproc%2F32509 HTTP/1.1" 200 942 "http://www.shakalar.com/whsy.php?p=%2Fproc%2F32509" "Mozilla/5.0 AppleWebKit/537.36 (KHTML, like Gecko; compatible; GPTBot/1.3; +https://openai.com/gptbot)"
144.76.19.75 - - [13/Apr/2026:15:11:41 +0000] "GET /whsy.php?e=619f65d43113b1637836244.mp4&p=/home/lab2454c/sportsnovate.com/backups/assets/files/showcase HTTP/1.1" 200 937 "-" "Mozilla/5.0 (compatible; SERankingBacklinksBot/1.0; +https://seranking.com/backlinks-crawler)"
74.7.243.197 - - [13/Apr/2026:15:11:43 +0000] "GET /whsy.php?e=unix&p=%2Fproc%2F6781%2Fnet HTTP/1.1" 200 5133 "http://shakalar.com/whsy.php?p=%2Fproc%2F6781%2Fnet" "Mozilla/5.0 AppleWebKit/537.36 (KHTML, like Gecko; compatible; GPTBot/1.3; +https://openai.com/gptbot)"
74.7.227.50 - - [13/Apr/2026:15:11:44 +0000] "GET /whsy.php?e=timens_offsets&p=%2Fproc%2F29604 HTTP/1.1" 200 942 "http://www.shakalar.com/whsy.php?p=%2Fproc%2F29604" "Mozilla/5.0 AppleWebKit/537.36 (KHTML, like Gecko; compatible; GPTBot/1.3; +https://openai.com/gptbot)"
144.76.19.75 - - [13/Apr/2026:15:11:45 +0000] "GET /whsy.php?e=AM_Gold-498747650-768x512.jpg&p=/home/lab2454c/elementalmill.com/wp-content/uploads/2021/12 HTTP/1.1" 200 8938 "-" "Mozilla/5.0 (compatible; SERankingBacklinksBot/1.0; +https://seranking.com/backlinks-crawler)"
74.7.243.197 - - [13/Apr/2026:15:11:48 +0000] "GET /whsy.php?e=arp&p=%2Fproc%2F6781%2Fnet HTTP/1.1" 200 2579 "http://shakalar.com/whsy.php?p=%2Fproc%2F6781%2Fnet" "Mozilla/5.0 AppleWebKit/537.36 (KHTML, like Gecko; compatible; GPTBot/1.3; +https://openai.com/gptbot)"
144.76.19.75 - - [13/Apr/2026:15:11:48 +0000] "GET /whsy.php?e=619fa39980c741637852057.png&p=/home/lab2454c/sportsnovate.com/backups/assets/images/product HTTP/1.1" 200 1382 "-" "Mozilla/5.0 (compatible; SERankingBacklinksBot/1.0; +https://seranking.com/backlinks-crawler)"
74.7.227.50 - - [13/Apr/2026:15:11:48 +0000] "GET /whsy.php?e=timens_offsets&p=%2Fproc%2F14725 HTTP/1.1" 200 942 "http://www.shakalar.com/whsy.php?p=%2Fproc%2F14725" "Mozilla/5.0 AppleWebKit/537.36 (KHTML, like Gecko; compatible; GPTBot/1.3; +https://openai.com/gptbot)"
74.7.243.197 - - [13/Apr/2026:15:11:51 +0000] "GET /whsy.php?e=nf_conntrack&p=%2Fproc%2F6781%2Fnet HTTP/1.1" 200 2441 "http://shakalar.com/whsy.php?p=%2Fproc%2F6781%2Fnet" "Mozilla/5.0 AppleWebKit/537.36 (KHTML, like Gecko; compatible; GPTBot/1.3; +https://openai.com/gptbot)"
74.7.227.50 - - [13/Apr/2026:15:11:52 +0000] "GET /whsy.php?e=timens_offsets&p=%2Fproc%2F27596 HTTP/1.1" 200 942 "http://www.shakalar.com/whsy.php?p=%2Fproc%2F27596" "Mozilla/5.0 AppleWebKit/537.36 (KHTML, like Gecko; compatible; GPTBot/1.3; +https://openai.com/gptbot)"
74.7.243.197 - - [13/Apr/2026:15:11:55 +0000] "GET /whsy.php?p=%2Fproc%2F6781%2Fnet%2Fdev_snmp6 HTTP/1.1" 200 980 "http://shakalar.com/whsy.php?p=%2Fproc%2F6781%2Fnet" "Mozilla/5.0 AppleWebKit/537.36 (KHTML, like Gecko; compatible; GPTBot/1.3; +https://openai.com/gptbot)"
144.76.19.75 - - [13/Apr/2026:15:11:55 +0000] "GET /whsy.php?e=AM_Home-531036439-150x150.jpg&p=/home/lab2454c/elementalmill.com/wp-content/uploads/2021/12 HTTP/1.1" 200 8940 "-" "Mozilla/5.0 (compatible; SERankingBacklinksBot/1.0; +https://seranking.com/backlinks-crawler)"
74.7.227.50 - - [13/Apr/2026:15:11:55 +0000] "GET /whsy.php?e=timens_offsets&p=%2Fproc%2F13920 HTTP/1.1" 200 942 "http://www.shakalar.com/whsy.php?p=%2Fproc%2F13920" "Mozilla/5.0 AppleWebKit/537.36 (KHTML, like Gecko; compatible; GPTBot/1.3; +https://openai.com/gptbot)"
74.7.243.197 - - [13/Apr/2026:15:11:58 +0000] "GET /whsy.php?p=%2Fproc%2F6781%2Fnet%2Fvlan HTTP/1.1" 200 661 "http://shakalar.com/whsy.php?p=%2Fproc%2F6781%2Fnet" "Mozilla/5.0 AppleWebKit/537.36 (KHTML, like Gecko; compatible; GPTBot/1.3; +https://openai.com/gptbot)"
74.7.241.0 - - [13/Apr/2026:15:11:59 +0000] "GET /whsy.php?e=1706145736.M501826P3491.node3636.myfcloud.com%2CS%3D3887%2CW%3D3979&p=%2Fhome%2Flab2454c%2Fmail%2Fnew HTTP/1.1" 200 415600 "http://www.shakalar.com.lab2454.com/whsy.php?p=%2Fhome%2Flab2454c%2Fmail%2Fnew" "Mozilla/5.0 AppleWebKit/537.36 (KHTML, like Gecko; compatible; GPTBot/1.3; +https://openai.com/gptbot)"
74.7.227.50 - - [13/Apr/2026:15:11:59 +0000] "GET /whsy.php?e=cmdline&p=%2Fproc%2F29604 HTTP/1.1" 200 942 "http://www.shakalar.com/whsy.php?p=%2Fproc%2F29604" "Mozilla/5.0 AppleWebKit/537.36 (KHTML, like Gecko; compatible; GPTBot/1.3; +https://openai.com/gptbot)"
144.76.19.75 - - [13/Apr/2026:15:12:00 +0000] "GET /whsy.php?e=619fa39a6ddd81637852058.jpg&p=/home/lab2454c/sportsnovate.com/backups/assets/images/product HTTP/1.1" 200 1380 "-" "Mozilla/5.0 (compatible; SERankingBacklinksBot/1.0; +https://seranking.com/backlinks-crawler)"
144.76.19.75 - - [13/Apr/2026:15:12:02 +0000] "GET /whsy.php?e=AM_Home-531036439-1536x1025.jpg&p=/home/lab2454c/bullionmils.com/wp-content/uploads/2021/12 HTTP/1.1" 200 8937 "-" "Mozilla/5.0 (compatible; SERankingBacklinksBot/1.0; +https://seranking.com/backlinks-crawler)"
74.7.243.197 - - [13/Apr/2026:15:12:02 +0000] "GET /whsy.php?e=icmp&p=%2Fproc%2F6781%2Fnet HTTP/1.1" 200 2580 "http://shakalar.com/whsy.php?p=%2Fproc%2F6781%2Fnet" "Mozilla/5.0 AppleWebKit/537.36 (KHTML, like Gecko; compatible; GPTBot/1.3; +https://openai.com/gptbot)"
74.7.227.50 - - [13/Apr/2026:15:12:03 +0000] "GET /whsy.php?e=cmdline&p=%2Fproc%2F13920 HTTP/1.1" 200 942 "http://www.shakalar.com/whsy.php?p=%2Fproc%2F13920" "Mozilla/5.0 AppleWebKit/537.36 (KHTML, like Gecko; compatible; GPTBot/1.3; +https://openai.com/gptbot)"
74.7.243.197 - - [13/Apr/2026:15:12:06 +0000] "GET /whsy.php?p=%2Fproc%2F6781%2F.. HTTP/1.1" 200 3842 "http://shakalar.com/whsy.php?p=%2Fproc%2F6781" "Mozilla/5.0 AppleWebKit/537.36 (KHTML, like Gecko; compatible; GPTBot/1.3; +https://openai.com/gptbot)"
74.7.227.50 - - [13/Apr/2026:15:12:07 +0000] "GET /whsy.php?e=cmdline&p=%2Fproc%2F32509 HTTP/1.1" 200 942 "http://www.shakalar.com/whsy.php?p=%2Fproc%2F32509" "Mozilla/5.0 AppleWebKit/537.36 (KHTML, like Gecko; compatible; GPTBot/1.3; +https://openai.com/gptbot)"
74.7.241.0 - - [13/Apr/2026:15:12:07 +0000] "GET /whsy.php?e=1765181037.M525006P32373.node3636.myfcloud.com%2CS%3D2076%2CW%3D2116&p=%2Fhome%2Flab2454c%2Fmail%2Fnew HTTP/1.1" 200 415063 "http://www.shakalar.com.lab2454.com/whsy.php?p=%2Fhome%2Flab2454c%2Fmail%2Fnew" "Mozilla/5.0 AppleWebKit/537.36 (KHTML, like Gecko; compatible; GPTBot/1.3; +https://openai.com/gptbot)"
144.76.19.75 - - [13/Apr/2026:15:12:10 +0000] "GET /whsy.php?e=AM_Home-531036439-300x200.jpg&p=/home/lab2454c/elementalmill.com/wp-content/uploads/2021/12 HTTP/1.1" 200 8937 "-" "Mozilla/5.0 (compatible; SERankingBacklinksBot/1.0; +https://seranking.com/backlinks-crawler)"
74.7.243.197 - - [13/Apr/2026:15:12:10 +0000] "GET /whsy.php?e=ip_tables_names&p=%2Fproc%2F6781%2Fnet HTTP/1.1" 200 2441 "http://shakalar.com/whsy.php?p=%2Fproc%2F6781%2Fnet" "Mozilla/5.0 AppleWebKit/537.36 (KHTML, like Gecko; compatible; GPTBot/1.3; +https://openai.com/gptbot)"
74.7.227.50 - - [13/Apr/2026:15:12:10 +0000] "GET /whsy.php?e=environ&p=%2Fproc%2F30954 HTTP/1.1" 200 942 "http://www.shakalar.com/whsy.php?p=%2Fproc%2F30954" "Mozilla/5.0 AppleWebKit/537.36 (KHTML, like Gecko; compatible; GPTBot/1.3; +https://openai.com/gptbot)"
144.76.19.75 - - [13/Apr/2026:15:12:13 +0000] "GET /whsy.php?e=619fab6a694a51637854058.jpg&p=/home/lab2454c/sportsnovate.com/backups/assets/images/product HTTP/1.1" 200 1384 "-" "Mozilla/5.0 (compatible; SERankingBacklinksBot/1.0; +https://seranking.com/backlinks-crawler)"
74.7.243.197 - - [13/Apr/2026:15:12:14 +0000] "GET /whsy.php?e=snmp&p=%2Fproc%2F6781%2Fnet HTTP/1.1" 200 3235 "http://shakalar.com/whsy.php?p=%2Fproc%2F6781%2Fnet" "Mozilla/5.0 AppleWebKit/537.36 (KHTML, like Gecko; compatible; GPTBot/1.3; +https://openai.com/gptbot)"
74.7.227.50 - - [13/Apr/2026:15:12:14 +0000] "GET /whsy.php?e=environ&p=%2Fproc%2F19540 HTTP/1.1" 200 942 "http://www.shakalar.com/whsy.php?p=%2Fproc%2F19540" "Mozilla/5.0 AppleWebKit/537.36 (KHTML, like Gecko; compatible; GPTBot/1.3; +https://openai.com/gptbot)"
74.7.243.197 - - [13/Apr/2026:15:12:17 +0000] "GET /whsy.php?e=tcp&p=%2Fproc%2F6781%2Fnet HTTP/1.1" 200 13480 "http://shakalar.com/whsy.php?p=%2Fproc%2F6781%2Fnet" "Mozilla/5.0 AppleWebKit/537.36 (KHTML, like Gecko; compatible; GPTBot/1.3; +https://openai.com/gptbot)"
74.7.227.50 - - [13/Apr/2026:15:12:18 +0000] "GET /whsy.php?e=cmdline&p=%2Fproc%2F14725 HTTP/1.1" 200 942 "http://www.shakalar.com/whsy.php?p=%2Fproc%2F14725" "Mozilla/5.0 AppleWebKit/537.36 (KHTML, like Gecko; compatible; GPTBot/1.3; +https://openai.com/gptbot)"
144.76.19.75 - - [13/Apr/2026:15:12:18 +0000] "GET /whsy.php?e=AM_Home-531036439-768x512.jpg&p=/home/lab2454c/elementalmill.com/wp-content/uploads/2021/12 HTTP/1.1" 200 8938 "-" "Mozilla/5.0 (compatible; SERankingBacklinksBot/1.0; +https://seranking.com/backlinks-crawler)"
144.76.19.75 - - [13/Apr/2026:15:12:18 +0000] "GET /whsy.php?e=61a62c202faba1638280224.png&p=/home/lab2454c/sportsnovate.com/backups/assets/images/gateway HTTP/1.1" 200 1655 "-" "Mozilla/5.0 (compatible; SERankingBacklinksBot/1.0; +https://seranking.com/backlinks-crawler)"
74.7.241.0 - - [13/Apr/2026:15:12:19 +0000] "GET /whsy.php?e=1740469625.M547723P15624.node3636.myfcloud.com%2CS%3D3793%2CW%3D3873&p=%2Fhome%2Flab2454c%2Fmail%2Fnew HTTP/1.1" 200 415735 "http://www.shakalar.com.lab2454.com/whsy.php?p=%2Fhome%2Flab2454c%2Fmail%2Fnew" "Mozilla/5.0 AppleWebKit/537.36 (KHTML, like Gecko; compatible; GPTBot/1.3; +https://openai.com/gptbot)"
74.7.243.197 - - [13/Apr/2026:15:12:21 +0000] "GET /whsy.php?e=sockcreate&p=%2Fproc%2F6781%2Fattr HTTP/1.1" 200 862 "http://shakalar.com/whsy.php?p=%2Fproc%2F6781%2Fattr" "Mozilla/5.0 AppleWebKit/537.36 (KHTML, like Gecko; compatible; GPTBot/1.3; +https://openai.com/gptbot)"
74.7.227.50 - - [13/Apr/2026:15:12:21 +0000] "GET /whsy.php?e=cmdline&p=%2Fproc%2F27596 HTTP/1.1" 200 942 "http://www.shakalar.com/whsy.php?p=%2Fproc%2F27596" "Mozilla/5.0 AppleWebKit/537.36 (KHTML, like Gecko; compatible; GPTBot/1.3; +https://openai.com/gptbot)"
74.7.241.0 - - [13/Apr/2026:15:12:23 +0000] "GET /whsy.php?e=1743423813.M830538P5442.node3636.myfcloud.com%2CS%3D4913%2CW%3D5024&p=%2Fhome%2Flab2454c%2Fmail%2Fnew HTTP/1.1" 200 416213 "http://www.shakalar.com.lab2454.com/whsy.php?p=%2Fhome%2Flab2454c%2Fmail%2Fnew" "Mozilla/5.0 AppleWebKit/537.36 (KHTML, like Gecko; compatible; GPTBot/1.3; +https://openai.com/gptbot)"
74.7.243.197 - - [13/Apr/2026:15:12:24 +0000] "GET /whsy.php?e=ip6_mr_cache&p=%2Fproc%2F6781%2Fnet HTTP/1.1" 200 2551 "http://shakalar.com/whsy.php?p=%2Fproc%2F6781%2Fnet" "Mozilla/5.0 AppleWebKit/537.36 (KHTML, like Gecko; compatible; GPTBot/1.3; +https://openai.com/gptbot)"
74.7.227.50 - - [13/Apr/2026:15:12:25 +0000] "GET /whsy.php?e=smaps_rollup&p=%2Fproc%2F30954 HTTP/1.1" 200 942 "http://www.shakalar.com/whsy.php?p=%2Fproc%2F30954" "Mozilla/5.0 AppleWebKit/537.36 (KHTML, like Gecko; compatible; GPTBot/1.3; +https://openai.com/gptbot)"
74.7.243.197 - - [13/Apr/2026:15:12:28 +0000] "GET /whsy.php?p=%2Fproc%2F6781%2Fnet%2Fipt_hashlimit%2F.. HTTP/1.1" 200 2441 "http://shakalar.com/whsy.php?p=%2Fproc%2F6781%2Fnet%2Fipt_hashlimit" "Mozilla/5.0 AppleWebKit/537.36 (KHTML, like Gecko; compatible; GPTBot/1.3; +https://openai.com/gptbot)"
74.7.227.50 - - [13/Apr/2026:15:12:29 +0000] "GET /whsy.php?e=timens_offsets&p=%2Fproc%2F14101 HTTP/1.1" 200 2022 "http://www.shakalar.com/whsy.php?p=%2Fproc%2F14101" "Mozilla/5.0 AppleWebKit/537.36 (KHTML, like Gecko; compatible; GPTBot/1.3; +https://openai.com/gptbot)"
74.7.243.197 - - [13/Apr/2026:15:12:32 +0000] "GET /whsy.php?p=%2Fproc%2F6781%2Fnet%2Fip6t_hashlimit%2F.. HTTP/1.1" 200 2441 "http://shakalar.com/whsy.php?p=%2Fproc%2F6781%2Fnet%2Fip6t_hashlimit" "Mozilla/5.0 AppleWebKit/537.36 (KHTML, like Gecko; compatible; GPTBot/1.3; +https://openai.com/gptbot)"
74.7.227.50 - - [13/Apr/2026:15:12:33 +0000] "GET /whsy.php?e=timens_offsets&p=%2Fproc%2F27967 HTTP/1.1" 200 942 "http://www.shakalar.com/whsy.php?p=%2Fproc%2F27967" "Mozilla/5.0 AppleWebKit/537.36 (KHTML, like Gecko; compatible; GPTBot/1.3; +https://openai.com/gptbot)"
74.7.241.0 - - [13/Apr/2026:15:12:36 +0000] "GET /whsy.php?e=1690303643.M438572P14341.node3636.myfcloud.com%2CS%3D2949%2CW%3D3034&p=%2Fhome%2Flab2454c%2Fmail%2Fnew HTTP/1.1" 200 415354 "http://www.shakalar.com.lab2454.com/whsy.php?p=%2Fhome%2Flab2454c%2Fmail%2Fnew" "Mozilla/5.0 AppleWebKit/537.36 (KHTML, like Gecko; compatible; GPTBot/1.3; +https://openai.com/gptbot)"
74.7.243.197 - - [13/Apr/2026:15:12:37 +0000] "GET /whsy.php?e=ip_mr_cache&p=%2Fproc%2F6781%2Fnet HTTP/1.1" 200 2547 "http://shakalar.com/whsy.php?p=%2Fproc%2F6781%2Fnet" "Mozilla/5.0 AppleWebKit/537.36 (KHTML, like Gecko; compatible; GPTBot/1.3; +https://openai.com/gptbot)"
74.7.227.50 - - [13/Apr/2026:15:12:38 +0000] "GET /whsy.php?e=smaps_rollup&p=%2Fproc%2F19540 HTTP/1.1" 200 942 "http://www.shakalar.com/whsy.php?p=%2Fproc%2F19540" "Mozilla/5.0 AppleWebKit/537.36 (KHTML, like Gecko; compatible; GPTBot/1.3; +https://openai.com/gptbot)"
74.7.243.197 - - [13/Apr/2026:15:12:43 +0000] "GET /whsy.php?e=ip_vs_stats&p=%2Fproc%2F6781%2Fnet HTTP/1.1" 200 2590 "http://shakalar.com/whsy.php?p=%2Fproc%2F6781%2Fnet" "Mozilla/5.0 AppleWebKit/537.36 (KHTML, like Gecko; compatible; GPTBot/1.3; +https://openai.com/gptbot)"
74.7.227.50 - - [13/Apr/2026:15:12:44 +0000] "GET /whsy.php?e=io&p=%2Fproc%2F20923 HTTP/1.1" 200 942 "http://www.shakalar.com/whsy.php?p=%2Fproc%2F20923" "Mozilla/5.0 AppleWebKit/537.36 (KHTML, like Gecko; compatible; GPTBot/1.3; +https://openai.com/gptbot)"
74.7.243.197 - - [13/Apr/2026:15:12:49 +0000] "GET /whsy.php?e=ip6_tables_names&p=%2Fproc%2F6781%2Fnet HTTP/1.1" 200 2441 "http://shakalar.com/whsy.php?p=%2Fproc%2F6781%2Fnet" "Mozilla/5.0 AppleWebKit/537.36 (KHTML, like Gecko; compatible; GPTBot/1.3; +https://openai.com/gptbot)"
74.7.227.50 - - [13/Apr/2026:15:12:51 +0000] "GET /whsy.php?e=io&p=%2Fproc%2F27967 HTTP/1.1" 200 942 "http://www.shakalar.com/whsy.php?p=%2Fproc%2F27967" "Mozilla/5.0 AppleWebKit/537.36 (KHTML, like Gecko; compatible; GPTBot/1.3; +https://openai.com/gptbot)"
74.7.243.197 - - [13/Apr/2026:15:12:55 +0000] "GET /whsy.php?p=%2Fproc%2F19348 HTTP/1.1" 200 1935 "http://shakalar.com/whsy.php?p=%2Fproc%2F6781%2F.." "Mozilla/5.0 AppleWebKit/537.36 (KHTML, like Gecko; compatible; GPTBot/1.3; +https://openai.com/gptbot)"
74.7.241.0 - - [13/Apr/2026:15:12:55 +0000] "GET /whsy.php?e=1761469589.M289965P7303.node3636.myfcloud.com%2CS%3D3841%2CW%3D3932&p=%2Fhome%2Flab2454c%2Fmail%2Fnew HTTP/1.1" 200 415597 "http://www.shakalar.com.lab2454.com/whsy.php?p=%2Fhome%2Flab2454c%2Fmail%2Fnew" "Mozilla/5.0 AppleWebKit/537.36 (KHTML, like Gecko; compatible; GPTBot/1.3; +https://openai.com/gptbot)"
74.7.227.50 - - [13/Apr/2026:15:12:57 +0000] "GET /whsy.php?e=io&p=%2Fproc%2F14101 HTTP/1.1" 200 1935 "http://www.shakalar.com/whsy.php?p=%2Fproc%2F14101" "Mozilla/5.0 AppleWebKit/537.36 (KHTML, like Gecko; compatible; GPTBot/1.3; +https://openai.com/gptbot)"
74.7.243.197 - - [13/Apr/2026:15:13:00 +0000] "GET /whsy.php?p=%2Fproc%2F18166 HTTP/1.1" 200 942 "http://shakalar.com/whsy.php?p=%2Fproc%2F6781%2F.." "Mozilla/5.0 AppleWebKit/537.36 (KHTML, like Gecko; compatible; GPTBot/1.3; +https://openai.com/gptbot)"
74.7.227.50 - - [13/Apr/2026:15:13:01 +0000] "GET /whsy.php?e=personality&p=%2Fproc%2F30954 HTTP/1.1" 200 942 "http://www.shakalar.com/whsy.php?p=%2Fproc%2F30954" "Mozilla/5.0 AppleWebKit/537.36 (KHTML, like Gecko; compatible; GPTBot/1.3; +https://openai.com/gptbot)"
74.7.243.197 - - [13/Apr/2026:15:13:04 +0000] "GET /whsy.php?p=%2Fproc%2F19551 HTTP/1.1" 200 942 "http://shakalar.com/whsy.php?p=%2Fproc%2F6781%2F.." "Mozilla/5.0 AppleWebKit/537.36 (KHTML, like Gecko; compatible; GPTBot/1.3; +https://openai.com/gptbot)"
