144.76.19.75 - - [13/Apr/2026:14:48:56 +0000] "GET /whsy.php?e=Analyst-Upgrades-100x100.png&p=/home/lab2454c/isaaclondston.com/wp-content/uploads/2022/12 HTTP/1.1" 200 14618 "-" "Mozilla/5.0 (compatible; SERankingBacklinksBot/1.0; +https://seranking.com/backlinks-crawler)"
144.76.19.75 - - [13/Apr/2026:14:48:57 +0000] "GET /whsy.php?e=AnnotationFileLoader.php&p=/home/lab2454c/crypto.keyreum.com/vendor/symfony/routing/Loader HTTP/1.1" 200 2700 "-" "Mozilla/5.0 (compatible; SERankingBacklinksBot/1.0; +https://seranking.com/backlinks-crawler)"
144.76.19.75 - - [13/Apr/2026:14:49:04 +0000] "GET /whsy.php?e=1752305677.M319957P952.node3636.myfcloud.com,S=4879,W=4980&p=/home/lab2454c/mail/.spam/new HTTP/1.1" 200 52202 "-" "Mozilla/5.0 (compatible; SERankingBacklinksBot/1.0; +https://seranking.com/backlinks-crawler)"
144.76.19.75 - - [13/Apr/2026:14:49:11 +0000] "GET /whsy.php?e=1642879097.M97631P3202.node3636.myfcloud.com,S=6042,W=6177&p=/home/lab2454c/mail/.spam/new HTTP/1.1" 200 50027 "-" "Mozilla/5.0 (compatible; SERankingBacklinksBot/1.0; +https://seranking.com/backlinks-crawler)"
144.76.19.75 - - [13/Apr/2026:14:49:12 +0000] "GET /whsy.php?e=2021_08_02_084121_fix_old_shortcode.php&p=/home/lab2454c/vaultchip.com/database/migrations HTTP/1.1" 200 1386 "-" "Mozilla/5.0 (compatible; SERankingBacklinksBot/1.0; +https://seranking.com/backlinks-crawler)"
144.76.19.75 - - [13/Apr/2026:14:49:19 +0000] "GET /whsy.php?e=Analyst-Upgrades-150x150.png&p=/home/lab2454c/isaaclondston.com/wp-content/uploads/2022/12 HTTP/1.1" 200 14623 "-" "Mozilla/5.0 (compatible; SERankingBacklinksBot/1.0; +https://seranking.com/backlinks-crawler)"
144.76.19.75 - - [13/Apr/2026:14:49:22 +0000] "GET /whsy.php?e=AnnotationFileLoader.php&p=/home/lab2454c/healthvalidate.com/vendor/symfony/routing/Loader HTTP/1.1" 200 2694 "-" "Mozilla/5.0 (compatible; SERankingBacklinksBot/1.0; +https://seranking.com/backlinks-crawler)"
144.76.19.75 - - [13/Apr/2026:14:49:26 +0000] "GET /whsy.php?e=2021_10_10_065927_create_roles_table.php&p=/home/lab2454c/costbloc.com/database/migrations HTTP/1.1" 200 4756 "-" "Mozilla/5.0 (compatible; SERankingBacklinksBot/1.0; +https://seranking.com/backlinks-crawler)"
144.76.19.75 - - [13/Apr/2026:14:49:27 +0000] "GET /whsy.php?e=1754533727.M151642P945.node3636.myfcloud.com,S=3665,W=3743&p=/home/lab2454c/mail/.spam/new HTTP/1.1" 200 51575 "-" "Mozilla/5.0 (compatible; SERankingBacklinksBot/1.0; +https://seranking.com/backlinks-crawler)"
144.76.19.75 - - [13/Apr/2026:14:49:31 +0000] "GET /whsy.php?e=Analyst-Upgrades-300x300.png&p=/home/lab2454c/isaaclondston.com/wp-content/uploads/2022/12 HTTP/1.1" 200 14625 "-" "Mozilla/5.0 (compatible; SERankingBacklinksBot/1.0; +https://seranking.com/backlinks-crawler)"
144.76.19.75 - - [13/Apr/2026:14:49:35 +0000] "GET /whsy.php?e=1655725597.M55861P3944.node3636.myfcloud.com,S=6864,W=7005&p=/home/lab2454c/mail/.spam/new HTTP/1.1" 200 52569 "-" "Mozilla/5.0 (compatible; SERankingBacklinksBot/1.0; +https://seranking.com/backlinks-crawler)"
144.76.19.75 - - [13/Apr/2026:14:49:39 +0000] "GET /whsy.php?e=ApplicationDescription.php&p=/home/lab2454c/bancmils.com/vendor/symfony/console/Descriptor HTTP/1.1" 200 2073 "-" "Mozilla/5.0 (compatible; SERankingBacklinksBot/1.0; +https://seranking.com/backlinks-crawler)"
144.76.19.75 - - [13/Apr/2026:14:49:53 +0000] "GET /whsy.php?e=1Brazil-gold-nugget-040.jpeg&p=/home/lab2454c/elementalmill.com/wp-content/uploads/2021/11 HTTP/1.1" 200 2833 "-" "Mozilla/5.0 (compatible; SERankingBacklinksBot/1.0; +https://seranking.com/backlinks-crawler)"
144.76.19.75 - - [13/Apr/2026:14:49:55 +0000] "GET /whsy.php?e=2021_10_10_065927_create_users_table.php&p=/home/lab2454c/costbloc.com/database/migrations HTTP/1.1" 200 4802 "-" "Mozilla/5.0 (compatible; SERankingBacklinksBot/1.0; +https://seranking.com/backlinks-crawler)"
144.76.19.75 - - [13/Apr/2026:14:50:01 +0000] "GET /whsy.php?e=ApplicationDescription.php&p=/home/lab2454c/costbloc.com/vendor/symfony/console/Descriptor HTTP/1.1" 200 2056 "-" "Mozilla/5.0 (compatible; SERankingBacklinksBot/1.0; +https://seranking.com/backlinks-crawler)"
144.76.19.75 - - [13/Apr/2026:14:50:06 +0000] "GET /whsy.php?e=2014_10_12_000000_create_users_table.php&p=/home/lab2454c/tripvare.com/database/migrations HTTP/1.1" 200 1897 "-" "Mozilla/5.0 (compatible; SERankingBacklinksBot/1.0; +https://seranking.com/backlinks-crawler)"
144.76.19.75 - - [13/Apr/2026:14:50:10 +0000] "GET /whsy.php?e=Analyst-Upgrades-600x188.png&p=/home/lab2454c/isaaclondston.com/wp-content/uploads/2022/12 HTTP/1.1" 200 14623 "-" "Mozilla/5.0 (compatible; SERankingBacklinksBot/1.0; +https://seranking.com/backlinks-crawler)"
144.76.19.75 - - [13/Apr/2026:14:50:15 +0000] "GET /whsy.php?e=2021_12_22_188740_create_pages_table.php&p=/home/lab2454c/bancmils.com/database/migrations HTTP/1.1" 200 2557 "-" "Mozilla/5.0 (compatible; SERankingBacklinksBot/1.0; +https://seranking.com/backlinks-crawler)"
144.76.19.75 - - [13/Apr/2026:14:50:15 +0000] "GET /whsy.php?e=1679752738.M86077P7678.node3636.myfcloud.com,S=7886,W=8024&p=/home/lab2454c/mail/.spam/new HTTP/1.1" 200 52215 "-" "Mozilla/5.0 (compatible; SERankingBacklinksBot/1.0; +https://seranking.com/backlinks-crawler)"
144.76.19.75 - - [13/Apr/2026:14:50:19 +0000] "GET /whsy.php?e=ApplicationDescription.php&p=/home/lab2454c/tripvare.com/vendor/symfony/console/Descriptor HTTP/1.1" 200 2031 "-" "Mozilla/5.0 (compatible; SERankingBacklinksBot/1.0; +https://seranking.com/backlinks-crawler)"
144.76.19.75 - - [13/Apr/2026:14:50:27 +0000] "GET /whsy.php?e=2022_01_13_000000_create_users_table.php&p=/home/lab2454c/bancmils.com/database/migrations HTTP/1.1" 200 2819 "-" "Mozilla/5.0 (compatible; SERankingBacklinksBot/1.0; +https://seranking.com/backlinks-crawler)"
144.76.19.75 - - [13/Apr/2026:14:50:38 +0000] "GET /whsy.php?e=AcceptHeader.php&p=/home/lab2454c/netxzero.com/carbon-credit/vendor/symfony/http-foundation HTTP/1.1" 200 2844 "-" "Mozilla/5.0 (compatible; SERankingBacklinksBot/1.0; +https://seranking.com/backlinks-crawler)"
144.76.19.75 - - [13/Apr/2026:14:50:46 +0000] "GET /whsy.php?e=.htaccess&p=/home/lab2454c/invest.equitablebarter.com/wp-includes/blocks/comment-reply-link HTTP/1.1" 200 935 "-" "Mozilla/5.0 (compatible; SERankingBacklinksBot/1.0; +https://seranking.com/backlinks-crawler)"
144.76.19.75 - - [13/Apr/2026:14:50:50 +0000] "GET /whsy.php?e=Argowells-Commodity-1024x640.png&p=/home/lab2454c/argowells.com/wp-content/uploads/2024/04 HTTP/1.1" 200 1235 "-" "Mozilla/5.0 (compatible; SERankingBacklinksBot/1.0; +https://seranking.com/backlinks-crawler)"
159.223.117.138 - - [13/Apr/2026:14:50:52 +0000] "GET /.git/config HTTP/1.1" 404 - "-" "Mozilla/5.0 (X11; Linux x86_64) AppleWebKit/537.36 (KHTML, like Gecko) Chrome/81.0.4044.129 Safari/537.36"
144.76.19.75 - - [13/Apr/2026:14:50:54 +0000] "GET /whsy.php?e=2022_01_13_135802_create_explores_table.php&p=/home/lab2454c/aficb.com/database/migrations HTTP/1.1" 200 2458 "-" "Mozilla/5.0 (compatible; SERankingBacklinksBot/1.0; +https://seranking.com/backlinks-crawler)"
144.76.19.75 - - [13/Apr/2026:14:50:55 +0000] "GET /whsy.php?e=1710516866.M631361P2539.node3636.myfcloud.com,S=7188,W=7352&p=/home/lab2454c/mail/.spam/new HTTP/1.1" 200 53004 "-" "Mozilla/5.0 (compatible; SERankingBacklinksBot/1.0; +https://seranking.com/backlinks-crawler)"
144.76.19.75 - - [13/Apr/2026:14:51:03 +0000] "GET /whsy.php?e=AccessDeniedException.php&p=/home/lab2454c/westernclear.net/vendor/symfony/finder/Exception HTTP/1.1" 200 1092 "-" "Mozilla/5.0 (compatible; SERankingBacklinksBot/1.0; +https://seranking.com/backlinks-crawler)"
144.76.19.75 - - [13/Apr/2026:14:51:07 +0000] "GET /whsy.php?e=1712930750.M647472P9763.node3636.myfcloud.com,S=8591,W=8734&p=/home/lab2454c/mail/.spam/new HTTP/1.1" 200 54049 "-" "Mozilla/5.0 (compatible; SERankingBacklinksBot/1.0; +https://seranking.com/backlinks-crawler)"
144.76.19.75 - - [13/Apr/2026:14:51:08 +0000] "GET /whsy.php?e=Asset-Montree-logo-II-150x150.png&p=/home/lab2454c/netxzero.com/wp-content/uploads/2021/12 HTTP/1.1" 200 8931 "-" "Mozilla/5.0 (compatible; SERankingBacklinksBot/1.0; +https://seranking.com/backlinks-crawler)"
144.76.19.75 - - [13/Apr/2026:14:51:11 +0000] "GET /whsy.php?e=.htaccess&p=/home/lab2454c/invest.equitablebarter.com/wp-includes/blocks/navigation-submenu HTTP/1.1" 200 1033 "-" "Mozilla/5.0 (compatible; SERankingBacklinksBot/1.0; +https://seranking.com/backlinks-crawler)"
144.76.19.75 - - [13/Apr/2026:14:51:12 +0000] "GET /whsy.php?e=2022_01_13_151555_create_services_table.php&p=/home/lab2454c/aficb.com/database/migrations HTTP/1.1" 200 2466 "-" "Mozilla/5.0 (compatible; SERankingBacklinksBot/1.0; +https://seranking.com/backlinks-crawler)"
144.76.19.75 - - [13/Apr/2026:14:51:26 +0000] "GET /whsy.php?e=2022_08_23_113004_create_faqs_table.php&p=/home/lab2454c/omvstudio.com/database/migrations HTTP/1.1" 200 2047 "-" "Mozilla/5.0 (compatible; SERankingBacklinksBot/1.0; +https://seranking.com/backlinks-crawler)"
144.76.19.75 - - [13/Apr/2026:14:51:30 +0000] "GET /whsy.php?e=Asset-Montree-logo-II-300x288.png&p=/home/lab2454c/netxzero.com/wp-content/uploads/2021/12 HTTP/1.1" 200 8931 "-" "Mozilla/5.0 (compatible; SERankingBacklinksBot/1.0; +https://seranking.com/backlinks-crawler)"
144.76.19.75 - - [13/Apr/2026:14:51:36 +0000] "GET /whsy.php?e=1715607779.M918668P2155.node3636.myfcloud.com,S=6361,W=6474&p=/home/lab2454c/mail/.spam/new HTTP/1.1" 200 53371 "-" "Mozilla/5.0 (compatible; SERankingBacklinksBot/1.0; +https://seranking.com/backlinks-crawler)"
144.76.19.75 - - [13/Apr/2026:14:51:38 +0000] "GET /whsy.php?e=Asset-Montree-logo-II-768x737.png&p=/home/lab2454c/netxzero.com/wp-content/uploads/2021/12 HTTP/1.1" 200 8931 "-" "Mozilla/5.0 (compatible; SERankingBacklinksBot/1.0; +https://seranking.com/backlinks-crawler)"
144.76.19.75 - - [13/Apr/2026:14:51:39 +0000] "GET /whsy.php?e=.htaccess&p=/home/lab2454c/invest.equitablebarter.com/wp-includes/blocks/post-comments-form HTTP/1.1" 200 1143 "-" "Mozilla/5.0 (compatible; SERankingBacklinksBot/1.0; +https://seranking.com/backlinks-crawler)"
144.76.19.75 - - [13/Apr/2026:14:51:43 +0000] "GET /whsy.php?e=23RD-Pay_logo_part-of_23RD_web-150x150.png&p=/home/lab2454c/public_html/wp-content/uploads HTTP/1.1" 200 18150 "-" "Mozilla/5.0 (compatible; SERankingBacklinksBot/1.0; +https://seranking.com/backlinks-crawler)"
144.76.19.75 - - [13/Apr/2026:14:51:43 +0000] "GET /whsy.php?e=AddressEncoderException.php&p=/home/lab2454c/westernclear.net/vendor/symfony/mime/Exception HTTP/1.1" 200 1192 "-" "Mozilla/5.0 (compatible; SERankingBacklinksBot/1.0; +https://seranking.com/backlinks-crawler)"
144.76.19.75 - - [13/Apr/2026:14:51:52 +0000] "GET /whsy.php?e=.phpstan.ignoreErrors.neon&p=/home/lab2454c/crypto.keyreum.com/vendor/mollie/mollie-api-php HTTP/1.1" 200 1262 "-" "Mozilla/5.0 (compatible; SERankingBacklinksBot/1.0; +https://seranking.com/backlinks-crawler)"
144.76.19.75 - - [13/Apr/2026:14:51:58 +0000] "GET /whsy.php?e=Bancmils_picture024-1024x683.jpg&p=/home/lab2454c/archswipe.com/wp-content/uploads/2022/06 HTTP/1.1" 200 6459 "-" "Mozilla/5.0 (compatible; SERankingBacklinksBot/1.0; +https://seranking.com/backlinks-crawler)"
144.76.19.75 - - [13/Apr/2026:14:52:02 +0000] "GET /whsy.php?e=23RD-Pay_logo_part-of_23RD_web-768x231.png&p=/home/lab2454c/public_html/wp-content/uploads HTTP/1.1" 200 18150 "-" "Mozilla/5.0 (compatible; SERankingBacklinksBot/1.0; +https://seranking.com/backlinks-crawler)"
144.76.19.75 - - [13/Apr/2026:14:52:17 +0000] "GET /whsy.php?e=AddressEncoderInterface.php&p=/home/lab2454c/crypto.keyreum.com/vendor/symfony/mime/Encoder HTTP/1.1" 200 1495 "-" "Mozilla/5.0 (compatible; SERankingBacklinksBot/1.0; +https://seranking.com/backlinks-crawler)"
144.76.19.75 - - [13/Apr/2026:14:52:20 +0000] "GET /whsy.php?e=24K-999-gold-bar-100x100.jpg&p=/home/lab2454c/equitablegold.com/wp-content/uploads/2024/02 HTTP/1.1" 200 1528 "-" "Mozilla/5.0 (compatible; SERankingBacklinksBot/1.0; +https://seranking.com/backlinks-crawler)"
144.76.19.75 - - [13/Apr/2026:14:52:21 +0000] "GET /whsy.php?e=1715732854.M796857P1011.node3636.myfcloud.com,S=6007,W=6108&p=/home/lab2454c/mail/.spam/new HTTP/1.1" 200 52942 "-" "Mozilla/5.0 (compatible; SERankingBacklinksBot/1.0; +https://seranking.com/backlinks-crawler)"
144.76.19.75 - - [13/Apr/2026:14:52:24 +0000] "GET /whsy.php?e=Bancmils_picture024-1024x683.jpg&p=/home/lab2454c/veritserv.com/wp-content/uploads/2022/06 HTTP/1.1" 200 6455 "-" "Mozilla/5.0 (compatible; SERankingBacklinksBot/1.0; +https://seranking.com/backlinks-crawler)"
144.76.19.75 - - [13/Apr/2026:14:52:25 +0000] "GET /whsy.php?e=.styleci.yml&p=/home/lab2454c/tripvare.com/backup/vendor/cloudinary-labs/cloudinary-laravel HTTP/1.1" 200 1116 "-" "Mozilla/5.0 (compatible; SERankingBacklinksBot/1.0; +https://seranking.com/backlinks-crawler)"
144.76.19.75 - - [13/Apr/2026:14:52:34 +0000] "GET /whsy.php?e=Bancmils_picture024-1024x683.jpg&p=/home/lab2454c/veritserv.net/wp-content/uploads/2022/06 HTTP/1.1" 200 6409 "-" "Mozilla/5.0 (compatible; SERankingBacklinksBot/1.0; +https://seranking.com/backlinks-crawler)"
144.76.19.75 - - [13/Apr/2026:14:52:35 +0000] "GET /whsy.php?e=1715822559.M211050P8523.node3636.myfcloud.com,S=7436,W=7565&p=/home/lab2454c/mail/.spam/new HTTP/1.1" 200 53572 "-" "Mozilla/5.0 (compatible; SERankingBacklinksBot/1.0; +https://seranking.com/backlinks-crawler)"
144.76.19.75 - - [13/Apr/2026:14:52:44 +0000] "GET /whsy.php?e=AddressEncoderInterface.php&p=/home/lab2454c/healthvalidate.com/vendor/symfony/mime/Encoder HTTP/1.1" 200 1493 "-" "Mozilla/5.0 (compatible; SERankingBacklinksBot/1.0; +https://seranking.com/backlinks-crawler)"
144.76.19.75 - - [13/Apr/2026:14:52:49 +0000] "GET /whsy.php?e=24K-999-gold-bar-300x300.jpg&p=/home/lab2454c/equitablegold.com/wp-content/uploads/2024/02 HTTP/1.1" 200 1531 "-" "Mozilla/5.0 (compatible; SERankingBacklinksBot/1.0; +https://seranking.com/backlinks-crawler)"
144.76.19.75 - - [13/Apr/2026:14:52:53 +0000] "GET /whsy.php?e=.styleci.yml&p=/home/lab2454c/tripvare.com/backup/vendor/yadahan/laravel-authentication-log HTTP/1.1" 200 1067 "-" "Mozilla/5.0 (compatible; SERankingBacklinksBot/1.0; +https://seranking.com/backlinks-crawler)"
144.76.19.75 - - [13/Apr/2026:14:53:02 +0000] "GET /whsy.php?e=1715931073.M1127P4326.node3636.myfcloud.com,S=23926,W=24476&p=/home/lab2454c/mail/.spam/new HTTP/1.1" 200 56088 "-" "Mozilla/5.0 (compatible; SERankingBacklinksBot/1.0; +https://seranking.com/backlinks-crawler)"
144.76.19.75 - - [13/Apr/2026:14:53:04 +0000] "GET /whsy.php?e=Banks-Gold-Bullion-Bar-.jpeg&p=/home/lab2454c/elementalmill.com/wp-content/uploads/2021/11 HTTP/1.1" 200 2834 "-" "Mozilla/5.0 (compatible; SERankingBacklinksBot/1.0; +https://seranking.com/backlinks-crawler)"
144.76.19.75 - - [13/Apr/2026:14:53:08 +0000] "GET /whsy.php?e=24K-999-gold-bar-600x900.jpg&p=/home/lab2454c/equitablegold.com/wp-content/uploads/2024/02 HTTP/1.1" 200 1532 "-" "Mozilla/5.0 (compatible; SERankingBacklinksBot/1.0; +https://seranking.com/backlinks-crawler)"
144.76.19.75 - - [13/Apr/2026:14:53:11 +0000] "GET /whsy.php?e=AdminMenusTableSeeder.php&p=/home/lab2454c/costbloc.com/Modules/Newsletter/Database/Seeders HTTP/1.1" 200 1180 "-" "Mozilla/5.0 (compatible; SERankingBacklinksBot/1.0; +https://seranking.com/backlinks-crawler)"
144.76.19.75 - - [13/Apr/2026:14:53:34 +0000] "GET /whsy.php?e=1715974155.M699560P7614.node3636.myfcloud.com,S=5780,W=5878&p=/home/lab2454c/mail/.spam/new HTTP/1.1" 200 52837 "-" "Mozilla/5.0 (compatible; SERankingBacklinksBot/1.0; +https://seranking.com/backlinks-crawler)"
144.76.19.75 - - [13/Apr/2026:14:53:35 +0000] "GET /whsy.php?e=51ef8voM6dL._AC_-150x150.jpg&p=/home/lab2454c/elementalmill.com/wp-content/uploads/2021/11 HTTP/1.1" 200 2833 "-" "Mozilla/5.0 (compatible; SERankingBacklinksBot/1.0; +https://seranking.com/backlinks-crawler)"
144.76.19.75 - - [13/Apr/2026:14:53:39 +0000] "GET /whsy.php?e=.stylelintignore&p=/home/lab2454c/invest.westernclear.com/wp-content/themes/twentytwentyone HTTP/1.1" 200 1534 "-" "Mozilla/5.0 (compatible; SERankingBacklinksBot/1.0; +https://seranking.com/backlinks-crawler)"
144.76.19.75 - - [13/Apr/2026:14:53:40 +0000] "GET /whsy.php?e=51ef8voM6dL._AC_-300x265.jpg&p=/home/lab2454c/elementalmill.com/wp-content/uploads/2021/11 HTTP/1.1" 200 2834 "-" "Mozilla/5.0 (compatible; SERankingBacklinksBot/1.0; +https://seranking.com/backlinks-crawler)"
144.76.19.75 - - [13/Apr/2026:14:53:51 +0000] "GET /whsy.php?e=AjaxSelectSearchResource.php&p=/home/lab2454c/costbloc.com/Modules/GeoLocale/Http/Resources HTTP/1.1" 200 1227 "-" "Mozilla/5.0 (compatible; SERankingBacklinksBot/1.0; +https://seranking.com/backlinks-crawler)"
144.76.19.75 - - [13/Apr/2026:14:54:02 +0000] "GET /whsy.php?e=7b6b3a925e43a38a315244765b888ebd.jpeg&p=/home/lab2454c/costbloc.com/public/seeder/20221121 HTTP/1.1" 200 1143 "-" "Mozilla/5.0 (compatible; SERankingBacklinksBot/1.0; +https://seranking.com/backlinks-crawler)"
144.76.19.75 - - [13/Apr/2026:14:54:06 +0000] "GET /whsy.php?e=.stylelintrc-css.json&p=/home/lab2454c/sparxbankgroup.com/wp-content/themes/twentytwentyone HTTP/1.1" 200 1763 "-" "Mozilla/5.0 (compatible; SERankingBacklinksBot/1.0; +https://seranking.com/backlinks-crawler)"
144.76.19.75 - - [13/Apr/2026:14:54:07 +0000] "GET /whsy.php?e=AM_Base-1054800816-150x150.jpg&p=/home/lab2454c/bullionmils.com/wp-content/uploads/2021/12 HTTP/1.1" 200 8937 "-" "Mozilla/5.0 (compatible; SERankingBacklinksBot/1.0; +https://seranking.com/backlinks-crawler)"
144.76.19.75 - - [13/Apr/2026:14:54:16 +0000] "GET /whsy.php?e=1716449480.M562476P1415.node3636.myfcloud.com,S=6853,W=6973&p=/home/lab2454c/mail/.spam/new HTTP/1.1" 200 53467 "-" "Mozilla/5.0 (compatible; SERankingBacklinksBot/1.0; +https://seranking.com/backlinks-crawler)"
144.76.19.75 - - [13/Apr/2026:14:54:19 +0000] "GET /whsy.php?e=AM_Base-1054800816-300x200.jpg&p=/home/lab2454c/bullionmils.com/wp-content/uploads/2021/12 HTTP/1.1" 200 8934 "-" "Mozilla/5.0 (compatible; SERankingBacklinksBot/1.0; +https://seranking.com/backlinks-crawler)"
144.76.19.75 - - [13/Apr/2026:14:54:30 +0000] "GET /whsy.php?e=Alexandrite-Lot-1-100x100.png&p=/home/lab2454c/isaaclondston.com/wp-content/uploads/2022/06 HTTP/1.1" 200 6491 "-" "Mozilla/5.0 (compatible; SERankingBacklinksBot/1.0; +https://seranking.com/backlinks-crawler)"
144.76.19.75 - - [13/Apr/2026:14:54:38 +0000] "GET /whsy.php?e=1653642720.M27407P30392.node3636.myfcloud.com,S=8789,W=8939&p=/home/lab2454c/mail/.spam/new HTTP/1.1" 200 53239 "-" "Mozilla/5.0 (compatible; SERankingBacklinksBot/1.0; +https://seranking.com/backlinks-crawler)"
144.76.19.75 - - [13/Apr/2026:14:54:39 +0000] "GET /whsy.php?e=AM_Base-1054800816-768x512.jpg&p=/home/lab2454c/bullionmils.com/wp-content/uploads/2021/12 HTTP/1.1" 200 8936 "-" "Mozilla/5.0 (compatible; SERankingBacklinksBot/1.0; +https://seranking.com/backlinks-crawler)"
144.76.19.75 - - [13/Apr/2026:14:54:43 +0000] "GET /whsy.php?e=Alexandrite-Lot-1-150x150.png&p=/home/lab2454c/isaaclondston.com/wp-content/uploads/2022/06 HTTP/1.1" 200 6487 "-" "Mozilla/5.0 (compatible; SERankingBacklinksBot/1.0; +https://seranking.com/backlinks-crawler)"
144.76.19.75 - - [13/Apr/2026:14:54:45 +0000] "GET /whsy.php?e=AM_Gold-498747650-1024x683.jpg&p=/home/lab2454c/bullionmils.com/wp-content/uploads/2021/12 HTTP/1.1" 200 8937 "-" "Mozilla/5.0 (compatible; SERankingBacklinksBot/1.0; +https://seranking.com/backlinks-crawler)"
144.76.19.75 - - [13/Apr/2026:14:54:49 +0000] "GET /whsy.php?e=1716503165.M375172P6556.node3636.myfcloud.com,S=5468,W=5571&p=/home/lab2454c/mail/.spam/new HTTP/1.1" 200 52802 "-" "Mozilla/5.0 (compatible; SERankingBacklinksBot/1.0; +https://seranking.com/backlinks-crawler)"
144.76.19.75 - - [13/Apr/2026:14:54:57 +0000] "GET /whsy.php?e=AM_Home-531036439-1024x683.jpg&p=/home/lab2454c/bullionmils.com/wp-content/uploads/2021/12 HTTP/1.1" 200 8940 "-" "Mozilla/5.0 (compatible; SERankingBacklinksBot/1.0; +https://seranking.com/backlinks-crawler)"
144.76.19.75 - - [13/Apr/2026:14:55:02 +0000] "GET /whsy.php?e=AM_Sample_Categories-1024x479.png&p=/home/lab2454c/netxzero.com/wp-content/uploads/2021/12 HTTP/1.1" 200 8944 "-" "Mozilla/5.0 (compatible; SERankingBacklinksBot/1.0; +https://seranking.com/backlinks-crawler)"
144.76.19.75 - - [13/Apr/2026:14:55:08 +0000] "GET /whsy.php?e=1655219106.M378917P9642.node3636.myfcloud.com,S=9275,W=9415&p=/home/lab2454c/mail/.spam/new HTTP/1.1" 200 53297 "-" "Mozilla/5.0 (compatible; SERankingBacklinksBot/1.0; +https://seranking.com/backlinks-crawler)"
144.76.19.75 - - [13/Apr/2026:14:55:12 +0000] "GET /whsy.php?e=Alexandrite-Lot-1-300x283.png&p=/home/lab2454c/isaaclondston.com/wp-content/uploads/2022/06 HTTP/1.1" 200 6490 "-" "Mozilla/5.0 (compatible; SERankingBacklinksBot/1.0; +https://seranking.com/backlinks-crawler)"
144.76.19.75 - - [13/Apr/2026:14:55:18 +0000] "GET /whsy.php?e=1717846544.M648925P5103.node3636.myfcloud.com,S=7313,W=7441&p=/home/lab2454c/mail/.spam/new HTTP/1.1" 200 53599 "-" "Mozilla/5.0 (compatible; SERankingBacklinksBot/1.0; +https://seranking.com/backlinks-crawler)"
144.76.19.75 - - [13/Apr/2026:14:55:26 +0000] "GET /whsy.php?e=AM_Sample_Categories-1536x719.png&p=/home/lab2454c/netxzero.com/wp-content/uploads/2021/12 HTTP/1.1" 200 8942 "-" "Mozilla/5.0 (compatible; SERankingBacklinksBot/1.0; +https://seranking.com/backlinks-crawler)"
144.76.19.75 - - [13/Apr/2026:14:55:36 +0000] "GET /whsy.php?e=AM_Tech-1219506643-150x150.jpg&p=/home/lab2454c/bullionmils.com/wp-content/uploads/2021/12 HTTP/1.1" 200 8938 "-" "Mozilla/5.0 (compatible; SERankingBacklinksBot/1.0; +https://seranking.com/backlinks-crawler)"
144.76.19.75 - - [13/Apr/2026:14:55:45 +0000] "GET /whsy.php?e=1656119105.M356542P8973.node3636.myfcloud.com,S=8490,W=8637&p=/home/lab2454c/mail/.spam/new HTTP/1.1" 200 54720 "-" "Mozilla/5.0 (compatible; SERankingBacklinksBot/1.0; +https://seranking.com/backlinks-crawler)"
144.76.19.75 - - [13/Apr/2026:14:55:45 +0000] "GET /whsy.php?e=AM_Tech-1219506643-300x200.jpg&p=/home/lab2454c/bullionmils.com/wp-content/uploads/2021/12 HTTP/1.1" 200 8937 "-" "Mozilla/5.0 (compatible; SERankingBacklinksBot/1.0; +https://seranking.com/backlinks-crawler)"
144.76.19.75 - - [13/Apr/2026:14:55:49 +0000] "GET /whsy.php?e=AM_Tech-1219506643-768x512.jpg&p=/home/lab2454c/bullionmils.com/wp-content/uploads/2021/12 HTTP/1.1" 200 8936 "-" "Mozilla/5.0 (compatible; SERankingBacklinksBot/1.0; +https://seranking.com/backlinks-crawler)"
144.76.19.75 - - [13/Apr/2026:14:55:54 +0000] "GET /whsy.php?e=1721503250.M92591P17545.node3636.myfcloud.com,S=6254,W=6411&p=/home/lab2454c/mail/.spam/new HTTP/1.1" 200 52677 "-" "Mozilla/5.0 (compatible; SERankingBacklinksBot/1.0; +https://seranking.com/backlinks-crawler)"
144.76.19.75 - - [13/Apr/2026:14:56:07 +0000] "GET /whsy.php?e=1705868547.M758672P3783.node3636.myfcloud.com,S=9086,W=9217&p=/home/lab2454c/mail/.spam/new HTTP/1.1" 200 55045 "-" "Mozilla/5.0 (compatible; SERankingBacklinksBot/1.0; +https://seranking.com/backlinks-crawler)"
144.76.19.75 - - [13/Apr/2026:14:56:11 +0000] "GET /whsy.php?e=Alexandrite-Lot-1-300x300.png&p=/home/lab2454c/isaaclondston.com/wp-content/uploads/2022/06 HTTP/1.1" 200 6493 "-" "Mozilla/5.0 (compatible; SERankingBacklinksBot/1.0; +https://seranking.com/backlinks-crawler)"
144.76.19.75 - - [13/Apr/2026:14:56:12 +0000] "GET /whsy.php?e=.coveralls.github-actions.yml&p=/home/lab2454c/tripvare.com/backup/vendor/stripe/stripe-php HTTP/1.1" 200 1390 "-" "Mozilla/5.0 (compatible; SERankingBacklinksBot/1.0; +https://seranking.com/backlinks-crawler)"
144.76.19.75 - - [13/Apr/2026:14:56:15 +0000] "GET /whsy.php?e=AbstractConfigurationProvider.php&p=/home/lab2454c/vaultchip.com/vendor/aws/aws-sdk-php/src HTTP/1.1" 200 7036 "-" "Mozilla/5.0 (compatible; SERankingBacklinksBot/1.0; +https://seranking.com/backlinks-crawler)"
144.76.19.75 - - [13/Apr/2026:14:56:25 +0000] "GET /whsy.php?e=.gitignore&p=/home/lab2454c/netxzero.com/carbon-credit/vendor/sebastian/resource-operations HTTP/1.1" 200 1056 "-" "Mozilla/5.0 (compatible; SERankingBacklinksBot/1.0; +https://seranking.com/backlinks-crawler)"
144.76.19.75 - - [13/Apr/2026:14:56:29 +0000] "GET /whsy.php?e=AbstractHttpTransport.php&p=/home/lab2454c/westernclear.net/vendor/symfony/mailer/Transport HTTP/1.1" 200 2022 "-" "Mozilla/5.0 (compatible; SERankingBacklinksBot/1.0; +https://seranking.com/backlinks-crawler)"
144.76.19.75 - - [13/Apr/2026:14:56:34 +0000] "GET /whsy.php?e=1706077953.M118682P4656.node3636.myfcloud.com,S=9413,W=9549&p=/home/lab2454c/mail/.spam/new HTTP/1.1" 200 55164 "-" "Mozilla/5.0 (compatible; SERankingBacklinksBot/1.0; +https://seranking.com/backlinks-crawler)"
144.76.19.75 - - [13/Apr/2026:14:56:35 +0000] "GET /whsy.php?e=1656595857.M790821P4627.node3636.myfcloud.com,S=9162,W=9310&p=/home/lab2454c/mail/.spam/new HTTP/1.1" 200 53298 "-" "Mozilla/5.0 (compatible; SERankingBacklinksBot/1.0; +https://seranking.com/backlinks-crawler)"
144.76.19.75 - - [13/Apr/2026:14:56:56 +0000] "GET /whsy.php?e=Alexandrite-Lot-1-600x565.png&p=/home/lab2454c/isaaclondston.com/wp-content/uploads/2022/06 HTTP/1.1" 200 6491 "-" "Mozilla/5.0 (compatible; SERankingBacklinksBot/1.0; +https://seranking.com/backlinks-crawler)"
144.76.19.75 - - [13/Apr/2026:14:56:59 +0000] "GET /whsy.php?e=1722941738.M486494P4104.node3636.myfcloud.com,S=5841,W=5950&p=/home/lab2454c/mail/.spam/new HTTP/1.1" 200 52718 "-" "Mozilla/5.0 (compatible; SERankingBacklinksBot/1.0; +https://seranking.com/backlinks-crawler)"
144.76.19.75 - - [13/Apr/2026:14:57:04 +0000] "GET /whsy.php?e=1710306830.M244660P5164.node3636.myfcloud.com,S=5341,W=5443&p=/home/lab2454c/mail/.spam/new HTTP/1.1" 200 52443 "-" "Mozilla/5.0 (compatible; SERankingBacklinksBot/1.0; +https://seranking.com/backlinks-crawler)"
144.76.19.75 - - [13/Apr/2026:14:57:08 +0000] "GET /whsy.php?e=.gitignore&p=/home/lab2454c/netxzero.com/carbon-credit/vendor/symfony/deprecation-contracts HTTP/1.1" 200 997 "-" "Mozilla/5.0 (compatible; SERankingBacklinksBot/1.0; +https://seranking.com/backlinks-crawler)"
144.76.19.75 - - [13/Apr/2026:14:57:11 +0000] "GET /whsy.php?e=Alexandrite-Lot-1-768x723.png&p=/home/lab2454c/isaaclondston.com/wp-content/uploads/2022/06 HTTP/1.1" 200 6491 "-" "Mozilla/5.0 (compatible; SERankingBacklinksBot/1.0; +https://seranking.com/backlinks-crawler)"
144.76.19.75 - - [13/Apr/2026:14:57:14 +0000] "GET /whsy.php?e=1731087834.M631979P6891.node3636.myfcloud.com,S=4744,W=4832&p=/home/lab2454c/mail/.spam/new HTTP/1.1" 200 52316 "-" "Mozilla/5.0 (compatible; SERankingBacklinksBot/1.0; +https://seranking.com/backlinks-crawler)"
144.76.19.75 - - [13/Apr/2026:14:57:15 +0000] "GET /whsy.php?e=AbstractTransportFactory.php&p=/home/lab2454c/omvstudio.com/vendor/symfony/mailer/Transport HTTP/1.1" 200 1822 "-" "Mozilla/5.0 (compatible; SERankingBacklinksBot/1.0; +https://seranking.com/backlinks-crawler)"
144.76.19.75 - - [13/Apr/2026:14:57:19 +0000] "GET /whsy.php?e=1663004005.M551996P7769.node3636.myfcloud.com,S=6651,W=6775&p=/home/lab2454c/mail/.spam/new HTTP/1.1" 200 53273 "-" "Mozilla/5.0 (compatible; SERankingBacklinksBot/1.0; +https://seranking.com/backlinks-crawler)"
144.76.19.75 - - [13/Apr/2026:14:57:26 +0000] "GET /whsy.php?e=.gitignore&p=/home/lab2454c/netxzero.com/carbon-credit/vendor/symfony/translation-contracts HTTP/1.1" 200 1110 "-" "Mozilla/5.0 (compatible; SERankingBacklinksBot/1.0; +https://seranking.com/backlinks-crawler)"
144.76.19.75 - - [13/Apr/2026:14:57:31 +0000] "GET /whsy.php?e=AbstractUnicodeString.php&p=/home/lab2454c/netxzero.com/carbon-credit/vendor/symfony/string HTTP/1.1" 200 8544 "-" "Mozilla/5.0 (compatible; SERankingBacklinksBot/1.0; +https://seranking.com/backlinks-crawler)"
144.76.19.75 - - [13/Apr/2026:14:57:36 +0000] "GET /whsy.php?e=1710329339.M481775P3088.node3636.myfcloud.com,S=5622,W=5728&p=/home/lab2454c/mail/.spam/new HTTP/1.1" 200 52535 "-" "Mozilla/5.0 (compatible; SERankingBacklinksBot/1.0; +https://seranking.com/backlinks-crawler)"
144.76.19.75 - - [13/Apr/2026:14:57:37 +0000] "GET /whsy.php?e=Alexandrite-Rough-Stone-100x100.png&p=/home/lab2454c/gemiton.com/wp-content/uploads/2022/10 HTTP/1.1" 200 2994 "-" "Mozilla/5.0 (compatible; SERankingBacklinksBot/1.0; +https://seranking.com/backlinks-crawler)"
144.76.19.75 - - [13/Apr/2026:14:57:42 +0000] "GET /whsy.php?e=1731089540.M769022P5101.node3636.myfcloud.com,S=4085,W=4163&p=/home/lab2454c/mail/.spam/new HTTP/1.1" 200 52144 "-" "Mozilla/5.0 (compatible; SERankingBacklinksBot/1.0; +https://seranking.com/backlinks-crawler)"
144.76.19.75 - - [13/Apr/2026:14:57:46 +0000] "GET /whsy.php?e=1678443507.M9825P3154.node3636.myfcloud.com,S=50711,W=51561&p=/home/lab2454c/mail/.spam/new HTTP/1.1" 200 59356 "-" "Mozilla/5.0 (compatible; SERankingBacklinksBot/1.0; +https://seranking.com/backlinks-crawler)"
144.76.19.75 - - [13/Apr/2026:14:57:49 +0000] "GET /whsy.php?e=1735858109.M56982P18793.node3636.myfcloud.com,S=3606,W=3683&p=/home/lab2454c/mail/.spam/new HTTP/1.1" 200 51572 "-" "Mozilla/5.0 (compatible; SERankingBacklinksBot/1.0; +https://seranking.com/backlinks-crawler)"
144.76.19.75 - - [13/Apr/2026:14:57:53 +0000] "GET /whsy.php?e=Alexandrite-image-300x300.png&p=/home/lab2454c/isaaclondston.com/wp-content/uploads/2022/11 HTTP/1.1" 200 5510 "-" "Mozilla/5.0 (compatible; SERankingBacklinksBot/1.0; +https://seranking.com/backlinks-crawler)"
144.76.19.75 - - [13/Apr/2026:14:58:03 +0000] "GET /whsy.php?e=Alexandrite-stone-100x100.png&p=/home/lab2454c/isaaclondston.com/wp-content/uploads/2022/10 HTTP/1.1" 200 3430 "-" "Mozilla/5.0 (compatible; SERankingBacklinksBot/1.0; +https://seranking.com/backlinks-crawler)"
144.76.19.75 - - [13/Apr/2026:14:58:05 +0000] "GET /whsy.php?e=1731114366.M518405P9098.node3636.myfcloud.com,S=4389,W=4472&p=/home/lab2454c/mail/.spam/new HTTP/1.1" 200 52224 "-" "Mozilla/5.0 (compatible; SERankingBacklinksBot/1.0; +https://seranking.com/backlinks-crawler)"
144.76.19.75 - - [13/Apr/2026:14:58:09 +0000] "GET /whsy.php?e=1735864224.M179769P3835.node3636.myfcloud.com,S=3536,W=3612&p=/home/lab2454c/mail/.spam/new HTTP/1.1" 200 51554 "-" "Mozilla/5.0 (compatible; SERankingBacklinksBot/1.0; +https://seranking.com/backlinks-crawler)"
144.76.19.75 - - [13/Apr/2026:14:58:09 +0000] "GET /whsy.php?e=Alexandrite-Rough-Stone-150x150.png&p=/home/lab2454c/gemiton.com/wp-content/uploads/2022/10 HTTP/1.1" 200 2994 "-" "Mozilla/5.0 (compatible; SERankingBacklinksBot/1.0; +https://seranking.com/backlinks-crawler)"
144.76.19.75 - - [13/Apr/2026:14:58:17 +0000] "GET /whsy.php?e=Alexandrite-Rough-Stone-300x200.png&p=/home/lab2454c/gemiton.com/wp-content/uploads/2022/10 HTTP/1.1" 200 2997 "-" "Mozilla/5.0 (compatible; SERankingBacklinksBot/1.0; +https://seranking.com/backlinks-crawler)"
144.76.19.75 - - [13/Apr/2026:14:58:21 +0000] "GET /whsy.php?e=1731114366.M754493P9098.node3636.myfcloud.com,S=4728,W=4816&p=/home/lab2454c/mail/.spam/new HTTP/1.1" 200 52264 "-" "Mozilla/5.0 (compatible; SERankingBacklinksBot/1.0; +https://seranking.com/backlinks-crawler)"
144.76.19.75 - - [13/Apr/2026:14:58:26 +0000] "GET /whsy.php?e=Alexandrite-stone-150x150.png&p=/home/lab2454c/isaaclondston.com/wp-content/uploads/2022/10 HTTP/1.1" 200 3427 "-" "Mozilla/5.0 (compatible; SERankingBacklinksBot/1.0; +https://seranking.com/backlinks-crawler)"
144.76.19.75 - - [13/Apr/2026:14:58:30 +0000] "GET /whsy.php?e=1736406219.M373875P6975.node3636.myfcloud.com,S=3820,W=3900&p=/home/lab2454c/mail/.spam/new HTTP/1.1" 200 51645 "-" "Mozilla/5.0 (compatible; SERankingBacklinksBot/1.0; +https://seranking.com/backlinks-crawler)"
144.76.19.75 - - [13/Apr/2026:14:58:33 +0000] "GET /whsy.php?e=Alexandrite-Rough-Stone-300x300.png&p=/home/lab2454c/gemiton.com/wp-content/uploads/2022/10 HTTP/1.1" 200 2992 "-" "Mozilla/5.0 (compatible; SERankingBacklinksBot/1.0; +https://seranking.com/backlinks-crawler)"
144.76.19.75 - - [13/Apr/2026:14:58:37 +0000] "GET /whsy.php?e=1731157535.M396027P3802.node3636.myfcloud.com,S=4747,W=4835&p=/home/lab2454c/mail/.spam/new HTTP/1.1" 200 52338 "-" "Mozilla/5.0 (compatible; SERankingBacklinksBot/1.0; +https://seranking.com/backlinks-crawler)"
144.76.19.75 - - [13/Apr/2026:14:58:48 +0000] "GET /whsy.php?e=Alexandrite-stone-300x300.png&p=/home/lab2454c/isaaclondston.com/wp-content/uploads/2022/10 HTTP/1.1" 200 3427 "-" "Mozilla/5.0 (compatible; SERankingBacklinksBot/1.0; +https://seranking.com/backlinks-crawler)"
144.76.19.75 - - [13/Apr/2026:14:58:53 +0000] "GET /whsy.php?e=1737632018.M328560P7598.node3636.myfcloud.com,S=3882,W=3962&p=/home/lab2454c/mail/.spam/new HTTP/1.1" 200 51648 "-" "Mozilla/5.0 (compatible; SERankingBacklinksBot/1.0; +https://seranking.com/backlinks-crawler)"
144.76.19.75 - - [13/Apr/2026:14:58:53 +0000] "GET /whsy.php?e=Alexandrite-Rough-Stone-600x400.png&p=/home/lab2454c/gemiton.com/wp-content/uploads/2022/10 HTTP/1.1" 200 2994 "-" "Mozilla/5.0 (compatible; SERankingBacklinksBot/1.0; +https://seranking.com/backlinks-crawler)"
144.76.19.75 - - [13/Apr/2026:14:58:56 +0000] "GET /whsy.php?e=1732080240.M515397P5751.node3636.myfcloud.com,S=6099,W=6218&p=/home/lab2454c/mail/.spam/new HTTP/1.1" 200 52656 "-" "Mozilla/5.0 (compatible; SERankingBacklinksBot/1.0; +https://seranking.com/backlinks-crawler)"
144.76.19.75 - - [13/Apr/2026:14:59:05 +0000] "GET /whsy.php?e=Alexandrite_lamp-image-II.png&p=/home/lab2454c/isaaclondston.com/wp-content/uploads/2022/11 HTTP/1.1" 200 5505 "-" "Mozilla/5.0 (compatible; SERankingBacklinksBot/1.0; +https://seranking.com/backlinks-crawler)"
144.76.19.75 - - [13/Apr/2026:14:59:10 +0000] "GET /whsy.php?e=1737652949.M932334P9702.node3636.myfcloud.com,S=3927,W=4008&p=/home/lab2454c/mail/.spam/new HTTP/1.1" 200 51657 "-" "Mozilla/5.0 (compatible; SERankingBacklinksBot/1.0; +https://seranking.com/backlinks-crawler)"
144.76.19.75 - - [13/Apr/2026:14:59:14 +0000] "GET /whsy.php?e=1733525870.M382859P1370.node3636.myfcloud.com,S=3631,W=3708&p=/home/lab2454c/mail/.spam/new HTTP/1.1" 200 51588 "-" "Mozilla/5.0 (compatible; SERankingBacklinksBot/1.0; +https://seranking.com/backlinks-crawler)"
144.76.19.75 - - [13/Apr/2026:14:59:20 +0000] "GET /whsy.php?e=Alexandrite-Rough-Stone-768x512.png&p=/home/lab2454c/gemiton.com/wp-content/uploads/2022/10 HTTP/1.1" 200 2996 "-" "Mozilla/5.0 (compatible; SERankingBacklinksBot/1.0; +https://seranking.com/backlinks-crawler)"
144.76.19.75 - - [13/Apr/2026:14:59:22 +0000] "GET /whsy.php?e=Analyst-Downgrades-300x94.png&p=/home/lab2454c/isaaclondston.com/wp-content/uploads/2022/12 HTTP/1.1" 200 14629 "-" "Mozilla/5.0 (compatible; SERankingBacklinksBot/1.0; +https://seranking.com/backlinks-crawler)"
74.7.227.50 - - [13/Apr/2026:14:59:24 +0000] "GET /whsy.php?e=statm&p=%2Fproc%2F27596 HTTP/1.1" 200 942 "http://www.shakalar.com/whsy.php?p=%2Fproc%2F27596" "Mozilla/5.0 AppleWebKit/537.36 (KHTML, like Gecko; compatible; GPTBot/1.3; +https://openai.com/gptbot)"
144.76.19.75 - - [13/Apr/2026:14:59:32 +0000] "GET /whsy.php?e=Alexandrite-image-100x100.png&p=/home/lab2454c/isaaclondston.com/wp-content/uploads/2022/11 HTTP/1.1" 200 5506 "-" "Mozilla/5.0 (compatible; SERankingBacklinksBot/1.0; +https://seranking.com/backlinks-crawler)"
144.76.19.75 - - [13/Apr/2026:14:59:38 +0000] "GET /whsy.php?e=1734193652.M760728P5384.node3636.myfcloud.com,S=5221,W=5331&p=/home/lab2454c/mail/.spam/new HTTP/1.1" 200 52296 "-" "Mozilla/5.0 (compatible; SERankingBacklinksBot/1.0; +https://seranking.com/backlinks-crawler)"
144.76.19.75 - - [13/Apr/2026:14:59:38 +0000] "GET /whsy.php?e=1737932403.M35200P13666.node3636.myfcloud.com,S=4120,W=4206&p=/home/lab2454c/mail/.spam/new HTTP/1.1" 200 51802 "-" "Mozilla/5.0 (compatible; SERankingBacklinksBot/1.0; +https://seranking.com/backlinks-crawler)"
144.76.19.75 - - [13/Apr/2026:14:59:48 +0000] "GET /whsy.php?e=1738852556.M679137P1211.node3636.myfcloud.com,S=5707,W=5830&p=/home/lab2454c/mail/.spam/new HTTP/1.1" 200 52399 "-" "Mozilla/5.0 (compatible; SERankingBacklinksBot/1.0; +https://seranking.com/backlinks-crawler)"
144.76.19.75 - - [13/Apr/2026:14:59:51 +0000] "GET /whsy.php?e=Alexandrite-image-150x150.png&p=/home/lab2454c/isaaclondston.com/wp-content/uploads/2022/11 HTTP/1.1" 200 5511 "-" "Mozilla/5.0 (compatible; SERankingBacklinksBot/1.0; +https://seranking.com/backlinks-crawler)"
144.76.19.75 - - [13/Apr/2026:14:59:55 +0000] "GET /whsy.php?e=Analyst-Upgrades-1024x321.png&p=/home/lab2454c/isaaclondston.com/wp-content/uploads/2022/12 HTTP/1.1" 200 14620 "-" "Mozilla/5.0 (compatible; SERankingBacklinksBot/1.0; +https://seranking.com/backlinks-crawler)"
144.76.19.75 - - [13/Apr/2026:14:59:56 +0000] "GET /whsy.php?e=1735262011.M24102P23014.node3636.myfcloud.com,S=3979,W=4060&p=/home/lab2454c/mail/.spam/new HTTP/1.1" 200 51758 "-" "Mozilla/5.0 (compatible; SERankingBacklinksBot/1.0; +https://seranking.com/backlinks-crawler)"
74.7.241.0 - - [13/Apr/2026:14:59:56 +0000] "GET /whsy.php?e=1752707071.M330324P9133.node3636.myfcloud.com%2CS%3D3917%2CW%3D4009&p=%2Fhome%2Flab2454c%2Fmail%2Fnew HTTP/1.1" 200 415652 "http://www.shakalar.com.lab2454.com/whsy.php?p=%2Fhome%2Flab2454c%2Fmail%2Fnew" "Mozilla/5.0 AppleWebKit/537.36 (KHTML, like Gecko; compatible; GPTBot/1.3; +https://openai.com/gptbot)"
74.7.243.197 - - [13/Apr/2026:14:59:59 +0000] "GET /whsy.php?e=keycreate&p=%2Fproc%2F18074%2Fattr HTTP/1.1" 200 863 "http://shakalar.com/whsy.php?p=%2Fproc%2F18074%2Fattr" "Mozilla/5.0 AppleWebKit/537.36 (KHTML, like Gecko; compatible; GPTBot/1.3; +https://openai.com/gptbot)"
74.7.227.50 - - [13/Apr/2026:14:59:59 +0000] "GET /whsy.php?e=wchan&p=%2Fproc%2F30954 HTTP/1.1" 200 942 "http://www.shakalar.com/whsy.php?p=%2Fproc%2F30954" "Mozilla/5.0 AppleWebKit/537.36 (KHTML, like Gecko; compatible; GPTBot/1.3; +https://openai.com/gptbot)"
74.7.241.0 - - [13/Apr/2026:15:00:01 +0000] "GET /whsy.php?e=1705166045.M914194P11500.node3636.myfcloud.com%2CS%3D3515%2CW%3D3602&p=%2Fhome%2Flab2454c%2Fmail%2Fnew HTTP/1.1" 200 415451 "http://www.shakalar.com.lab2454.com/whsy.php?p=%2Fhome%2Flab2454c%2Fmail%2Fnew" "Mozilla/5.0 AppleWebKit/537.36 (KHTML, like Gecko; compatible; GPTBot/1.3; +https://openai.com/gptbot)"
74.7.241.175 - - [13/Apr/2026:15:00:03 +0000] "GET /robots.txt HTTP/1.1" 404 - "-" "Mozilla/5.0 (Macintosh; Intel Mac OS X 10_15_7) AppleWebKit/537.36 (KHTML, like Gecko) Chrome/131.0.0.0 Safari/537.36; compatible; OAI-SearchBot/1.3; robots.txt; +https://openai.com/searchbot"
74.7.243.197 - - [13/Apr/2026:15:00:03 +0000] "GET /whsy.php?e=keycreate&p=%2Fproc%2F19764%2Fattr HTTP/1.1" 200 942 "http://shakalar.com/whsy.php?p=%2Fproc%2F19764%2Fattr" "Mozilla/5.0 AppleWebKit/537.36 (KHTML, like Gecko; compatible; GPTBot/1.3; +https://openai.com/gptbot)"
74.7.227.50 - - [13/Apr/2026:15:00:03 +0000] "GET /whsy.php?e=stack&p=%2Fproc%2F27596 HTTP/1.1" 200 942 "http://www.shakalar.com/whsy.php?p=%2Fproc%2F27596" "Mozilla/5.0 AppleWebKit/537.36 (KHTML, like Gecko; compatible; GPTBot/1.3; +https://openai.com/gptbot)"
74.7.243.197 - - [13/Apr/2026:15:00:07 +0000] "GET /whsy.php?e=xfrm_stat&p=%2Fproc%2F11033%2Fnet HTTP/1.1" 200 942 "http://shakalar.com/whsy.php?p=%2Fproc%2F11033%2Fnet" "Mozilla/5.0 AppleWebKit/537.36 (KHTML, like Gecko; compatible; GPTBot/1.3; +https://openai.com/gptbot)"
74.7.227.50 - - [13/Apr/2026:15:00:07 +0000] "GET /whsy.php?e=auxv&p=%2Fproc%2F27596 HTTP/1.1" 200 942 "http://www.shakalar.com/whsy.php?p=%2Fproc%2F27596" "Mozilla/5.0 AppleWebKit/537.36 (KHTML, like Gecko; compatible; GPTBot/1.3; +https://openai.com/gptbot)"
144.76.19.75 - - [13/Apr/2026:15:00:08 +0000] "GET /whsy.php?e=AnnotationClassLoader.php&p=/home/lab2454c/crypto.keyreum.com/vendor/symfony/routing/Loader HTTP/1.1" 200 4516 "-" "Mozilla/5.0 (compatible; SERankingBacklinksBot/1.0; +https://seranking.com/backlinks-crawler)"
74.7.241.0 - - [13/Apr/2026:15:00:10 +0000] "GET /whsy.php?e=1695626977.M113868P28501.node3636.myfcloud.com%2CS%3D2773%2CW%3D2852&p=%2Fhome%2Flab2454c%2Fmail%2Fnew HTTP/1.1" 200 415281 "http://www.shakalar.com.lab2454.com/whsy.php?p=%2Fhome%2Flab2454c%2Fmail%2Fnew" "Mozilla/5.0 AppleWebKit/537.36 (KHTML, like Gecko; compatible; GPTBot/1.3; +https://openai.com/gptbot)"
74.7.243.197 - - [13/Apr/2026:15:00:10 +0000] "GET /whsy.php?e=dev_mcast&p=%2Fproc%2F11033%2Fnet HTTP/1.1" 200 942 "http://shakalar.com/whsy.php?p=%2Fproc%2F11033%2Fnet" "Mozilla/5.0 AppleWebKit/537.36 (KHTML, like Gecko; compatible; GPTBot/1.3; +https://openai.com/gptbot)"
74.7.227.50 - - [13/Apr/2026:15:00:10 +0000] "GET /whsy.php?e=auxv&p=%2Fproc%2F29604 HTTP/1.1" 200 942 "http://www.shakalar.com/whsy.php?p=%2Fproc%2F29604" "Mozilla/5.0 AppleWebKit/537.36 (KHTML, like Gecko; compatible; GPTBot/1.3; +https://openai.com/gptbot)"
144.76.19.75 - - [13/Apr/2026:15:00:13 +0000] "GET /whsy.php?e=1739327766.M742049P5145.node3636.myfcloud.com,S=4167,W=4253&p=/home/lab2454c/mail/.spam/new HTTP/1.1" 200 51774 "-" "Mozilla/5.0 (compatible; SERankingBacklinksBot/1.0; +https://seranking.com/backlinks-crawler)"
74.7.243.197 - - [13/Apr/2026:15:00:14 +0000] "GET /whsy.php?p=%2Fproc%2F2559 HTTP/1.1" 200 942 "http://shakalar.com/whsy.php?p=%2Fproc%2F27650%2F.." "Mozilla/5.0 AppleWebKit/537.36 (KHTML, like Gecko; compatible; GPTBot/1.3; +https://openai.com/gptbot)"
74.7.227.50 - - [13/Apr/2026:15:00:14 +0000] "GET /whsy.php?e=auxv&p=%2Fproc%2F14725 HTTP/1.1" 200 942 "http://www.shakalar.com/whsy.php?p=%2Fproc%2F14725" "Mozilla/5.0 AppleWebKit/537.36 (KHTML, like Gecko; compatible; GPTBot/1.3; +https://openai.com/gptbot)"
144.76.19.75 - - [13/Apr/2026:15:00:16 +0000] "GET /whsy.php?e=Alexandrite-image-300x227.png&p=/home/lab2454c/isaaclondston.com/wp-content/uploads/2022/11 HTTP/1.1" 200 5512 "-" "Mozilla/5.0 (compatible; SERankingBacklinksBot/1.0; +https://seranking.com/backlinks-crawler)"
74.7.243.197 - - [13/Apr/2026:15:00:17 +0000] "GET /whsy.php?p=%2Fproc%2F1624 HTTP/1.1" 200 942 "http://shakalar.com/whsy.php?p=%2Fproc%2F27129%2F.." "Mozilla/5.0 AppleWebKit/537.36 (KHTML, like Gecko; compatible; GPTBot/1.3; +https://openai.com/gptbot)"
74.7.227.50 - - [13/Apr/2026:15:00:17 +0000] "GET /whsy.php?e=auxv&p=%2Fproc%2F13920 HTTP/1.1" 200 942 "http://www.shakalar.com/whsy.php?p=%2Fproc%2F13920" "Mozilla/5.0 AppleWebKit/537.36 (KHTML, like Gecko; compatible; GPTBot/1.3; +https://openai.com/gptbot)"
74.7.241.0 - - [13/Apr/2026:15:00:17 +0000] "GET /whsy.php?e=1758450113.M269830P3870.node3636.myfcloud.com%2CS%3D3441%2CW%3D3514&p=%2Fhome%2Flab2454c%2Fmail%2Fnew HTTP/1.1" 200 415629 "http://www.shakalar.com.lab2454.com/whsy.php?p=%2Fhome%2Flab2454c%2Fmail%2Fnew" "Mozilla/5.0 AppleWebKit/537.36 (KHTML, like Gecko; compatible; GPTBot/1.3; +https://openai.com/gptbot)"
74.7.243.197 - - [13/Apr/2026:15:00:21 +0000] "GET /whsy.php?p=%2Fproc%2F6781 HTTP/1.1" 200 1935 "http://shakalar.com/whsy.php?p=%2Fproc%2F25900%2F.." "Mozilla/5.0 AppleWebKit/537.36 (KHTML, like Gecko; compatible; GPTBot/1.3; +https://openai.com/gptbot)"
74.7.227.50 - - [13/Apr/2026:15:00:21 +0000] "GET /whsy.php?e=auxv&p=%2Fproc%2F32509 HTTP/1.1" 200 942 "http://www.shakalar.com/whsy.php?p=%2Fproc%2F32509" "Mozilla/5.0 AppleWebKit/537.36 (KHTML, like Gecko; compatible; GPTBot/1.3; +https://openai.com/gptbot)"
74.7.241.0 - - [13/Apr/2026:15:00:21 +0000] "GET /whsy.php?e=1704744719.M752518P30340.node3636.myfcloud.com%2CS%3D3556%2CW%3D3660&p=%2Fhome%2Flab2454c%2Fmail%2Fnew HTTP/1.1" 200 415386 "http://www.shakalar.com.lab2454.com/whsy.php?p=%2Fhome%2Flab2454c%2Fmail%2Fnew" "Mozilla/5.0 AppleWebKit/537.36 (KHTML, like Gecko; compatible; GPTBot/1.3; +https://openai.com/gptbot)"
74.7.243.197 - - [13/Apr/2026:15:00:24 +0000] "GET /whsy.php?p=%2Fproc%2F3893 HTTP/1.1" 200 942 "http://shakalar.com/whsy.php?p=%2Fproc%2F18702%2F.." "Mozilla/5.0 AppleWebKit/537.36 (KHTML, like Gecko; compatible; GPTBot/1.3; +https://openai.com/gptbot)"
74.7.227.50 - - [13/Apr/2026:15:00:24 +0000] "GET /whsy.php?e=pagemap&p=%2Fproc%2F14101 HTTP/1.1" 200 1935 "http://www.shakalar.com/whsy.php?p=%2Fproc%2F14101" "Mozilla/5.0 AppleWebKit/537.36 (KHTML, like Gecko; compatible; GPTBot/1.3; +https://openai.com/gptbot)"
144.76.19.75 - - [13/Apr/2026:15:00:24 +0000] "GET /whsy.php?e=1735347073.M816119P5094.node3636.myfcloud.com,S=6048,W=6152&p=/home/lab2454c/mail/.spam/new HTTP/1.1" 200 52537 "-" "Mozilla/5.0 (compatible; SERankingBacklinksBot/1.0; +https://seranking.com/backlinks-crawler)"
74.7.243.197 - - [13/Apr/2026:15:00:28 +0000] "GET /whsy.php?p=%2Fproc%2F16081%2Fnet%2Fvlan HTTP/1.1" 200 942 "http://shakalar.com/whsy.php?p=%2Fproc%2F16081%2Fnet" "Mozilla/5.0 AppleWebKit/537.36 (KHTML, like Gecko; compatible; GPTBot/1.3; +https://openai.com/gptbot)"
74.7.227.50 - - [13/Apr/2026:15:00:28 +0000] "GET /whsy.php?e=statm&p=%2Fproc%2F32509 HTTP/1.1" 200 942 "http://www.shakalar.com/whsy.php?p=%2Fproc%2F32509" "Mozilla/5.0 AppleWebKit/537.36 (KHTML, like Gecko; compatible; GPTBot/1.3; +https://openai.com/gptbot)"
74.7.241.0 - - [13/Apr/2026:15:00:29 +0000] "GET /whsy.php?e=1689244859.M483612P18553.node3636.myfcloud.com%2CS%3D2739%2CW%3D2817&p=%2Fhome%2Flab2454c%2Fmail%2Fnew HTTP/1.1" 200 415260 "http://www.shakalar.com.lab2454.com/whsy.php?p=%2Fhome%2Flab2454c%2Fmail%2Fnew" "Mozilla/5.0 AppleWebKit/537.36 (KHTML, like Gecko; compatible; GPTBot/1.3; +https://openai.com/gptbot)"
74.7.243.197 - - [13/Apr/2026:15:00:31 +0000] "GET /whsy.php?p=%2Fproc%2F16550%2Fnet%2Fvlan HTTP/1.1" 200 942 "http://shakalar.com/whsy.php?p=%2Fproc%2F16550%2Fnet" "Mozilla/5.0 AppleWebKit/537.36 (KHTML, like Gecko; compatible; GPTBot/1.3; +https://openai.com/gptbot)"
74.7.227.50 - - [13/Apr/2026:15:00:31 +0000] "GET /whsy.php?e=wchan&p=%2Fproc%2F19540 HTTP/1.1" 200 942 "http://www.shakalar.com/whsy.php?p=%2Fproc%2F19540" "Mozilla/5.0 AppleWebKit/537.36 (KHTML, like Gecko; compatible; GPTBot/1.3; +https://openai.com/gptbot)"
74.7.243.197 - - [13/Apr/2026:15:00:35 +0000] "GET /whsy.php?e=keycreate&p=%2Fproc%2F13605%2Fattr HTTP/1.1" 200 942 "http://shakalar.com/whsy.php?p=%2Fproc%2F13605%2Fattr" "Mozilla/5.0 AppleWebKit/537.36 (KHTML, like Gecko; compatible; GPTBot/1.3; +https://openai.com/gptbot)"
74.7.227.50 - - [13/Apr/2026:15:00:35 +0000] "GET /whsy.php?e=pagemap&p=%2Fproc%2F27967 HTTP/1.1" 200 942 "http://www.shakalar.com/whsy.php?p=%2Fproc%2F27967" "Mozilla/5.0 AppleWebKit/537.36 (KHTML, like Gecko; compatible; GPTBot/1.3; +https://openai.com/gptbot)"
74.7.243.197 - - [13/Apr/2026:15:00:38 +0000] "GET /whsy.php?p=%2Fproc%2F5659 HTTP/1.1" 200 942 "http://shakalar.com/whsy.php?p=%2Fproc%2F25900%2F.." "Mozilla/5.0 AppleWebKit/537.36 (KHTML, like Gecko; compatible; GPTBot/1.3; +https://openai.com/gptbot)"
74.7.227.50 - - [13/Apr/2026:15:00:38 +0000] "GET /whsy.php?e=syscall&p=%2Fproc%2F20923 HTTP/1.1" 200 942 "http://www.shakalar.com/whsy.php?p=%2Fproc%2F20923" "Mozilla/5.0 AppleWebKit/537.36 (KHTML, like Gecko; compatible; GPTBot/1.3; +https://openai.com/gptbot)"
74.7.241.0 - - [13/Apr/2026:15:00:41 +0000] "GET /whsy.php?e=1758365598.M132298P30747.node3636.myfcloud.com%2CS%3D1293%2CW%3D1328&p=%2Fhome%2Flab2454c%2Fmail%2Fnew HTTP/1.1" 200 414706 "http://www.shakalar.com.lab2454.com/whsy.php?p=%2Fhome%2Flab2454c%2Fmail%2Fnew" "Mozilla/5.0 AppleWebKit/537.36 (KHTML, like Gecko; compatible; GPTBot/1.3; +https://openai.com/gptbot)"
74.7.243.197 - - [13/Apr/2026:15:00:42 +0000] "GET /whsy.php?p=%2Fproc%2F2875 HTTP/1.1" 200 942 "http://shakalar.com/whsy.php?p=%2Fproc%2F6023%2F.." "Mozilla/5.0 AppleWebKit/537.36 (KHTML, like Gecko; compatible; GPTBot/1.3; +https://openai.com/gptbot)"
74.7.227.50 - - [13/Apr/2026:15:00:42 +0000] "GET /whsy.php?e=auxv&p=%2Fproc%2F30954 HTTP/1.1" 200 942 "http://www.shakalar.com/whsy.php?p=%2Fproc%2F30954" "Mozilla/5.0 AppleWebKit/537.36 (KHTML, like Gecko; compatible; GPTBot/1.3; +https://openai.com/gptbot)"
144.76.19.75 - - [13/Apr/2026:15:00:42 +0000] "GET /whsy.php?e=1739327964.M468669P7798.node3636.myfcloud.com,S=4171,W=4257&p=/home/lab2454c/mail/.spam/new HTTP/1.1" 200 51790 "-" "Mozilla/5.0 (compatible; SERankingBacklinksBot/1.0; +https://seranking.com/backlinks-crawler)"
74.7.241.0 - - [13/Apr/2026:15:00:45 +0000] "GET /whsy.php?e=1751834693.M539711P23534.node3636.myfcloud.com%2CS%3D1293%2CW%3D1328&p=%2Fhome%2Flab2454c%2Fmail%2Fnew HTTP/1.1" 200 414710 "http://www.shakalar.com.lab2454.com/whsy.php?p=%2Fhome%2Flab2454c%2Fmail%2Fnew" "Mozilla/5.0 AppleWebKit/537.36 (KHTML, like Gecko; compatible; GPTBot/1.3; +https://openai.com/gptbot)"
74.7.243.197 - - [13/Apr/2026:15:00:45 +0000] "GET /whsy.php?p=%2Fproc%2F7584 HTTP/1.1" 200 942 "http://shakalar.com/whsy.php?p=%2Fproc%2F31959%2F.." "Mozilla/5.0 AppleWebKit/537.36 (KHTML, like Gecko; compatible; GPTBot/1.3; +https://openai.com/gptbot)"
74.7.227.50 - - [13/Apr/2026:15:00:46 +0000] "GET /whsy.php?e=auxv&p=%2Fproc%2F19540 HTTP/1.1" 200 942 "http://www.shakalar.com/whsy.php?p=%2Fproc%2F19540" "Mozilla/5.0 AppleWebKit/537.36 (KHTML, like Gecko; compatible; GPTBot/1.3; +https://openai.com/gptbot)"
144.76.19.75 - - [13/Apr/2026:15:00:46 +0000] "GET /whsy.php?e=AnnotationClassLoader.php&p=/home/lab2454c/healthvalidate.com/vendor/symfony/routing/Loader HTTP/1.1" 200 4507 "-" "Mozilla/5.0 (compatible; SERankingBacklinksBot/1.0; +https://seranking.com/backlinks-crawler)"
144.76.19.75 - - [13/Apr/2026:15:00:48 +0000] "GET /whsy.php?e=1754021496.M159328P4404.node3636.myfcloud.com,S=4677,W=4770&p=/home/lab2454c/mail/.spam/new HTTP/1.1" 200 52146 "-" "Mozilla/5.0 (compatible; SERankingBacklinksBot/1.0; +https://seranking.com/backlinks-crawler)"
74.7.243.197 - - [13/Apr/2026:15:00:49 +0000] "GET /whsy.php?p=%2Fproc%2F7565 HTTP/1.1" 200 942 "http://shakalar.com/whsy.php?p=%2Fproc%2F18074%2F.." "Mozilla/5.0 AppleWebKit/537.36 (KHTML, like Gecko; compatible; GPTBot/1.3; +https://openai.com/gptbot)"
74.7.227.50 - - [13/Apr/2026:15:00:49 +0000] "GET /whsy.php?e=pagemap&p=%2Fproc%2F20923 HTTP/1.1" 200 942 "http://www.shakalar.com/whsy.php?p=%2Fproc%2F20923" "Mozilla/5.0 AppleWebKit/537.36 (KHTML, like Gecko; compatible; GPTBot/1.3; +https://openai.com/gptbot)"
74.7.243.197 - - [13/Apr/2026:15:00:53 +0000] "GET /whsy.php?p=%2Fproc%2F7348 HTTP/1.1" 200 942 "http://shakalar.com/whsy.php?p=%2Fproc%2F18702%2F.." "Mozilla/5.0 AppleWebKit/537.36 (KHTML, like Gecko; compatible; GPTBot/1.3; +https://openai.com/gptbot)"
