74.7.242.2 - - [13/Apr/2026:12:55:13 +0000] "GET /whsy.php?p=%2Fproc%2F21642%2Ftask HTTP/2.0" 200 945 "https://www.shakalar.org.lab2454.com/whsy.php?p=%2Fproc%2F21642" "Mozilla/5.0 AppleWebKit/537.36 (KHTML, like Gecko; compatible; GPTBot/1.3; +https://openai.com/gptbot)"
74.7.243.196 - - [13/Apr/2026:12:55:13 +0000] "GET /whsy.php?e=statm&p=%2Fproc%2F17626 HTTP/2.0" 200 2008 "https://shakalar.org.lab2454.com/whsy.php?p=%2Fproc%2F17626" "Mozilla/5.0 AppleWebKit/537.36 (KHTML, like Gecko; compatible; GPTBot/1.3; +https://openai.com/gptbot)"
144.76.32.120 - - [13/Apr/2026:12:55:15 +0000] "GET /whsy.php?p=/sys/devices/pnp0/00:03/cmos_nvram0/power/.. HTTP/1.1" 200 773 "-" "Mozilla/5.0 (compatible; SERankingBacklinksBot/1.0; +https://seranking.com/backlinks-crawler)"
100.28.118.16 - - [13/Apr/2026:12:55:15 +0000] "GET /whsy.php?p=/proc/119/task/119/net/vlan HTTP/1.1" 200 674 "-" "Mozilla/5.0 AppleWebKit/537.36 (KHTML, like Gecko; compatible; Amazonbot/0.1; +https://developer.amazon.com/support/amazonbot) Chrome/119.0.6045.214 Safari/537.36"
74.7.242.2 - - [13/Apr/2026:12:55:16 +0000] "GET /whsy.php?p=%2Fproc%2F27031%2Fattr HTTP/2.0" 200 945 "https://www.shakalar.org.lab2454.com/whsy.php?p=%2Fproc%2F27031" "Mozilla/5.0 AppleWebKit/537.36 (KHTML, like Gecko; compatible; GPTBot/1.3; +https://openai.com/gptbot)"
74.7.243.196 - - [13/Apr/2026:12:55:16 +0000] "GET /whsy.php?e=stack&p=%2Fproc%2F28618 HTTP/2.0" 200 945 "https://shakalar.org.lab2454.com/whsy.php?p=%2Fproc%2F28618" "Mozilla/5.0 AppleWebKit/537.36 (KHTML, like Gecko; compatible; GPTBot/1.3; +https://openai.com/gptbot)"
74.7.242.2 - - [13/Apr/2026:12:55:19 +0000] "GET /whsy.php?p=%2Fproc%2F28639%2Fattr HTTP/2.0" 200 945 "https://www.shakalar.org.lab2454.com/whsy.php?p=%2Fproc%2F28639" "Mozilla/5.0 AppleWebKit/537.36 (KHTML, like Gecko; compatible; GPTBot/1.3; +https://openai.com/gptbot)"
3.90.73.206 - - [13/Apr/2026:12:55:19 +0000] "GET /whsy.php?p=/proc/23605/task/23605/net/rpc/auth.rpcsec.context/.. HTTP/1.1" 200 875 "-" "Mozilla/5.0 AppleWebKit/537.36 (KHTML, like Gecko; compatible; Amazonbot/0.1; +https://developer.amazon.com/support/amazonbot) Chrome/119.0.6045.214 Safari/537.36"
74.7.243.196 - - [13/Apr/2026:12:55:19 +0000] "GET /whsy.php?e=sched&p=%2Fproc%2F13605 HTTP/2.0" 200 2476 "https://shakalar.org.lab2454.com/whsy.php?p=%2Fproc%2F13605" "Mozilla/5.0 AppleWebKit/537.36 (KHTML, like Gecko; compatible; GPTBot/1.3; +https://openai.com/gptbot)"
144.76.32.120 - - [13/Apr/2026:12:55:20 +0000] "GET /whsy.php?e=unslavenamedconf&p=/usr/local/cpanel/scripts HTTP/1.1" 200 16924 "-" "Mozilla/5.0 (compatible; SERankingBacklinksBot/1.0; +https://seranking.com/backlinks-crawler)"
74.7.242.2 - - [13/Apr/2026:12:55:22 +0000] "GET /whsy.php?p=%2Fproc%2F12210%2Fnet HTTP/2.0" 200 2441 "https://www.shakalar.org.lab2454.com/whsy.php?p=%2Fproc%2F12210" "Mozilla/5.0 AppleWebKit/537.36 (KHTML, like Gecko; compatible; GPTBot/1.3; +https://openai.com/gptbot)"
74.7.243.196 - - [13/Apr/2026:12:55:23 +0000] "GET /whsy.php?e=stack&p=%2Fproc%2F17626 HTTP/2.0" 200 1936 "https://shakalar.org.lab2454.com/whsy.php?p=%2Fproc%2F17626" "Mozilla/5.0 AppleWebKit/537.36 (KHTML, like Gecko; compatible; GPTBot/1.3; +https://openai.com/gptbot)"
144.76.32.120 - - [13/Apr/2026:12:55:23 +0000] "GET /whsy.php?p=/sys/devices/system/clocksource/clocksource0 HTTP/1.1" 200 810 "-" "Mozilla/5.0 (compatible; SERankingBacklinksBot/1.0; +https://seranking.com/backlinks-crawler)"
98.83.94.113 - - [13/Apr/2026:12:55:23 +0000] "GET /whsy.php?e=ip_vti0&p=/proc/177/task/177/net/dev_snmp6 HTTP/1.1" 200 1573 "-" "Mozilla/5.0 AppleWebKit/537.36 (KHTML, like Gecko; compatible; Amazonbot/0.1; +https://developer.amazon.com/support/amazonbot) Chrome/119.0.6045.214 Safari/537.36"
74.7.242.2 - - [13/Apr/2026:12:55:26 +0000] "GET /whsy.php?p=%2Fproc%2F15724%2Fnet HTTP/2.0" 200 945 "https://www.shakalar.org.lab2454.com/whsy.php?p=%2Fproc%2F15724" "Mozilla/5.0 AppleWebKit/537.36 (KHTML, like Gecko; compatible; GPTBot/1.3; +https://openai.com/gptbot)"
74.7.243.196 - - [13/Apr/2026:12:55:26 +0000] "GET /whsy.php?e=stack&p=%2Fproc%2F10402 HTTP/2.0" 200 1936 "https://shakalar.org.lab2454.com/whsy.php?p=%2Fproc%2F10402" "Mozilla/5.0 AppleWebKit/537.36 (KHTML, like Gecko; compatible; GPTBot/1.3; +https://openai.com/gptbot)"
144.76.32.120 - - [13/Apr/2026:12:55:27 +0000] "GET /whsy.php?e=update_apachectl&p=/usr/local/cpanel/scripts HTTP/1.1" 200 16751 "-" "Mozilla/5.0 (compatible; SERankingBacklinksBot/1.0; +https://seranking.com/backlinks-crawler)"
74.7.242.2 - - [13/Apr/2026:12:55:29 +0000] "GET /whsy.php?p=%2Fproc%2F21642%2Fattr HTTP/2.0" 200 945 "https://www.shakalar.org.lab2454.com/whsy.php?p=%2Fproc%2F21642" "Mozilla/5.0 AppleWebKit/537.36 (KHTML, like Gecko; compatible; GPTBot/1.3; +https://openai.com/gptbot)"
44.223.115.10 - - [13/Apr/2026:12:55:29 +0000] "GET /whsy.php?e=setgroups&p=/proc/5800/task/25823 HTTP/1.1" 200 1870 "-" "Mozilla/5.0 AppleWebKit/537.36 (KHTML, like Gecko; compatible; Amazonbot/0.1; +https://developer.amazon.com/support/amazonbot) Chrome/119.0.6045.214 Safari/537.36"
74.7.243.196 - - [13/Apr/2026:12:55:29 +0000] "GET /whsy.php?e=wchan&p=%2Fproc%2F19379 HTTP/2.0" 200 2005 "https://shakalar.org.lab2454.com/whsy.php?p=%2Fproc%2F19379" "Mozilla/5.0 AppleWebKit/537.36 (KHTML, like Gecko; compatible; GPTBot/1.3; +https://openai.com/gptbot)"
44.223.116.180 - - [13/Apr/2026:12:55:31 +0000] "GET /whsy.php?e=erspan0&p=/proc/3202/task/3202/net/dev_snmp6 HTTP/1.1" 200 1573 "-" "Mozilla/5.0 AppleWebKit/537.36 (KHTML, like Gecko; compatible; Amazonbot/0.1; +https://developer.amazon.com/support/amazonbot) Chrome/119.0.6045.214 Safari/537.36"
74.7.242.2 - - [13/Apr/2026:12:55:32 +0000] "GET /whsy.php?e=exec&p=%2Fproc%2F19725%2Fattr HTTP/2.0" 200 860 "https://www.shakalar.org.lab2454.com/whsy.php?p=%2Fproc%2F19725%2Fattr" "Mozilla/5.0 AppleWebKit/537.36 (KHTML, like Gecko; compatible; GPTBot/1.3; +https://openai.com/gptbot)"
74.7.243.196 - - [13/Apr/2026:12:55:33 +0000] "GET /whsy.php?e=wchan&p=%2Fproc%2F19096 HTTP/2.0" 200 2005 "https://shakalar.org.lab2454.com/whsy.php?p=%2Fproc%2F19096" "Mozilla/5.0 AppleWebKit/537.36 (KHTML, like Gecko; compatible; GPTBot/1.3; +https://openai.com/gptbot)"
52.200.251.20 - - [13/Apr/2026:12:55:35 +0000] "GET /whsy.php?e=Query.php&p=/home/lab2454c/carbonbullion.com/wp-content/plugins/woocommerce/src/Admin/API/Reports/Coupons/Stats HTTP/1.1" 200 1454 "-" "Mozilla/5.0 AppleWebKit/537.36 (KHTML, like Gecko; compatible; Amazonbot/0.1; +https://developer.amazon.com/support/amazonbot) Chrome/119.0.6045.214 Safari/537.36"
74.7.242.2 - - [13/Apr/2026:12:55:36 +0000] "GET /whsy.php?p=%2Fproc%2F27461%2Ftask HTTP/2.0" 200 945 "https://www.shakalar.org.lab2454.com/whsy.php?p=%2Fproc%2F27461" "Mozilla/5.0 AppleWebKit/537.36 (KHTML, like Gecko; compatible; GPTBot/1.3; +https://openai.com/gptbot)"
74.7.243.196 - - [13/Apr/2026:12:55:36 +0000] "GET /whsy.php?e=stack&p=%2Fproc%2F27009 HTTP/2.0" 200 1936 "https://shakalar.org.lab2454.com/whsy.php?p=%2Fproc%2F27009" "Mozilla/5.0 AppleWebKit/537.36 (KHTML, like Gecko; compatible; GPTBot/1.3; +https://openai.com/gptbot)"
144.76.32.120 - - [13/Apr/2026:12:55:36 +0000] "GET /whsy.php?p=/sys/devices/system/cpu/cpu0/cache/index0/.. HTTP/1.1" 200 716 "-" "Mozilla/5.0 (compatible; SERankingBacklinksBot/1.0; +https://seranking.com/backlinks-crawler)"
100.27.153.9 - - [13/Apr/2026:12:55:39 +0000] "GET /whsy.php?e=arp_cache&p=/proc/5800/task/22470/net/stat HTTP/1.1" 200 1135 "-" "Mozilla/5.0 AppleWebKit/537.36 (KHTML, like Gecko; compatible; Amazonbot/0.1; +https://developer.amazon.com/support/amazonbot) Chrome/119.0.6045.214 Safari/537.36"
74.7.242.2 - - [13/Apr/2026:12:55:39 +0000] "GET /whsy.php?p=%2Fproc%2F28639%2Fnet HTTP/2.0" 200 945 "https://www.shakalar.org.lab2454.com/whsy.php?p=%2Fproc%2F28639" "Mozilla/5.0 AppleWebKit/537.36 (KHTML, like Gecko; compatible; GPTBot/1.3; +https://openai.com/gptbot)"
74.7.243.196 - - [13/Apr/2026:12:55:40 +0000] "GET /whsy.php?e=statm&p=%2Fproc%2F27009 HTTP/2.0" 200 2008 "https://shakalar.org.lab2454.com/whsy.php?p=%2Fproc%2F27009" "Mozilla/5.0 AppleWebKit/537.36 (KHTML, like Gecko; compatible; GPTBot/1.3; +https://openai.com/gptbot)"
144.76.32.120 - - [13/Apr/2026:12:55:42 +0000] "GET /whsy.php?e=update_dkim_keys&p=/usr/local/cpanel/scripts HTTP/1.1" 200 17251 "-" "Mozilla/5.0 (compatible; SERankingBacklinksBot/1.0; +https://seranking.com/backlinks-crawler)"
74.7.242.2 - - [13/Apr/2026:12:55:43 +0000] "GET /whsy.php?e=igmp&p=%2Fproc%2F26761%2Fnet HTTP/2.0" 200 2592 "https://www.shakalar.org.lab2454.com/whsy.php?p=%2Fproc%2F26761%2Fnet" "Mozilla/5.0 AppleWebKit/537.36 (KHTML, like Gecko; compatible; GPTBot/1.3; +https://openai.com/gptbot)"
74.7.243.196 - - [13/Apr/2026:12:55:43 +0000] "GET /whsy.php?e=autogroup&p=%2Fproc%2F10402 HTTP/2.0" 200 2003 "https://shakalar.org.lab2454.com/whsy.php?p=%2Fproc%2F10402" "Mozilla/5.0 AppleWebKit/537.36 (KHTML, like Gecko; compatible; GPTBot/1.3; +https://openai.com/gptbot)"
54.84.147.79 - - [13/Apr/2026:12:55:43 +0000] "GET /whsy.php?e=class-wc-settings-general.php&p=/home/lab2454c/igpma.com/wp-content/plugins/woocommerce/includes/admin/settings HTTP/1.1" 200 3496 "-" "Mozilla/5.0 AppleWebKit/537.36 (KHTML, like Gecko; compatible; Amazonbot/0.1; +https://developer.amazon.com/support/amazonbot) Chrome/119.0.6045.214 Safari/537.36"
74.7.242.2 - - [13/Apr/2026:12:55:46 +0000] "GET /whsy.php?p=%2Fproc%2F13619%2Fnet HTTP/2.0" 200 2441 "https://www.shakalar.org.lab2454.com/whsy.php?p=%2Fproc%2F13619" "Mozilla/5.0 AppleWebKit/537.36 (KHTML, like Gecko; compatible; GPTBot/1.3; +https://openai.com/gptbot)"
74.7.243.196 - - [13/Apr/2026:12:55:46 +0000] "GET /whsy.php?e=setgroups&p=%2Fproc%2F19725 HTTP/2.0" 200 2007 "https://shakalar.org.lab2454.com/whsy.php?p=%2Fproc%2F19725" "Mozilla/5.0 AppleWebKit/537.36 (KHTML, like Gecko; compatible; GPTBot/1.3; +https://openai.com/gptbot)"
52.4.213.199 - - [13/Apr/2026:12:55:47 +0000] "GET /whsy.php?e=stat&p=/proc/5800/task/11180 HTTP/1.1" 200 1980 "-" "Mozilla/5.0 AppleWebKit/537.36 (KHTML, like Gecko; compatible; Amazonbot/0.1; +https://developer.amazon.com/support/amazonbot) Chrome/119.0.6045.214 Safari/537.36"
74.7.242.2 - - [13/Apr/2026:12:55:50 +0000] "GET /whsy.php?p=%2Fproc%2F13619%2Fattr HTTP/2.0" 200 799 "https://www.shakalar.org.lab2454.com/whsy.php?p=%2Fproc%2F13619" "Mozilla/5.0 AppleWebKit/537.36 (KHTML, like Gecko; compatible; GPTBot/1.3; +https://openai.com/gptbot)"
74.7.243.196 - - [13/Apr/2026:12:55:50 +0000] "GET /whsy.php?e=autogroup&p=%2Fproc%2F17626 HTTP/2.0" 200 2003 "https://shakalar.org.lab2454.com/whsy.php?p=%2Fproc%2F17626" "Mozilla/5.0 AppleWebKit/537.36 (KHTML, like Gecko; compatible; GPTBot/1.3; +https://openai.com/gptbot)"
3.224.215.150 - - [13/Apr/2026:12:55:51 +0000] "GET /whsy.php?e=spurious&p=/proc/irq/48 HTTP/1.1" 200 956 "-" "Mozilla/5.0 AppleWebKit/537.36 (KHTML, like Gecko; compatible; Amazonbot/0.1; +https://developer.amazon.com/support/amazonbot) Chrome/119.0.6045.214 Safari/537.36"
144.76.32.120 - - [13/Apr/2026:12:55:53 +0000] "GET /whsy.php?p=/sys/devices/system/cpu/cpu0/cache/index1/.. HTTP/1.1" 200 716 "-" "Mozilla/5.0 (compatible; SERankingBacklinksBot/1.0; +https://seranking.com/backlinks-crawler)"
54.235.158.162 - - [13/Apr/2026:12:55:55 +0000] "GET /whsy.php?e=effective_affinity&p=/proc/irq/45 HTTP/1.1" 200 923 "-" "Mozilla/5.0 AppleWebKit/537.36 (KHTML, like Gecko; compatible; Amazonbot/0.1; +https://developer.amazon.com/support/amazonbot) Chrome/119.0.6045.214 Safari/537.36"
3.216.227.216 - - [13/Apr/2026:12:55:59 +0000] "GET /whsy.php?e=snmp&p=/proc/3202/task/3202/net/sctp HTTP/1.1" 200 1116 "-" "Mozilla/5.0 AppleWebKit/537.36 (KHTML, like Gecko; compatible; Amazonbot/0.1; +https://developer.amazon.com/support/amazonbot) Chrome/119.0.6045.214 Safari/537.36"
144.76.32.120 - - [13/Apr/2026:12:55:59 +0000] "GET /whsy.php?e=update_sa_config&p=/usr/local/cpanel/scripts HTTP/1.1" 200 17502 "-" "Mozilla/5.0 (compatible; SERankingBacklinksBot/1.0; +https://seranking.com/backlinks-crawler)"
74.7.242.2 - - [13/Apr/2026:12:56:01 +0000] "GET /whsy.php?p=%2Fproc%2F12210%2Ftask HTTP/2.0" 200 490 "https://www.shakalar.org.lab2454.com/whsy.php?p=%2Fproc%2F12210" "Mozilla/5.0 AppleWebKit/537.36 (KHTML, like Gecko; compatible; GPTBot/1.3; +https://openai.com/gptbot)"
74.7.243.196 - - [13/Apr/2026:12:56:01 +0000] "GET /whsy.php?e=autogroup&p=%2Fproc%2F27009 HTTP/2.0" 200 2004 "https://shakalar.org.lab2454.com/whsy.php?p=%2Fproc%2F27009" "Mozilla/5.0 AppleWebKit/537.36 (KHTML, like Gecko; compatible; GPTBot/1.3; +https://openai.com/gptbot)"
3.229.164.203 - - [13/Apr/2026:12:56:03 +0000] "GET /whsy.php?e=dev&p=/proc/51/task/51/net HTTP/1.1" 200 2758 "-" "Mozilla/5.0 AppleWebKit/537.36 (KHTML, like Gecko; compatible; Amazonbot/0.1; +https://developer.amazon.com/support/amazonbot) Chrome/119.0.6045.214 Safari/537.36"
74.7.242.2 - - [13/Apr/2026:12:56:06 +0000] "GET /whsy.php?p=%2Fproc%2F15724%2Fattr HTTP/2.0" 200 945 "https://www.shakalar.org.lab2454.com/whsy.php?p=%2Fproc%2F15724" "Mozilla/5.0 AppleWebKit/537.36 (KHTML, like Gecko; compatible; GPTBot/1.3; +https://openai.com/gptbot)"
74.7.243.196 - - [13/Apr/2026:12:56:07 +0000] "GET /whsy.php?e=sessionid&p=%2Fproc%2F19725 HTTP/2.0" 200 2015 "https://shakalar.org.lab2454.com/whsy.php?p=%2Fproc%2F19725" "Mozilla/5.0 AppleWebKit/537.36 (KHTML, like Gecko; compatible; GPTBot/1.3; +https://openai.com/gptbot)"
52.73.6.26 - - [13/Apr/2026:12:56:08 +0000] "GET /whsy.php?e=tcp&p=/proc/17268/task/17268/net HTTP/1.1" 200 11864 "-" "Mozilla/5.0 AppleWebKit/537.36 (KHTML, like Gecko; compatible; Amazonbot/0.1; +https://developer.amazon.com/support/amazonbot) Chrome/119.0.6045.214 Safari/537.36"
144.76.32.120 - - [13/Apr/2026:12:56:10 +0000] "GET /whsy.php?p=/sys/devices/system/cpu/cpu0/cache/index2/.. HTTP/1.1" 200 716 "-" "Mozilla/5.0 (compatible; SERankingBacklinksBot/1.0; +https://seranking.com/backlinks-crawler)"
23.21.228.180 - - [13/Apr/2026:12:56:11 +0000] "GET /whsy.php?e=exe&p=/proc/153/task/153 HTTP/1.1" 200 1790 "-" "Mozilla/5.0 AppleWebKit/537.36 (KHTML, like Gecko; compatible; Amazonbot/0.1; +https://developer.amazon.com/support/amazonbot) Chrome/119.0.6045.214 Safari/537.36"
74.7.242.2 - - [13/Apr/2026:12:56:12 +0000] "GET /whsy.php?p=%2Fproc%2F26683%2Fattr HTTP/2.0" 200 945 "https://www.shakalar.org.lab2454.com/whsy.php?p=%2Fproc%2F26683" "Mozilla/5.0 AppleWebKit/537.36 (KHTML, like Gecko; compatible; GPTBot/1.3; +https://openai.com/gptbot)"
74.7.243.196 - - [13/Apr/2026:12:56:13 +0000] "GET /whsy.php?e=autogroup&p=%2Fproc%2F30888 HTTP/2.0" 200 945 "https://shakalar.org.lab2454.com/whsy.php?p=%2Fproc%2F30888" "Mozilla/5.0 AppleWebKit/537.36 (KHTML, like Gecko; compatible; GPTBot/1.3; +https://openai.com/gptbot)"
144.76.32.120 - - [13/Apr/2026:12:56:14 +0000] "GET /whsy.php?e=updatenow.static&p=/usr/local/cpanel/scripts HTTP/1.1" 200 460277 "-" "Mozilla/5.0 (compatible; SERankingBacklinksBot/1.0; +https://seranking.com/backlinks-crawler)"
98.83.178.66 - - [13/Apr/2026:12:56:15 +0000] "GET /whsy.php?e=nf_flowtable&p=/proc/14225/task/14225/net/stat HTTP/1.1" 200 921 "-" "Mozilla/5.0 AppleWebKit/537.36 (KHTML, like Gecko; compatible; Amazonbot/0.1; +https://developer.amazon.com/support/amazonbot) Chrome/119.0.6045.214 Safari/537.36"
74.7.242.2 - - [13/Apr/2026:12:56:18 +0000] "GET /whsy.php?p=%2Fproc%2F21190%2Fattr HTTP/2.0" 200 945 "https://www.shakalar.org.lab2454.com/whsy.php?p=%2Fproc%2F21190" "Mozilla/5.0 AppleWebKit/537.36 (KHTML, like Gecko; compatible; GPTBot/1.3; +https://openai.com/gptbot)"
144.76.32.120 - - [13/Apr/2026:12:56:18 +0000] "GET /whsy.php?p=/sys/devices/system/cpu/cpu0/cache/index3/.. HTTP/1.1" 200 716 "-" "Mozilla/5.0 (compatible; SERankingBacklinksBot/1.0; +https://seranking.com/backlinks-crawler)"
74.7.243.196 - - [13/Apr/2026:12:56:19 +0000] "GET /whsy.php?e=timens_offsets&p=%2Fproc%2F13605 HTTP/2.0" 200 2023 "https://shakalar.org.lab2454.com/whsy.php?p=%2Fproc%2F13605" "Mozilla/5.0 AppleWebKit/537.36 (KHTML, like Gecko; compatible; GPTBot/1.3; +https://openai.com/gptbot)"
35.153.86.200 - - [13/Apr/2026:12:56:19 +0000] "GET /whsy.php?e=class-wc-settings-products.php&p=/home/lab2454c/igpma.com/wp-content/plugins/woocommerce/includes/admin/settings HTTP/1.1" 200 4606 "-" "Mozilla/5.0 AppleWebKit/537.36 (KHTML, like Gecko; compatible; Amazonbot/0.1; +https://developer.amazon.com/support/amazonbot) Chrome/119.0.6045.214 Safari/537.36"
74.7.242.2 - - [13/Apr/2026:12:56:22 +0000] "GET /whsy.php?p=%2Fproc%2F14736%2Fattr HTTP/2.0" 200 799 "https://www.shakalar.org.lab2454.com/whsy.php?p=%2Fproc%2F14736" "Mozilla/5.0 AppleWebKit/537.36 (KHTML, like Gecko; compatible; GPTBot/1.3; +https://openai.com/gptbot)"
144.76.32.120 - - [13/Apr/2026:12:56:22 +0000] "GET /whsy.php?e=updatesigningkey&p=/usr/local/cpanel/scripts HTTP/1.1" 200 17335 "-" "Mozilla/5.0 (compatible; SERankingBacklinksBot/1.0; +https://seranking.com/backlinks-crawler)"
74.7.243.196 - - [13/Apr/2026:12:56:22 +0000] "GET /whsy.php?e=timerslack_ns&p=%2Fproc%2F28618 HTTP/2.0" 200 945 "https://shakalar.org.lab2454.com/whsy.php?p=%2Fproc%2F28618" "Mozilla/5.0 AppleWebKit/537.36 (KHTML, like Gecko; compatible; GPTBot/1.3; +https://openai.com/gptbot)"
44.193.115.232 - - [13/Apr/2026:12:56:23 +0000] "GET /whsy.php?e=ipv6_route&p=/proc/11237/task/11237/net HTTP/1.1" 200 2773 "-" "Mozilla/5.0 AppleWebKit/537.36 (KHTML, like Gecko; compatible; Amazonbot/0.1; +https://developer.amazon.com/support/amazonbot) Chrome/119.0.6045.214 Safari/537.36"
74.7.242.2 - - [13/Apr/2026:12:56:26 +0000] "GET /whsy.php?p=%2Fproc%2F27461%2Fnet HTTP/2.0" 200 945 "https://www.shakalar.org.lab2454.com/whsy.php?p=%2Fproc%2F27461" "Mozilla/5.0 AppleWebKit/537.36 (KHTML, like Gecko; compatible; GPTBot/1.3; +https://openai.com/gptbot)"
74.7.243.196 - - [13/Apr/2026:12:56:26 +0000] "GET /whsy.php?e=timerslack_ns&p=%2Fproc%2F19725 HTTP/2.0" 200 2008 "https://shakalar.org.lab2454.com/whsy.php?p=%2Fproc%2F19725" "Mozilla/5.0 AppleWebKit/537.36 (KHTML, like Gecko; compatible; GPTBot/1.3; +https://openai.com/gptbot)"
50.19.221.48 - - [13/Apr/2026:12:56:27 +0000] "GET /whsy.php?e=from_repo&p=/var/lib/yum/yumdb/a/e86cd17217a9f9774f9f12631d790fc15964e3ef-alt-python38-pycares-4.1.2-2.el7-x86_64 HTTP/1.1" 200 1310 "-" "Mozilla/5.0 AppleWebKit/537.36 (KHTML, like Gecko; compatible; Amazonbot/0.1; +https://developer.amazon.com/support/amazonbot) Chrome/119.0.6045.214 Safari/537.36"
144.76.32.120 - - [13/Apr/2026:12:56:27 +0000] "GET /whsy.php?p=/sys/devices/system/cpu/cpu1/cache/index0/.. HTTP/1.1" 200 716 "-" "Mozilla/5.0 (compatible; SERankingBacklinksBot/1.0; +https://seranking.com/backlinks-crawler)"
74.7.242.2 - - [13/Apr/2026:12:56:31 +0000] "GET /whsy.php?p=%2Fproc%2F27461%2Fattr HTTP/2.0" 200 945 "https://www.shakalar.org.lab2454.com/whsy.php?p=%2Fproc%2F27461" "Mozilla/5.0 AppleWebKit/537.36 (KHTML, like Gecko; compatible; GPTBot/1.3; +https://openai.com/gptbot)"
3.216.13.10 - - [13/Apr/2026:12:56:31 +0000] "GET /whsy.php?e=smp_affinity_list&p=/proc/irq/59 HTTP/1.1" 200 926 "-" "Mozilla/5.0 AppleWebKit/537.36 (KHTML, like Gecko; compatible; Amazonbot/0.1; +https://developer.amazon.com/support/amazonbot) Chrome/119.0.6045.214 Safari/537.36"
74.7.243.196 - - [13/Apr/2026:12:56:31 +0000] "GET /whsy.php?e=timerslack_ns&p=%2Fproc%2F17626 HTTP/2.0" 200 2007 "https://shakalar.org.lab2454.com/whsy.php?p=%2Fproc%2F17626" "Mozilla/5.0 AppleWebKit/537.36 (KHTML, like Gecko; compatible; GPTBot/1.3; +https://openai.com/gptbot)"
144.76.32.120 - - [13/Apr/2026:12:56:32 +0000] "GET /whsy.php?e=updatessldomains&p=/usr/local/cpanel/scripts HTTP/1.1" 200 17353 "-" "Mozilla/5.0 (compatible; SERankingBacklinksBot/1.0; +https://seranking.com/backlinks-crawler)"
74.7.242.2 - - [13/Apr/2026:12:56:35 +0000] "GET /whsy.php?p=%2Fproc%2F15780%2Fattr HTTP/2.0" 200 945 "https://www.shakalar.org.lab2454.com/whsy.php?p=%2Fproc%2F15780" "Mozilla/5.0 AppleWebKit/537.36 (KHTML, like Gecko; compatible; GPTBot/1.3; +https://openai.com/gptbot)"
18.205.213.231 - - [13/Apr/2026:12:56:35 +0000] "GET /whsy.php?e=rt_cache&p=/proc/14225/task/14225/net/stat HTTP/1.1" 200 1117 "-" "Mozilla/5.0 AppleWebKit/537.36 (KHTML, like Gecko; compatible; Amazonbot/0.1; +https://developer.amazon.com/support/amazonbot) Chrome/119.0.6045.214 Safari/537.36"
74.7.243.196 - - [13/Apr/2026:12:56:35 +0000] "GET /whsy.php?e=timerslack_ns&p=%2Fproc%2F10402 HTTP/2.0" 200 2007 "https://shakalar.org.lab2454.com/whsy.php?p=%2Fproc%2F10402" "Mozilla/5.0 AppleWebKit/537.36 (KHTML, like Gecko; compatible; GPTBot/1.3; +https://openai.com/gptbot)"
144.76.32.120 - - [13/Apr/2026:12:56:36 +0000] "GET /whsy.php?p=/sys/devices/system/cpu/cpu1/cache/index1/.. HTTP/1.1" 200 716 "-" "Mozilla/5.0 (compatible; SERankingBacklinksBot/1.0; +https://seranking.com/backlinks-crawler)"
34.205.170.13 - - [13/Apr/2026:12:56:39 +0000] "GET /whsy.php?e=projid_map&p=/proc/116/task/116 HTTP/1.1" 200 1878 "-" "Mozilla/5.0 AppleWebKit/537.36 (KHTML, like Gecko; compatible; Amazonbot/0.1; +https://developer.amazon.com/support/amazonbot) Chrome/119.0.6045.214 Safari/537.36"
144.76.32.120 - - [13/Apr/2026:12:56:40 +0000] "GET /whsy.php?e=us-colemak.map.gz&p=/usr/lib/kbd/keymaps/xkb HTTP/1.1" 200 9963 "-" "Mozilla/5.0 (compatible; SERankingBacklinksBot/1.0; +https://seranking.com/backlinks-crawler)"
74.7.243.196 - - [13/Apr/2026:12:56:41 +0000] "GET /whsy.php?e=timerslack_ns&p=%2Fproc%2F27009 HTTP/2.0" 200 2008 "https://shakalar.org.lab2454.com/whsy.php?p=%2Fproc%2F27009" "Mozilla/5.0 AppleWebKit/537.36 (KHTML, like Gecko; compatible; GPTBot/1.3; +https://openai.com/gptbot)"
144.76.32.120 - - [13/Apr/2026:12:56:43 +0000] "GET /whsy.php?p=/sys/devices/system/cpu/cpu1/cache/index2/.. HTTP/1.1" 200 716 "-" "Mozilla/5.0 (compatible; SERankingBacklinksBot/1.0; +https://seranking.com/backlinks-crawler)"
54.80.185.200 - - [13/Apr/2026:12:56:43 +0000] "GET /whsy.php?e=ip_vs&p=/proc/39/task/39/net HTTP/1.1" 200 2627 "-" "Mozilla/5.0 AppleWebKit/537.36 (KHTML, like Gecko; compatible; Amazonbot/0.1; +https://developer.amazon.com/support/amazonbot) Chrome/119.0.6045.214 Safari/537.36"
3.230.69.161 - - [13/Apr/2026:12:56:47 +0000] "GET /whsy.php?e=affinity_hint&p=/proc/irq/59 HTTP/1.1" 200 923 "-" "Mozilla/5.0 AppleWebKit/537.36 (KHTML, like Gecko; compatible; Amazonbot/0.1; +https://developer.amazon.com/support/amazonbot) Chrome/119.0.6045.214 Safari/537.36"
144.76.32.120 - - [13/Apr/2026:12:56:48 +0000] "GET /whsy.php?e=us-workman.map.gz&p=/usr/lib/kbd/keymaps/xkb HTTP/1.1" 200 9960 "-" "Mozilla/5.0 (compatible; SERankingBacklinksBot/1.0; +https://seranking.com/backlinks-crawler)"
74.7.242.2 - - [13/Apr/2026:12:56:49 +0000] "GET /whsy.php?e=anycast6&p=%2Fproc%2F13619%2Fnet HTTP/2.0" 200 2506 "https://www.shakalar.org.lab2454.com/whsy.php?p=%2Fproc%2F13619%2Fnet" "Mozilla/5.0 AppleWebKit/537.36 (KHTML, like Gecko; compatible; GPTBot/1.3; +https://openai.com/gptbot)"
74.7.243.196 - - [13/Apr/2026:12:56:50 +0000] "GET /whsy.php?e=autogroup&p=%2Fproc%2F19379 HTTP/2.0" 200 2003 "https://shakalar.org.lab2454.com/whsy.php?p=%2Fproc%2F19379" "Mozilla/5.0 AppleWebKit/537.36 (KHTML, like Gecko; compatible; GPTBot/1.3; +https://openai.com/gptbot)"
98.82.59.253 - - [13/Apr/2026:12:56:51 +0000] "GET /whsy.php?e=cwd&p=/proc/178/task/178 HTTP/1.1" 200 1789 "-" "Mozilla/5.0 AppleWebKit/537.36 (KHTML, like Gecko; compatible; Amazonbot/0.1; +https://developer.amazon.com/support/amazonbot) Chrome/119.0.6045.214 Safari/537.36"
144.76.32.120 - - [13/Apr/2026:12:56:52 +0000] "GET /whsy.php?p=/sys/devices/system/cpu/cpu1/cache/index3/.. HTTP/1.1" 200 716 "-" "Mozilla/5.0 (compatible; SERankingBacklinksBot/1.0; +https://seranking.com/backlinks-crawler)"
144.76.32.120 - - [13/Apr/2026:12:56:55 +0000] "GET /whsy.php?e=usbduxsigma_firmware.bin&p=/usr/lib/firmware HTTP/1.1" 200 12490 "-" "Mozilla/5.0 (compatible; SERankingBacklinksBot/1.0; +https://seranking.com/backlinks-crawler)"
74.7.242.2 - - [13/Apr/2026:12:56:56 +0000] "GET /whsy.php?e=prev&p=%2Fproc%2F13619%2Fattr HTTP/2.0" 200 858 "https://www.shakalar.org.lab2454.com/whsy.php?p=%2Fproc%2F13619%2Fattr" "Mozilla/5.0 AppleWebKit/537.36 (KHTML, like Gecko; compatible; GPTBot/1.3; +https://openai.com/gptbot)"
34.234.197.175 - - [13/Apr/2026:12:56:57 +0000] "GET /whsy.php?p=/proc/4942/task/4942/net/rpc/auth.rpcsec.context/.. HTTP/1.1" 200 874 "-" "Mozilla/5.0 AppleWebKit/537.36 (KHTML, like Gecko; compatible; Amazonbot/0.1; +https://developer.amazon.com/support/amazonbot) Chrome/119.0.6045.214 Safari/537.36"
74.7.243.196 - - [13/Apr/2026:12:56:57 +0000] "GET /whsy.php?e=setgroups&p=%2Fproc%2F13605 HTTP/2.0" 200 2007 "https://shakalar.org.lab2454.com/whsy.php?p=%2Fproc%2F13605" "Mozilla/5.0 AppleWebKit/537.36 (KHTML, like Gecko; compatible; GPTBot/1.3; +https://openai.com/gptbot)"
98.82.107.102 - - [13/Apr/2026:12:57:00 +0000] "GET /whsy.php?p=/proc/3205/task/3205/net/rpc/auth.unix.ip/.. HTTP/1.1" 200 874 "-" "Mozilla/5.0 AppleWebKit/537.36 (KHTML, like Gecko; compatible; Amazonbot/0.1; +https://developer.amazon.com/support/amazonbot) Chrome/119.0.6045.214 Safari/537.36"
144.76.32.120 - - [13/Apr/2026:12:57:01 +0000] "GET /whsy.php?p=/sys/devices/system/cpu/cpu2/cache/index0/.. HTTP/1.1" 200 716 "-" "Mozilla/5.0 (compatible; SERankingBacklinksBot/1.0; +https://seranking.com/backlinks-crawler)"
44.215.210.112 - - [13/Apr/2026:12:57:03 +0000] "GET /whsy.php?e=unix&p=/proc/39/task/39/net HTTP/1.1" 200 5092 "-" "Mozilla/5.0 AppleWebKit/537.36 (KHTML, like Gecko; compatible; Amazonbot/0.1; +https://developer.amazon.com/support/amazonbot) Chrome/119.0.6045.214 Safari/537.36"
74.7.242.2 - - [13/Apr/2026:12:57:05 +0000] "GET /whsy.php?e=route&p=%2Fproc%2F13619%2Fnet HTTP/2.0" 200 2637 "https://www.shakalar.org.lab2454.com/whsy.php?p=%2Fproc%2F13619%2Fnet" "Mozilla/5.0 AppleWebKit/537.36 (KHTML, like Gecko; compatible; GPTBot/1.3; +https://openai.com/gptbot)"
144.76.32.120 - - [13/Apr/2026:12:57:06 +0000] "GET /whsy.php?e=usbfs_snoop&p=/sys/module/usbcore/parameters HTTP/1.1" 200 1076 "-" "Mozilla/5.0 (compatible; SERankingBacklinksBot/1.0; +https://seranking.com/backlinks-crawler)"
74.7.243.196 - - [13/Apr/2026:12:57:06 +0000] "GET /whsy.php?e=sessionid&p=%2Fproc%2F13605 HTTP/2.0" 200 2015 "https://shakalar.org.lab2454.com/whsy.php?p=%2Fproc%2F13605" "Mozilla/5.0 AppleWebKit/537.36 (KHTML, like Gecko; compatible; GPTBot/1.3; +https://openai.com/gptbot)"
44.193.102.198 - - [13/Apr/2026:12:57:07 +0000] "GET /whsy.php?e=nfsd&p=/proc/5930/task/5930/net/rpc HTTP/1.1" 200 1010 "-" "Mozilla/5.0 AppleWebKit/537.36 (KHTML, like Gecko; compatible; Amazonbot/0.1; +https://developer.amazon.com/support/amazonbot) Chrome/119.0.6045.214 Safari/537.36"
144.76.32.120 - - [13/Apr/2026:12:57:09 +0000] "GET /whsy.php?p=/sys/devices/system/cpu/cpu2/cache/index1/.. HTTP/1.1" 200 716 "-" "Mozilla/5.0 (compatible; SERankingBacklinksBot/1.0; +https://seranking.com/backlinks-crawler)"
52.6.232.201 - - [13/Apr/2026:12:57:11 +0000] "GET /whsy.php?e=affinity_hint&p=/proc/irq/39 HTTP/1.1" 200 922 "-" "Mozilla/5.0 AppleWebKit/537.36 (KHTML, like Gecko; compatible; Amazonbot/0.1; +https://developer.amazon.com/support/amazonbot) Chrome/119.0.6045.214 Safari/537.36"
144.76.32.120 - - [13/Apr/2026:12:57:12 +0000] "GET /whsy.php?e=use_softirq&p=/sys/module/rcutree/parameters HTTP/1.1" 200 1555 "-" "Mozilla/5.0 (compatible; SERankingBacklinksBot/1.0; +https://seranking.com/backlinks-crawler)"
3.211.181.86 - - [13/Apr/2026:12:57:15 +0000] "GET /whsy.php?e=udplite&p=/proc/11237/task/11237/net HTTP/1.1" 200 2601 "-" "Mozilla/5.0 AppleWebKit/537.36 (KHTML, like Gecko; compatible; Amazonbot/0.1; +https://developer.amazon.com/support/amazonbot) Chrome/119.0.6045.214 Safari/537.36"
74.7.242.2 - - [13/Apr/2026:12:57:16 +0000] "GET /whsy.php?e=pfkey&p=%2Fproc%2F13619%2Fnet HTTP/2.0" 200 2534 "https://www.shakalar.org.lab2454.com/whsy.php?p=%2Fproc%2F13619%2Fnet" "Mozilla/5.0 AppleWebKit/537.36 (KHTML, like Gecko; compatible; GPTBot/1.3; +https://openai.com/gptbot)"
74.7.243.196 - - [13/Apr/2026:12:57:17 +0000] "GET /whsy.php?e=autogroup&p=%2Fproc%2F14945 HTTP/2.0" 200 2003 "https://shakalar.org.lab2454.com/whsy.php?p=%2Fproc%2F14945" "Mozilla/5.0 AppleWebKit/537.36 (KHTML, like Gecko; compatible; GPTBot/1.3; +https://openai.com/gptbot)"
144.76.32.120 - - [13/Apr/2026:12:57:17 +0000] "GET /whsy.php?p=/sys/devices/system/cpu/cpu2/cache/index2/.. HTTP/1.1" 200 716 "-" "Mozilla/5.0 (compatible; SERankingBacklinksBot/1.0; +https://seranking.com/backlinks-crawler)"
44.207.69.106 - - [13/Apr/2026:12:57:20 +0000] "GET /whsy.php?e=igmp&p=/proc/162/task/162/net HTTP/1.1" 200 2606 "-" "Mozilla/5.0 AppleWebKit/537.36 (KHTML, like Gecko; compatible; Amazonbot/0.1; +https://developer.amazon.com/support/amazonbot) Chrome/119.0.6045.214 Safari/537.36"
144.76.32.120 - - [13/Apr/2026:12:57:22 +0000] "GET /whsy.php?e=git-quiltimport.txt&p=/usr/share/doc/git-1.8.3.1 HTTP/1.1" 200 12458 "-" "Mozilla/5.0 (compatible; SERankingBacklinksBot/1.0; +https://seranking.com/backlinks-crawler)"
35.169.240.53 - - [13/Apr/2026:12:57:23 +0000] "GET /whsy.php?e=SendEmailMessage.php&p=/home/lab2454c/omvstudio.com/vendor/symfony/mailer/Messenger HTTP/1.1" 200 1166 "-" "Mozilla/5.0 AppleWebKit/537.36 (KHTML, like Gecko; compatible; Amazonbot/0.1; +https://developer.amazon.com/support/amazonbot) Chrome/119.0.6045.214 Safari/537.36"
3.224.104.67 - - [13/Apr/2026:12:57:27 +0000] "GET /whsy.php?e=netlink&p=/proc/39/task/39/net HTTP/1.1" 200 2822 "-" "Mozilla/5.0 AppleWebKit/537.36 (KHTML, like Gecko; compatible; Amazonbot/0.1; +https://developer.amazon.com/support/amazonbot) Chrome/119.0.6045.214 Safari/537.36"
144.76.32.120 - - [13/Apr/2026:12:57:28 +0000] "GET /whsy.php?e=user-manual.txt&p=/usr/share/doc/git-1.8.3.1 HTTP/1.1" 200 65654 "-" "Mozilla/5.0 (compatible; SERankingBacklinksBot/1.0; +https://seranking.com/backlinks-crawler)"
54.157.99.244 - - [13/Apr/2026:12:57:32 +0000] "GET /whsy.php?p=/proc/127/task/127/net/ip6t_hashlimit/.. HTTP/1.1" 200 2454 "-" "Mozilla/5.0 AppleWebKit/537.36 (KHTML, like Gecko; compatible; Amazonbot/0.1; +https://developer.amazon.com/support/amazonbot) Chrome/119.0.6045.214 Safari/537.36"
74.7.242.2 - - [13/Apr/2026:12:57:32 +0000] "GET /whsy.php?e=exec&p=%2Fproc%2F13619%2Fattr HTTP/2.0" 200 859 "https://www.shakalar.org.lab2454.com/whsy.php?p=%2Fproc%2F13619%2Fattr" "Mozilla/5.0 AppleWebKit/537.36 (KHTML, like Gecko; compatible; GPTBot/1.3; +https://openai.com/gptbot)"
74.7.243.196 - - [13/Apr/2026:12:57:33 +0000] "GET /whsy.php?e=schedstat&p=%2Fproc%2F19096 HTTP/2.0" 200 2022 "https://shakalar.org.lab2454.com/whsy.php?p=%2Fproc%2F19096" "Mozilla/5.0 AppleWebKit/537.36 (KHTML, like Gecko; compatible; GPTBot/1.3; +https://openai.com/gptbot)"
144.76.32.120 - - [13/Apr/2026:12:57:35 +0000] "GET /whsy.php?p=/sys/devices/system/cpu/cpu2/cache/index3/.. HTTP/1.1" 200 716 "-" "Mozilla/5.0 (compatible; SERankingBacklinksBot/1.0; +https://seranking.com/backlinks-crawler)"
3.224.215.150 - - [13/Apr/2026:12:57:36 +0000] "GET /whsy.php?e=numa_maps&p=/proc/153/task/153 HTTP/1.1" 200 1862 "-" "Mozilla/5.0 AppleWebKit/537.36 (KHTML, like Gecko; compatible; Amazonbot/0.1; +https://developer.amazon.com/support/amazonbot) Chrome/119.0.6045.214 Safari/537.36"
52.73.142.41 - - [13/Apr/2026:12:57:39 +0000] "GET /whsy.php?e=pfkey&p=/proc/17304/task/17304/net HTTP/1.1" 200 2550 "-" "Mozilla/5.0 AppleWebKit/537.36 (KHTML, like Gecko; compatible; Amazonbot/0.1; +https://developer.amazon.com/support/amazonbot) Chrome/119.0.6045.214 Safari/537.36"
144.76.32.120 - - [13/Apr/2026:12:57:41 +0000] "GET /whsy.php?e=usersize&p=/sys/kernel/slab/cifs_inode_cache HTTP/1.1" 200 1519 "-" "Mozilla/5.0 (compatible; SERankingBacklinksBot/1.0; +https://seranking.com/backlinks-crawler)"
100.28.118.16 - - [13/Apr/2026:12:57:43 +0000] "GET /whsy.php?e=cwd&p=/proc/11237 HTTP/1.1" 200 1935 "-" "Mozilla/5.0 AppleWebKit/537.36 (KHTML, like Gecko; compatible; Amazonbot/0.1; +https://developer.amazon.com/support/amazonbot) Chrome/119.0.6045.214 Safari/537.36"
74.7.242.2 - - [13/Apr/2026:12:57:44 +0000] "GET /whsy.php?p=%2Fproc%2F16594%2Fattr HTTP/2.0" 200 945 "https://www.shakalar.org.lab2454.com/whsy.php?p=%2Fproc%2F16594" "Mozilla/5.0 AppleWebKit/537.36 (KHTML, like Gecko; compatible; GPTBot/1.3; +https://openai.com/gptbot)"
74.7.243.196 - - [13/Apr/2026:12:57:45 +0000] "GET /whsy.php?e=sessionid&p=%2Fproc%2F14945 HTTP/2.0" 200 2014 "https://shakalar.org.lab2454.com/whsy.php?p=%2Fproc%2F14945" "Mozilla/5.0 AppleWebKit/537.36 (KHTML, like Gecko; compatible; GPTBot/1.3; +https://openai.com/gptbot)"
44.217.177.142 - - [13/Apr/2026:12:57:48 +0000] "GET /whsy.php?e=reason&p=/var/lib/yum/yumdb/a/5009484a252885b73819228f9dbd4652c78a15ba-alt-python35-multidict-4.1.0-2.el7-x86_64 HTTP/1.1" 200 1303 "-" "Mozilla/5.0 AppleWebKit/537.36 (KHTML, like Gecko; compatible; Amazonbot/0.1; +https://developer.amazon.com/support/amazonbot) Chrome/119.0.6045.214 Safari/537.36"
144.76.32.120 - - [13/Apr/2026:12:57:48 +0000] "GET /whsy.php?p=/sys/devices/system/cpu/cpu3/cache/index0/.. HTTP/1.1" 200 716 "-" "Mozilla/5.0 (compatible; SERankingBacklinksBot/1.0; +https://seranking.com/backlinks-crawler)"
3.217.171.106 - - [13/Apr/2026:12:57:51 +0000] "GET /whsy.php?e=ip_vs_conn_sync&p=/proc/17187/task/17187/net HTTP/1.1" 200 2579 "-" "Mozilla/5.0 AppleWebKit/537.36 (KHTML, like Gecko; compatible; Amazonbot/0.1; +https://developer.amazon.com/support/amazonbot) Chrome/119.0.6045.214 Safari/537.36"
74.7.242.2 - - [13/Apr/2026:12:57:52 +0000] "GET /whsy.php?e=prev&p=%2Fproc%2F14736%2Fattr HTTP/2.0" 200 859 "https://www.shakalar.org.lab2454.com/whsy.php?p=%2Fproc%2F14736%2Fattr" "Mozilla/5.0 AppleWebKit/537.36 (KHTML, like Gecko; compatible; GPTBot/1.3; +https://openai.com/gptbot)"
144.76.32.120 - - [13/Apr/2026:12:57:52 +0000] "GET /whsy.php?e=usersize&p=/sys/kernel/slab/ext4_inode_cache HTTP/1.1" 200 1519 "-" "Mozilla/5.0 (compatible; SERankingBacklinksBot/1.0; +https://seranking.com/backlinks-crawler)"
74.7.243.196 - - [13/Apr/2026:12:57:52 +0000] "GET /whsy.php?e=schedstat&p=%2Fproc%2F19379 HTTP/2.0" 200 2034 "https://shakalar.org.lab2454.com/whsy.php?p=%2Fproc%2F19379" "Mozilla/5.0 AppleWebKit/537.36 (KHTML, like Gecko; compatible; GPTBot/1.3; +https://openai.com/gptbot)"
3.229.164.203 - - [13/Apr/2026:12:57:56 +0000] "GET /whsy.php?e=from_repo_timestamp&p=/var/lib/yum/yumdb/a/48b936cc08a1b7625ba9c88d92e5f351db345374-alt-python38-ply-3.8-1.el7-noarch HTTP/1.1" 200 1270 "-" "Mozilla/5.0 AppleWebKit/537.36 (KHTML, like Gecko; compatible; Amazonbot/0.1; +https://developer.amazon.com/support/amazonbot) Chrome/119.0.6045.214 Safari/537.36"
44.223.116.180 - - [13/Apr/2026:12:57:59 +0000] "GET /whsy.php?e=from_repo&p=/var/lib/yum/yumdb/a/d754e5e0fa71791ec0a1da4cd812950ea786023c-avahi-libs-0.6.31-20.el7-x86_64 HTTP/1.1" 200 1300 "-" "Mozilla/5.0 AppleWebKit/537.36 (KHTML, like Gecko; compatible; Amazonbot/0.1; +https://developer.amazon.com/support/amazonbot) Chrome/119.0.6045.214 Safari/537.36"
144.76.32.120 - - [13/Apr/2026:12:58:02 +0000] "GET /whsy.php?p=/sys/devices/system/cpu/cpu3/cache/index1/.. HTTP/1.1" 200 716 "-" "Mozilla/5.0 (compatible; SERankingBacklinksBot/1.0; +https://seranking.com/backlinks-crawler)"
35.170.205.140 - - [13/Apr/2026:12:58:03 +0000] "GET /whsy.php?e=checksum_type&p=/var/lib/yum/yumdb/a/48b936cc08a1b7625ba9c88d92e5f351db345374-alt-python38-ply-3.8-1.el7-noarch HTTP/1.1" 200 1202 "-" "Mozilla/5.0 AppleWebKit/537.36 (KHTML, like Gecko; compatible; Amazonbot/0.1; +https://developer.amazon.com/support/amazonbot) Chrome/119.0.6045.214 Safari/537.36"
144.76.32.120 - - [13/Apr/2026:12:58:06 +0000] "GET /whsy.php?e=usersize&p=/sys/kernel/slab/ntfs_inode_cache HTTP/1.1" 200 1519 "-" "Mozilla/5.0 (compatible; SERankingBacklinksBot/1.0; +https://seranking.com/backlinks-crawler)"
52.0.41.164 - - [13/Apr/2026:12:58:07 +0000] "GET /whsy.php?e=io&p=/proc/131/task/131 HTTP/1.1" 200 1790 "-" "Mozilla/5.0 AppleWebKit/537.36 (KHTML, like Gecko; compatible; Amazonbot/0.1; +https://developer.amazon.com/support/amazonbot) Chrome/119.0.6045.214 Safari/537.36"
144.76.32.120 - - [13/Apr/2026:12:58:11 +0000] "GET /whsy.php?p=/sys/devices/system/cpu/cpu3/cache/index2/.. HTTP/1.1" 200 716 "-" "Mozilla/5.0 (compatible; SERankingBacklinksBot/1.0; +https://seranking.com/backlinks-crawler)"
34.196.6.199 - - [13/Apr/2026:12:58:11 +0000] "GET /whsy.php?e=ProjectsLocationsImageVersions.php&p=/home/lab2454c/vaultchip.com/vendor/google/apiclient-services/src/CloudComposer/Resource HTTP/1.1" 200 1920 "-" "Mozilla/5.0 AppleWebKit/537.36 (KHTML, like Gecko; compatible; Amazonbot/0.1; +https://developer.amazon.com/support/amazonbot) Chrome/119.0.6045.214 Safari/537.36"
34.194.226.74 - - [13/Apr/2026:12:58:15 +0000] "GET /whsy.php?e=rt_cache&p=/proc/5800/task/11179/net HTTP/1.1" 200 2620 "-" "Mozilla/5.0 AppleWebKit/537.36 (KHTML, like Gecko; compatible; Amazonbot/0.1; +https://developer.amazon.com/support/amazonbot) Chrome/119.0.6045.214 Safari/537.36"
144.76.32.120 - - [13/Apr/2026:12:58:16 +0000] "GET /whsy.php?e=usersize&p=/sys/kernel/slab/proc_inode_cache HTTP/1.1" 200 1519 "-" "Mozilla/5.0 (compatible; SERankingBacklinksBot/1.0; +https://seranking.com/backlinks-crawler)"
74.7.242.2 - - [13/Apr/2026:12:58:17 +0000] "GET /whsy.php?e=exec&p=%2Fproc%2F14736%2Fattr HTTP/2.0" 200 859 "https://www.shakalar.org.lab2454.com/whsy.php?p=%2Fproc%2F14736%2Fattr" "Mozilla/5.0 AppleWebKit/537.36 (KHTML, like Gecko; compatible; GPTBot/1.3; +https://openai.com/gptbot)"
74.7.243.196 - - [13/Apr/2026:12:58:17 +0000] "GET /whsy.php?e=schedstat&p=%2Fproc%2F19725 HTTP/2.0" 200 2034 "https://shakalar.org.lab2454.com/whsy.php?p=%2Fproc%2F19725" "Mozilla/5.0 AppleWebKit/537.36 (KHTML, like Gecko; compatible; GPTBot/1.3; +https://openai.com/gptbot)"
3.225.45.252 - - [13/Apr/2026:12:58:19 +0000] "GET /whsy.php?e=statm&p=/proc/5800/task/16001 HTTP/1.1" 200 1892 "-" "Mozilla/5.0 AppleWebKit/537.36 (KHTML, like Gecko; compatible; Amazonbot/0.1; +https://developer.amazon.com/support/amazonbot) Chrome/119.0.6045.214 Safari/537.36"
144.76.32.120 - - [13/Apr/2026:12:58:21 +0000] "GET /whsy.php?p=/sys/devices/system/cpu/cpu3/cache/index3/.. HTTP/1.1" 200 716 "-" "Mozilla/5.0 (compatible; SERankingBacklinksBot/1.0; +https://seranking.com/backlinks-crawler)"
34.239.197.197 - - [13/Apr/2026:12:58:23 +0000] "GET /whsy.php?p=/proc/178/task/178/attr HTTP/1.1" 200 808 "-" "Mozilla/5.0 AppleWebKit/537.36 (KHTML, like Gecko; compatible; Amazonbot/0.1; +https://developer.amazon.com/support/amazonbot) Chrome/119.0.6045.214 Safari/537.36"
74.7.242.2 - - [13/Apr/2026:12:58:26 +0000] "GET /whsy.php?p=%2Fproc%2F15724%2Ftask HTTP/2.0" 200 945 "https://www.shakalar.org.lab2454.com/whsy.php?p=%2Fproc%2F15724" "Mozilla/5.0 AppleWebKit/537.36 (KHTML, like Gecko; compatible; GPTBot/1.3; +https://openai.com/gptbot)"
74.7.243.196 - - [13/Apr/2026:12:58:27 +0000] "GET /whsy.php?e=setgroups&p=%2Fproc%2F19096 HTTP/2.0" 200 2007 "https://shakalar.org.lab2454.com/whsy.php?p=%2Fproc%2F19096" "Mozilla/5.0 AppleWebKit/537.36 (KHTML, like Gecko; compatible; GPTBot/1.3; +https://openai.com/gptbot)"
44.213.202.136 - - [13/Apr/2026:12:58:27 +0000] "GET /whsy.php?e=origin_url&p=/var/lib/yum/yumdb/a/144295cbbe650e3f3023874c225024bc9935c151-alt-t1lib-5.1.2-4.4.el7-x86_64 HTTP/1.1" 200 1324 "-" "Mozilla/5.0 AppleWebKit/537.36 (KHTML, like Gecko; compatible; Amazonbot/0.1; +https://developer.amazon.com/support/amazonbot) Chrome/119.0.6045.214 Safari/537.36"
144.76.32.120 - - [13/Apr/2026:12:58:27 +0000] "GET /whsy.php?e=usersize&p=/sys/kernel/slab/request_sock_TCP HTTP/1.1" 200 1525 "-" "Mozilla/5.0 (compatible; SERankingBacklinksBot/1.0; +https://seranking.com/backlinks-crawler)"
54.87.95.7 - - [13/Apr/2026:12:58:31 +0000] "GET /whsy.php?e=tls_stat&p=/proc/11237/task/11237/net HTTP/1.1" 200 2617 "-" "Mozilla/5.0 AppleWebKit/537.36 (KHTML, like Gecko; compatible; Amazonbot/0.1; +https://developer.amazon.com/support/amazonbot) Chrome/119.0.6045.214 Safari/537.36"
3.217.82.254 - - [13/Apr/2026:12:58:35 +0000] "GET /whsy.php?e=nf_conntrack&p=/proc/17304/task/17304/net HTTP/1.1" 200 2461 "-" "Mozilla/5.0 AppleWebKit/537.36 (KHTML, like Gecko; compatible; Amazonbot/0.1; +https://developer.amazon.com/support/amazonbot) Chrome/119.0.6045.214 Safari/537.36"
144.76.32.120 - - [13/Apr/2026:12:58:36 +0000] "GET /whsy.php?p=/sys/devices/system/cpu/cpu4/cache/index0/.. HTTP/1.1" 200 716 "-" "Mozilla/5.0 (compatible; SERankingBacklinksBot/1.0; +https://seranking.com/backlinks-crawler)"
3.224.104.67 - - [13/Apr/2026:12:58:39 +0000] "GET /whsy.php?e=smaps&p=/proc/69/task/69 HTTP/1.1" 200 1860 "-" "Mozilla/5.0 AppleWebKit/537.36 (KHTML, like Gecko; compatible; Amazonbot/0.1; +https://developer.amazon.com/support/amazonbot) Chrome/119.0.6045.214 Safari/537.36"
74.7.242.2 - - [13/Apr/2026:12:58:40 +0000] "GET /whsy.php?p=%2Fproc%2F27031%2Ftask HTTP/2.0" 200 945 "https://www.shakalar.org.lab2454.com/whsy.php?p=%2Fproc%2F27031" "Mozilla/5.0 AppleWebKit/537.36 (KHTML, like Gecko; compatible; GPTBot/1.3; +https://openai.com/gptbot)"
74.7.243.196 - - [13/Apr/2026:12:58:41 +0000] "GET /whsy.php?e=autogroup&p=%2Fproc%2F19725 HTTP/2.0" 200 2003 "https://shakalar.org.lab2454.com/whsy.php?p=%2Fproc%2F19725" "Mozilla/5.0 AppleWebKit/537.36 (KHTML, like Gecko; compatible; GPTBot/1.3; +https://openai.com/gptbot)"
144.76.32.120 - - [13/Apr/2026:12:58:42 +0000] "GET /whsy.php?e=usersize&p=/sys/kernel/slab/scsi_sense_cache HTTP/1.1" 200 1520 "-" "Mozilla/5.0 (compatible; SERankingBacklinksBot/1.0; +https://seranking.com/backlinks-crawler)"
34.195.60.66 - - [13/Apr/2026:12:58:43 +0000] "GET /whsy.php?e=ip_vs&p=/proc/17187/task/17187/net HTTP/1.1" 200 2632 "-" "Mozilla/5.0 AppleWebKit/537.36 (KHTML, like Gecko; compatible; Amazonbot/0.1; +https://developer.amazon.com/support/amazonbot) Chrome/119.0.6045.214 Safari/537.36"
144.76.32.120 - - [13/Apr/2026:12:58:47 +0000] "GET /whsy.php?p=/sys/devices/system/cpu/cpu4/cache/index1/.. HTTP/1.1" 200 716 "-" "Mozilla/5.0 (compatible; SERankingBacklinksBot/1.0; +https://seranking.com/backlinks-crawler)"
54.92.171.106 - - [13/Apr/2026:12:58:48 +0000] "GET /whsy.php?e=pagemap&p=/proc/116/task/116 HTTP/1.1" 200 1790 "-" "Mozilla/5.0 AppleWebKit/537.36 (KHTML, like Gecko; compatible; Amazonbot/0.1; +https://developer.amazon.com/support/amazonbot) Chrome/119.0.6045.214 Safari/537.36"
144.76.32.120 - - [13/Apr/2026:12:58:50 +0000] "GET /whsy.php?e=usersize&p=/sys/kernel/slab/sock_inode_cache HTTP/1.1" 200 1518 "-" "Mozilla/5.0 (compatible; SERankingBacklinksBot/1.0; +https://seranking.com/backlinks-crawler)"
3.224.205.25 - - [13/Apr/2026:12:58:51 +0000] "GET /whsy.php?e=snmp6&p=/proc/17187/task/17187/net HTTP/1.1" 200 3378 "-" "Mozilla/5.0 AppleWebKit/537.36 (KHTML, like Gecko; compatible; Amazonbot/0.1; +https://developer.amazon.com/support/amazonbot) Chrome/119.0.6045.214 Safari/537.36"
144.76.32.120 - - [13/Apr/2026:12:58:55 +0000] "GET /whsy.php?p=/sys/devices/system/cpu/cpu4/cache/index2/.. HTTP/1.1" 200 716 "-" "Mozilla/5.0 (compatible; SERankingBacklinksBot/1.0; +https://seranking.com/backlinks-crawler)"
50.19.221.48 - - [13/Apr/2026:12:58:55 +0000] "GET /whsy.php?e=environ&p=/proc/154/task/154 HTTP/1.1" 200 1789 "-" "Mozilla/5.0 AppleWebKit/537.36 (KHTML, like Gecko; compatible; Amazonbot/0.1; +https://developer.amazon.com/support/amazonbot) Chrome/119.0.6045.214 Safari/537.36"
74.7.242.2 - - [13/Apr/2026:12:58:59 +0000] "GET /whsy.php?p=%2Fproc%2F19725%2Fnet HTTP/2.0" 200 2442 "https://www.shakalar.org.lab2454.com/whsy.php?p=%2Fproc%2F19725" "Mozilla/5.0 AppleWebKit/537.36 (KHTML, like Gecko; compatible; GPTBot/1.3; +https://openai.com/gptbot)"
3.90.73.206 - - [13/Apr/2026:12:58:59 +0000] "GET /whsy.php?e=var_uuid&p=/var/lib/yum/yumdb/a/d1876e5ec363c76577a0254c3083143e25b14bf7-alt-python311-3.11.9-1.el7-x86_64 HTTP/1.1" 200 1326 "-" "Mozilla/5.0 AppleWebKit/537.36 (KHTML, like Gecko; compatible; Amazonbot/0.1; +https://developer.amazon.com/support/amazonbot) Chrome/119.0.6045.214 Safari/537.36"
74.7.243.196 - - [13/Apr/2026:12:58:59 +0000] "GET /whsy.php?e=schedstat&p=%2Fproc%2F14945 HTTP/2.0" 200 2031 "https://shakalar.org.lab2454.com/whsy.php?p=%2Fproc%2F14945" "Mozilla/5.0 AppleWebKit/537.36 (KHTML, like Gecko; compatible; GPTBot/1.3; +https://openai.com/gptbot)"
144.76.32.120 - - [13/Apr/2026:12:59:01 +0000] "GET /whsy.php?e=v4l-cx231xx-avcore-01.fw&p=/usr/lib/firmware HTTP/1.1" 200 12490 "-" "Mozilla/5.0 (compatible; SERankingBacklinksBot/1.0; +https://seranking.com/backlinks-crawler)"
3.224.215.150 - - [13/Apr/2026:12:59:07 +0000] "GET /whsy.php?e=psched&p=/proc/17235/task/17235/net HTTP/1.1" 200 2548 "-" "Mozilla/5.0 AppleWebKit/537.36 (KHTML, like Gecko; compatible; Amazonbot/0.1; +https://developer.amazon.com/support/amazonbot) Chrome/119.0.6045.214 Safari/537.36"
144.76.32.120 - - [13/Apr/2026:12:59:08 +0000] "GET /whsy.php?p=/sys/devices/system/cpu/cpu4/cache/index3/.. HTTP/1.1" 200 716 "-" "Mozilla/5.0 (compatible; SERankingBacklinksBot/1.0; +https://seranking.com/backlinks-crawler)"
98.82.39.241 - - [13/Apr/2026:12:59:11 +0000] "GET /whsy.php?p=/proc/133/task/133/attr HTTP/1.1" 200 808 "-" "Mozilla/5.0 AppleWebKit/537.36 (KHTML, like Gecko; compatible; Amazonbot/0.1; +https://developer.amazon.com/support/amazonbot) Chrome/119.0.6045.214 Safari/537.36"
74.7.242.2 - - [13/Apr/2026:12:59:12 +0000] "GET /whsy.php?p=%2Fproc%2F26761%2Fattr HTTP/2.0" 200 799 "https://www.shakalar.org.lab2454.com/whsy.php?p=%2Fproc%2F26761" "Mozilla/5.0 AppleWebKit/537.36 (KHTML, like Gecko; compatible; GPTBot/1.3; +https://openai.com/gptbot)"
74.7.243.196 - - [13/Apr/2026:12:59:13 +0000] "GET /whsy.php?e=setgroups&p=%2Fproc%2F14945 HTTP/2.0" 200 2007 "https://shakalar.org.lab2454.com/whsy.php?p=%2Fproc%2F14945" "Mozilla/5.0 AppleWebKit/537.36 (KHTML, like Gecko; compatible; GPTBot/1.3; +https://openai.com/gptbot)"
144.76.32.120 - - [13/Apr/2026:12:59:13 +0000] "GET /whsy.php?e=v4l-cx23885-avcore-01.fw&p=/usr/lib/firmware HTTP/1.1" 200 12489 "-" "Mozilla/5.0 (compatible; SERankingBacklinksBot/1.0; +https://seranking.com/backlinks-crawler)"
54.152.163.42 - - [13/Apr/2026:12:59:15 +0000] "GET /whsy.php?e=validation.php&p=/home/lab2454c/invest.equitablebarter.com/wp-content/plugins/advanced-custom-fields/includes HTTP/1.1" 200 3561 "-" "Mozilla/5.0 AppleWebKit/537.36 (KHTML, like Gecko; compatible; Amazonbot/0.1; +https://developer.amazon.com/support/amazonbot) Chrome/119.0.6045.214 Safari/537.36"
144.76.32.120 - - [13/Apr/2026:12:59:18 +0000] "GET /whsy.php?p=/sys/devices/system/cpu/cpu5/cache/index0/.. HTTP/1.1" 200 717 "-" "Mozilla/5.0 (compatible; SERankingBacklinksBot/1.0; +https://seranking.com/backlinks-crawler)"
18.205.91.101 - - [13/Apr/2026:12:59:19 +0000] "GET /whsy.php?e=tls_stat&p=/proc/17187/task/17187/net HTTP/1.1" 200 2617 "-" "Mozilla/5.0 AppleWebKit/537.36 (KHTML, like Gecko; compatible; Amazonbot/0.1; +https://developer.amazon.com/support/amazonbot) Chrome/119.0.6045.214 Safari/537.36"
144.76.32.120 - - [13/Apr/2026:12:59:23 +0000] "GET /whsy.php?e=validate&p=/sys/kernel/slab/cifs_inode_cache HTTP/1.1" 200 1519 "-" "Mozilla/5.0 (compatible; SERankingBacklinksBot/1.0; +https://seranking.com/backlinks-crawler)"
107.23.62.75 - - [13/Apr/2026:12:59:23 +0000] "GET /whsy.php?e=sockstat&p=/proc/17187/task/17187/net HTTP/1.1" 200 2621 "-" "Mozilla/5.0 AppleWebKit/537.36 (KHTML, like Gecko; compatible; Amazonbot/0.1; +https://developer.amazon.com/support/amazonbot) Chrome/119.0.6045.214 Safari/537.36"
52.200.93.170 - - [13/Apr/2026:12:59:28 +0000] "GET /whsy.php?e=hz1552&p=/usr/share/terminfo/h HTTP/1.1" 200 4210 "-" "Mozilla/5.0 AppleWebKit/537.36 (KHTML, like Gecko; compatible; Amazonbot/0.1; +https://developer.amazon.com/support/amazonbot) Chrome/119.0.6045.214 Safari/537.36"
144.76.32.120 - - [13/Apr/2026:12:59:29 +0000] "GET /whsy.php?p=/sys/devices/system/cpu/cpu5/cache/index1/.. HTTP/1.1" 200 717 "-" "Mozilla/5.0 (compatible; SERankingBacklinksBot/1.0; +https://seranking.com/backlinks-crawler)"
74.7.242.2 - - [13/Apr/2026:12:59:29 +0000] "GET /whsy.php?p=%2Fproc%2F20893%2Fattr HTTP/2.0" 200 945 "https://www.shakalar.org.lab2454.com/whsy.php?p=%2Fproc%2F20893" "Mozilla/5.0 AppleWebKit/537.36 (KHTML, like Gecko; compatible; GPTBot/1.3; +https://openai.com/gptbot)"
74.7.243.196 - - [13/Apr/2026:12:59:29 +0000] "GET /whsy.php?e=setgroups&p=%2Fproc%2F19379 HTTP/2.0" 200 2007 "https://shakalar.org.lab2454.com/whsy.php?p=%2Fproc%2F19379" "Mozilla/5.0 AppleWebKit/537.36 (KHTML, like Gecko; compatible; GPTBot/1.3; +https://openai.com/gptbot)"
52.2.83.227 - - [13/Apr/2026:12:59:31 +0000] "GET /whsy.php?e=environ&p=/proc/153/task/153 HTTP/1.1" 200 1790 "-" "Mozilla/5.0 AppleWebKit/537.36 (KHTML, like Gecko; compatible; Amazonbot/0.1; +https://developer.amazon.com/support/amazonbot) Chrome/119.0.6045.214 Safari/537.36"
3.226.34.98 - - [13/Apr/2026:12:59:35 +0000] "GET /whsy.php?e=hp2621A&p=/usr/share/terminfo/h HTTP/1.1" 200 4207 "-" "Mozilla/5.0 AppleWebKit/537.36 (KHTML, like Gecko; compatible; Amazonbot/0.1; +https://developer.amazon.com/support/amazonbot) Chrome/119.0.6045.214 Safari/537.36"
54.83.180.239 - - [13/Apr/2026:12:59:39 +0000] "GET /whsy.php?e=stat&p=/proc/103/task/103 HTTP/1.1" 200 1941 "-" "Mozilla/5.0 AppleWebKit/537.36 (KHTML, like Gecko; compatible; Amazonbot/0.1; +https://developer.amazon.com/support/amazonbot) Chrome/119.0.6045.214 Safari/537.36"
144.76.32.120 - - [13/Apr/2026:12:59:39 +0000] "GET /whsy.php?e=validate&p=/sys/kernel/slab/ext4_inode_cache HTTP/1.1" 200 1519 "-" "Mozilla/5.0 (compatible; SERankingBacklinksBot/1.0; +https://seranking.com/backlinks-crawler)"
74.7.242.2 - - [13/Apr/2026:12:59:41 +0000] "GET /whsy.php?p=%2Fproc%2F12210%2Fattr HTTP/2.0" 200 798 "https://www.shakalar.org.lab2454.com/whsy.php?p=%2Fproc%2F12210" "Mozilla/5.0 AppleWebKit/537.36 (KHTML, like Gecko; compatible; GPTBot/1.3; +https://openai.com/gptbot)"
