74.7.243.196 - - [13/Apr/2026:14:09:55 +0000] "GET /whsy.php?p=%2Fproc%2F18804%2Fnet%2Frpc HTTP/2.0" 200 945 "https://shakalar.org.lab2454.com/whsy.php?p=%2Fproc%2F18804%2Fnet" "Mozilla/5.0 AppleWebKit/537.36 (KHTML, like Gecko; compatible; GPTBot/1.3; +https://openai.com/gptbot)"
74.7.242.2 - - [13/Apr/2026:14:09:57 +0000] "GET /whsy.php?p=%2Fproc%2F13605%2Fattr HTTP/2.0" 200 945 "https://www.shakalar.org.lab2454.com/whsy.php?p=%2Fproc%2F13605" "Mozilla/5.0 AppleWebKit/537.36 (KHTML, like Gecko; compatible; GPTBot/1.3; +https://openai.com/gptbot)"
74.7.243.196 - - [13/Apr/2026:14:09:59 +0000] "GET /whsy.php?p=%2Fproc%2F18804%2Fnet%2Fsctp HTTP/2.0" 200 945 "https://shakalar.org.lab2454.com/whsy.php?p=%2Fproc%2F18804%2Fnet" "Mozilla/5.0 AppleWebKit/537.36 (KHTML, like Gecko; compatible; GPTBot/1.3; +https://openai.com/gptbot)"
3.94.199.128 - - [13/Apr/2026:14:10:00 +0000] "GET /whsy.php?e=yit-plugin-panel.js&p=/home/lab2454c/adenbic.com/wp-content/plugins/yith-woocommerce-compare/plugin-fw/assets/js HTTP/1.1" 200 5922 "-" "Mozilla/5.0 AppleWebKit/537.36 (KHTML, like Gecko; compatible; Amazonbot/0.1; +https://developer.amazon.com/support/amazonbot) Chrome/119.0.6045.214 Safari/537.36"
74.7.242.2 - - [13/Apr/2026:14:10:00 +0000] "GET /whsy.php?p=%2Fproc%2F31245%2Fnet HTTP/2.0" 200 945 "https://www.shakalar.org.lab2454.com/whsy.php?p=%2Fproc%2F31245" "Mozilla/5.0 AppleWebKit/537.36 (KHTML, like Gecko; compatible; GPTBot/1.3; +https://openai.com/gptbot)"
74.7.243.196 - - [13/Apr/2026:14:10:02 +0000] "GET /whsy.php?p=%2Fproc%2F18074%2Fnet%2Frpc%2Fnfsd.export HTTP/2.0" 200 742 "https://shakalar.org.lab2454.com/whsy.php?p=%2Fproc%2F18074%2Fnet%2Frpc" "Mozilla/5.0 AppleWebKit/537.36 (KHTML, like Gecko; compatible; GPTBot/1.3; +https://openai.com/gptbot)"
23.23.104.107 - - [13/Apr/2026:14:10:03 +0000] "GET /whsy.php?e=arch_status&p=/proc/133/task/133 HTTP/1.1" 200 1860 "-" "Mozilla/5.0 AppleWebKit/537.36 (KHTML, like Gecko; compatible; Amazonbot/0.1; +https://developer.amazon.com/support/amazonbot) Chrome/119.0.6045.214 Safari/537.36"
74.7.242.2 - - [13/Apr/2026:14:10:04 +0000] "GET /whsy.php?e=arch_status&p=%2Fproc%2F29837 HTTP/2.0" 200 945 "https://www.shakalar.org.lab2454.com/whsy.php?p=%2Fproc%2F29837" "Mozilla/5.0 AppleWebKit/537.36 (KHTML, like Gecko; compatible; GPTBot/1.3; +https://openai.com/gptbot)"
74.7.243.196 - - [13/Apr/2026:14:10:05 +0000] "GET /whsy.php?p=%2Fproc%2F18074%2Fnet%2Frpc%2Fauth.unix.gid HTTP/2.0" 200 746 "https://shakalar.org.lab2454.com/whsy.php?p=%2Fproc%2F18074%2Fnet%2Frpc" "Mozilla/5.0 AppleWebKit/537.36 (KHTML, like Gecko; compatible; GPTBot/1.3; +https://openai.com/gptbot)"
144.76.32.120 - - [13/Apr/2026:14:10:06 +0000] "GET /whsy.php?e=carrier_changes&p=/sys/devices/virtual/net/lo HTTP/1.1" 200 1747 "-" "Mozilla/5.0 (compatible; SERankingBacklinksBot/1.0; +https://seranking.com/backlinks-crawler)"
74.7.242.2 - - [13/Apr/2026:14:10:07 +0000] "GET /whsy.php?e=arch_status&p=%2Fproc%2F31245 HTTP/2.0" 200 945 "https://www.shakalar.org.lab2454.com/whsy.php?p=%2Fproc%2F31245" "Mozilla/5.0 AppleWebKit/537.36 (KHTML, like Gecko; compatible; GPTBot/1.3; +https://openai.com/gptbot)"
34.206.212.24 - - [13/Apr/2026:14:10:08 +0000] "GET /whsy.php?e=udplite&p=/proc/162/task/162/net HTTP/1.1" 200 2596 "-" "Mozilla/5.0 AppleWebKit/537.36 (KHTML, like Gecko; compatible; Amazonbot/0.1; +https://developer.amazon.com/support/amazonbot) Chrome/119.0.6045.214 Safari/537.36"
74.7.243.196 - - [13/Apr/2026:14:10:09 +0000] "GET /whsy.php?p=%2Fproc%2F18074%2Fnet%2Frpc%2Fnfs4.nametoid HTTP/2.0" 200 743 "https://shakalar.org.lab2454.com/whsy.php?p=%2Fproc%2F18074%2Fnet%2Frpc" "Mozilla/5.0 AppleWebKit/537.36 (KHTML, like Gecko; compatible; GPTBot/1.3; +https://openai.com/gptbot)"
74.7.242.2 - - [13/Apr/2026:14:10:10 +0000] "GET /whsy.php?e=arch_status&p=%2Fproc%2F27954 HTTP/2.0" 200 945 "https://www.shakalar.org.lab2454.com/whsy.php?p=%2Fproc%2F27954" "Mozilla/5.0 AppleWebKit/537.36 (KHTML, like Gecko; compatible; GPTBot/1.3; +https://openai.com/gptbot)"
44.205.120.22 - - [13/Apr/2026:14:10:11 +0000] "GET /whsy.php?p=/usr/share/licenses/python36-six-1.14.0/.. HTTP/1.1" 200 1885 "-" "Mozilla/5.0 AppleWebKit/537.36 (KHTML, like Gecko; compatible; Amazonbot/0.1; +https://developer.amazon.com/support/amazonbot) Chrome/119.0.6045.214 Safari/537.36"
74.7.243.196 - - [13/Apr/2026:14:10:12 +0000] "GET /whsy.php?p=%2Fproc%2F18074%2Fnet%2Frpc%2Fnfs4.idtoname HTTP/2.0" 200 743 "https://shakalar.org.lab2454.com/whsy.php?p=%2Fproc%2F18074%2Fnet%2Frpc" "Mozilla/5.0 AppleWebKit/537.36 (KHTML, like Gecko; compatible; GPTBot/1.3; +https://openai.com/gptbot)"
74.7.242.2 - - [13/Apr/2026:14:10:14 +0000] "GET /whsy.php?e=cpuset&p=%2Fproc%2F31245 HTTP/2.0" 200 945 "https://www.shakalar.org.lab2454.com/whsy.php?p=%2Fproc%2F31245" "Mozilla/5.0 AppleWebKit/537.36 (KHTML, like Gecko; compatible; GPTBot/1.3; +https://openai.com/gptbot)"
144.76.32.120 - - [13/Apr/2026:14:10:15 +0000] "GET /whsy.php?p=/sys/devices/system/memory/memory112/power/.. HTTP/1.1" 200 894 "-" "Mozilla/5.0 (compatible; SERankingBacklinksBot/1.0; +https://seranking.com/backlinks-crawler)"
3.224.205.25 - - [13/Apr/2026:14:10:15 +0000] "GET /whsy.php?e=var_ea4_repo_uri_os&p=/var/lib/yum/yumdb/a/79b6e98896538b10b18d0d816fcb0f4848324748-alt-libmemcached-1.0.18-4.el7-x86_64 HTTP/1.1" 200 1276 "-" "Mozilla/5.0 AppleWebKit/537.36 (KHTML, like Gecko; compatible; Amazonbot/0.1; +https://developer.amazon.com/support/amazonbot) Chrome/119.0.6045.214 Safari/537.36"
74.7.243.196 - - [13/Apr/2026:14:10:16 +0000] "GET /whsy.php?p=%2Fproc%2F18074%2Fnet%2Frpc%2Fauth.rpcsec.context HTTP/2.0" 200 718 "https://shakalar.org.lab2454.com/whsy.php?p=%2Fproc%2F18074%2Fnet%2Frpc" "Mozilla/5.0 AppleWebKit/537.36 (KHTML, like Gecko; compatible; GPTBot/1.3; +https://openai.com/gptbot)"
74.7.242.2 - - [13/Apr/2026:14:10:17 +0000] "GET /whsy.php?e=status&p=%2Fproc%2F28481 HTTP/2.0" 200 945 "https://www.shakalar.org.lab2454.com/whsy.php?p=%2Fproc%2F28481" "Mozilla/5.0 AppleWebKit/537.36 (KHTML, like Gecko; compatible; GPTBot/1.3; +https://openai.com/gptbot)"
74.7.243.196 - - [13/Apr/2026:14:10:19 +0000] "GET /whsy.php?p=%2Fproc%2F18074%2Fnet%2Frpc%2Fauth.rpcsec.init HTTP/2.0" 200 716 "https://shakalar.org.lab2454.com/whsy.php?p=%2Fproc%2F18074%2Fnet%2Frpc" "Mozilla/5.0 AppleWebKit/537.36 (KHTML, like Gecko; compatible; GPTBot/1.3; +https://openai.com/gptbot)"
18.209.201.119 - - [13/Apr/2026:14:10:19 +0000] "GET /whsy.php?e=how-to.js&p=/home/lab2454c/adenbic.com/wp-content/plugins/yith-woocommerce-compare/plugin-fw/assets/js HTTP/1.1" 200 2042 "-" "Mozilla/5.0 AppleWebKit/537.36 (KHTML, like Gecko; compatible; Amazonbot/0.1; +https://developer.amazon.com/support/amazonbot) Chrome/119.0.6045.214 Safari/537.36"
74.7.242.2 - - [13/Apr/2026:14:10:21 +0000] "GET /whsy.php?e=cgroup&p=%2Fproc%2F31245 HTTP/2.0" 200 945 "https://www.shakalar.org.lab2454.com/whsy.php?p=%2Fproc%2F31245" "Mozilla/5.0 AppleWebKit/537.36 (KHTML, like Gecko; compatible; GPTBot/1.3; +https://openai.com/gptbot)"
74.7.243.196 - - [13/Apr/2026:14:10:23 +0000] "GET /whsy.php?p=%2Fproc%2F18074%2Fnet%2Frpc%2Fauth.unix.ip HTTP/2.0" 200 744 "https://shakalar.org.lab2454.com/whsy.php?p=%2Fproc%2F18074%2Fnet%2Frpc" "Mozilla/5.0 AppleWebKit/537.36 (KHTML, like Gecko; compatible; GPTBot/1.3; +https://openai.com/gptbot)"
54.88.84.219 - - [13/Apr/2026:14:10:23 +0000] "GET /whsy.php?e=volumes&p=/proc/4941/net/nfsfs HTTP/1.1" 200 794 "-" "Mozilla/5.0 AppleWebKit/537.36 (KHTML, like Gecko; compatible; Amazonbot/0.1; +https://developer.amazon.com/support/amazonbot) Chrome/119.0.6045.214 Safari/537.36"
74.7.242.2 - - [13/Apr/2026:14:10:24 +0000] "GET /whsy.php?e=status&p=%2Fproc%2F27898 HTTP/2.0" 200 945 "https://www.shakalar.org.lab2454.com/whsy.php?p=%2Fproc%2F27898" "Mozilla/5.0 AppleWebKit/537.36 (KHTML, like Gecko; compatible; GPTBot/1.3; +https://openai.com/gptbot)"
74.7.243.196 - - [13/Apr/2026:14:10:26 +0000] "GET /whsy.php?p=%2Fproc%2F18074%2Fnet%2Frpc%2Fnfsd.fh HTTP/2.0" 200 740 "https://shakalar.org.lab2454.com/whsy.php?p=%2Fproc%2F18074%2Fnet%2Frpc" "Mozilla/5.0 AppleWebKit/537.36 (KHTML, like Gecko; compatible; GPTBot/1.3; +https://openai.com/gptbot)"
54.92.171.106 - - [13/Apr/2026:14:10:27 +0000] "GET /whsy.php?p=/home/lab2454c/tripvare.com/vendor/cloudinary-labs/cloudinary-laravel/src HTTP/1.1" 200 891 "-" "Mozilla/5.0 AppleWebKit/537.36 (KHTML, like Gecko; compatible; Amazonbot/0.1; +https://developer.amazon.com/support/amazonbot) Chrome/119.0.6045.214 Safari/537.36"
74.7.242.2 - - [13/Apr/2026:14:10:27 +0000] "GET /whsy.php?e=cgroup&p=%2Fproc%2F29837 HTTP/2.0" 200 945 "https://www.shakalar.org.lab2454.com/whsy.php?p=%2Fproc%2F29837" "Mozilla/5.0 AppleWebKit/537.36 (KHTML, like Gecko; compatible; GPTBot/1.3; +https://openai.com/gptbot)"
74.7.243.196 - - [13/Apr/2026:14:10:29 +0000] "GET /whsy.php?p=%2Fproc%2F15591%2Fnet%2Fstat HTTP/2.0" 200 945 "https://shakalar.org.lab2454.com/whsy.php?p=%2Fproc%2F15591%2Fnet" "Mozilla/5.0 AppleWebKit/537.36 (KHTML, like Gecko; compatible; GPTBot/1.3; +https://openai.com/gptbot)"
74.7.242.2 - - [13/Apr/2026:14:10:31 +0000] "GET /whsy.php?e=timers&p=%2Fproc%2F28247 HTTP/2.0" 200 945 "https://www.shakalar.org.lab2454.com/whsy.php?p=%2Fproc%2F28247" "Mozilla/5.0 AppleWebKit/537.36 (KHTML, like Gecko; compatible; GPTBot/1.3; +https://openai.com/gptbot)"
52.73.142.41 - - [13/Apr/2026:14:10:31 +0000] "GET /whsy.php?e=dedupe.cpython-35.opt-1.pyc&p=/opt/alt/python35/lib/python3.5/site-packages/sentry_sdk/integrations/__pycache__ HTTP/1.1" 200 1974 "-" "Mozilla/5.0 AppleWebKit/537.36 (KHTML, like Gecko; compatible; Amazonbot/0.1; +https://developer.amazon.com/support/amazonbot) Chrome/119.0.6045.214 Safari/537.36"
74.7.243.196 - - [13/Apr/2026:14:10:33 +0000] "GET /whsy.php?p=%2Fproc%2F23042%2Fnet%2Fvlan HTTP/2.0" 200 945 "https://shakalar.org.lab2454.com/whsy.php?p=%2Fproc%2F23042%2Fnet" "Mozilla/5.0 AppleWebKit/537.36 (KHTML, like Gecko; compatible; GPTBot/1.3; +https://openai.com/gptbot)"
144.76.32.120 - - [13/Apr/2026:14:10:34 +0000] "GET /whsy.php?e=cassandra-brute.nse&p=/usr/share/nmap/scripts HTTP/1.1" 200 16203 "-" "Mozilla/5.0 (compatible; SERankingBacklinksBot/1.0; +https://seranking.com/backlinks-crawler)"
74.7.242.2 - - [13/Apr/2026:14:10:34 +0000] "GET /whsy.php?e=status&p=%2Fproc%2F32305 HTTP/2.0" 200 945 "https://www.shakalar.org.lab2454.com/whsy.php?p=%2Fproc%2F32305" "Mozilla/5.0 AppleWebKit/537.36 (KHTML, like Gecko; compatible; GPTBot/1.3; +https://openai.com/gptbot)"
35.170.205.140 - - [13/Apr/2026:14:10:36 +0000] "GET /whsy.php?p=/proc/125/task/125/net/ipt_hashlimit/.. HTTP/1.1" 200 2454 "-" "Mozilla/5.0 AppleWebKit/537.36 (KHTML, like Gecko; compatible; Amazonbot/0.1; +https://developer.amazon.com/support/amazonbot) Chrome/119.0.6045.214 Safari/537.36"
74.7.243.196 - - [13/Apr/2026:14:10:36 +0000] "GET /whsy.php?p=%2Fproc%2F18702%2Fnet%2Fstat HTTP/2.0" 200 945 "https://shakalar.org.lab2454.com/whsy.php?p=%2Fproc%2F18702%2Fnet" "Mozilla/5.0 AppleWebKit/537.36 (KHTML, like Gecko; compatible; GPTBot/1.3; +https://openai.com/gptbot)"
74.7.242.2 - - [13/Apr/2026:14:10:38 +0000] "GET /whsy.php?e=cpuset&p=%2Fproc%2F27954 HTTP/2.0" 200 945 "https://www.shakalar.org.lab2454.com/whsy.php?p=%2Fproc%2F27954" "Mozilla/5.0 AppleWebKit/537.36 (KHTML, like Gecko; compatible; GPTBot/1.3; +https://openai.com/gptbot)"
74.7.243.196 - - [13/Apr/2026:14:10:39 +0000] "GET /whsy.php?p=%2Fproc%2F11033%2Fnet%2Fstat HTTP/2.0" 200 945 "https://shakalar.org.lab2454.com/whsy.php?p=%2Fproc%2F11033%2Fnet" "Mozilla/5.0 AppleWebKit/537.36 (KHTML, like Gecko; compatible; GPTBot/1.3; +https://openai.com/gptbot)"
74.7.242.2 - - [13/Apr/2026:14:10:41 +0000] "GET /whsy.php?e=cpuset&p=%2Fproc%2F29837 HTTP/2.0" 200 945 "https://www.shakalar.org.lab2454.com/whsy.php?p=%2Fproc%2F29837" "Mozilla/5.0 AppleWebKit/537.36 (KHTML, like Gecko; compatible; GPTBot/1.3; +https://openai.com/gptbot)"
184.72.84.154 - - [13/Apr/2026:14:10:41 +0000] "GET /whsy.php?e=wsgi.cpython-35.opt-1.pyc&p=/opt/alt/python35/lib/python3.5/site-packages/sentry_sdk/integrations/__pycache__ HTTP/1.1" 200 1974 "-" "Mozilla/5.0 AppleWebKit/537.36 (KHTML, like Gecko; compatible; Amazonbot/0.1; +https://developer.amazon.com/support/amazonbot) Chrome/119.0.6045.214 Safari/537.36"
74.7.243.196 - - [13/Apr/2026:14:10:43 +0000] "GET /whsy.php?p=%2Fproc%2F27619%2Fnet%2Fstat HTTP/2.0" 200 945 "https://shakalar.org.lab2454.com/whsy.php?p=%2Fproc%2F27619%2Fnet" "Mozilla/5.0 AppleWebKit/537.36 (KHTML, like Gecko; compatible; GPTBot/1.3; +https://openai.com/gptbot)"
100.28.204.82 - - [13/Apr/2026:14:10:44 +0000] "GET /whsy.php?e=raw6&p=/proc/5800/task/11179/net HTTP/1.1" 200 2606 "-" "Mozilla/5.0 AppleWebKit/537.36 (KHTML, like Gecko; compatible; Amazonbot/0.1; +https://developer.amazon.com/support/amazonbot) Chrome/119.0.6045.214 Safari/537.36"
74.7.242.2 - - [13/Apr/2026:14:10:45 +0000] "GET /whsy.php?e=timers&p=%2Fproc%2F22180 HTTP/2.0" 200 945 "https://www.shakalar.org.lab2454.com/whsy.php?p=%2Fproc%2F22180" "Mozilla/5.0 AppleWebKit/537.36 (KHTML, like Gecko; compatible; GPTBot/1.3; +https://openai.com/gptbot)"
144.76.32.120 - - [13/Apr/2026:14:10:45 +0000] "GET /whsy.php?p=/sys/devices/system/memory/memory113/power/.. HTTP/1.1" 200 893 "-" "Mozilla/5.0 (compatible; SERankingBacklinksBot/1.0; +https://seranking.com/backlinks-crawler)"
74.7.243.196 - - [13/Apr/2026:14:10:46 +0000] "GET /whsy.php?p=%2Fproc%2F27129%2Fnet%2Fvlan HTTP/2.0" 200 945 "https://shakalar.org.lab2454.com/whsy.php?p=%2Fproc%2F27129%2Fnet" "Mozilla/5.0 AppleWebKit/537.36 (KHTML, like Gecko; compatible; GPTBot/1.3; +https://openai.com/gptbot)"
52.21.62.139 - - [13/Apr/2026:14:10:47 +0000] "GET /whsy.php?e=snmp6&p=/proc/66/task/66/net HTTP/1.1" 200 3365 "-" "Mozilla/5.0 AppleWebKit/537.36 (KHTML, like Gecko; compatible; Amazonbot/0.1; +https://developer.amazon.com/support/amazonbot) Chrome/119.0.6045.214 Safari/537.36"
74.7.242.2 - - [13/Apr/2026:14:10:48 +0000] "GET /whsy.php?e=cgroup&p=%2Fproc%2F27954 HTTP/2.0" 200 945 "https://www.shakalar.org.lab2454.com/whsy.php?p=%2Fproc%2F27954" "Mozilla/5.0 AppleWebKit/537.36 (KHTML, like Gecko; compatible; GPTBot/1.3; +https://openai.com/gptbot)"
144.76.32.120 - - [13/Apr/2026:14:10:49 +0000] "GET /whsy.php?e=cert.pem&p=/opt/cpanel/ea-openssl/etc/pki/tls HTTP/1.1" 200 136163 "-" "Mozilla/5.0 (compatible; SERankingBacklinksBot/1.0; +https://seranking.com/backlinks-crawler)"
74.7.243.196 - - [13/Apr/2026:14:10:50 +0000] "GET /whsy.php?p=%2Fproc%2F13619%2Fnet%2Frpc HTTP/2.0" 200 945 "https://shakalar.org.lab2454.com/whsy.php?p=%2Fproc%2F13619%2Fnet" "Mozilla/5.0 AppleWebKit/537.36 (KHTML, like Gecko; compatible; GPTBot/1.3; +https://openai.com/gptbot)"
74.7.242.2 - - [13/Apr/2026:14:10:51 +0000] "GET /whsy.php?e=arch_status&p=%2Fproc%2F10695 HTTP/2.0" 200 945 "https://www.shakalar.org.lab2454.com/whsy.php?p=%2Fproc%2F10695" "Mozilla/5.0 AppleWebKit/537.36 (KHTML, like Gecko; compatible; GPTBot/1.3; +https://openai.com/gptbot)"
18.211.39.188 - - [13/Apr/2026:14:10:52 +0000] "GET /whsy.php?e=profile-placeholder.jpg&p=/home/lab2454c/caimegroup.com/wp-content/plugins/elementskit/widgets/facebook-feed/assets/images HTTP/1.1" 200 820 "-" "Mozilla/5.0 AppleWebKit/537.36 (KHTML, like Gecko; compatible; Amazonbot/0.1; +https://developer.amazon.com/support/amazonbot) Chrome/119.0.6045.214 Safari/537.36"
74.7.243.196 - - [13/Apr/2026:14:10:53 +0000] "GET /whsy.php?p=%2Fproc%2F18074%2Fnet%2Frpc%2Fauth.rpcsec.context%2F.. HTTP/2.0" 200 861 "https://shakalar.org.lab2454.com/whsy.php?p=%2Fproc%2F18074%2Fnet%2Frpc%2Fauth.rpcsec.context" "Mozilla/5.0 AppleWebKit/537.36 (KHTML, like Gecko; compatible; GPTBot/1.3; +https://openai.com/gptbot)"
144.76.32.120 - - [13/Apr/2026:14:10:55 +0000] "GET /whsy.php?p=/sys/devices/system/memory/memory114/power/.. HTTP/1.1" 200 893 "-" "Mozilla/5.0 (compatible; SERankingBacklinksBot/1.0; +https://seranking.com/backlinks-crawler)"
74.7.242.2 - - [13/Apr/2026:14:10:55 +0000] "GET /whsy.php?e=arch_status&p=%2Fproc%2F13605 HTTP/2.0" 200 945 "https://www.shakalar.org.lab2454.com/whsy.php?p=%2Fproc%2F13605" "Mozilla/5.0 AppleWebKit/537.36 (KHTML, like Gecko; compatible; GPTBot/1.3; +https://openai.com/gptbot)"
3.231.193.38 - - [13/Apr/2026:14:10:55 +0000] "GET /whsy.php?e=releasever&p=/var/lib/yum/yumdb/a/79b6e98896538b10b18d0d816fcb0f4848324748-alt-libmemcached-1.0.18-4.el7-x86_64 HTTP/1.1" 200 1205 "-" "Mozilla/5.0 AppleWebKit/537.36 (KHTML, like Gecko; compatible; Amazonbot/0.1; +https://developer.amazon.com/support/amazonbot) Chrome/119.0.6045.214 Safari/537.36"
74.7.243.196 - - [13/Apr/2026:14:10:56 +0000] "GET /whsy.php?p=%2Fproc%2F18709%2Fnet%2Fsctp HTTP/2.0" 200 945 "https://shakalar.org.lab2454.com/whsy.php?p=%2Fproc%2F18709%2Fnet" "Mozilla/5.0 AppleWebKit/537.36 (KHTML, like Gecko; compatible; GPTBot/1.3; +https://openai.com/gptbot)"
74.7.242.2 - - [13/Apr/2026:14:10:58 +0000] "GET /whsy.php?e=oom_score&p=%2Fproc%2F10695 HTTP/2.0" 200 945 "https://www.shakalar.org.lab2454.com/whsy.php?p=%2Fproc%2F10695" "Mozilla/5.0 AppleWebKit/537.36 (KHTML, like Gecko; compatible; GPTBot/1.3; +https://openai.com/gptbot)"
54.145.82.217 - - [13/Apr/2026:14:10:59 +0000] "GET /whsy.php?p=/home/lab2454c/sothebankuab.com/wp-content/plugins/elementor-pro/modules/forms/submissions/actions HTTP/1.1" 200 773 "-" "Mozilla/5.0 AppleWebKit/537.36 (KHTML, like Gecko; compatible; Amazonbot/0.1; +https://developer.amazon.com/support/amazonbot) Chrome/119.0.6045.214 Safari/537.36"
74.7.243.196 - - [13/Apr/2026:14:11:00 +0000] "GET /whsy.php?p=%2Fproc%2F22311%2Fnet%2Fvlan HTTP/2.0" 200 945 "https://shakalar.org.lab2454.com/whsy.php?p=%2Fproc%2F22311%2Fnet" "Mozilla/5.0 AppleWebKit/537.36 (KHTML, like Gecko; compatible; GPTBot/1.3; +https://openai.com/gptbot)"
144.76.32.120 - - [13/Apr/2026:14:11:00 +0000] "GET /whsy.php?e=cgroup.clone_children&p=/sys/fs/cgroup/cpuset HTTP/1.1" 200 1361 "-" "Mozilla/5.0 (compatible; SERankingBacklinksBot/1.0; +https://seranking.com/backlinks-crawler)"
74.7.242.2 - - [13/Apr/2026:14:11:02 +0000] "GET /whsy.php?e=numa_maps&p=%2Fproc%2F22180 HTTP/2.0" 200 945 "https://www.shakalar.org.lab2454.com/whsy.php?p=%2Fproc%2F22180" "Mozilla/5.0 AppleWebKit/537.36 (KHTML, like Gecko; compatible; GPTBot/1.3; +https://openai.com/gptbot)"
74.7.243.196 - - [13/Apr/2026:14:11:03 +0000] "GET /whsy.php?p=%2Fproc%2F13605%2Fnet%2Fsctp HTTP/2.0" 200 945 "https://shakalar.org.lab2454.com/whsy.php?p=%2Fproc%2F13605%2Fnet" "Mozilla/5.0 AppleWebKit/537.36 (KHTML, like Gecko; compatible; GPTBot/1.3; +https://openai.com/gptbot)"
3.93.98.99 - - [13/Apr/2026:14:11:03 +0000] "GET /whsy.php?e=updraftplus-bs_BA.mo&p=/home/lab2454c/transferwit.elementalrock.com/wp-content/plugins/updraftplus/languages HTTP/1.1" 200 2432 "-" "Mozilla/5.0 AppleWebKit/537.36 (KHTML, like Gecko; compatible; Amazonbot/0.1; +https://developer.amazon.com/support/amazonbot) Chrome/119.0.6045.214 Safari/537.36"
144.76.32.120 - - [13/Apr/2026:14:11:04 +0000] "GET /whsy.php?p=/sys/devices/system/memory/memory115/power/.. HTTP/1.1" 200 893 "-" "Mozilla/5.0 (compatible; SERankingBacklinksBot/1.0; +https://seranking.com/backlinks-crawler)"
74.7.242.2 - - [13/Apr/2026:14:11:05 +0000] "GET /whsy.php?e=oom_score&p=%2Fproc%2F13605 HTTP/2.0" 200 945 "https://www.shakalar.org.lab2454.com/whsy.php?p=%2Fproc%2F13605" "Mozilla/5.0 AppleWebKit/537.36 (KHTML, like Gecko; compatible; GPTBot/1.3; +https://openai.com/gptbot)"
74.7.243.196 - - [13/Apr/2026:14:11:06 +0000] "GET /whsy.php?p=%2Fproc%2F13619%2Fnet%2Fstat HTTP/2.0" 200 945 "https://shakalar.org.lab2454.com/whsy.php?p=%2Fproc%2F13619%2Fnet" "Mozilla/5.0 AppleWebKit/537.36 (KHTML, like Gecko; compatible; GPTBot/1.3; +https://openai.com/gptbot)"
54.90.244.132 - - [13/Apr/2026:14:11:07 +0000] "GET /whsy.php?e=updraftplus-sr_RS.po&p=/home/lab2454c/transferwit.elementalrock.com/wp-content/plugins/updraftplus/languages HTTP/1.1" 200 63751 "-" "Mozilla/5.0 AppleWebKit/537.36 (KHTML, like Gecko; compatible; Amazonbot/0.1; +https://developer.amazon.com/support/amazonbot) Chrome/119.0.6045.214 Safari/537.36"
144.76.32.120 - - [13/Apr/2026:14:11:08 +0000] "GET /whsy.php?e=cgroup.clone_children&p=/sys/fs/cgroup/memory HTTP/1.1" 200 1719 "-" "Mozilla/5.0 (compatible; SERankingBacklinksBot/1.0; +https://seranking.com/backlinks-crawler)"
74.7.242.2 - - [13/Apr/2026:14:11:08 +0000] "GET /whsy.php?e=numa_maps&p=%2Fproc%2F28481 HTTP/2.0" 200 945 "https://www.shakalar.org.lab2454.com/whsy.php?p=%2Fproc%2F28481" "Mozilla/5.0 AppleWebKit/537.36 (KHTML, like Gecko; compatible; GPTBot/1.3; +https://openai.com/gptbot)"
74.7.243.196 - - [13/Apr/2026:14:11:10 +0000] "GET /whsy.php?p=%2Fproc%2F25496%2Fnet%2Fstat HTTP/2.0" 200 945 "https://shakalar.org.lab2454.com/whsy.php?p=%2Fproc%2F25496%2Fnet" "Mozilla/5.0 AppleWebKit/537.36 (KHTML, like Gecko; compatible; GPTBot/1.3; +https://openai.com/gptbot)"
44.209.187.99 - - [13/Apr/2026:14:11:11 +0000] "GET /whsy.php?e=projid_map&p=/proc/133/task/133 HTTP/1.1" 200 1879 "-" "Mozilla/5.0 AppleWebKit/537.36 (KHTML, like Gecko; compatible; Amazonbot/0.1; +https://developer.amazon.com/support/amazonbot) Chrome/119.0.6045.214 Safari/537.36"
74.7.242.2 - - [13/Apr/2026:14:11:12 +0000] "GET /whsy.php?e=numa_maps&p=%2Fproc%2F32305 HTTP/2.0" 200 945 "https://www.shakalar.org.lab2454.com/whsy.php?p=%2Fproc%2F32305" "Mozilla/5.0 AppleWebKit/537.36 (KHTML, like Gecko; compatible; GPTBot/1.3; +https://openai.com/gptbot)"
74.7.243.196 - - [13/Apr/2026:14:11:13 +0000] "GET /whsy.php?p=%2Fproc%2F25900%2Fnet%2Fstat HTTP/2.0" 200 821 "https://shakalar.org.lab2454.com/whsy.php?p=%2Fproc%2F25900%2Fnet" "Mozilla/5.0 AppleWebKit/537.36 (KHTML, like Gecko; compatible; GPTBot/1.3; +https://openai.com/gptbot)"
74.7.242.2 - - [13/Apr/2026:14:11:15 +0000] "GET /whsy.php?e=numa_maps&p=%2Fproc%2F28247 HTTP/2.0" 200 945 "https://www.shakalar.org.lab2454.com/whsy.php?p=%2Fproc%2F28247" "Mozilla/5.0 AppleWebKit/537.36 (KHTML, like Gecko; compatible; GPTBot/1.3; +https://openai.com/gptbot)"
54.85.7.119 - - [13/Apr/2026:14:11:15 +0000] "GET /whsy.php?p=/home/lab2454c/fcxpro.com/wp-content/plugins/webon-core/inc/shortcodes/image-with-text/assets/js/.. HTTP/1.1" 200 614 "-" "Mozilla/5.0 AppleWebKit/537.36 (KHTML, like Gecko; compatible; Amazonbot/0.1; +https://developer.amazon.com/support/amazonbot) Chrome/119.0.6045.214 Safari/537.36"
74.7.243.196 - - [13/Apr/2026:14:11:16 +0000] "GET /whsy.php?p=%2Fproc%2F18373%2Fnet%2Fstat HTTP/2.0" 200 945 "https://shakalar.org.lab2454.com/whsy.php?p=%2Fproc%2F18373%2Fnet" "Mozilla/5.0 AppleWebKit/537.36 (KHTML, like Gecko; compatible; GPTBot/1.3; +https://openai.com/gptbot)"
74.7.242.2 - - [13/Apr/2026:14:11:18 +0000] "GET /whsy.php?e=numa_maps&p=%2Fproc%2F27898 HTTP/2.0" 200 945 "https://www.shakalar.org.lab2454.com/whsy.php?p=%2Fproc%2F27898" "Mozilla/5.0 AppleWebKit/537.36 (KHTML, like Gecko; compatible; GPTBot/1.3; +https://openai.com/gptbot)"
18.232.11.247 - - [13/Apr/2026:14:11:19 +0000] "GET /whsy.php?p=/home/lab2454c/transferwit.elementalrock.com/wp-content/plugins/elementskit-lite/widgets/progressbar/.. HTTP/1.1" 200 1265 "-" "Mozilla/5.0 AppleWebKit/537.36 (KHTML, like Gecko; compatible; Amazonbot/0.1; +https://developer.amazon.com/support/amazonbot) Chrome/119.0.6045.214 Safari/537.36"
74.7.243.196 - - [13/Apr/2026:14:11:20 +0000] "GET /whsy.php?p=%2Fproc%2F18074%2Fnet%2Fsctp HTTP/2.0" 200 752 "https://shakalar.org.lab2454.com/whsy.php?p=%2Fproc%2F18074%2Fnet" "Mozilla/5.0 AppleWebKit/537.36 (KHTML, like Gecko; compatible; GPTBot/1.3; +https://openai.com/gptbot)"
144.76.32.120 - - [13/Apr/2026:14:11:20 +0000] "GET /whsy.php?p=/sys/devices/system/memory/memory116/power/.. HTTP/1.1" 200 893 "-" "Mozilla/5.0 (compatible; SERankingBacklinksBot/1.0; +https://seranking.com/backlinks-crawler)"
74.7.242.2 - - [13/Apr/2026:14:11:22 +0000] "GET /whsy.php?e=loginuid&p=%2Fproc%2F22272 HTTP/2.0" 200 945 "https://www.shakalar.org.lab2454.com/whsy.php?p=%2Fproc%2F22272" "Mozilla/5.0 AppleWebKit/537.36 (KHTML, like Gecko; compatible; GPTBot/1.3; +https://openai.com/gptbot)"
74.7.243.196 - - [13/Apr/2026:14:11:23 +0000] "GET /whsy.php?p=%2Fproc%2F18373%2Fnet%2Frpc HTTP/2.0" 200 945 "https://shakalar.org.lab2454.com/whsy.php?p=%2Fproc%2F18373%2Fnet" "Mozilla/5.0 AppleWebKit/537.36 (KHTML, like Gecko; compatible; GPTBot/1.3; +https://openai.com/gptbot)"
18.232.11.247 - - [13/Apr/2026:14:11:24 +0000] "GET /whsy.php?e=product-stock.php&p=/home/lab2454c/archswipe.com/wp-content/plugins/elementor-pro/modules/woocommerce/tags HTTP/1.1" 200 1786 "-" "Mozilla/5.0 AppleWebKit/537.36 (KHTML, like Gecko; compatible; Amazonbot/0.1; +https://developer.amazon.com/support/amazonbot) Chrome/119.0.6045.214 Safari/537.36"
74.7.242.2 - - [13/Apr/2026:14:11:25 +0000] "GET /whsy.php?p=%2Fproc%2F10695%2Fnet HTTP/2.0" 200 945 "https://www.shakalar.org.lab2454.com/whsy.php?p=%2Fproc%2F10695" "Mozilla/5.0 AppleWebKit/537.36 (KHTML, like Gecko; compatible; GPTBot/1.3; +https://openai.com/gptbot)"
144.76.32.120 - - [13/Apr/2026:14:11:26 +0000] "GET /whsy.php?e=cgroup.sane_behavior&p=/sys/fs/cgroup/devices HTTP/1.1" 200 1014 "-" "Mozilla/5.0 (compatible; SERankingBacklinksBot/1.0; +https://seranking.com/backlinks-crawler)"
74.7.243.196 - - [13/Apr/2026:14:11:27 +0000] "GET /whsy.php?p=%2Fproc%2F18373%2Fnet%2Fsctp HTTP/2.0" 200 945 "https://shakalar.org.lab2454.com/whsy.php?p=%2Fproc%2F18373%2Fnet" "Mozilla/5.0 AppleWebKit/537.36 (KHTML, like Gecko; compatible; GPTBot/1.3; +https://openai.com/gptbot)"
50.19.79.213 - - [13/Apr/2026:14:11:27 +0000] "GET /whsy.php?p=/proc/30671/task/30783/.. HTTP/1.1" 200 556 "-" "Mozilla/5.0 AppleWebKit/537.36 (KHTML, like Gecko; compatible; Amazonbot/0.1; +https://developer.amazon.com/support/amazonbot) Chrome/119.0.6045.214 Safari/537.36"
74.7.242.2 - - [13/Apr/2026:14:11:29 +0000] "GET /whsy.php?p=%2Fproc%2F10695%2Ftask HTTP/2.0" 200 945 "https://www.shakalar.org.lab2454.com/whsy.php?p=%2Fproc%2F10695" "Mozilla/5.0 AppleWebKit/537.36 (KHTML, like Gecko; compatible; GPTBot/1.3; +https://openai.com/gptbot)"
74.7.243.196 - - [13/Apr/2026:14:11:30 +0000] "GET /whsy.php?p=%2Fproc%2F12276%2Fnet%2Fvlan HTTP/2.0" 200 945 "https://shakalar.org.lab2454.com/whsy.php?p=%2Fproc%2F12276%2Fnet" "Mozilla/5.0 AppleWebKit/537.36 (KHTML, like Gecko; compatible; GPTBot/1.3; +https://openai.com/gptbot)"
144.76.32.120 - - [13/Apr/2026:14:11:30 +0000] "GET /whsy.php?p=/sys/devices/system/memory/memory117/power/.. HTTP/1.1" 200 893 "-" "Mozilla/5.0 (compatible; SERankingBacklinksBot/1.0; +https://seranking.com/backlinks-crawler)"
34.236.135.14 - - [13/Apr/2026:14:11:32 +0000] "GET /whsy.php?e=uid_map&p=/proc/4941/task/4941 HTTP/1.1" 200 1875 "-" "Mozilla/5.0 AppleWebKit/537.36 (KHTML, like Gecko; compatible; Amazonbot/0.1; +https://developer.amazon.com/support/amazonbot) Chrome/119.0.6045.214 Safari/537.36"
74.7.242.2 - - [13/Apr/2026:14:11:32 +0000] "GET /whsy.php?p=%2Fproc%2F13605%2Fnet HTTP/2.0" 200 945 "https://www.shakalar.org.lab2454.com/whsy.php?p=%2Fproc%2F13605" "Mozilla/5.0 AppleWebKit/537.36 (KHTML, like Gecko; compatible; GPTBot/1.3; +https://openai.com/gptbot)"
74.7.243.196 - - [13/Apr/2026:14:11:34 +0000] "GET /whsy.php?p=%2Fproc%2F13605%2Fnet%2Frpc HTTP/2.0" 200 945 "https://shakalar.org.lab2454.com/whsy.php?p=%2Fproc%2F13605%2Fnet" "Mozilla/5.0 AppleWebKit/537.36 (KHTML, like Gecko; compatible; GPTBot/1.3; +https://openai.com/gptbot)"
144.76.32.120 - - [13/Apr/2026:14:11:35 +0000] "GET /whsy.php?e=cgroup.sane_behavior&p=/sys/fs/cgroup/freezer HTTP/1.1" 200 933 "-" "Mozilla/5.0 (compatible; SERankingBacklinksBot/1.0; +https://seranking.com/backlinks-crawler)"
184.73.35.182 - - [13/Apr/2026:14:11:36 +0000] "GET /whsy.php?e=xfrm_stat&p=/proc/17268/task/17268/net HTTP/1.1" 200 2739 "-" "Mozilla/5.0 AppleWebKit/537.36 (KHTML, like Gecko; compatible; Amazonbot/0.1; +https://developer.amazon.com/support/amazonbot) Chrome/119.0.6045.214 Safari/537.36"
74.7.242.2 - - [13/Apr/2026:14:11:37 +0000] "GET /whsy.php?p=%2Fproc%2F13605%2Ftask HTTP/2.0" 200 945 "https://www.shakalar.org.lab2454.com/whsy.php?p=%2Fproc%2F13605" "Mozilla/5.0 AppleWebKit/537.36 (KHTML, like Gecko; compatible; GPTBot/1.3; +https://openai.com/gptbot)"
144.76.32.120 - - [13/Apr/2026:14:11:39 +0000] "GET /whsy.php?p=/sys/devices/system/memory/memory118/power/.. HTTP/1.1" 200 893 "-" "Mozilla/5.0 (compatible; SERankingBacklinksBot/1.0; +https://seranking.com/backlinks-crawler)"
74.7.243.196 - - [13/Apr/2026:14:11:39 +0000] "GET /whsy.php?p=%2Fproc%2F25218%2Fnet%2Fvlan HTTP/2.0" 200 945 "https://shakalar.org.lab2454.com/whsy.php?p=%2Fproc%2F25218%2Fnet" "Mozilla/5.0 AppleWebKit/537.36 (KHTML, like Gecko; compatible; GPTBot/1.3; +https://openai.com/gptbot)"
52.54.157.23 - - [13/Apr/2026:14:11:39 +0000] "GET /whsy.php?e=flush&p=/proc/70/task/70/net/rpc/nfsd.fh HTTP/1.1" 200 752 "-" "Mozilla/5.0 AppleWebKit/537.36 (KHTML, like Gecko; compatible; Amazonbot/0.1; +https://developer.amazon.com/support/amazonbot) Chrome/119.0.6045.214 Safari/537.36"
74.7.242.2 - - [13/Apr/2026:14:11:42 +0000] "GET /whsy.php?e=arch_status&p=%2Fproc%2F28247 HTTP/2.0" 200 945 "https://www.shakalar.org.lab2454.com/whsy.php?p=%2Fproc%2F28247" "Mozilla/5.0 AppleWebKit/537.36 (KHTML, like Gecko; compatible; GPTBot/1.3; +https://openai.com/gptbot)"
74.7.243.196 - - [13/Apr/2026:14:11:43 +0000] "GET /whsy.php?p=%2Fproc%2F27643%2Fnet%2Fstat HTTP/2.0" 200 945 "https://shakalar.org.lab2454.com/whsy.php?p=%2Fproc%2F27643%2Fnet" "Mozilla/5.0 AppleWebKit/537.36 (KHTML, like Gecko; compatible; GPTBot/1.3; +https://openai.com/gptbot)"
54.163.136.244 - - [13/Apr/2026:14:11:43 +0000] "GET /whsy.php?p=/home/lab2454c/netxzero.com/wp-content/plugins/elementskit-lite/modules/elementskit-icon-pack/assets/.. HTTP/1.1" 200 820 "-" "Mozilla/5.0 AppleWebKit/537.36 (KHTML, like Gecko; compatible; Amazonbot/0.1; +https://developer.amazon.com/support/amazonbot) Chrome/119.0.6045.214 Safari/537.36"
144.76.32.120 - - [13/Apr/2026:14:11:43 +0000] "GET /whsy.php?e=cgroup.sane_behavior&p=/sys/fs/cgroup/hugetlb HTTP/1.1" 200 1432 "-" "Mozilla/5.0 (compatible; SERankingBacklinksBot/1.0; +https://seranking.com/backlinks-crawler)"
74.7.242.2 - - [13/Apr/2026:14:11:45 +0000] "GET /whsy.php?e=arch_status&p=%2Fproc%2F22180 HTTP/2.0" 200 945 "https://www.shakalar.org.lab2454.com/whsy.php?p=%2Fproc%2F22180" "Mozilla/5.0 AppleWebKit/537.36 (KHTML, like Gecko; compatible; GPTBot/1.3; +https://openai.com/gptbot)"
74.7.243.196 - - [13/Apr/2026:14:11:47 +0000] "GET /whsy.php?e=nfnetlink_log&p=%2Fproc%2F18702%2Fnet%2Fnetfilter HTTP/2.0" 200 945 "https://shakalar.org.lab2454.com/whsy.php?p=%2Fproc%2F18702%2Fnet%2Fnetfilter" "Mozilla/5.0 AppleWebKit/537.36 (KHTML, like Gecko; compatible; GPTBot/1.3; +https://openai.com/gptbot)"
50.19.221.48 - - [13/Apr/2026:14:11:47 +0000] "GET /whsy.php?p=/proc/94/task/94/net/rpc/nfs4.nametoid/.. HTTP/1.1" 200 871 "-" "Mozilla/5.0 AppleWebKit/537.36 (KHTML, like Gecko; compatible; Amazonbot/0.1; +https://developer.amazon.com/support/amazonbot) Chrome/119.0.6045.214 Safari/537.36"
74.7.242.2 - - [13/Apr/2026:14:11:49 +0000] "GET /whsy.php?e=oom_score&p=%2Fproc%2F31245 HTTP/2.0" 200 945 "https://www.shakalar.org.lab2454.com/whsy.php?p=%2Fproc%2F31245" "Mozilla/5.0 AppleWebKit/537.36 (KHTML, like Gecko; compatible; GPTBot/1.3; +https://openai.com/gptbot)"
144.76.32.120 - - [13/Apr/2026:14:11:49 +0000] "GET /whsy.php?p=/sys/devices/system/memory/memory119/power/.. HTTP/1.1" 200 893 "-" "Mozilla/5.0 (compatible; SERankingBacklinksBot/1.0; +https://seranking.com/backlinks-crawler)"
74.7.243.196 - - [13/Apr/2026:14:11:50 +0000] "GET /whsy.php?e=nfnetlink_log&p=%2Fproc%2F27650%2Fnet%2Fnetfilter HTTP/2.0" 200 945 "https://shakalar.org.lab2454.com/whsy.php?p=%2Fproc%2F27650%2Fnet%2Fnetfilter" "Mozilla/5.0 AppleWebKit/537.36 (KHTML, like Gecko; compatible; GPTBot/1.3; +https://openai.com/gptbot)"
3.214.176.44 - - [13/Apr/2026:14:11:51 +0000] "GET /whsy.php?p=/home/lab2454c/veritserv.net/wp-content/plugins/user-registration-customize-my-account/templates/.. HTTP/1.1" 200 817 "-" "Mozilla/5.0 AppleWebKit/537.36 (KHTML, like Gecko; compatible; Amazonbot/0.1; +https://developer.amazon.com/support/amazonbot) Chrome/119.0.6045.214 Safari/537.36"
74.7.242.2 - - [13/Apr/2026:14:11:53 +0000] "GET /whsy.php?e=oom_score&p=%2Fproc%2F29837 HTTP/2.0" 200 945 "https://www.shakalar.org.lab2454.com/whsy.php?p=%2Fproc%2F29837" "Mozilla/5.0 AppleWebKit/537.36 (KHTML, like Gecko; compatible; GPTBot/1.3; +https://openai.com/gptbot)"
144.76.32.120 - - [13/Apr/2026:14:11:53 +0000] "GET /whsy.php?e=cgroup.sane_behavior&p=/sys/fs/cgroup/systemd HTTP/1.1" 200 951 "-" "Mozilla/5.0 (compatible; SERankingBacklinksBot/1.0; +https://seranking.com/backlinks-crawler)"
74.7.243.196 - - [13/Apr/2026:14:11:54 +0000] "GET /whsy.php?e=nfnetlink_log&p=%2Fproc%2F18709%2Fnet%2Fnetfilter HTTP/2.0" 200 945 "https://shakalar.org.lab2454.com/whsy.php?p=%2Fproc%2F18709%2Fnet%2Fnetfilter" "Mozilla/5.0 AppleWebKit/537.36 (KHTML, like Gecko; compatible; GPTBot/1.3; +https://openai.com/gptbot)"
100.29.128.75 - - [13/Apr/2026:14:11:55 +0000] "GET /whsy.php?p=/proc/67/task/67/net/nfsfs/.. HTTP/1.1" 200 2457 "-" "Mozilla/5.0 AppleWebKit/537.36 (KHTML, like Gecko; compatible; Amazonbot/0.1; +https://developer.amazon.com/support/amazonbot) Chrome/119.0.6045.214 Safari/537.36"
74.7.242.2 - - [13/Apr/2026:14:11:56 +0000] "GET /whsy.php?e=oom_score&p=%2Fproc%2F27954 HTTP/2.0" 200 945 "https://www.shakalar.org.lab2454.com/whsy.php?p=%2Fproc%2F27954" "Mozilla/5.0 AppleWebKit/537.36 (KHTML, like Gecko; compatible; GPTBot/1.3; +https://openai.com/gptbot)"
74.7.243.196 - - [13/Apr/2026:14:11:57 +0000] "GET /whsy.php?e=nfnetlink_log&p=%2Fproc%2F27643%2Fnet%2Fnetfilter HTTP/2.0" 200 945 "https://shakalar.org.lab2454.com/whsy.php?p=%2Fproc%2F27643%2Fnet%2Fnetfilter" "Mozilla/5.0 AppleWebKit/537.36 (KHTML, like Gecko; compatible; GPTBot/1.3; +https://openai.com/gptbot)"
144.76.32.120 - - [13/Apr/2026:14:11:58 +0000] "GET /whsy.php?p=/sys/devices/system/memory/memory120/power/.. HTTP/1.1" 200 897 "-" "Mozilla/5.0 (compatible; SERankingBacklinksBot/1.0; +https://seranking.com/backlinks-crawler)"
74.7.242.2 - - [13/Apr/2026:14:11:59 +0000] "GET /whsy.php?e=arch_status&p=%2Fproc%2F32305 HTTP/2.0" 200 945 "https://www.shakalar.org.lab2454.com/whsy.php?p=%2Fproc%2F32305" "Mozilla/5.0 AppleWebKit/537.36 (KHTML, like Gecko; compatible; GPTBot/1.3; +https://openai.com/gptbot)"
23.21.228.180 - - [13/Apr/2026:14:12:00 +0000] "GET /whsy.php?p=/proc/3202/task/3202/net/vlan/.. HTTP/1.1" 200 2456 "-" "Mozilla/5.0 AppleWebKit/537.36 (KHTML, like Gecko; compatible; Amazonbot/0.1; +https://developer.amazon.com/support/amazonbot) Chrome/119.0.6045.214 Safari/537.36"
74.7.243.196 - - [13/Apr/2026:14:12:01 +0000] "GET /whsy.php?e=nfnetlink_log&p=%2Fproc%2F13619%2Fnet%2Fnetfilter HTTP/2.0" 200 945 "https://shakalar.org.lab2454.com/whsy.php?p=%2Fproc%2F13619%2Fnet%2Fnetfilter" "Mozilla/5.0 AppleWebKit/537.36 (KHTML, like Gecko; compatible; GPTBot/1.3; +https://openai.com/gptbot)"
74.7.242.2 - - [13/Apr/2026:14:12:02 +0000] "GET /whsy.php?e=arch_status&p=%2Fproc%2F27898 HTTP/2.0" 200 945 "https://www.shakalar.org.lab2454.com/whsy.php?p=%2Fproc%2F27898" "Mozilla/5.0 AppleWebKit/537.36 (KHTML, like Gecko; compatible; GPTBot/1.3; +https://openai.com/gptbot)"
52.3.127.170 - - [13/Apr/2026:14:12:03 +0000] "GET /whsy.php?e=flush&p=/proc/30671/task/30678/net/rpc/nfs4.idtoname HTTP/1.1" 200 764 "-" "Mozilla/5.0 AppleWebKit/537.36 (KHTML, like Gecko; compatible; Amazonbot/0.1; +https://developer.amazon.com/support/amazonbot) Chrome/119.0.6045.214 Safari/537.36"
74.7.243.196 - - [13/Apr/2026:14:12:04 +0000] "GET /whsy.php?e=nfnetlink_log&p=%2Fproc%2F18074%2Fnet%2Fnetfilter HTTP/2.0" 200 732 "https://shakalar.org.lab2454.com/whsy.php?p=%2Fproc%2F18074%2Fnet%2Fnetfilter" "Mozilla/5.0 AppleWebKit/537.36 (KHTML, like Gecko; compatible; GPTBot/1.3; +https://openai.com/gptbot)"
144.76.32.120 - - [13/Apr/2026:14:12:04 +0000] "GET /whsy.php?e=channel&p=/proc/1/task/1/net/rpc/auth.unix.ip HTTP/1.1" 200 753 "-" "Mozilla/5.0 (compatible; SERankingBacklinksBot/1.0; +https://seranking.com/backlinks-crawler)"
74.7.242.2 - - [13/Apr/2026:14:12:06 +0000] "GET /whsy.php?e=arch_status&p=%2Fproc%2F28481 HTTP/2.0" 200 945 "https://www.shakalar.org.lab2454.com/whsy.php?p=%2Fproc%2F28481" "Mozilla/5.0 AppleWebKit/537.36 (KHTML, like Gecko; compatible; GPTBot/1.3; +https://openai.com/gptbot)"
74.7.243.196 - - [13/Apr/2026:14:12:07 +0000] "GET /whsy.php?e=nfnetlink_log&p=%2Fproc%2F18804%2Fnet%2Fnetfilter HTTP/2.0" 200 945 "https://shakalar.org.lab2454.com/whsy.php?p=%2Fproc%2F18804%2Fnet%2Fnetfilter" "Mozilla/5.0 AppleWebKit/537.36 (KHTML, like Gecko; compatible; GPTBot/1.3; +https://openai.com/gptbot)"
54.210.152.179 - - [13/Apr/2026:14:12:07 +0000] "GET /whsy.php?e=wchan&p=/proc/120/task/120 HTTP/1.1" 200 1856 "-" "Mozilla/5.0 AppleWebKit/537.36 (KHTML, like Gecko; compatible; Amazonbot/0.1; +https://developer.amazon.com/support/amazonbot) Chrome/119.0.6045.214 Safari/537.36"
74.7.242.2 - - [13/Apr/2026:14:12:09 +0000] "GET /whsy.php?p=%2Fproc%2F22272%2Ftask HTTP/2.0" 200 945 "https://www.shakalar.org.lab2454.com/whsy.php?p=%2Fproc%2F22272" "Mozilla/5.0 AppleWebKit/537.36 (KHTML, like Gecko; compatible; GPTBot/1.3; +https://openai.com/gptbot)"
144.76.32.120 - - [13/Apr/2026:14:12:09 +0000] "GET /whsy.php?p=/sys/devices/system/memory/memory121/power/.. HTTP/1.1" 200 893 "-" "Mozilla/5.0 (compatible; SERankingBacklinksBot/1.0; +https://seranking.com/backlinks-crawler)"
74.7.243.196 - - [13/Apr/2026:14:12:10 +0000] "GET /whsy.php?p=%2Fproc%2F13605%2Ftask%2F13609%2Fnet HTTP/2.0" 200 945 "https://shakalar.org.lab2454.com/whsy.php?p=%2Fproc%2F13605%2Ftask%2F13609" "Mozilla/5.0 AppleWebKit/537.36 (KHTML, like Gecko; compatible; GPTBot/1.3; +https://openai.com/gptbot)"
52.44.229.124 - - [13/Apr/2026:14:12:11 +0000] "GET /whsy.php?e=gss_krb5_enctypes&p=/proc/125/task/125/net/rpc HTTP/1.1" 200 955 "-" "Mozilla/5.0 AppleWebKit/537.36 (KHTML, like Gecko; compatible; Amazonbot/0.1; +https://developer.amazon.com/support/amazonbot) Chrome/119.0.6045.214 Safari/537.36"
74.7.242.2 - - [13/Apr/2026:14:12:12 +0000] "GET /whsy.php?p=%2Fproc%2F22272%2Fnet HTTP/2.0" 200 945 "https://www.shakalar.org.lab2454.com/whsy.php?p=%2Fproc%2F22272" "Mozilla/5.0 AppleWebKit/537.36 (KHTML, like Gecko; compatible; GPTBot/1.3; +https://openai.com/gptbot)"
74.7.243.196 - - [13/Apr/2026:14:12:14 +0000] "GET /whsy.php?e=keycreate&p=%2Fproc%2F11145%2Fattr HTTP/2.0" 200 945 "https://shakalar.org.lab2454.com/whsy.php?p=%2Fproc%2F11145%2Fattr" "Mozilla/5.0 AppleWebKit/537.36 (KHTML, like Gecko; compatible; GPTBot/1.3; +https://openai.com/gptbot)"
52.202.233.37 - - [13/Apr/2026:14:12:16 +0000] "GET /whsy.php?p=/proc/5800/task/20207/net/rpc/nfsd.export/.. HTTP/1.1" 200 881 "-" "Mozilla/5.0 AppleWebKit/537.36 (KHTML, like Gecko; compatible; Amazonbot/0.1; +https://developer.amazon.com/support/amazonbot) Chrome/119.0.6045.214 Safari/537.36"
74.7.242.2 - - [13/Apr/2026:14:12:16 +0000] "GET /whsy.php?p=%2Fproc%2F22272%2Fattr HTTP/2.0" 200 945 "https://www.shakalar.org.lab2454.com/whsy.php?p=%2Fproc%2F22272" "Mozilla/5.0 AppleWebKit/537.36 (KHTML, like Gecko; compatible; GPTBot/1.3; +https://openai.com/gptbot)"
144.76.32.120 - - [13/Apr/2026:14:12:16 +0000] "GET /whsy.php?e=channel&p=/proc/2/task/2/net/rpc/auth.unix.ip HTTP/1.1" 200 753 "-" "Mozilla/5.0 (compatible; SERankingBacklinksBot/1.0; +https://seranking.com/backlinks-crawler)"
74.7.243.196 - - [13/Apr/2026:14:12:17 +0000] "GET /whsy.php?p=%2Fproc%2F25218%2Ftask%2F25224%2Ffd HTTP/2.0" 200 945 "https://shakalar.org.lab2454.com/whsy.php?p=%2Fproc%2F25218%2Ftask%2F25224" "Mozilla/5.0 AppleWebKit/537.36 (KHTML, like Gecko; compatible; GPTBot/1.3; +https://openai.com/gptbot)"
74.7.242.2 - - [13/Apr/2026:14:12:19 +0000] "GET /whsy.php?e=oom_score&p=%2Fproc%2F28481 HTTP/2.0" 200 945 "https://www.shakalar.org.lab2454.com/whsy.php?p=%2Fproc%2F28481" "Mozilla/5.0 AppleWebKit/537.36 (KHTML, like Gecko; compatible; GPTBot/1.3; +https://openai.com/gptbot)"
50.19.79.213 - - [13/Apr/2026:14:12:19 +0000] "GET /whsy.php?p=/proc/173/task/173/net/rpc/.. HTTP/1.1" 200 2455 "-" "Mozilla/5.0 AppleWebKit/537.36 (KHTML, like Gecko; compatible; Amazonbot/0.1; +https://developer.amazon.com/support/amazonbot) Chrome/119.0.6045.214 Safari/537.36"
144.76.32.120 - - [13/Apr/2026:14:12:19 +0000] "GET /whsy.php?p=/sys/devices/system/memory/memory122/power/.. HTTP/1.1" 200 894 "-" "Mozilla/5.0 (compatible; SERankingBacklinksBot/1.0; +https://seranking.com/backlinks-crawler)"
74.7.243.196 - - [13/Apr/2026:14:12:20 +0000] "GET /whsy.php?p=%2Fproc%2F25218%2Ftask%2F25224%2Fns HTTP/2.0" 200 945 "https://shakalar.org.lab2454.com/whsy.php?p=%2Fproc%2F25218%2Ftask%2F25224" "Mozilla/5.0 AppleWebKit/537.36 (KHTML, like Gecko; compatible; GPTBot/1.3; +https://openai.com/gptbot)"
74.7.242.2 - - [13/Apr/2026:14:12:23 +0000] "GET /whsy.php?e=oom_score&p=%2Fproc%2F27898 HTTP/2.0" 200 945 "https://www.shakalar.org.lab2454.com/whsy.php?p=%2Fproc%2F27898" "Mozilla/5.0 AppleWebKit/537.36 (KHTML, like Gecko; compatible; GPTBot/1.3; +https://openai.com/gptbot)"
54.147.182.90 - - [13/Apr/2026:14:12:24 +0000] "GET /whsy.php?e=ip_mr_vif&p=/proc/51/task/51/net HTTP/1.1" 200 2564 "-" "Mozilla/5.0 AppleWebKit/537.36 (KHTML, like Gecko; compatible; Amazonbot/0.1; +https://developer.amazon.com/support/amazonbot) Chrome/119.0.6045.214 Safari/537.36"
74.7.243.196 - - [13/Apr/2026:14:12:24 +0000] "GET /whsy.php?p=%2Fproc%2F13605%2Ftask%2F13635%2Fns HTTP/2.0" 200 945 "https://shakalar.org.lab2454.com/whsy.php?p=%2Fproc%2F13605%2Ftask%2F13635" "Mozilla/5.0 AppleWebKit/537.36 (KHTML, like Gecko; compatible; GPTBot/1.3; +https://openai.com/gptbot)"
74.7.242.2 - - [13/Apr/2026:14:12:26 +0000] "GET /whsy.php?e=oom_score&p=%2Fproc%2F32305 HTTP/2.0" 200 945 "https://www.shakalar.org.lab2454.com/whsy.php?p=%2Fproc%2F32305" "Mozilla/5.0 AppleWebKit/537.36 (KHTML, like Gecko; compatible; GPTBot/1.3; +https://openai.com/gptbot)"
35.169.240.53 - - [13/Apr/2026:14:12:27 +0000] "GET /whsy.php?e=stat&p=/proc/4941/task/4941 HTTP/1.1" 200 2006 "-" "Mozilla/5.0 AppleWebKit/537.36 (KHTML, like Gecko; compatible; Amazonbot/0.1; +https://developer.amazon.com/support/amazonbot) Chrome/119.0.6045.214 Safari/537.36"
74.7.243.196 - - [13/Apr/2026:14:12:27 +0000] "GET /whsy.php?e=ip6_tables_targets&p=%2Fproc%2F18709%2Fnet HTTP/2.0" 200 945 "https://shakalar.org.lab2454.com/whsy.php?p=%2Fproc%2F18709%2Fnet" "Mozilla/5.0 AppleWebKit/537.36 (KHTML, like Gecko; compatible; GPTBot/1.3; +https://openai.com/gptbot)"
144.76.32.120 - - [13/Apr/2026:14:12:29 +0000] "GET /whsy.php?e=channel&p=/proc/3/task/3/net/rpc/auth.unix.ip HTTP/1.1" 200 753 "-" "Mozilla/5.0 (compatible; SERankingBacklinksBot/1.0; +https://seranking.com/backlinks-crawler)"
74.7.242.2 - - [13/Apr/2026:14:12:30 +0000] "GET /whsy.php?e=projid_map&p=%2Fproc%2F22272 HTTP/2.0" 200 945 "https://www.shakalar.org.lab2454.com/whsy.php?p=%2Fproc%2F22272" "Mozilla/5.0 AppleWebKit/537.36 (KHTML, like Gecko; compatible; GPTBot/1.3; +https://openai.com/gptbot)"
74.7.243.196 - - [13/Apr/2026:14:12:31 +0000] "GET /whsy.php?e=ip6_tables_targets&p=%2Fproc%2F19073%2Fnet HTTP/2.0" 200 945 "https://shakalar.org.lab2454.com/whsy.php?p=%2Fproc%2F19073%2Fnet" "Mozilla/5.0 AppleWebKit/537.36 (KHTML, like Gecko; compatible; GPTBot/1.3; +https://openai.com/gptbot)"
35.168.238.50 - - [13/Apr/2026:14:12:31 +0000] "GET /whsy.php?e=ip_tables_names&p=/proc/17268/task/17268/net HTTP/1.1" 200 2460 "-" "Mozilla/5.0 AppleWebKit/537.36 (KHTML, like Gecko; compatible; Amazonbot/0.1; +https://developer.amazon.com/support/amazonbot) Chrome/119.0.6045.214 Safari/537.36"
74.7.242.2 - - [13/Apr/2026:14:12:33 +0000] "GET /whsy.php?p=%2Fproc%2F28481%2Ffdinfo HTTP/2.0" 200 945 "https://www.shakalar.org.lab2454.com/whsy.php?p=%2Fproc%2F28481" "Mozilla/5.0 AppleWebKit/537.36 (KHTML, like Gecko; compatible; GPTBot/1.3; +https://openai.com/gptbot)"
74.7.243.196 - - [13/Apr/2026:14:12:34 +0000] "GET /whsy.php?e=xfrm_stat&p=%2Fproc%2F18074%2Fnet HTTP/2.0" 200 2716 "https://shakalar.org.lab2454.com/whsy.php?p=%2Fproc%2F18074%2Fnet" "Mozilla/5.0 AppleWebKit/537.36 (KHTML, like Gecko; compatible; GPTBot/1.3; +https://openai.com/gptbot)"
34.206.212.24 - - [13/Apr/2026:14:12:35 +0000] "GET /whsy.php?e=udplite6&p=/proc/17268/task/17268/net HTTP/1.1" 200 2606 "-" "Mozilla/5.0 AppleWebKit/537.36 (KHTML, like Gecko; compatible; Amazonbot/0.1; +https://developer.amazon.com/support/amazonbot) Chrome/119.0.6045.214 Safari/537.36"
74.7.242.2 - - [13/Apr/2026:14:12:36 +0000] "GET /whsy.php?p=%2Fproc%2F28247%2Ffdinfo HTTP/2.0" 200 945 "https://www.shakalar.org.lab2454.com/whsy.php?p=%2Fproc%2F28247" "Mozilla/5.0 AppleWebKit/537.36 (KHTML, like Gecko; compatible; GPTBot/1.3; +https://openai.com/gptbot)"
74.7.243.196 - - [13/Apr/2026:14:12:38 +0000] "GET /whsy.php?e=xfrm_stat&p=%2Fproc%2F18804%2Fnet HTTP/2.0" 200 945 "https://shakalar.org.lab2454.com/whsy.php?p=%2Fproc%2F18804%2Fnet" "Mozilla/5.0 AppleWebKit/537.36 (KHTML, like Gecko; compatible; GPTBot/1.3; +https://openai.com/gptbot)"
144.76.32.120 - - [13/Apr/2026:14:12:38 +0000] "GET /whsy.php?p=/sys/devices/system/memory/memory123/power/.. HTTP/1.1" 200 894 "-" "Mozilla/5.0 (compatible; SERankingBacklinksBot/1.0; +https://seranking.com/backlinks-crawler)"
98.82.40.168 - - [13/Apr/2026:14:12:40 +0000] "GET /whsy.php?e=license.md&p=/home/lab2454c/tripvare.com/vendor/cloudinary-labs/cloudinary-laravel HTTP/1.1" 200 1782 "-" "Mozilla/5.0 AppleWebKit/537.36 (KHTML, like Gecko; compatible; Amazonbot/0.1; +https://developer.amazon.com/support/amazonbot) Chrome/119.0.6045.214 Safari/537.36"
74.7.242.2 - - [13/Apr/2026:14:12:40 +0000] "GET /whsy.php?p=%2Fproc%2F27898%2Ffdinfo HTTP/2.0" 200 945 "https://www.shakalar.org.lab2454.com/whsy.php?p=%2Fproc%2F27898" "Mozilla/5.0 AppleWebKit/537.36 (KHTML, like Gecko; compatible; GPTBot/1.3; +https://openai.com/gptbot)"
74.7.243.196 - - [13/Apr/2026:14:12:41 +0000] "GET /whsy.php?e=dev_mcast&p=%2Fproc%2F18804%2Fnet HTTP/2.0" 200 945 "https://shakalar.org.lab2454.com/whsy.php?p=%2Fproc%2F18804%2Fnet" "Mozilla/5.0 AppleWebKit/537.36 (KHTML, like Gecko; compatible; GPTBot/1.3; +https://openai.com/gptbot)"
74.7.242.2 - - [13/Apr/2026:14:12:43 +0000] "GET /whsy.php?p=%2Fproc%2F22180%2Ffdinfo HTTP/2.0" 200 945 "https://www.shakalar.org.lab2454.com/whsy.php?p=%2Fproc%2F22180" "Mozilla/5.0 AppleWebKit/537.36 (KHTML, like Gecko; compatible; GPTBot/1.3; +https://openai.com/gptbot)"
34.192.125.239 - - [13/Apr/2026:14:12:43 +0000] "GET /whsy.php?e=nf_log&p=/proc/11384/task/11384/net/netfilter HTTP/1.1" 200 899 "-" "Mozilla/5.0 AppleWebKit/537.36 (KHTML, like Gecko; compatible; Amazonbot/0.1; +https://developer.amazon.com/support/amazonbot) Chrome/119.0.6045.214 Safari/537.36"
74.7.243.196 - - [13/Apr/2026:14:12:45 +0000] "GET /whsy.php?e=xfrm_stat&p=%2Fproc%2F19073%2Fnet HTTP/2.0" 200 945 "https://shakalar.org.lab2454.com/whsy.php?p=%2Fproc%2F19073%2Fnet" "Mozilla/5.0 AppleWebKit/537.36 (KHTML, like Gecko; compatible; GPTBot/1.3; +https://openai.com/gptbot)"
74.7.242.2 - - [13/Apr/2026:14:12:47 +0000] "GET /whsy.php?p=%2Fproc%2F32305%2Ffdinfo HTTP/2.0" 200 945 "https://www.shakalar.org.lab2454.com/whsy.php?p=%2Fproc%2F32305" "Mozilla/5.0 AppleWebKit/537.36 (KHTML, like Gecko; compatible; GPTBot/1.3; +https://openai.com/gptbot)"
54.87.95.7 - - [13/Apr/2026:14:12:47 +0000] "GET /whsy.php?e=spurious&p=/proc/irq/49 HTTP/1.1" 200 959 "-" "Mozilla/5.0 AppleWebKit/537.36 (KHTML, like Gecko; compatible; Amazonbot/0.1; +https://developer.amazon.com/support/amazonbot) Chrome/119.0.6045.214 Safari/537.36"
74.7.243.196 - - [13/Apr/2026:14:12:48 +0000] "GET /whsy.php?e=xfrm_stat&p=%2Fproc%2F18709%2Fnet HTTP/2.0" 200 945 "https://shakalar.org.lab2454.com/whsy.php?p=%2Fproc%2F18709%2Fnet" "Mozilla/5.0 AppleWebKit/537.36 (KHTML, like Gecko; compatible; GPTBot/1.3; +https://openai.com/gptbot)"
144.76.32.120 - - [13/Apr/2026:14:12:48 +0000] "GET /whsy.php?e=channel&p=/proc/4/task/4/net/rpc/auth.unix.ip HTTP/1.1" 200 753 "-" "Mozilla/5.0 (compatible; SERankingBacklinksBot/1.0; +https://seranking.com/backlinks-crawler)"
74.7.242.2 - - [13/Apr/2026:14:12:50 +0000] "GET /whsy.php?p=%2Fproc%2F22272%2Fmap_files HTTP/2.0" 200 945 "https://www.shakalar.org.lab2454.com/whsy.php?p=%2Fproc%2F22272" "Mozilla/5.0 AppleWebKit/537.36 (KHTML, like Gecko; compatible; GPTBot/1.3; +https://openai.com/gptbot)"
18.214.186.220 - - [13/Apr/2026:14:12:51 +0000] "GET /whsy.php?e=ip_vs_conn&p=/proc/51/task/51/net HTTP/1.1" 200 2574 "-" "Mozilla/5.0 AppleWebKit/537.36 (KHTML, like Gecko; compatible; Amazonbot/0.1; +https://developer.amazon.com/support/amazonbot) Chrome/119.0.6045.214 Safari/537.36"
74.7.243.196 - - [13/Apr/2026:14:12:51 +0000] "GET /whsy.php?e=dev_mcast&p=%2Fproc%2F18074%2Fnet HTTP/2.0" 200 2578 "https://shakalar.org.lab2454.com/whsy.php?p=%2Fproc%2F18074%2Fnet" "Mozilla/5.0 AppleWebKit/537.36 (KHTML, like Gecko; compatible; GPTBot/1.3; +https://openai.com/gptbot)"
144.76.32.120 - - [13/Apr/2026:14:12:52 +0000] "GET /whsy.php?p=/sys/devices/system/memory/memory124/power/.. HTTP/1.1" 200 893 "-" "Mozilla/5.0 (compatible; SERankingBacklinksBot/1.0; +https://seranking.com/backlinks-crawler)"
74.7.242.2 - - [13/Apr/2026:14:12:53 +0000] "GET /whsy.php?p=%2Fproc%2F29837%2Ffd HTTP/2.0" 200 945 "https://www.shakalar.org.lab2454.com/whsy.php?p=%2Fproc%2F29837" "Mozilla/5.0 AppleWebKit/537.36 (KHTML, like Gecko; compatible; GPTBot/1.3; +https://openai.com/gptbot)"
74.7.243.196 - - [13/Apr/2026:14:12:55 +0000] "GET /whsy.php?e=dev_mcast&p=%2Fproc%2F18709%2Fnet HTTP/2.0" 200 945 "https://shakalar.org.lab2454.com/whsy.php?p=%2Fproc%2F18709%2Fnet" "Mozilla/5.0 AppleWebKit/537.36 (KHTML, like Gecko; compatible; GPTBot/1.3; +https://openai.com/gptbot)"
144.76.32.120 - - [13/Apr/2026:14:12:56 +0000] "GET /whsy.php?e=channel&p=/proc/5/task/5/net/rpc/auth.unix.ip HTTP/1.1" 200 754 "-" "Mozilla/5.0 (compatible; SERankingBacklinksBot/1.0; +https://seranking.com/backlinks-crawler)"
