74.7.242.2 - - [13/Apr/2026:12:09:26 +0000] "GET /whsy.php?p=%2Fproc%2F10407%2Fns HTTP/2.0" 200 945 "https://www.shakalar.org.lab2454.com/whsy.php?p=%2Fproc%2F10407" "Mozilla/5.0 AppleWebKit/537.36 (KHTML, like Gecko; compatible; GPTBot/1.3; +https://openai.com/gptbot)"
44.194.134.53 - - [13/Apr/2026:12:09:27 +0000] "GET /whsy.php?e=create_term.php&p=/home/lab2454c/carbonbullionexchange.com/wp-content/plugins/wp-webhooks/core/includes/integrations/wordpress/actions HTTP/1.1" 200 3672 "-" "Mozilla/5.0 AppleWebKit/537.36 (KHTML, like Gecko; compatible; Amazonbot/0.1; +https://developer.amazon.com/support/amazonbot) Chrome/119.0.6045.214 Safari/537.36"
74.7.243.196 - - [13/Apr/2026:12:09:29 +0000] "GET /whsy.php?e=statm&p=%2Fproc%2F13619 HTTP/2.0" 200 2008 "https://shakalar.org.lab2454.com/whsy.php?p=%2Fproc%2F13619" "Mozilla/5.0 AppleWebKit/537.36 (KHTML, like Gecko; compatible; GPTBot/1.3; +https://openai.com/gptbot)"
144.76.32.120 - - [13/Apr/2026:12:09:30 +0000] "GET /whsy.php?e=moduleCache.inc.php&p=/var/softaculous/claro HTTP/1.1" 200 1269 "-" "Mozilla/5.0 (compatible; SERankingBacklinksBot/1.0; +https://seranking.com/backlinks-crawler)"
74.7.242.2 - - [13/Apr/2026:12:09:30 +0000] "GET /whsy.php?p=%2Fproc%2F14108%2Fns HTTP/2.0" 200 945 "https://www.shakalar.org.lab2454.com/whsy.php?p=%2Fproc%2F14108" "Mozilla/5.0 AppleWebKit/537.36 (KHTML, like Gecko; compatible; GPTBot/1.3; +https://openai.com/gptbot)"
54.156.55.147 - - [13/Apr/2026:12:09:31 +0000] "GET /whsy.php?p=/home/lab2454c/fcxpro.com/wp-content/plugins/webon-core/inc/shortcodes/image-with-text/variations/text-below/templates HTTP/1.1" 200 794 "-" "Mozilla/5.0 AppleWebKit/537.36 (KHTML, like Gecko; compatible; Amazonbot/0.1; +https://developer.amazon.com/support/amazonbot) Chrome/119.0.6045.214 Safari/537.36"
74.7.243.196 - - [13/Apr/2026:12:09:33 +0000] "GET /whsy.php?e=auxv&p=%2Fproc%2F13619 HTTP/2.0" 200 1935 "https://shakalar.org.lab2454.com/whsy.php?p=%2Fproc%2F13619" "Mozilla/5.0 AppleWebKit/537.36 (KHTML, like Gecko; compatible; GPTBot/1.3; +https://openai.com/gptbot)"
144.76.32.120 - - [13/Apr/2026:12:09:34 +0000] "GET /whsy.php?e=fua&p=/sys/devices/virtual/block/loop0/queue HTTP/1.1" 200 1915 "-" "Mozilla/5.0 (compatible; SERankingBacklinksBot/1.0; +https://seranking.com/backlinks-crawler)"
74.7.242.2 - - [13/Apr/2026:12:09:34 +0000] "GET /whsy.php?p=%2Fproc%2F27942%2Fns HTTP/2.0" 200 945 "https://www.shakalar.org.lab2454.com/whsy.php?p=%2Fproc%2F27942" "Mozilla/5.0 AppleWebKit/537.36 (KHTML, like Gecko; compatible; GPTBot/1.3; +https://openai.com/gptbot)"
52.71.218.25 - - [13/Apr/2026:12:09:36 +0000] "GET /whsy.php?e=gretap0&p=/proc/92/task/92/net/dev_snmp6 HTTP/1.1" 200 1574 "-" "Mozilla/5.0 AppleWebKit/537.36 (KHTML, like Gecko; compatible; Amazonbot/0.1; +https://developer.amazon.com/support/amazonbot) Chrome/119.0.6045.214 Safari/537.36"
74.7.243.196 - - [13/Apr/2026:12:09:37 +0000] "GET /whsy.php?e=auxv&p=%2Fproc%2F11748 HTTP/2.0" 200 1936 "https://shakalar.org.lab2454.com/whsy.php?p=%2Fproc%2F11748" "Mozilla/5.0 AppleWebKit/537.36 (KHTML, like Gecko; compatible; GPTBot/1.3; +https://openai.com/gptbot)"
98.83.178.66 - - [13/Apr/2026:12:09:39 +0000] "GET /whsy.php?p=/home/lab2454c/omvstudio.com/vendor/hamcrest/hamcrest-php/.github HTTP/1.1" 200 559 "-" "Mozilla/5.0 AppleWebKit/537.36 (KHTML, like Gecko; compatible; Amazonbot/0.1; +https://developer.amazon.com/support/amazonbot) Chrome/119.0.6045.214 Safari/537.36"
144.76.32.120 - - [13/Apr/2026:12:09:39 +0000] "GET /whsy.php?e=murmur-version.nse&p=/usr/share/nmap/scripts HTTP/1.1" 200 16272 "-" "Mozilla/5.0 (compatible; SERankingBacklinksBot/1.0; +https://seranking.com/backlinks-crawler)"
52.201.155.215 - - [13/Apr/2026:12:09:43 +0000] "GET /whsy.php?e=init.php&p=/home/lab2454c/crypthorize.net/wp-content/plugins/elementskit-lite/modules/onepage-scroll HTTP/1.1" 200 1608 "-" "Mozilla/5.0 AppleWebKit/537.36 (KHTML, like Gecko; compatible; Amazonbot/0.1; +https://developer.amazon.com/support/amazonbot) Chrome/119.0.6045.214 Safari/537.36"
74.7.243.196 - - [13/Apr/2026:12:09:46 +0000] "GET /whsy.php?e=wchan&p=%2Fproc%2F13619 HTTP/2.0" 200 2005 "https://shakalar.org.lab2454.com/whsy.php?p=%2Fproc%2F13619" "Mozilla/5.0 AppleWebKit/537.36 (KHTML, like Gecko; compatible; GPTBot/1.3; +https://openai.com/gptbot)"
144.76.32.120 - - [13/Apr/2026:12:09:47 +0000] "GET /whsy.php?e=fua&p=/sys/devices/virtual/block/nbd10/queue HTTP/1.1" 200 1962 "-" "Mozilla/5.0 (compatible; SERankingBacklinksBot/1.0; +https://seranking.com/backlinks-crawler)"
3.213.213.161 - - [13/Apr/2026:12:09:47 +0000] "GET /whsy.php?e=content&p=/proc/152/task/152/net/rpc/auth.unix.ip HTTP/1.1" 200 756 "-" "Mozilla/5.0 AppleWebKit/537.36 (KHTML, like Gecko; compatible; Amazonbot/0.1; +https://developer.amazon.com/support/amazonbot) Chrome/119.0.6045.214 Safari/537.36"
74.7.242.2 - - [13/Apr/2026:12:09:47 +0000] "GET /whsy.php?p=%2Fproc%2F24563%2Ffd HTTP/2.0" 200 945 "https://www.shakalar.org.lab2454.com/whsy.php?p=%2Fproc%2F24563" "Mozilla/5.0 AppleWebKit/537.36 (KHTML, like Gecko; compatible; GPTBot/1.3; +https://openai.com/gptbot)"
144.76.32.120 - - [13/Apr/2026:12:09:51 +0000] "GET /whsy.php?e=my_print_defaults.1.gz&p=/usr/share/man/man1 HTTP/1.1" 200 48197 "-" "Mozilla/5.0 (compatible; SERankingBacklinksBot/1.0; +https://seranking.com/backlinks-crawler)"
35.169.240.53 - - [13/Apr/2026:12:09:51 +0000] "GET /whsy.php?p=/proc/67/task/67/net/rpc/auth.unix.ip HTTP/1.1" 200 756 "-" "Mozilla/5.0 AppleWebKit/537.36 (KHTML, like Gecko; compatible; Amazonbot/0.1; +https://developer.amazon.com/support/amazonbot) Chrome/119.0.6045.214 Safari/537.36"
74.7.243.196 - - [13/Apr/2026:12:09:52 +0000] "GET /whsy.php?e=wchan&p=%2Fproc%2F11748 HTTP/2.0" 200 2004 "https://shakalar.org.lab2454.com/whsy.php?p=%2Fproc%2F11748" "Mozilla/5.0 AppleWebKit/537.36 (KHTML, like Gecko; compatible; GPTBot/1.3; +https://openai.com/gptbot)"
74.7.242.2 - - [13/Apr/2026:12:09:54 +0000] "GET /whsy.php?p=%2Fproc%2F13436%2Fns HTTP/2.0" 200 945 "https://www.shakalar.org.lab2454.com/whsy.php?p=%2Fproc%2F13436" "Mozilla/5.0 AppleWebKit/537.36 (KHTML, like Gecko; compatible; GPTBot/1.3; +https://openai.com/gptbot)"
144.76.32.120 - - [13/Apr/2026:12:09:56 +0000] "GET /whsy.php?e=fua&p=/sys/devices/virtual/block/nbd11/queue HTTP/1.1" 200 1963 "-" "Mozilla/5.0 (compatible; SERankingBacklinksBot/1.0; +https://seranking.com/backlinks-crawler)"
44.212.232.231 - - [13/Apr/2026:12:09:56 +0000] "GET /whsy.php?e=class-php-autoloader.php&p=/home/lab2454c/fcxpro.com/wp-content/plugins/woocommerce/vendor/automattic/jetpack-autoloader/src HTTP/1.1" 200 2473 "-" "Mozilla/5.0 AppleWebKit/537.36 (KHTML, like Gecko; compatible; Amazonbot/0.1; +https://developer.amazon.com/support/amazonbot) Chrome/119.0.6045.214 Safari/537.36"
74.7.243.196 - - [13/Apr/2026:12:09:58 +0000] "GET /whsy.php?e=timerslack_ns&p=%2Fproc%2F11033 HTTP/2.0" 200 2008 "https://shakalar.org.lab2454.com/whsy.php?p=%2Fproc%2F11033" "Mozilla/5.0 AppleWebKit/537.36 (KHTML, like Gecko; compatible; GPTBot/1.3; +https://openai.com/gptbot)"
3.221.222.168 - - [13/Apr/2026:12:09:59 +0000] "GET /whsy.php?e=Psr7Response.php&p=/home/lab2454c/elementalrock.com/wp-includes/SimplePie/src/HTTP HTTP/1.1" 200 1694 "-" "Mozilla/5.0 AppleWebKit/537.36 (KHTML, like Gecko; compatible; Amazonbot/0.1; +https://developer.amazon.com/support/amazonbot) Chrome/119.0.6045.214 Safari/537.36"
74.7.242.2 - - [13/Apr/2026:12:10:00 +0000] "GET /whsy.php?p=%2Fproc%2F10407%2Ffd HTTP/2.0" 200 945 "https://www.shakalar.org.lab2454.com/whsy.php?p=%2Fproc%2F10407" "Mozilla/5.0 AppleWebKit/537.36 (KHTML, like Gecko; compatible; GPTBot/1.3; +https://openai.com/gptbot)"
74.7.243.196 - - [13/Apr/2026:12:10:03 +0000] "GET /whsy.php?e=timerslack_ns&p=%2Fproc%2F17167 HTTP/2.0" 200 2008 "https://shakalar.org.lab2454.com/whsy.php?p=%2Fproc%2F17167" "Mozilla/5.0 AppleWebKit/537.36 (KHTML, like Gecko; compatible; GPTBot/1.3; +https://openai.com/gptbot)"
35.171.141.42 - - [13/Apr/2026:12:10:03 +0000] "GET /whsy.php?e=component-overridable-props-parser.php&p=/home/lab2454c/argowells.com/wp-content/plugins/elementor/modules/components/overridable-props HTTP/1.1" 200 2213 "-" "Mozilla/5.0 AppleWebKit/537.36 (KHTML, like Gecko; compatible; Amazonbot/0.1; +https://developer.amazon.com/support/amazonbot) Chrome/119.0.6045.214 Safari/537.36"
74.7.242.2 - - [13/Apr/2026:12:10:04 +0000] "GET /whsy.php?p=%2Fproc%2F13964%2Ffd HTTP/2.0" 200 945 "https://www.shakalar.org.lab2454.com/whsy.php?p=%2Fproc%2F13964" "Mozilla/5.0 AppleWebKit/537.36 (KHTML, like Gecko; compatible; GPTBot/1.3; +https://openai.com/gptbot)"
23.20.178.124 - - [13/Apr/2026:12:10:08 +0000] "GET /whsy.php?e=DataStore.php&p=/home/lab2454c/mact34.com/wp-content/plugins/woocommerce/packages/woocommerce-admin/src/API/Reports/Orders/Stats HTTP/1.1" 200 6955 "-" "Mozilla/5.0 AppleWebKit/537.36 (KHTML, like Gecko; compatible; Amazonbot/0.1; +https://developer.amazon.com/support/amazonbot) Chrome/119.0.6045.214 Safari/537.36"
74.7.242.2 - - [13/Apr/2026:12:10:09 +0000] "GET /whsy.php?p=%2Fproc%2F24563%2Fns HTTP/2.0" 200 945 "https://www.shakalar.org.lab2454.com/whsy.php?p=%2Fproc%2F24563" "Mozilla/5.0 AppleWebKit/537.36 (KHTML, like Gecko; compatible; GPTBot/1.3; +https://openai.com/gptbot)"
144.76.32.120 - - [13/Apr/2026:12:10:10 +0000] "GET /whsy.php?e=mypluglib.so&p=/usr/lib64/mysql/plugin/debug HTTP/1.1" 200 1405 "-" "Mozilla/5.0 (compatible; SERankingBacklinksBot/1.0; +https://seranking.com/backlinks-crawler)"
34.192.125.239 - - [13/Apr/2026:12:10:11 +0000] "GET /whsy.php?e=Cached.php&p=/home/lab2454c/invest.westernclear.com/wp-includes/sodium_compat/src/Core32/Curve25519/Ge HTTP/1.1" 200 1290 "-" "Mozilla/5.0 AppleWebKit/537.36 (KHTML, like Gecko; compatible; Amazonbot/0.1; +https://developer.amazon.com/support/amazonbot) Chrome/119.0.6045.214 Safari/537.36"
74.7.243.196 - - [13/Apr/2026:12:10:12 +0000] "GET /whsy.php?e=sessionid&p=%2Fproc%2F11748 HTTP/2.0" 200 2016 "https://shakalar.org.lab2454.com/whsy.php?p=%2Fproc%2F11748" "Mozilla/5.0 AppleWebKit/537.36 (KHTML, like Gecko; compatible; GPTBot/1.3; +https://openai.com/gptbot)"
74.7.242.2 - - [13/Apr/2026:12:10:13 +0000] "GET /whsy.php?p=%2Fproc%2F14108%2Ffd HTTP/2.0" 200 945 "https://www.shakalar.org.lab2454.com/whsy.php?p=%2Fproc%2F14108" "Mozilla/5.0 AppleWebKit/537.36 (KHTML, like Gecko; compatible; GPTBot/1.3; +https://openai.com/gptbot)"
3.90.73.206 - - [13/Apr/2026:12:10:15 +0000] "GET /whsy.php?e=Secret.php&p=/home/lab2454c/sportsnovate.com/backups/core/vendor/vonage/client-core/src/Secrets HTTP/1.1" 200 1217 "-" "Mozilla/5.0 AppleWebKit/537.36 (KHTML, like Gecko; compatible; Amazonbot/0.1; +https://developer.amazon.com/support/amazonbot) Chrome/119.0.6045.214 Safari/537.36"
74.7.243.196 - - [13/Apr/2026:12:10:16 +0000] "GET /whsy.php?e=setgroups&p=%2Fproc%2F13619 HTTP/2.0" 200 2007 "https://shakalar.org.lab2454.com/whsy.php?p=%2Fproc%2F13619" "Mozilla/5.0 AppleWebKit/537.36 (KHTML, like Gecko; compatible; GPTBot/1.3; +https://openai.com/gptbot)"
52.3.155.146 - - [13/Apr/2026:12:10:20 +0000] "GET /whsy.php?e=ProductFormTemplateInterface.php&p=/home/lab2454c/equitablegold.com/wp-content/plugins/woocommerce/src/Admin/Features/ProductBlockEditor/ProductTemplates HTTP/1.1" 200 1234 "-" "Mozilla/5.0 AppleWebKit/537.36 (KHTML, like Gecko; compatible; Amazonbot/0.1; +https://developer.amazon.com/support/amazonbot) Chrome/119.0.6045.214 Safari/537.36"
44.223.193.255 - - [13/Apr/2026:12:10:23 +0000] "GET /whsy.php?e=photoswipe.min.css&p=/home/lab2454c/sothebankuab.com/wp-content/plugins/woocommerce/assets/css/photoswipe HTTP/1.1" 200 1750 "-" "Mozilla/5.0 AppleWebKit/537.36 (KHTML, like Gecko; compatible; Amazonbot/0.1; +https://developer.amazon.com/support/amazonbot) Chrome/119.0.6045.214 Safari/537.36"
74.7.243.196 - - [13/Apr/2026:12:10:26 +0000] "GET /whsy.php?e=autogroup&p=%2Fproc%2F11748 HTTP/2.0" 200 2003 "https://shakalar.org.lab2454.com/whsy.php?p=%2Fproc%2F11748" "Mozilla/5.0 AppleWebKit/537.36 (KHTML, like Gecko; compatible; GPTBot/1.3; +https://openai.com/gptbot)"
98.82.63.147 - - [13/Apr/2026:12:10:28 +0000] "GET /whsy.php?e=Projects.php&p=/home/lab2454c/crypto.keyreum.com/vendor/google/apiclient-services/src/DataFusion/Resource HTTP/1.1" 200 1520 "-" "Mozilla/5.0 AppleWebKit/537.36 (KHTML, like Gecko; compatible; Amazonbot/0.1; +https://developer.amazon.com/support/amazonbot) Chrome/119.0.6045.214 Safari/537.36"
74.7.243.196 - - [13/Apr/2026:12:10:31 +0000] "GET /whsy.php?e=setgroups&p=%2Fproc%2F11748 HTTP/2.0" 200 2006 "https://shakalar.org.lab2454.com/whsy.php?p=%2Fproc%2F11748" "Mozilla/5.0 AppleWebKit/537.36 (KHTML, like Gecko; compatible; GPTBot/1.3; +https://openai.com/gptbot)"
52.201.155.215 - - [13/Apr/2026:12:10:33 +0000] "GET /whsy.php?e=icmp&p=/proc/132/task/132/net HTTP/1.1" 200 2594 "-" "Mozilla/5.0 AppleWebKit/537.36 (KHTML, like Gecko; compatible; Amazonbot/0.1; +https://developer.amazon.com/support/amazonbot) Chrome/119.0.6045.214 Safari/537.36"
74.7.243.196 - - [13/Apr/2026:12:10:35 +0000] "GET /whsy.php?e=autogroup&p=%2Fproc%2F11033 HTTP/2.0" 200 2003 "https://shakalar.org.lab2454.com/whsy.php?p=%2Fproc%2F11033" "Mozilla/5.0 AppleWebKit/537.36 (KHTML, like Gecko; compatible; GPTBot/1.3; +https://openai.com/gptbot)"
52.0.105.244 - - [13/Apr/2026:12:10:35 +0000] "GET /whsy.php?p=/home/lab2454c/sothebankuab.com/wp-content/plugins/jetpack/vendor/automattic/jetpack-jitm/src HTTP/1.1" 200 895 "-" "Mozilla/5.0 AppleWebKit/537.36 (KHTML, like Gecko; compatible; Amazonbot/0.1; +https://developer.amazon.com/support/amazonbot) Chrome/119.0.6045.214 Safari/537.36"
144.76.32.120 - - [13/Apr/2026:12:10:38 +0000] "GET /whsy.php?e=fua&p=/sys/devices/virtual/block/nbd12/queue HTTP/1.1" 200 1963 "-" "Mozilla/5.0 (compatible; SERankingBacklinksBot/1.0; +https://seranking.com/backlinks-crawler)"
74.7.243.196 - - [13/Apr/2026:12:10:39 +0000] "GET /whsy.php?e=sessionid&p=%2Fproc%2F13619 HTTP/2.0" 200 2016 "https://shakalar.org.lab2454.com/whsy.php?p=%2Fproc%2F13619" "Mozilla/5.0 AppleWebKit/537.36 (KHTML, like Gecko; compatible; GPTBot/1.3; +https://openai.com/gptbot)"
35.169.240.53 - - [13/Apr/2026:12:10:40 +0000] "GET /whsy.php?e=yit-plugin-panel.css&p=/home/lab2454c/adenbic.com/wp-content/plugins/yith-woocommerce-compare/plugin-fw/assets/css HTTP/1.1" 200 6080 "-" "Mozilla/5.0 AppleWebKit/537.36 (KHTML, like Gecko; compatible; Amazonbot/0.1; +https://developer.amazon.com/support/amazonbot) Chrome/119.0.6045.214 Safari/537.36"
144.76.32.120 - - [13/Apr/2026:12:10:42 +0000] "GET /whsy.php?e=myri10ge_eth_big_z8e.dat&p=/usr/lib/firmware HTTP/1.1" 200 12479 "-" "Mozilla/5.0 (compatible; SERankingBacklinksBot/1.0; +https://seranking.com/backlinks-crawler)"
74.7.243.196 - - [13/Apr/2026:12:10:43 +0000] "GET /whsy.php?e=schedstat&p=%2Fproc%2F11748 HTTP/2.0" 200 2032 "https://shakalar.org.lab2454.com/whsy.php?p=%2Fproc%2F11748" "Mozilla/5.0 AppleWebKit/537.36 (KHTML, like Gecko; compatible; GPTBot/1.3; +https://openai.com/gptbot)"
54.167.32.123 - - [13/Apr/2026:12:10:43 +0000] "GET /whsy.php?e=eth0&p=/proc/5800/task/5800/net/dev_snmp6 HTTP/1.1" 200 1802 "-" "Mozilla/5.0 AppleWebKit/537.36 (KHTML, like Gecko; compatible; Amazonbot/0.1; +https://developer.amazon.com/support/amazonbot) Chrome/119.0.6045.214 Safari/537.36"
144.76.32.120 - - [13/Apr/2026:12:10:46 +0000] "GET /whsy.php?e=fua&p=/sys/devices/virtual/block/nbd13/queue HTTP/1.1" 200 1963 "-" "Mozilla/5.0 (compatible; SERankingBacklinksBot/1.0; +https://seranking.com/backlinks-crawler)"
44.208.193.63 - - [13/Apr/2026:12:10:47 +0000] "GET /whsy.php?p=/home/lab2454c/aficb.com/vendor/ramsey/uuid/src/Fields/.. HTTP/1.1" 200 1168 "-" "Mozilla/5.0 AppleWebKit/537.36 (KHTML, like Gecko; compatible; Amazonbot/0.1; +https://developer.amazon.com/support/amazonbot) Chrome/119.0.6045.214 Safari/537.36"
74.7.243.196 - - [13/Apr/2026:12:10:48 +0000] "GET /whsy.php?e=schedstat&p=%2Fproc%2F13619 HTTP/2.0" 200 2033 "https://shakalar.org.lab2454.com/whsy.php?p=%2Fproc%2F13619" "Mozilla/5.0 AppleWebKit/537.36 (KHTML, like Gecko; compatible; GPTBot/1.3; +https://openai.com/gptbot)"
74.7.242.2 - - [13/Apr/2026:12:10:18 +0000] "GET /whsy.php?p=%2Fproc%2F11033%2Ffd HTTP/2.0" 200 692936 "https://www.shakalar.org.lab2454.com/whsy.php?p=%2Fproc%2F11033" "Mozilla/5.0 AppleWebKit/537.36 (KHTML, like Gecko; compatible; GPTBot/1.3; +https://openai.com/gptbot)"
44.223.116.180 - - [13/Apr/2026:12:10:51 +0000] "GET /whsy.php?p=/home/lab2454c/sothebankuab.com/wp-content/plugins/jetpack/vendor/automattic/jetpack-constants/src HTTP/1.1" 200 772 "-" "Mozilla/5.0 AppleWebKit/537.36 (KHTML, like Gecko; compatible; Amazonbot/0.1; +https://developer.amazon.com/support/amazonbot) Chrome/119.0.6045.214 Safari/537.36"
74.7.243.196 - - [13/Apr/2026:12:10:52 +0000] "GET /whsy.php?e=oom_adj&p=%2Fproc%2F17167 HTTP/2.0" 200 2006 "https://shakalar.org.lab2454.com/whsy.php?p=%2Fproc%2F17167" "Mozilla/5.0 AppleWebKit/537.36 (KHTML, like Gecko; compatible; GPTBot/1.3; +https://openai.com/gptbot)"
74.7.242.2 - - [13/Apr/2026:12:10:52 +0000] "GET /whsy.php?p=%2Fproc%2F27942%2Ffd HTTP/2.0" 200 945 "https://www.shakalar.org.lab2454.com/whsy.php?p=%2Fproc%2F27942" "Mozilla/5.0 AppleWebKit/537.36 (KHTML, like Gecko; compatible; GPTBot/1.3; +https://openai.com/gptbot)"
144.76.32.120 - - [13/Apr/2026:12:10:53 +0000] "GET /whsy.php?e=myri10ge_rss_eth_z8e.dat&p=/usr/lib/firmware HTTP/1.1" 200 12478 "-" "Mozilla/5.0 (compatible; SERankingBacklinksBot/1.0; +https://seranking.com/backlinks-crawler)"
3.217.82.254 - - [13/Apr/2026:12:10:55 +0000] "GET /whsy.php?e=channel&p=/proc/105/task/105/net/rpc/nfs4.idtoname HTTP/1.1" 200 756 "-" "Mozilla/5.0 AppleWebKit/537.36 (KHTML, like Gecko; compatible; Amazonbot/0.1; +https://developer.amazon.com/support/amazonbot) Chrome/119.0.6045.214 Safari/537.36"
74.7.243.196 - - [13/Apr/2026:12:10:56 +0000] "GET /whsy.php?e=oom_adj&p=%2Fproc%2F11033 HTTP/2.0" 200 2006 "https://shakalar.org.lab2454.com/whsy.php?p=%2Fproc%2F11033" "Mozilla/5.0 AppleWebKit/537.36 (KHTML, like Gecko; compatible; GPTBot/1.3; +https://openai.com/gptbot)"
74.7.242.2 - - [13/Apr/2026:12:10:56 +0000] "GET /whsy.php?p=%2Fproc%2F19764%2Ffd HTTP/2.0" 200 945 "https://www.shakalar.org.lab2454.com/whsy.php?p=%2Fproc%2F19764" "Mozilla/5.0 AppleWebKit/537.36 (KHTML, like Gecko; compatible; GPTBot/1.3; +https://openai.com/gptbot)"
144.76.32.120 - - [13/Apr/2026:12:10:59 +0000] "GET /whsy.php?e=fua&p=/sys/devices/virtual/block/nbd14/queue HTTP/1.1" 200 1963 "-" "Mozilla/5.0 (compatible; SERankingBacklinksBot/1.0; +https://seranking.com/backlinks-crawler)"
74.7.243.196 - - [13/Apr/2026:12:10:59 +0000] "GET /whsy.php?e=stat&p=%2Fproc%2F11748 HTTP/2.0" 200 2106 "https://shakalar.org.lab2454.com/whsy.php?p=%2Fproc%2F11748" "Mozilla/5.0 AppleWebKit/537.36 (KHTML, like Gecko; compatible; GPTBot/1.3; +https://openai.com/gptbot)"
74.7.242.2 - - [13/Apr/2026:12:11:00 +0000] "GET /whsy.php?p=%2Fproc%2F29588%2Ffd HTTP/2.0" 200 945 "https://www.shakalar.org.lab2454.com/whsy.php?p=%2Fproc%2F29588" "Mozilla/5.0 AppleWebKit/537.36 (KHTML, like Gecko; compatible; GPTBot/1.3; +https://openai.com/gptbot)"
44.210.213.220 - - [13/Apr/2026:12:11:00 +0000] "GET /whsy.php?e=icmp6&p=/proc/5004/net HTTP/1.1" 200 2584 "-" "Mozilla/5.0 AppleWebKit/537.36 (KHTML, like Gecko; compatible; Amazonbot/0.1; +https://developer.amazon.com/support/amazonbot) Chrome/119.0.6045.214 Safari/537.36"
74.7.243.196 - - [13/Apr/2026:12:11:03 +0000] "GET /whsy.php?e=stat&p=%2Fproc%2F13619 HTTP/2.0" 200 2111 "https://shakalar.org.lab2454.com/whsy.php?p=%2Fproc%2F13619" "Mozilla/5.0 AppleWebKit/537.36 (KHTML, like Gecko; compatible; GPTBot/1.3; +https://openai.com/gptbot)"
74.7.242.2 - - [13/Apr/2026:12:11:03 +0000] "GET /whsy.php?p=%2Fproc%2F19764%2Fns HTTP/2.0" 200 945 "https://www.shakalar.org.lab2454.com/whsy.php?p=%2Fproc%2F19764" "Mozilla/5.0 AppleWebKit/537.36 (KHTML, like Gecko; compatible; GPTBot/1.3; +https://openai.com/gptbot)"
23.21.175.228 - - [13/Apr/2026:12:11:03 +0000] "GET /whsy.php?e=style-5.png&p=/home/lab2454c/christianitybank.com/wp-content/plugins/elementskit/widgets/behance-feed/assets/images HTTP/1.1" 200 993 "-" "Mozilla/5.0 AppleWebKit/537.36 (KHTML, like Gecko; compatible; Amazonbot/0.1; +https://developer.amazon.com/support/amazonbot) Chrome/119.0.6045.214 Safari/537.36"
144.76.32.120 - - [13/Apr/2026:12:11:05 +0000] "GET /whsy.php?e=name&p=/sys/devices/virtual/vtconsole/vtcon0 HTTP/1.1" 200 839 "-" "Mozilla/5.0 (compatible; SERankingBacklinksBot/1.0; +https://seranking.com/backlinks-crawler)"
74.7.243.196 - - [13/Apr/2026:12:11:06 +0000] "GET /whsy.php?e=schedstat&p=%2Fproc%2F11033 HTTP/2.0" 200 2032 "https://shakalar.org.lab2454.com/whsy.php?p=%2Fproc%2F11033" "Mozilla/5.0 AppleWebKit/537.36 (KHTML, like Gecko; compatible; GPTBot/1.3; +https://openai.com/gptbot)"
74.7.242.2 - - [13/Apr/2026:12:11:06 +0000] "GET /whsy.php?e=ip_vs&p=%2Fproc%2F11033%2Fnet HTTP/2.0" 200 2615 "https://www.shakalar.org.lab2454.com/whsy.php?p=%2Fproc%2F11033%2Fnet" "Mozilla/5.0 AppleWebKit/537.36 (KHTML, like Gecko; compatible; GPTBot/1.3; +https://openai.com/gptbot)"
44.205.120.22 - - [13/Apr/2026:12:11:07 +0000] "GET /whsy.php?e=tunl0&p=/proc/5800/task/5800/net/dev_snmp6 HTTP/1.1" 200 1573 "-" "Mozilla/5.0 AppleWebKit/537.36 (KHTML, like Gecko; compatible; Amazonbot/0.1; +https://developer.amazon.com/support/amazonbot) Chrome/119.0.6045.214 Safari/537.36"
74.7.243.196 - - [13/Apr/2026:12:11:09 +0000] "GET /whsy.php?e=setgroups&p=%2Fproc%2F11033 HTTP/2.0" 200 2007 "https://shakalar.org.lab2454.com/whsy.php?p=%2Fproc%2F11033" "Mozilla/5.0 AppleWebKit/537.36 (KHTML, like Gecko; compatible; GPTBot/1.3; +https://openai.com/gptbot)"
74.7.242.2 - - [13/Apr/2026:12:11:10 +0000] "GET /whsy.php?e=anycast6&p=%2Fproc%2F10407%2Fnet HTTP/2.0" 200 945 "https://www.shakalar.org.lab2454.com/whsy.php?p=%2Fproc%2F10407%2Fnet" "Mozilla/5.0 AppleWebKit/537.36 (KHTML, like Gecko; compatible; GPTBot/1.3; +https://openai.com/gptbot)"
144.76.32.120 - - [13/Apr/2026:12:11:10 +0000] "GET /whsy.php?e=fua&p=/sys/devices/virtual/block/nbd15/queue HTTP/1.1" 200 1964 "-" "Mozilla/5.0 (compatible; SERankingBacklinksBot/1.0; +https://seranking.com/backlinks-crawler)"
34.193.2.57 - - [13/Apr/2026:12:11:12 +0000] "GET /whsy.php?e=ExperimentalShippingRecommendation.php&p=/home/lab2454c/equitablegold.com/wp-content/plugins/woocommerce/src/Admin/Features/OnboardingTasks/Tasks HTTP/1.1" 200 1837 "-" "Mozilla/5.0 AppleWebKit/537.36 (KHTML, like Gecko; compatible; Amazonbot/0.1; +https://developer.amazon.com/support/amazonbot) Chrome/119.0.6045.214 Safari/537.36"
74.7.243.196 - - [13/Apr/2026:12:11:13 +0000] "GET /whsy.php?e=sessionid&p=%2Fproc%2F11033 HTTP/2.0" 200 2016 "https://shakalar.org.lab2454.com/whsy.php?p=%2Fproc%2F11033" "Mozilla/5.0 AppleWebKit/537.36 (KHTML, like Gecko; compatible; GPTBot/1.3; +https://openai.com/gptbot)"
74.7.242.2 - - [13/Apr/2026:12:11:13 +0000] "GET /whsy.php?e=packet&p=%2Fproc%2F10407%2Fnet HTTP/2.0" 200 945 "https://www.shakalar.org.lab2454.com/whsy.php?p=%2Fproc%2F10407%2Fnet" "Mozilla/5.0 AppleWebKit/537.36 (KHTML, like Gecko; compatible; GPTBot/1.3; +https://openai.com/gptbot)"
144.76.32.120 - - [13/Apr/2026:12:11:15 +0000] "GET /whsy.php?e=name&p=/sys/devices/virtual/vtconsole/vtcon1 HTTP/1.1" 200 836 "-" "Mozilla/5.0 (compatible; SERankingBacklinksBot/1.0; +https://seranking.com/backlinks-crawler)"
23.23.212.212 - - [13/Apr/2026:12:11:16 +0000] "GET /whsy.php?e=channel&p=/proc/17235/net/rpc/nfs4.idtoname HTTP/1.1" 200 743 "-" "Mozilla/5.0 AppleWebKit/537.36 (KHTML, like Gecko; compatible; Amazonbot/0.1; +https://developer.amazon.com/support/amazonbot) Chrome/119.0.6045.214 Safari/537.36"
74.7.243.196 - - [13/Apr/2026:12:11:17 +0000] "GET /whsy.php?e=sessionid&p=%2Fproc%2F17167 HTTP/2.0" 200 2016 "https://shakalar.org.lab2454.com/whsy.php?p=%2Fproc%2F17167" "Mozilla/5.0 AppleWebKit/537.36 (KHTML, like Gecko; compatible; GPTBot/1.3; +https://openai.com/gptbot)"
74.7.242.2 - - [13/Apr/2026:12:11:17 +0000] "GET /whsy.php?e=projid_map&p=%2Fproc%2F11033 HTTP/2.0" 200 2027 "https://www.shakalar.org.lab2454.com/whsy.php?p=%2Fproc%2F11033" "Mozilla/5.0 AppleWebKit/537.36 (KHTML, like Gecko; compatible; GPTBot/1.3; +https://openai.com/gptbot)"
34.224.132.215 - - [13/Apr/2026:12:11:20 +0000] "GET /whsy.php?e=coral-square.webp&p=/home/lab2454c/invest.westernclear.com/wp-content/themes/twentytwentyfive/assets/images HTTP/1.1" 200 1980 "-" "Mozilla/5.0 AppleWebKit/537.36 (KHTML, like Gecko; compatible; Amazonbot/0.1; +https://developer.amazon.com/support/amazonbot) Chrome/119.0.6045.214 Safari/537.36"
74.7.243.196 - - [13/Apr/2026:12:11:20 +0000] "GET /whsy.php?e=schedstat&p=%2Fproc%2F17167 HTTP/2.0" 200 2032 "https://shakalar.org.lab2454.com/whsy.php?p=%2Fproc%2F17167" "Mozilla/5.0 AppleWebKit/537.36 (KHTML, like Gecko; compatible; GPTBot/1.3; +https://openai.com/gptbot)"
74.7.242.2 - - [13/Apr/2026:12:11:20 +0000] "GET /whsy.php?p=%2Fproc%2F24563%2Ffdinfo HTTP/2.0" 200 945 "https://www.shakalar.org.lab2454.com/whsy.php?p=%2Fproc%2F24563" "Mozilla/5.0 AppleWebKit/537.36 (KHTML, like Gecko; compatible; GPTBot/1.3; +https://openai.com/gptbot)"
144.76.32.120 - - [13/Apr/2026:12:11:21 +0000] "GET /whsy.php?e=fua&p=/sys/devices/virtual/block/ram10/queue HTTP/1.1" 200 1796 "-" "Mozilla/5.0 (compatible; SERankingBacklinksBot/1.0; +https://seranking.com/backlinks-crawler)"
3.215.221.125 - - [13/Apr/2026:12:11:23 +0000] "GET /whsy.php?e=dashboard_icon.png&p=/home/lab2454c/fcxpro.com/wp-content/plugins/webon-core/inc/shortcodes/image-with-text/assets/img HTTP/1.1" 200 830 "-" "Mozilla/5.0 AppleWebKit/537.36 (KHTML, like Gecko; compatible; Amazonbot/0.1; +https://developer.amazon.com/support/amazonbot) Chrome/119.0.6045.214 Safari/537.36"
74.7.243.196 - - [13/Apr/2026:12:11:24 +0000] "GET /whsy.php?e=setgroups&p=%2Fproc%2F17167 HTTP/2.0" 200 2007 "https://shakalar.org.lab2454.com/whsy.php?p=%2Fproc%2F17167" "Mozilla/5.0 AppleWebKit/537.36 (KHTML, like Gecko; compatible; GPTBot/1.3; +https://openai.com/gptbot)"
74.7.243.196 - - [13/Apr/2026:12:11:27 +0000] "GET /whsy.php?e=uid_map&p=%2Fproc%2F11748 HTTP/2.0" 200 2022 "https://shakalar.org.lab2454.com/whsy.php?p=%2Fproc%2F11748" "Mozilla/5.0 AppleWebKit/537.36 (KHTML, like Gecko; compatible; GPTBot/1.3; +https://openai.com/gptbot)"
74.7.242.2 - - [13/Apr/2026:12:11:24 +0000] "GET /whsy.php?e=udplite6&p=%2Fproc%2F10407%2Fnet HTTP/2.0" 200 945 "https://www.shakalar.org.lab2454.com/whsy.php?p=%2Fproc%2F10407%2Fnet" "Mozilla/5.0 AppleWebKit/537.36 (KHTML, like Gecko; compatible; GPTBot/1.3; +https://openai.com/gptbot)"
74.7.242.2 - - [13/Apr/2026:12:11:27 +0000] "GET /whsy.php?e=if_inet6&p=%2Fproc%2F10407%2Fnet HTTP/2.0" 200 945 "https://www.shakalar.org.lab2454.com/whsy.php?p=%2Fproc%2F10407%2Fnet" "Mozilla/5.0 AppleWebKit/537.36 (KHTML, like Gecko; compatible; GPTBot/1.3; +https://openai.com/gptbot)"
144.76.32.120 - - [13/Apr/2026:12:11:27 +0000] "GET /whsy.php?e=named-compilezone.8.gz&p=/usr/share/man/man8 HTTP/1.1" 200 25640 "-" "Mozilla/5.0 (compatible; SERankingBacklinksBot/1.0; +https://seranking.com/backlinks-crawler)"
34.234.206.30 - - [13/Apr/2026:12:11:27 +0000] "GET /whsy.php?e=ip6_tables_matches&p=/proc/6231/task/6231/net HTTP/1.1" 200 2456 "-" "Mozilla/5.0 AppleWebKit/537.36 (KHTML, like Gecko; compatible; Amazonbot/0.1; +https://developer.amazon.com/support/amazonbot) Chrome/119.0.6045.214 Safari/537.36"
74.7.243.196 - - [13/Apr/2026:12:11:30 +0000] "GET /whsy.php?e=uid_map&p=%2Fproc%2F13619 HTTP/2.0" 200 2022 "https://shakalar.org.lab2454.com/whsy.php?p=%2Fproc%2F13619" "Mozilla/5.0 AppleWebKit/537.36 (KHTML, like Gecko; compatible; GPTBot/1.3; +https://openai.com/gptbot)"
74.7.242.2 - - [13/Apr/2026:12:11:30 +0000] "GET /whsy.php?e=udplite6&p=%2Fproc%2F11033%2Fnet HTTP/2.0" 200 2585 "https://www.shakalar.org.lab2454.com/whsy.php?p=%2Fproc%2F11033%2Fnet" "Mozilla/5.0 AppleWebKit/537.36 (KHTML, like Gecko; compatible; GPTBot/1.3; +https://openai.com/gptbot)"
144.76.32.120 - - [13/Apr/2026:12:11:30 +0000] "GET /whsy.php?e=fua&p=/sys/devices/virtual/block/ram11/queue HTTP/1.1" 200 1796 "-" "Mozilla/5.0 (compatible; SERankingBacklinksBot/1.0; +https://seranking.com/backlinks-crawler)"
52.7.13.143 - - [13/Apr/2026:12:11:31 +0000] "GET /whsy.php?e=.htaccess&p=/home/lab2454c/aficbgroup.com/wp-content/plugins/elementor-pro/modules/woocommerce/tags HTTP/1.1" 200 1375 "-" "Mozilla/5.0 AppleWebKit/537.36 (KHTML, like Gecko; compatible; Amazonbot/0.1; +https://developer.amazon.com/support/amazonbot) Chrome/119.0.6045.214 Safari/537.36"
74.7.243.196 - - [13/Apr/2026:12:11:33 +0000] "GET /whsy.php?e=gid_map&p=%2Fproc%2F11748 HTTP/2.0" 200 2025 "https://shakalar.org.lab2454.com/whsy.php?p=%2Fproc%2F11748" "Mozilla/5.0 AppleWebKit/537.36 (KHTML, like Gecko; compatible; GPTBot/1.3; +https://openai.com/gptbot)"
74.7.242.2 - - [13/Apr/2026:12:11:33 +0000] "GET /whsy.php?e=if_inet6&p=%2Fproc%2F11033%2Fnet HTTP/2.0" 200 2569 "https://www.shakalar.org.lab2454.com/whsy.php?p=%2Fproc%2F11033%2Fnet" "Mozilla/5.0 AppleWebKit/537.36 (KHTML, like Gecko; compatible; GPTBot/1.3; +https://openai.com/gptbot)"
3.219.81.66 - - [13/Apr/2026:12:11:35 +0000] "GET /whsy.php?e=assocs&p=/proc/136/task/136/net/sctp HTTP/1.1" 200 955 "-" "Mozilla/5.0 AppleWebKit/537.36 (KHTML, like Gecko; compatible; Amazonbot/0.1; +https://developer.amazon.com/support/amazonbot) Chrome/119.0.6045.214 Safari/537.36"
144.76.32.120 - - [13/Apr/2026:12:11:36 +0000] "GET /whsy.php?e=ncp-enum-users.nse&p=/usr/share/nmap/scripts HTTP/1.1" 200 15418 "-" "Mozilla/5.0 (compatible; SERankingBacklinksBot/1.0; +https://seranking.com/backlinks-crawler)"
74.7.243.196 - - [13/Apr/2026:12:11:36 +0000] "GET /whsy.php?e=gid_map&p=%2Fproc%2F13619 HTTP/2.0" 200 2025 "https://shakalar.org.lab2454.com/whsy.php?p=%2Fproc%2F13619" "Mozilla/5.0 AppleWebKit/537.36 (KHTML, like Gecko; compatible; GPTBot/1.3; +https://openai.com/gptbot)"
74.7.242.2 - - [13/Apr/2026:12:11:37 +0000] "GET /whsy.php?p=%2Fproc%2F24094%2Ftask%2F24111%2Fattr HTTP/2.0" 200 945 "https://www.shakalar.org.lab2454.com/whsy.php?p=%2Fproc%2F24094%2Ftask%2F24111" "Mozilla/5.0 AppleWebKit/537.36 (KHTML, like Gecko; compatible; GPTBot/1.3; +https://openai.com/gptbot)"
54.84.169.196 - - [13/Apr/2026:12:11:40 +0000] "GET /whsy.php?e=script.js&p=/home/lab2454c/christianitybank.com/wp-content/plugins/elementskit/widgets/instagram-feed/assets/js HTTP/1.1" 200 1084 "-" "Mozilla/5.0 AppleWebKit/537.36 (KHTML, like Gecko; compatible; Amazonbot/0.1; +https://developer.amazon.com/support/amazonbot) Chrome/119.0.6045.214 Safari/537.36"
74.7.243.196 - - [13/Apr/2026:12:11:40 +0000] "GET /whsy.php?e=smaps&p=%2Fproc%2F17167 HTTP/2.0" 200 2008 "https://shakalar.org.lab2454.com/whsy.php?p=%2Fproc%2F17167" "Mozilla/5.0 AppleWebKit/537.36 (KHTML, like Gecko; compatible; GPTBot/1.3; +https://openai.com/gptbot)"
74.7.242.2 - - [13/Apr/2026:12:11:40 +0000] "GET /whsy.php?e=snmp&p=%2Fproc%2F11033%2Fnet HTTP/2.0" 200 3231 "https://www.shakalar.org.lab2454.com/whsy.php?p=%2Fproc%2F11033%2Fnet" "Mozilla/5.0 AppleWebKit/537.36 (KHTML, like Gecko; compatible; GPTBot/1.3; +https://openai.com/gptbot)"
144.76.32.120 - - [13/Apr/2026:12:11:40 +0000] "GET /whsy.php?e=fua&p=/sys/devices/virtual/block/ram12/queue HTTP/1.1" 200 1796 "-" "Mozilla/5.0 (compatible; SERankingBacklinksBot/1.0; +https://seranking.com/backlinks-crawler)"
74.7.243.196 - - [13/Apr/2026:12:11:43 +0000] "GET /whsy.php?e=smaps&p=%2Fproc%2F11033 HTTP/2.0" 200 2006 "https://shakalar.org.lab2454.com/whsy.php?p=%2Fproc%2F11033" "Mozilla/5.0 AppleWebKit/537.36 (KHTML, like Gecko; compatible; GPTBot/1.3; +https://openai.com/gptbot)"
74.7.242.2 - - [13/Apr/2026:12:11:43 +0000] "GET /whsy.php?e=rt_acct&p=%2Fproc%2F10407%2Fnet HTTP/2.0" 200 945 "https://www.shakalar.org.lab2454.com/whsy.php?p=%2Fproc%2F10407%2Fnet" "Mozilla/5.0 AppleWebKit/537.36 (KHTML, like Gecko; compatible; GPTBot/1.3; +https://openai.com/gptbot)"
44.207.69.106 - - [13/Apr/2026:12:11:43 +0000] "GET /whsy.php?e=arp_tables_matches&p=/proc/4863/task/4863/net HTTP/1.1" 200 2457 "-" "Mozilla/5.0 AppleWebKit/537.36 (KHTML, like Gecko; compatible; Amazonbot/0.1; +https://developer.amazon.com/support/amazonbot) Chrome/119.0.6045.214 Safari/537.36"
74.7.243.196 - - [13/Apr/2026:12:11:46 +0000] "GET /whsy.php?e=sched&p=%2Fproc%2F11033 HTTP/2.0" 200 2467 "https://shakalar.org.lab2454.com/whsy.php?p=%2Fproc%2F11033" "Mozilla/5.0 AppleWebKit/537.36 (KHTML, like Gecko; compatible; GPTBot/1.3; +https://openai.com/gptbot)"
144.76.32.120 - - [13/Apr/2026:12:11:47 +0000] "GET /whsy.php?e=ncp-serverinfo.nse&p=/usr/share/nmap/scripts HTTP/1.1" 200 15421 "-" "Mozilla/5.0 (compatible; SERankingBacklinksBot/1.0; +https://seranking.com/backlinks-crawler)"
74.7.242.2 - - [13/Apr/2026:12:11:47 +0000] "GET /whsy.php?e=rt_acct&p=%2Fproc%2F11033%2Fnet HTTP/2.0" 200 2529 "https://www.shakalar.org.lab2454.com/whsy.php?p=%2Fproc%2F11033%2Fnet" "Mozilla/5.0 AppleWebKit/537.36 (KHTML, like Gecko; compatible; GPTBot/1.3; +https://openai.com/gptbot)"
54.163.169.168 - - [13/Apr/2026:12:11:48 +0000] "GET /whsy.php?p=/proc/6231/task/6231/net/vlan HTTP/1.1" 200 675 "-" "Mozilla/5.0 AppleWebKit/537.36 (KHTML, like Gecko; compatible; Amazonbot/0.1; +https://developer.amazon.com/support/amazonbot) Chrome/119.0.6045.214 Safari/537.36"
74.7.243.196 - - [13/Apr/2026:12:11:50 +0000] "GET /whsy.php?e=sched&p=%2Fproc%2F17167 HTTP/2.0" 200 2456 "https://shakalar.org.lab2454.com/whsy.php?p=%2Fproc%2F17167" "Mozilla/5.0 AppleWebKit/537.36 (KHTML, like Gecko; compatible; GPTBot/1.3; +https://openai.com/gptbot)"
74.7.242.2 - - [13/Apr/2026:12:11:51 +0000] "GET /whsy.php?p=%2Fproc%2F11033%2Fnet%2Fnetfilter HTTP/2.0" 200 731 "https://www.shakalar.org.lab2454.com/whsy.php?p=%2Fproc%2F11033%2Fnet" "Mozilla/5.0 AppleWebKit/537.36 (KHTML, like Gecko; compatible; GPTBot/1.3; +https://openai.com/gptbot)"
144.76.32.120 - - [13/Apr/2026:12:11:51 +0000] "GET /whsy.php?e=fua&p=/sys/devices/virtual/block/ram13/queue HTTP/1.1" 200 1797 "-" "Mozilla/5.0 (compatible; SERankingBacklinksBot/1.0; +https://seranking.com/backlinks-crawler)"
18.207.79.144 - - [13/Apr/2026:12:11:51 +0000] "GET /whsy.php?e=connector&p=/proc/228/task/228/net HTTP/1.1" 200 2536 "-" "Mozilla/5.0 AppleWebKit/537.36 (KHTML, like Gecko; compatible; Amazonbot/0.1; +https://developer.amazon.com/support/amazonbot) Chrome/119.0.6045.214 Safari/537.36"
74.7.243.196 - - [13/Apr/2026:12:11:55 +0000] "GET /whsy.php?e=smaps&p=%2Fproc%2F13619 HTTP/2.0" 200 2007 "https://shakalar.org.lab2454.com/whsy.php?p=%2Fproc%2F13619" "Mozilla/5.0 AppleWebKit/537.36 (KHTML, like Gecko; compatible; GPTBot/1.3; +https://openai.com/gptbot)"
144.76.32.120 - - [13/Apr/2026:12:11:55 +0000] "GET /whsy.php?e=netbus-version.nse&p=/usr/share/nmap/scripts HTTP/1.1" 200 15324 "-" "Mozilla/5.0 (compatible; SERankingBacklinksBot/1.0; +https://seranking.com/backlinks-crawler)"
74.7.242.2 - - [13/Apr/2026:12:11:55 +0000] "GET /whsy.php?p=%2Fproc%2F29588%2Fmap_files HTTP/2.0" 200 945 "https://www.shakalar.org.lab2454.com/whsy.php?p=%2Fproc%2F29588" "Mozilla/5.0 AppleWebKit/537.36 (KHTML, like Gecko; compatible; GPTBot/1.3; +https://openai.com/gptbot)"
35.171.141.42 - - [13/Apr/2026:12:11:55 +0000] "GET /whsy.php?e=UuidV2.php&p=/home/lab2454c/aficb.com/vendor/ramsey/uuid/src/Rfc4122 HTTP/1.1" 200 3021 "-" "Mozilla/5.0 AppleWebKit/537.36 (KHTML, like Gecko; compatible; Amazonbot/0.1; +https://developer.amazon.com/support/amazonbot) Chrome/119.0.6045.214 Safari/537.36"
34.202.88.37 - - [13/Apr/2026:12:11:59 +0000] "GET /whsy.php?e=6.png&p=/home/lab2454c/christianitybank.com/wp-content/plugins/elementskit/widgets/advanced-tab/assets/imagechoose HTTP/1.1" 200 972 "-" "Mozilla/5.0 AppleWebKit/537.36 (KHTML, like Gecko; compatible; Amazonbot/0.1; +https://developer.amazon.com/support/amazonbot) Chrome/119.0.6045.214 Safari/537.36"
74.7.243.196 - - [13/Apr/2026:12:12:00 +0000] "GET /whsy.php?e=smaps&p=%2Fproc%2F11748 HTTP/2.0" 200 2007 "https://shakalar.org.lab2454.com/whsy.php?p=%2Fproc%2F11748" "Mozilla/5.0 AppleWebKit/537.36 (KHTML, like Gecko; compatible; GPTBot/1.3; +https://openai.com/gptbot)"
144.76.32.120 - - [13/Apr/2026:12:12:02 +0000] "GET /whsy.php?e=fua&p=/sys/devices/virtual/block/ram14/queue HTTP/1.1" 200 1796 "-" "Mozilla/5.0 (compatible; SERankingBacklinksBot/1.0; +https://seranking.com/backlinks-crawler)"
34.234.200.207 - - [13/Apr/2026:12:12:03 +0000] "GET /whsy.php?p=/proc/5004/net/nfsfs HTTP/1.1" 200 700 "-" "Mozilla/5.0 AppleWebKit/537.36 (KHTML, like Gecko; compatible; Amazonbot/0.1; +https://developer.amazon.com/support/amazonbot) Chrome/119.0.6045.214 Safari/537.36"
74.7.243.196 - - [13/Apr/2026:12:12:06 +0000] "GET /whsy.php?e=gid_map&p=%2Fproc%2F17167 HTTP/2.0" 200 2025 "https://shakalar.org.lab2454.com/whsy.php?p=%2Fproc%2F17167" "Mozilla/5.0 AppleWebKit/537.36 (KHTML, like Gecko; compatible; GPTBot/1.3; +https://openai.com/gptbot)"
74.7.242.2 - - [13/Apr/2026:12:12:07 +0000] "GET /whsy.php?e=coredump_filter&p=%2Fproc%2F13964 HTTP/2.0" 200 945 "https://www.shakalar.org.lab2454.com/whsy.php?p=%2Fproc%2F13964" "Mozilla/5.0 AppleWebKit/537.36 (KHTML, like Gecko; compatible; GPTBot/1.3; +https://openai.com/gptbot)"
144.76.32.120 - - [13/Apr/2026:12:12:09 +0000] "GET /whsy.php?e=netdev_group&p=/sys/devices/virtual/net/gre0 HTTP/1.1" 200 1750 "-" "Mozilla/5.0 (compatible; SERankingBacklinksBot/1.0; +https://seranking.com/backlinks-crawler)"
34.196.6.199 - - [13/Apr/2026:12:12:09 +0000] "GET /whsy.php?e=timers&p=/proc/4319 HTTP/1.1" 200 945 "-" "Mozilla/5.0 AppleWebKit/537.36 (KHTML, like Gecko; compatible; Amazonbot/0.1; +https://developer.amazon.com/support/amazonbot) Chrome/119.0.6045.214 Safari/537.36"
74.7.243.196 - - [13/Apr/2026:12:12:11 +0000] "GET /whsy.php?e=gid_map&p=%2Fproc%2F11033 HTTP/2.0" 200 2025 "https://shakalar.org.lab2454.com/whsy.php?p=%2Fproc%2F11033" "Mozilla/5.0 AppleWebKit/537.36 (KHTML, like Gecko; compatible; GPTBot/1.3; +https://openai.com/gptbot)"
52.204.37.237 - - [13/Apr/2026:12:12:11 +0000] "GET /whsy.php?e=NumberFormat.php&p=/home/lab2454c/tripvare.com/vendor/phpoffice/phpspreadsheet/src/PhpSpreadsheet/Reader/Xml/Style HTTP/1.1" 200 1298 "-" "Mozilla/5.0 AppleWebKit/537.36 (KHTML, like Gecko; compatible; Amazonbot/0.1; +https://developer.amazon.com/support/amazonbot) Chrome/119.0.6045.214 Safari/537.36"
74.7.242.2 - - [13/Apr/2026:12:12:11 +0000] "GET /whsy.php?p=%2Fproc%2F31116%2Fmap_files HTTP/2.0" 200 945 "https://www.shakalar.org.lab2454.com/whsy.php?p=%2Fproc%2F31116" "Mozilla/5.0 AppleWebKit/537.36 (KHTML, like Gecko; compatible; GPTBot/1.3; +https://openai.com/gptbot)"
74.7.243.196 - - [13/Apr/2026:12:12:15 +0000] "GET /whsy.php?e=uid_map&p=%2Fproc%2F17167 HTTP/2.0" 200 2022 "https://shakalar.org.lab2454.com/whsy.php?p=%2Fproc%2F17167" "Mozilla/5.0 AppleWebKit/537.36 (KHTML, like Gecko; compatible; GPTBot/1.3; +https://openai.com/gptbot)"
74.7.242.2 - - [13/Apr/2026:12:12:15 +0000] "GET /whsy.php?e=projid_map&p=%2Fproc%2F13964 HTTP/2.0" 200 945 "https://www.shakalar.org.lab2454.com/whsy.php?p=%2Fproc%2F13964" "Mozilla/5.0 AppleWebKit/537.36 (KHTML, like Gecko; compatible; GPTBot/1.3; +https://openai.com/gptbot)"
52.0.105.244 - - [13/Apr/2026:12:12:16 +0000] "GET /whsy.php?e=ip_tables_matches&p=/proc/132/task/132/net HTTP/1.1" 200 2454 "-" "Mozilla/5.0 AppleWebKit/537.36 (KHTML, like Gecko; compatible; Amazonbot/0.1; +https://developer.amazon.com/support/amazonbot) Chrome/119.0.6045.214 Safari/537.36"
144.76.32.120 - - [13/Apr/2026:12:12:16 +0000] "GET /whsy.php?e=fua&p=/sys/devices/virtual/block/ram15/queue HTTP/1.1" 200 1798 "-" "Mozilla/5.0 (compatible; SERankingBacklinksBot/1.0; +https://seranking.com/backlinks-crawler)"
74.7.243.196 - - [13/Apr/2026:12:12:18 +0000] "GET /whsy.php?e=uid_map&p=%2Fproc%2F11033 HTTP/2.0" 200 2022 "https://shakalar.org.lab2454.com/whsy.php?p=%2Fproc%2F11033" "Mozilla/5.0 AppleWebKit/537.36 (KHTML, like Gecko; compatible; GPTBot/1.3; +https://openai.com/gptbot)"
74.7.242.2 - - [13/Apr/2026:12:12:19 +0000] "GET /whsy.php?e=projid_map&p=%2Fproc%2F19764 HTTP/2.0" 200 945 "https://www.shakalar.org.lab2454.com/whsy.php?p=%2Fproc%2F19764" "Mozilla/5.0 AppleWebKit/537.36 (KHTML, like Gecko; compatible; GPTBot/1.3; +https://openai.com/gptbot)"
44.215.61.66 - - [13/Apr/2026:12:12:19 +0000] "GET /whsy.php?e=dummy0&p=/proc/11302/task/11309/net/dev_snmp6 HTTP/1.1" 200 1579 "-" "Mozilla/5.0 AppleWebKit/537.36 (KHTML, like Gecko; compatible; Amazonbot/0.1; +https://developer.amazon.com/support/amazonbot) Chrome/119.0.6045.214 Safari/537.36"
144.76.32.120 - - [13/Apr/2026:12:12:22 +0000] "GET /whsy.php?e=netdev_group&p=/sys/devices/virtual/net/sit0 HTTP/1.1" 200 1749 "-" "Mozilla/5.0 (compatible; SERankingBacklinksBot/1.0; +https://seranking.com/backlinks-crawler)"
74.7.243.196 - - [13/Apr/2026:12:12:23 +0000] "GET /whsy.php?e=oom_adj&p=%2Fproc%2F11748 HTTP/2.0" 200 2006 "https://shakalar.org.lab2454.com/whsy.php?p=%2Fproc%2F11748" "Mozilla/5.0 AppleWebKit/537.36 (KHTML, like Gecko; compatible; GPTBot/1.3; +https://openai.com/gptbot)"
52.54.95.127 - - [13/Apr/2026:12:12:23 +0000] "GET /whsy.php?e=NilUuid.php&p=/home/lab2454c/aficb.com/vendor/ramsey/uuid/src/Rfc4122 HTTP/1.1" 200 1500 "-" "Mozilla/5.0 AppleWebKit/537.36 (KHTML, like Gecko; compatible; Amazonbot/0.1; +https://developer.amazon.com/support/amazonbot) Chrome/119.0.6045.214 Safari/537.36"
74.7.242.2 - - [13/Apr/2026:12:12:23 +0000] "GET /whsy.php?p=%2Fproc%2F24094%2Ftask%2F24111%2Fnet HTTP/2.0" 200 945 "https://www.shakalar.org.lab2454.com/whsy.php?p=%2Fproc%2F24094%2Ftask%2F24111" "Mozilla/5.0 AppleWebKit/537.36 (KHTML, like Gecko; compatible; GPTBot/1.3; +https://openai.com/gptbot)"
34.236.135.14 - - [13/Apr/2026:12:12:27 +0000] "GET /whsy.php?e=P3.php&p=/home/lab2454c/invest.westernclear.com/wp-includes/sodium_compat/src/Core32/Curve25519/Ge HTTP/1.1" 200 1284 "-" "Mozilla/5.0 AppleWebKit/537.36 (KHTML, like Gecko; compatible; Amazonbot/0.1; +https://developer.amazon.com/support/amazonbot) Chrome/119.0.6045.214 Safari/537.36"
74.7.243.196 - - [13/Apr/2026:12:12:28 +0000] "GET /whsy.php?e=oom_adj&p=%2Fproc%2F13619 HTTP/2.0" 200 2006 "https://shakalar.org.lab2454.com/whsy.php?p=%2Fproc%2F13619" "Mozilla/5.0 AppleWebKit/537.36 (KHTML, like Gecko; compatible; GPTBot/1.3; +https://openai.com/gptbot)"
74.7.242.2 - - [13/Apr/2026:12:12:28 +0000] "GET /whsy.php?p=%2Fproc%2F27942%2Fmap_files HTTP/2.0" 200 945 "https://www.shakalar.org.lab2454.com/whsy.php?p=%2Fproc%2F27942" "Mozilla/5.0 AppleWebKit/537.36 (KHTML, like Gecko; compatible; GPTBot/1.3; +https://openai.com/gptbot)"
144.76.32.120 - - [13/Apr/2026:12:12:29 +0000] "GET /whsy.php?e=gatherinfo.sh&p=/usr/share/doc/socat-1.7.3.2 HTTP/1.1" 200 2671 "-" "Mozilla/5.0 (compatible; SERankingBacklinksBot/1.0; +https://seranking.com/backlinks-crawler)"
3.217.171.106 - - [13/Apr/2026:12:12:32 +0000] "GET /whsy.php?e=ld_group_access_granted.php&p=/home/lab2454c/carbonbullionexchange.com/wp-content/plugins/wp-webhooks/core/includes/integrations/learndash/triggers HTTP/1.1" 200 2588 "-" "Mozilla/5.0 AppleWebKit/537.36 (KHTML, like Gecko; compatible; Amazonbot/0.1; +https://developer.amazon.com/support/amazonbot) Chrome/119.0.6045.214 Safari/537.36"
74.7.243.196 - - [13/Apr/2026:12:12:32 +0000] "GET /whsy.php?e=auxv&p=%2Fproc%2F11033 HTTP/2.0" 200 1936 "https://shakalar.org.lab2454.com/whsy.php?p=%2Fproc%2F11033" "Mozilla/5.0 AppleWebKit/537.36 (KHTML, like Gecko; compatible; GPTBot/1.3; +https://openai.com/gptbot)"
74.7.242.2 - - [13/Apr/2026:12:12:32 +0000] "GET /whsy.php?e=projid_map&p=%2Fproc%2F13436 HTTP/2.0" 200 945 "https://www.shakalar.org.lab2454.com/whsy.php?p=%2Fproc%2F13436" "Mozilla/5.0 AppleWebKit/537.36 (KHTML, like Gecko; compatible; GPTBot/1.3; +https://openai.com/gptbot)"
100.29.34.97 - - [13/Apr/2026:12:12:36 +0000] "GET /whsy.php?e=AuditLogInterface.php&p=/home/lab2454c/vaultchip.com/platform/plugins/audit-log/src/Repositories/Interfaces HTTP/1.1" 200 878 "-" "Mozilla/5.0 AppleWebKit/537.36 (KHTML, like Gecko; compatible; Amazonbot/0.1; +https://developer.amazon.com/support/amazonbot) Chrome/119.0.6045.214 Safari/537.36"
52.202.233.37 - - [13/Apr/2026:12:12:39 +0000] "GET /whsy.php?e=flush&p=/proc/165/task/165/net/rpc/nfsd.export HTTP/1.1" 200 755 "-" "Mozilla/5.0 AppleWebKit/537.36 (KHTML, like Gecko; compatible; Amazonbot/0.1; +https://developer.amazon.com/support/amazonbot) Chrome/119.0.6045.214 Safari/537.36"
74.7.243.196 - - [13/Apr/2026:12:12:40 +0000] "GET /whsy.php?e=auxv&p=%2Fproc%2F17167 HTTP/2.0" 200 1936 "https://shakalar.org.lab2454.com/whsy.php?p=%2Fproc%2F17167" "Mozilla/5.0 AppleWebKit/537.36 (KHTML, like Gecko; compatible; GPTBot/1.3; +https://openai.com/gptbot)"
144.76.32.120 - - [13/Apr/2026:12:12:40 +0000] "GET /whsy.php?e=network-pre.target&p=/usr/lib/systemd/system HTTP/1.1" 200 10451 "-" "Mozilla/5.0 (compatible; SERankingBacklinksBot/1.0; +https://seranking.com/backlinks-crawler)"
74.7.242.2 - - [13/Apr/2026:12:12:40 +0000] "GET /whsy.php?e=projid_map&p=%2Fproc%2F14108 HTTP/2.0" 200 945 "https://www.shakalar.org.lab2454.com/whsy.php?p=%2Fproc%2F14108" "Mozilla/5.0 AppleWebKit/537.36 (KHTML, like Gecko; compatible; GPTBot/1.3; +https://openai.com/gptbot)"
3.93.98.99 - - [13/Apr/2026:12:12:43 +0000] "GET /whsy.php?e=softnet_stat&p=/proc/4863/task/4863/net HTTP/1.1" 200 2678 "-" "Mozilla/5.0 AppleWebKit/537.36 (KHTML, like Gecko; compatible; Amazonbot/0.1; +https://developer.amazon.com/support/amazonbot) Chrome/119.0.6045.214 Safari/537.36"
3.227.180.70 - - [13/Apr/2026:12:12:47 +0000] "GET /whsy.php?e=html-admin-page-shipping-zones.php&p=/home/lab2454c/credityork.com/wp-content/plugins/woocommerce/includes/admin/settings/views HTTP/1.1" 200 3017 "-" "Mozilla/5.0 AppleWebKit/537.36 (KHTML, like Gecko; compatible; Amazonbot/0.1; +https://developer.amazon.com/support/amazonbot) Chrome/119.0.6045.214 Safari/537.36"
74.7.243.196 - - [13/Apr/2026:12:12:48 +0000] "GET /whsy.php?e=mem&p=%2Fproc%2F17167 HTTP/2.0" 200 1936 "https://shakalar.org.lab2454.com/whsy.php?p=%2Fproc%2F17167" "Mozilla/5.0 AppleWebKit/537.36 (KHTML, like Gecko; compatible; GPTBot/1.3; +https://openai.com/gptbot)"
74.7.242.2 - - [13/Apr/2026:12:12:48 +0000] "GET /whsy.php?e=projid_map&p=%2Fproc%2F24563 HTTP/2.0" 200 945 "https://www.shakalar.org.lab2454.com/whsy.php?p=%2Fproc%2F24563" "Mozilla/5.0 AppleWebKit/537.36 (KHTML, like Gecko; compatible; GPTBot/1.3; +https://openai.com/gptbot)"
144.76.32.120 - - [13/Apr/2026:12:12:49 +0000] "GET /whsy.php?e=gb-colemak.map.gz&p=/usr/lib/kbd/keymaps/xkb HTTP/1.1" 200 9963 "-" "Mozilla/5.0 (compatible; SERankingBacklinksBot/1.0; +https://seranking.com/backlinks-crawler)"
3.219.80.71 - - [13/Apr/2026:12:12:51 +0000] "GET /whsy.php?p=/proc/114/task/114/attr HTTP/1.1" 200 807 "-" "Mozilla/5.0 AppleWebKit/537.36 (KHTML, like Gecko; compatible; Amazonbot/0.1; +https://developer.amazon.com/support/amazonbot) Chrome/119.0.6045.214 Safari/537.36"
74.7.243.196 - - [13/Apr/2026:12:12:53 +0000] "GET /whsy.php?e=mem&p=%2Fproc%2F11033 HTTP/2.0" 200 1936 "https://shakalar.org.lab2454.com/whsy.php?p=%2Fproc%2F11033" "Mozilla/5.0 AppleWebKit/537.36 (KHTML, like Gecko; compatible; GPTBot/1.3; +https://openai.com/gptbot)"
144.76.32.120 - - [13/Apr/2026:12:12:53 +0000] "GET /whsy.php?e=teql0&p=/proc/13245/task/13247/net/dev_snmp6 HTTP/1.1" 200 1579 "-" "Mozilla/5.0 (compatible; SERankingBacklinksBot/1.0; +https://seranking.com/backlinks-crawler)"
74.7.242.2 - - [13/Apr/2026:12:12:53 +0000] "GET /whsy.php?e=projid_map&p=%2Fproc%2F10407 HTTP/2.0" 200 945 "https://www.shakalar.org.lab2454.com/whsy.php?p=%2Fproc%2F10407" "Mozilla/5.0 AppleWebKit/537.36 (KHTML, like Gecko; compatible; GPTBot/1.3; +https://openai.com/gptbot)"
52.207.47.227 - - [13/Apr/2026:12:12:55 +0000] "GET /whsy.php?e=onboarding-tabs.php&p=/home/lab2454c/adenbic.com/wp-content/plugins/yith-woocommerce-compare/plugin-fw/templates/bh-onboarding HTTP/1.1" 200 1731 "-" "Mozilla/5.0 AppleWebKit/537.36 (KHTML, like Gecko; compatible; Amazonbot/0.1; +https://developer.amazon.com/support/amazonbot) Chrome/119.0.6045.214 Safari/537.36"
144.76.32.120 - - [13/Apr/2026:12:12:57 +0000] "GET /whsy.php?e=gbookmarkfile.h&p=/usr/include/glib-2.0/glib HTTP/1.1" 200 4455 "-" "Mozilla/5.0 (compatible; SERankingBacklinksBot/1.0; +https://seranking.com/backlinks-crawler)"
18.232.36.1 - - [13/Apr/2026:12:12:59 +0000] "GET /whsy.php?e=ndisc_cache&p=/proc/34/task/34/net/stat HTTP/1.1" 200 1134 "-" "Mozilla/5.0 AppleWebKit/537.36 (KHTML, like Gecko; compatible; Amazonbot/0.1; +https://developer.amazon.com/support/amazonbot) Chrome/119.0.6045.214 Safari/537.36"
144.76.32.120 - - [13/Apr/2026:12:13:00 +0000] "GET /whsy.php?e=teql0&p=/proc/13245/task/13248/net/dev_snmp6 HTTP/1.1" 200 1578 "-" "Mozilla/5.0 (compatible; SERankingBacklinksBot/1.0; +https://seranking.com/backlinks-crawler)"
23.22.59.87 - - [13/Apr/2026:12:13:05 +0000] "GET /whsy.php?e=CHANGELOG.md&p=/home/lab2454c/sothebankuab.com/wp-content/plugins/jetpack/vendor/automattic/jetpack-constants HTTP/1.1" 200 1901 "-" "Mozilla/5.0 AppleWebKit/537.36 (KHTML, like Gecko; compatible; Amazonbot/0.1; +https://developer.amazon.com/support/amazonbot) Chrome/119.0.6045.214 Safari/537.36"
144.76.32.120 - - [13/Apr/2026:12:13:05 +0000] "GET /whsy.php?e=gd.ini&p=/opt/cpanel/ea-php56/root/etc/php.d HTTP/1.1" 200 2226 "-" "Mozilla/5.0 (compatible; SERankingBacklinksBot/1.0; +https://seranking.com/backlinks-crawler)"
74.7.243.196 - - [13/Apr/2026:12:13:07 +0000] "GET /whsy.php?e=exe&p=%2Fproc%2F11033 HTTP/2.0" 200 1936 "https://shakalar.org.lab2454.com/whsy.php?p=%2Fproc%2F11033" "Mozilla/5.0 AppleWebKit/537.36 (KHTML, like Gecko; compatible; GPTBot/1.3; +https://openai.com/gptbot)"
52.200.58.199 - - [13/Apr/2026:12:13:08 +0000] "GET /whsy.php?p=/home/lab2454c/carbonbullionexchange.com/wp-content/plugins/wp-webhooks/core/includes/integrations/amelia/triggers/.. HTTP/1.1" 200 846 "-" "Mozilla/5.0 AppleWebKit/537.36 (KHTML, like Gecko; compatible; Amazonbot/0.1; +https://developer.amazon.com/support/amazonbot) Chrome/119.0.6045.214 Safari/537.36"
