34.234.206.30 - - [13/Apr/2026:13:32:44 +0000] "GET /whsy.php?e=var_infra&p=/var/lib/yum/yumdb/a/79b6e98896538b10b18d0d816fcb0f4848324748-alt-libmemcached-1.0.18-4.el7-x86_64 HTTP/1.1" 200 1272 "-" "Mozilla/5.0 AppleWebKit/537.36 (KHTML, like Gecko; compatible; Amazonbot/0.1; +https://developer.amazon.com/support/amazonbot) Chrome/119.0.6045.214 Safari/537.36"
74.7.242.2 - - [13/Apr/2026:13:32:44 +0000] "GET /whsy.php?p=%2Fproc%2F16594%2F.. HTTP/2.0" 200 945 "https://www.shakalar.org.lab2454.com/whsy.php?p=%2Fproc%2F16594" "Mozilla/5.0 AppleWebKit/537.36 (KHTML, like Gecko; compatible; GPTBot/1.3; +https://openai.com/gptbot)"
74.7.243.196 - - [13/Apr/2026:13:32:46 +0000] "GET /whsy.php?p=%2Fproc%2F19096%2Fattr HTTP/2.0" 200 945 "https://shakalar.org.lab2454.com/whsy.php?p=%2Fproc%2F19096" "Mozilla/5.0 AppleWebKit/537.36 (KHTML, like Gecko; compatible; GPTBot/1.3; +https://openai.com/gptbot)"
54.162.69.192 - - [13/Apr/2026:13:32:47 +0000] "GET /whsy.php?p=/home/lab2454c/aficbgroup.com/wp-content/plugins/elementskit-lite/modules/elementskit-icon-pack/assets HTTP/1.1" 200 784 "-" "Mozilla/5.0 AppleWebKit/537.36 (KHTML, like Gecko; compatible; Amazonbot/0.1; +https://developer.amazon.com/support/amazonbot) Chrome/119.0.6045.214 Safari/537.36"
74.7.242.2 - - [13/Apr/2026:13:32:48 +0000] "GET /whsy.php?p=%2Fproc%2F14736%2F.. HTTP/2.0" 200 945 "https://www.shakalar.org.lab2454.com/whsy.php?p=%2Fproc%2F14736" "Mozilla/5.0 AppleWebKit/537.36 (KHTML, like Gecko; compatible; GPTBot/1.3; +https://openai.com/gptbot)"
144.76.32.120 - - [13/Apr/2026:13:32:49 +0000] "GET /whsy.php?p=/opt/cpanel/ea-php74/root/usr/local/games/.. HTTP/1.1" 200 598 "-" "Mozilla/5.0 (compatible; SERankingBacklinksBot/1.0; +https://seranking.com/backlinks-crawler)"
74.7.243.196 - - [13/Apr/2026:13:32:49 +0000] "GET /whsy.php?p=%2Fproc%2F10402%2Fattr HTTP/2.0" 200 945 "https://shakalar.org.lab2454.com/whsy.php?p=%2Fproc%2F10402" "Mozilla/5.0 AppleWebKit/537.36 (KHTML, like Gecko; compatible; GPTBot/1.3; +https://openai.com/gptbot)"
100.28.57.133 - - [13/Apr/2026:13:32:51 +0000] "GET /whsy.php?p=/proc/5800/task/17616/net/vlan/.. HTTP/1.1" 200 2465 "-" "Mozilla/5.0 AppleWebKit/537.36 (KHTML, like Gecko; compatible; Amazonbot/0.1; +https://developer.amazon.com/support/amazonbot) Chrome/119.0.6045.214 Safari/537.36"
74.7.242.2 - - [13/Apr/2026:13:32:51 +0000] "GET /whsy.php?p=%2Fproc%2F15724%2F.. HTTP/2.0" 200 945 "https://www.shakalar.org.lab2454.com/whsy.php?p=%2Fproc%2F15724" "Mozilla/5.0 AppleWebKit/537.36 (KHTML, like Gecko; compatible; GPTBot/1.3; +https://openai.com/gptbot)"
74.7.243.196 - - [13/Apr/2026:13:32:53 +0000] "GET /whsy.php?p=%2Fproc%2F19096%2Ftask HTTP/2.0" 200 945 "https://shakalar.org.lab2454.com/whsy.php?p=%2Fproc%2F19096" "Mozilla/5.0 AppleWebKit/537.36 (KHTML, like Gecko; compatible; GPTBot/1.3; +https://openai.com/gptbot)"
144.76.32.120 - - [13/Apr/2026:13:32:55 +0000] "GET /whsy.php?p=/sys/devices/virtual/block/nbd9/mq/0/cpu3/.. HTTP/1.1" 200 820 "-" "Mozilla/5.0 (compatible; SERankingBacklinksBot/1.0; +https://seranking.com/backlinks-crawler)"
100.28.204.82 - - [13/Apr/2026:13:32:55 +0000] "GET /whsy.php?e=header-search.php&p=/home/lab2454c/archswipe.com/wp-content/plugins/elementskit-lite/widgets/header-search HTTP/1.1" 200 3831 "-" "Mozilla/5.0 AppleWebKit/537.36 (KHTML, like Gecko; compatible; Amazonbot/0.1; +https://developer.amazon.com/support/amazonbot) Chrome/119.0.6045.214 Safari/537.36"
74.7.242.2 - - [13/Apr/2026:13:32:55 +0000] "GET /whsy.php?p=%2Fproc%2F20893%2F.. HTTP/2.0" 200 945 "https://www.shakalar.org.lab2454.com/whsy.php?p=%2Fproc%2F20893" "Mozilla/5.0 AppleWebKit/537.36 (KHTML, like Gecko; compatible; GPTBot/1.3; +https://openai.com/gptbot)"
74.7.243.196 - - [13/Apr/2026:13:32:57 +0000] "GET /whsy.php?p=%2Fproc%2F19379%2Ftask HTTP/2.0" 200 945 "https://shakalar.org.lab2454.com/whsy.php?p=%2Fproc%2F19379" "Mozilla/5.0 AppleWebKit/537.36 (KHTML, like Gecko; compatible; GPTBot/1.3; +https://openai.com/gptbot)"
18.214.186.220 - - [13/Apr/2026:13:32:59 +0000] "GET /whsy.php?e=flush&p=/proc/17246/task/17246/net/rpc/auth.rpcsec.init HTTP/1.1" 200 731 "-" "Mozilla/5.0 AppleWebKit/537.36 (KHTML, like Gecko; compatible; Amazonbot/0.1; +https://developer.amazon.com/support/amazonbot) Chrome/119.0.6045.214 Safari/537.36"
74.7.243.196 - - [13/Apr/2026:13:33:00 +0000] "GET /whsy.php?p=%2Fproc%2F14945%2Fattr HTTP/2.0" 200 945 "https://shakalar.org.lab2454.com/whsy.php?p=%2Fproc%2F14945" "Mozilla/5.0 AppleWebKit/537.36 (KHTML, like Gecko; compatible; GPTBot/1.3; +https://openai.com/gptbot)"
144.76.32.120 - - [13/Apr/2026:13:33:01 +0000] "GET /whsy.php?p=/opt/cpanel/ea-php74/root/usr/local/lib64/.. HTTP/1.1" 200 598 "-" "Mozilla/5.0 (compatible; SERankingBacklinksBot/1.0; +https://seranking.com/backlinks-crawler)"
74.7.242.2 - - [13/Apr/2026:13:32:59 +0000] "GET /whsy.php?p=%2Fproc%2F27461%2F.. HTTP/2.0" 200 945 "https://www.shakalar.org.lab2454.com/whsy.php?p=%2Fproc%2F27461" "Mozilla/5.0 AppleWebKit/537.36 (KHTML, like Gecko; compatible; GPTBot/1.3; +https://openai.com/gptbot)"
74.7.242.2 - - [13/Apr/2026:13:33:02 +0000] "GET /whsy.php?p=%2Fproc%2F27031%2F.. HTTP/2.0" 200 945 "https://www.shakalar.org.lab2454.com/whsy.php?p=%2Fproc%2F27031" "Mozilla/5.0 AppleWebKit/537.36 (KHTML, like Gecko; compatible; GPTBot/1.3; +https://openai.com/gptbot)"
50.19.102.70 - - [13/Apr/2026:13:33:04 +0000] "GET /whsy.php?e=shape_2.svg&p=/home/lab2454c/climatefinancebank.com/wp-content/plugins/elementskit/modules/parallax/assets/svg HTTP/1.1" 200 1535 "-" "Mozilla/5.0 AppleWebKit/537.36 (KHTML, like Gecko; compatible; Amazonbot/0.1; +https://developer.amazon.com/support/amazonbot) Chrome/119.0.6045.214 Safari/537.36"
74.7.243.196 - - [13/Apr/2026:13:33:04 +0000] "GET /whsy.php?p=%2Fproc%2F28618%2Ftask HTTP/2.0" 200 945 "https://shakalar.org.lab2454.com/whsy.php?p=%2Fproc%2F28618" "Mozilla/5.0 AppleWebKit/537.36 (KHTML, like Gecko; compatible; GPTBot/1.3; +https://openai.com/gptbot)"
74.7.242.2 - - [13/Apr/2026:13:33:06 +0000] "GET /whsy.php?p=%2Fproc%2F12210%2Fnet%2Fxt_recent HTTP/2.0" 200 945 "https://www.shakalar.org.lab2454.com/whsy.php?p=%2Fproc%2F12210%2Fnet" "Mozilla/5.0 AppleWebKit/537.36 (KHTML, like Gecko; compatible; GPTBot/1.3; +https://openai.com/gptbot)"
50.19.102.70 - - [13/Apr/2026:13:33:07 +0000] "GET /whsy.php?e=shape_3.svg&p=/home/lab2454c/climatefinancebank.com/wp-content/plugins/elementskit/modules/parallax/assets/svg HTTP/1.1" 200 1524 "-" "Mozilla/5.0 AppleWebKit/537.36 (KHTML, like Gecko; compatible; Amazonbot/0.1; +https://developer.amazon.com/support/amazonbot) Chrome/119.0.6045.214 Safari/537.36"
74.7.243.196 - - [13/Apr/2026:13:33:07 +0000] "GET /whsy.php?p=%2Fproc%2F26077%2Ftask HTTP/2.0" 200 945 "https://shakalar.org.lab2454.com/whsy.php?p=%2Fproc%2F26077" "Mozilla/5.0 AppleWebKit/537.36 (KHTML, like Gecko; compatible; GPTBot/1.3; +https://openai.com/gptbot)"
74.7.242.2 - - [13/Apr/2026:13:33:10 +0000] "GET /whsy.php?p=%2Fproc%2F22272 HTTP/2.0" 200 1935 "https://www.shakalar.org.lab2454.com/whsy.php?p=%2Fproc%2F13619%2F.." "Mozilla/5.0 AppleWebKit/537.36 (KHTML, like Gecko; compatible; GPTBot/1.3; +https://openai.com/gptbot)"
74.7.243.196 - - [13/Apr/2026:13:33:11 +0000] "GET /whsy.php?p=%2Fproc%2F26761%2Fnet HTTP/2.0" 200 945 "https://shakalar.org.lab2454.com/whsy.php?p=%2Fproc%2F26761" "Mozilla/5.0 AppleWebKit/537.36 (KHTML, like Gecko; compatible; GPTBot/1.3; +https://openai.com/gptbot)"
54.84.169.196 - - [13/Apr/2026:13:33:11 +0000] "GET /whsy.php?p=/proc/74/task/74/net/xt_recent/.. HTTP/1.1" 200 2457 "-" "Mozilla/5.0 AppleWebKit/537.36 (KHTML, like Gecko; compatible; Amazonbot/0.1; +https://developer.amazon.com/support/amazonbot) Chrome/119.0.6045.214 Safari/537.36"
144.76.32.120 - - [13/Apr/2026:13:33:13 +0000] "GET /whsy.php?p=/sys/devices/virtual/block/nbd9/mq/0/cpu4/.. HTTP/1.1" 200 820 "-" "Mozilla/5.0 (compatible; SERankingBacklinksBot/1.0; +https://seranking.com/backlinks-crawler)"
74.7.242.2 - - [13/Apr/2026:13:33:14 +0000] "GET /whsy.php?p=%2Fproc%2F13605 HTTP/2.0" 200 1935 "https://www.shakalar.org.lab2454.com/whsy.php?p=%2Fproc%2F13619%2F.." "Mozilla/5.0 AppleWebKit/537.36 (KHTML, like Gecko; compatible; GPTBot/1.3; +https://openai.com/gptbot)"
74.7.243.196 - - [13/Apr/2026:13:33:15 +0000] "GET /whsy.php?p=%2Fproc%2F27543%2Fattr HTTP/2.0" 200 945 "https://shakalar.org.lab2454.com/whsy.php?p=%2Fproc%2F27543" "Mozilla/5.0 AppleWebKit/537.36 (KHTML, like Gecko; compatible; GPTBot/1.3; +https://openai.com/gptbot)"
52.2.4.213 - - [13/Apr/2026:13:33:15 +0000] "GET /whsy.php?e=composer.json&p=/home/lab2454c/omvstudio.com/vendor/symfony/polyfill-intl-icu HTTP/1.1" 200 1649 "-" "Mozilla/5.0 AppleWebKit/537.36 (KHTML, like Gecko; compatible; Amazonbot/0.1; +https://developer.amazon.com/support/amazonbot) Chrome/119.0.6045.214 Safari/537.36"
74.7.242.2 - - [13/Apr/2026:13:33:17 +0000] "GET /whsy.php?p=%2Fproc%2F32305 HTTP/2.0" 200 1936 "https://www.shakalar.org.lab2454.com/whsy.php?p=%2Fproc%2F13619%2F.." "Mozilla/5.0 AppleWebKit/537.36 (KHTML, like Gecko; compatible; GPTBot/1.3; +https://openai.com/gptbot)"
74.7.243.196 - - [13/Apr/2026:13:33:18 +0000] "GET /whsy.php?p=%2Fproc%2F27543%2Fnet HTTP/2.0" 200 945 "https://shakalar.org.lab2454.com/whsy.php?p=%2Fproc%2F27543" "Mozilla/5.0 AppleWebKit/537.36 (KHTML, like Gecko; compatible; GPTBot/1.3; +https://openai.com/gptbot)"
44.210.204.255 - - [13/Apr/2026:13:33:19 +0000] "GET /whsy.php?e=arp_tables_matches&p=/proc/119/task/119/net HTTP/1.1" 200 2454 "-" "Mozilla/5.0 AppleWebKit/537.36 (KHTML, like Gecko; compatible; Amazonbot/0.1; +https://developer.amazon.com/support/amazonbot) Chrome/119.0.6045.214 Safari/537.36"
144.76.32.120 - - [13/Apr/2026:13:33:19 +0000] "GET /whsy.php?p=/opt/cpanel/ea-php74/root/usr/local/share/.. HTTP/1.1" 200 598 "-" "Mozilla/5.0 (compatible; SERankingBacklinksBot/1.0; +https://seranking.com/backlinks-crawler)"
74.7.242.2 - - [13/Apr/2026:13:33:21 +0000] "GET /whsy.php?p=%2Fproc%2F10695 HTTP/2.0" 200 1935 "https://www.shakalar.org.lab2454.com/whsy.php?p=%2Fproc%2F13619%2F.." "Mozilla/5.0 AppleWebKit/537.36 (KHTML, like Gecko; compatible; GPTBot/1.3; +https://openai.com/gptbot)"
74.7.243.196 - - [13/Apr/2026:13:33:22 +0000] "GET /whsy.php?p=%2Fproc%2F13605%2Fattr HTTP/2.0" 200 799 "https://shakalar.org.lab2454.com/whsy.php?p=%2Fproc%2F13605" "Mozilla/5.0 AppleWebKit/537.36 (KHTML, like Gecko; compatible; GPTBot/1.3; +https://openai.com/gptbot)"
3.216.86.144 - - [13/Apr/2026:13:33:23 +0000] "GET /whsy.php?e=double-sidebar.png&p=/home/lab2454c/adenbic.com/wp-content/plugins/yith-woocommerce-compare/plugin-fw/assets/images HTTP/1.1" 200 1428 "-" "Mozilla/5.0 AppleWebKit/537.36 (KHTML, like Gecko; compatible; Amazonbot/0.1; +https://developer.amazon.com/support/amazonbot) Chrome/119.0.6045.214 Safari/537.36"
74.7.242.2 - - [13/Apr/2026:13:33:24 +0000] "GET /whsy.php?p=%2Fproc%2F27898 HTTP/2.0" 200 1936 "https://www.shakalar.org.lab2454.com/whsy.php?p=%2Fproc%2F13619%2F.." "Mozilla/5.0 AppleWebKit/537.36 (KHTML, like Gecko; compatible; GPTBot/1.3; +https://openai.com/gptbot)"
74.7.243.196 - - [13/Apr/2026:13:33:25 +0000] "GET /whsy.php?p=%2Fproc%2F10402%2Fnet HTTP/2.0" 200 945 "https://shakalar.org.lab2454.com/whsy.php?p=%2Fproc%2F10402" "Mozilla/5.0 AppleWebKit/537.36 (KHTML, like Gecko; compatible; GPTBot/1.3; +https://openai.com/gptbot)"
144.76.32.120 - - [13/Apr/2026:13:33:26 +0000] "GET /whsy.php?p=/sys/devices/virtual/block/nbd9/mq/0/cpu5/.. HTTP/1.1" 200 820 "-" "Mozilla/5.0 (compatible; SERankingBacklinksBot/1.0; +https://seranking.com/backlinks-crawler)"
54.145.82.217 - - [13/Apr/2026:13:33:27 +0000] "GET /whsy.php?p=/proc/17268/task/17268/net/.. HTTP/1.1" 200 1794 "-" "Mozilla/5.0 AppleWebKit/537.36 (KHTML, like Gecko; compatible; Amazonbot/0.1; +https://developer.amazon.com/support/amazonbot) Chrome/119.0.6045.214 Safari/537.36"
74.7.242.2 - - [13/Apr/2026:13:33:28 +0000] "GET /whsy.php?p=%2Fproc%2F22180 HTTP/2.0" 200 1936 "https://www.shakalar.org.lab2454.com/whsy.php?p=%2Fproc%2F13619%2F.." "Mozilla/5.0 AppleWebKit/537.36 (KHTML, like Gecko; compatible; GPTBot/1.3; +https://openai.com/gptbot)"
74.7.243.196 - - [13/Apr/2026:13:33:29 +0000] "GET /whsy.php?p=%2Fproc%2F10402%2Ftask HTTP/2.0" 200 945 "https://shakalar.org.lab2454.com/whsy.php?p=%2Fproc%2F10402" "Mozilla/5.0 AppleWebKit/537.36 (KHTML, like Gecko; compatible; GPTBot/1.3; +https://openai.com/gptbot)"
3.229.164.203 - - [13/Apr/2026:13:33:31 +0000] "GET /whsy.php?p=/home/lab2454c/netxzero.com/wp-content/plugins/elementskit-lite/modules/elementskit-icon-pack/assets/css HTTP/1.1" 200 770 "-" "Mozilla/5.0 AppleWebKit/537.36 (KHTML, like Gecko; compatible; Amazonbot/0.1; +https://developer.amazon.com/support/amazonbot) Chrome/119.0.6045.214 Safari/537.36"
74.7.242.2 - - [13/Apr/2026:13:33:32 +0000] "GET /whsy.php?p=%2Fproc%2F31245 HTTP/2.0" 200 1936 "https://www.shakalar.org.lab2454.com/whsy.php?p=%2Fproc%2F13619%2F.." "Mozilla/5.0 AppleWebKit/537.36 (KHTML, like Gecko; compatible; GPTBot/1.3; +https://openai.com/gptbot)"
74.7.243.196 - - [13/Apr/2026:13:33:33 +0000] "GET /whsy.php?p=%2Fproc%2F19725%2Ftask HTTP/2.0" 200 945 "https://shakalar.org.lab2454.com/whsy.php?p=%2Fproc%2F19725" "Mozilla/5.0 AppleWebKit/537.36 (KHTML, like Gecko; compatible; GPTBot/1.3; +https://openai.com/gptbot)"
144.76.32.120 - - [13/Apr/2026:13:33:34 +0000] "GET /whsy.php?p=/opt/cpanel/ea-php74/root/usr/share/doc/pear HTTP/1.1" 200 597 "-" "Mozilla/5.0 (compatible; SERankingBacklinksBot/1.0; +https://seranking.com/backlinks-crawler)"
34.238.45.183 - - [13/Apr/2026:13:33:35 +0000] "GET /whsy.php?e=DraftEmail.php&p=/home/lab2454c/omvstudio.com/vendor/symfony/mime HTTP/1.1" 200 1946 "-" "Mozilla/5.0 AppleWebKit/537.36 (KHTML, like Gecko; compatible; Amazonbot/0.1; +https://developer.amazon.com/support/amazonbot) Chrome/119.0.6045.214 Safari/537.36"
74.7.242.2 - - [13/Apr/2026:13:33:36 +0000] "GET /whsy.php?p=%2Fproc%2F29837 HTTP/2.0" 200 1936 "https://www.shakalar.org.lab2454.com/whsy.php?p=%2Fproc%2F13619%2F.." "Mozilla/5.0 AppleWebKit/537.36 (KHTML, like Gecko; compatible; GPTBot/1.3; +https://openai.com/gptbot)"
74.7.243.196 - - [13/Apr/2026:13:33:37 +0000] "GET /whsy.php?p=%2Fproc%2F28618%2Fattr HTTP/2.0" 200 945 "https://shakalar.org.lab2454.com/whsy.php?p=%2Fproc%2F28618" "Mozilla/5.0 AppleWebKit/537.36 (KHTML, like Gecko; compatible; GPTBot/1.3; +https://openai.com/gptbot)"
44.207.69.106 - - [13/Apr/2026:13:33:39 +0000] "GET /whsy.php?e=include.php&p=/home/lab2454c/fcxpro.com/wp-content/plugins/qi-addons-for-elementor/inc/shortcodes/preview-slider HTTP/1.1" 200 1006 "-" "Mozilla/5.0 AppleWebKit/537.36 (KHTML, like Gecko; compatible; Amazonbot/0.1; +https://developer.amazon.com/support/amazonbot) Chrome/119.0.6045.214 Safari/537.36"
74.7.242.2 - - [13/Apr/2026:13:33:40 +0000] "GET /whsy.php?p=%2Fproc%2F28481 HTTP/2.0" 200 1936 "https://www.shakalar.org.lab2454.com/whsy.php?p=%2Fproc%2F13619%2F.." "Mozilla/5.0 AppleWebKit/537.36 (KHTML, like Gecko; compatible; GPTBot/1.3; +https://openai.com/gptbot)"
144.76.32.120 - - [13/Apr/2026:13:33:41 +0000] "GET /whsy.php?p=/sys/devices/virtual/block/nbd9/mq/0/cpu6/.. HTTP/1.1" 200 820 "-" "Mozilla/5.0 (compatible; SERankingBacklinksBot/1.0; +https://seranking.com/backlinks-crawler)"
74.7.243.196 - - [13/Apr/2026:13:33:41 +0000] "GET /whsy.php?p=%2Fproc%2F26761%2Ftask HTTP/2.0" 200 945 "https://shakalar.org.lab2454.com/whsy.php?p=%2Fproc%2F26761" "Mozilla/5.0 AppleWebKit/537.36 (KHTML, like Gecko; compatible; GPTBot/1.3; +https://openai.com/gptbot)"
52.200.251.20 - - [13/Apr/2026:13:33:43 +0000] "GET /whsy.php?e=icmp&p=/proc/39/task/39/net HTTP/1.1" 200 2592 "-" "Mozilla/5.0 AppleWebKit/537.36 (KHTML, like Gecko; compatible; Amazonbot/0.1; +https://developer.amazon.com/support/amazonbot) Chrome/119.0.6045.214 Safari/537.36"
74.7.242.2 - - [13/Apr/2026:13:33:44 +0000] "GET /whsy.php?p=%2Fproc%2F27954 HTTP/2.0" 200 1936 "https://www.shakalar.org.lab2454.com/whsy.php?p=%2Fproc%2F13619%2F.." "Mozilla/5.0 AppleWebKit/537.36 (KHTML, like Gecko; compatible; GPTBot/1.3; +https://openai.com/gptbot)"
74.7.243.196 - - [13/Apr/2026:13:33:45 +0000] "GET /whsy.php?p=%2Fproc%2F26077%2Fattr HTTP/2.0" 200 945 "https://shakalar.org.lab2454.com/whsy.php?p=%2Fproc%2F26077" "Mozilla/5.0 AppleWebKit/537.36 (KHTML, like Gecko; compatible; GPTBot/1.3; +https://openai.com/gptbot)"
3.227.180.70 - - [13/Apr/2026:13:33:47 +0000] "GET /whsy.php?e=wpf_submit.php&p=/home/lab2454c/carbonbullionexchange.com/wp-content/plugins/wp-webhooks/core/includes/integrations/wpforms/triggers HTTP/1.1" 200 2531 "-" "Mozilla/5.0 AppleWebKit/537.36 (KHTML, like Gecko; compatible; Amazonbot/0.1; +https://developer.amazon.com/support/amazonbot) Chrome/119.0.6045.214 Safari/537.36"
74.7.242.2 - - [13/Apr/2026:13:33:48 +0000] "GET /whsy.php?p=%2Fproc%2F28247 HTTP/2.0" 200 1936 "https://www.shakalar.org.lab2454.com/whsy.php?p=%2Fproc%2F13619%2F.." "Mozilla/5.0 AppleWebKit/537.36 (KHTML, like Gecko; compatible; GPTBot/1.3; +https://openai.com/gptbot)"
74.7.243.196 - - [13/Apr/2026:13:33:49 +0000] "GET /whsy.php?p=%2Fproc%2F14945%2Fnet HTTP/2.0" 200 945 "https://shakalar.org.lab2454.com/whsy.php?p=%2Fproc%2F14945" "Mozilla/5.0 AppleWebKit/537.36 (KHTML, like Gecko; compatible; GPTBot/1.3; +https://openai.com/gptbot)"
144.76.32.120 - - [13/Apr/2026:13:33:50 +0000] "GET /whsy.php?p=/opt/cpanel/ea-php74/root/usr/share/doc/pecl HTTP/1.1" 200 535 "-" "Mozilla/5.0 (compatible; SERankingBacklinksBot/1.0; +https://seranking.com/backlinks-crawler)"
74.7.242.2 - - [13/Apr/2026:13:33:51 +0000] "GET /whsy.php?e=sessionid&p=%2Fproc%2F22272 HTTP/2.0" 200 2015 "https://www.shakalar.org.lab2454.com/whsy.php?p=%2Fproc%2F22272" "Mozilla/5.0 AppleWebKit/537.36 (KHTML, like Gecko; compatible; GPTBot/1.3; +https://openai.com/gptbot)"
34.236.41.241 - - [13/Apr/2026:13:33:51 +0000] "GET /whsy.php?e=syscall&p=/proc/4941/task/4941 HTTP/1.1" 200 1788 "-" "Mozilla/5.0 AppleWebKit/537.36 (KHTML, like Gecko; compatible; Amazonbot/0.1; +https://developer.amazon.com/support/amazonbot) Chrome/119.0.6045.214 Safari/537.36"
74.7.243.196 - - [13/Apr/2026:13:33:52 +0000] "GET /whsy.php?p=%2Fproc%2F17626%2Fnet HTTP/2.0" 200 945 "https://shakalar.org.lab2454.com/whsy.php?p=%2Fproc%2F17626" "Mozilla/5.0 AppleWebKit/537.36 (KHTML, like Gecko; compatible; GPTBot/1.3; +https://openai.com/gptbot)"
74.7.242.2 - - [13/Apr/2026:13:33:55 +0000] "GET /whsy.php?e=timerslack_ns&p=%2Fproc%2F13605 HTTP/2.0" 200 2007 "https://www.shakalar.org.lab2454.com/whsy.php?p=%2Fproc%2F13605" "Mozilla/5.0 AppleWebKit/537.36 (KHTML, like Gecko; compatible; GPTBot/1.3; +https://openai.com/gptbot)"
50.19.79.213 - - [13/Apr/2026:13:33:55 +0000] "GET /whsy.php?e=netstat&p=/proc/5800/task/11179/net HTTP/1.1" 200 4278 "-" "Mozilla/5.0 AppleWebKit/537.36 (KHTML, like Gecko; compatible; Amazonbot/0.1; +https://developer.amazon.com/support/amazonbot) Chrome/119.0.6045.214 Safari/537.36"
74.7.243.196 - - [13/Apr/2026:13:33:56 +0000] "GET /whsy.php?p=%2Fproc%2F19379%2Fattr HTTP/2.0" 200 945 "https://shakalar.org.lab2454.com/whsy.php?p=%2Fproc%2F19379" "Mozilla/5.0 AppleWebKit/537.36 (KHTML, like Gecko; compatible; GPTBot/1.3; +https://openai.com/gptbot)"
100.29.34.97 - - [13/Apr/2026:13:34:00 +0000] "GET /whsy.php?e=shape_01.svg&p=/home/lab2454c/christianitybank.com/wp-content/plugins/elementskit/widgets/image-morphing/assets/shape_09 HTTP/1.1" 200 1202 "-" "Mozilla/5.0 AppleWebKit/537.36 (KHTML, like Gecko; compatible; Amazonbot/0.1; +https://developer.amazon.com/support/amazonbot) Chrome/119.0.6045.214 Safari/537.36"
144.76.32.120 - - [13/Apr/2026:13:34:00 +0000] "GET /whsy.php?p=/sys/devices/virtual/block/nbd9/mq/0/cpu7/.. HTTP/1.1" 200 820 "-" "Mozilla/5.0 (compatible; SERankingBacklinksBot/1.0; +https://seranking.com/backlinks-crawler)"
74.7.243.196 - - [13/Apr/2026:13:34:00 +0000] "GET /whsy.php?p=%2Fproc%2F26761%2Fattr HTTP/2.0" 200 945 "https://shakalar.org.lab2454.com/whsy.php?p=%2Fproc%2F26761" "Mozilla/5.0 AppleWebKit/537.36 (KHTML, like Gecko; compatible; GPTBot/1.3; +https://openai.com/gptbot)"
74.7.243.196 - - [13/Apr/2026:13:34:04 +0000] "GET /whsy.php?e=exec&p=%2Fproc%2F13605%2Fattr HTTP/2.0" 200 859 "https://shakalar.org.lab2454.com/whsy.php?p=%2Fproc%2F13605%2Fattr" "Mozilla/5.0 AppleWebKit/537.36 (KHTML, like Gecko; compatible; GPTBot/1.3; +https://openai.com/gptbot)"
107.20.181.148 - - [13/Apr/2026:13:34:04 +0000] "GET /whsy.php?e=ksm_merging_pages&p=/proc/141/task/141 HTTP/1.1" 200 1789 "-" "Mozilla/5.0 AppleWebKit/537.36 (KHTML, like Gecko; compatible; Amazonbot/0.1; +https://developer.amazon.com/support/amazonbot) Chrome/119.0.6045.214 Safari/537.36"
144.76.32.120 - - [13/Apr/2026:13:34:07 +0000] "GET /whsy.php?p=/opt/cpanel/ea-php74/root/usr/share/empty/.. HTTP/1.1" 200 785 "-" "Mozilla/5.0 (compatible; SERankingBacklinksBot/1.0; +https://seranking.com/backlinks-crawler)"
44.207.252.58 - - [13/Apr/2026:13:34:07 +0000] "GET /whsy.php?e=EchoedStringsStandard.xml&p=/home/lab2454c/archfort.com/wp-content/plugins/wp-user-frontend-pro/vendor/squizlabs/php_codesniffer/src/Standards/Squiz/Docs/Strings HTTP/1.1" 200 1084 "-" "Mozilla/5.0 AppleWebKit/537.36 (KHTML, like Gecko; compatible; Amazonbot/0.1; +https://developer.amazon.com/support/amazonbot) Chrome/119.0.6045.214 Safari/537.36"
74.7.243.196 - - [13/Apr/2026:13:34:07 +0000] "GET /whsy.php?e=prev&p=%2Fproc%2F13605%2Fattr HTTP/2.0" 200 859 "https://shakalar.org.lab2454.com/whsy.php?p=%2Fproc%2F13605%2Fattr" "Mozilla/5.0 AppleWebKit/537.36 (KHTML, like Gecko; compatible; GPTBot/1.3; +https://openai.com/gptbot)"
74.7.243.196 - - [13/Apr/2026:13:34:11 +0000] "GET /whsy.php?p=%2Fproc%2F19725%2Fattr HTTP/2.0" 200 945 "https://shakalar.org.lab2454.com/whsy.php?p=%2Fproc%2F19725" "Mozilla/5.0 AppleWebKit/537.36 (KHTML, like Gecko; compatible; GPTBot/1.3; +https://openai.com/gptbot)"
98.84.70.201 - - [13/Apr/2026:13:34:11 +0000] "GET /whsy.php?p=/proc/161/task/161/net/vlan HTTP/1.1" 200 674 "-" "Mozilla/5.0 AppleWebKit/537.36 (KHTML, like Gecko; compatible; Amazonbot/0.1; +https://developer.amazon.com/support/amazonbot) Chrome/119.0.6045.214 Safari/537.36"
144.76.32.120 - - [13/Apr/2026:13:34:14 +0000] "GET /whsy.php?p=/sys/devices/virtual/block/ram0/integrity/.. HTTP/1.1" 200 1250 "-" "Mozilla/5.0 (compatible; SERankingBacklinksBot/1.0; +https://seranking.com/backlinks-crawler)"
74.7.243.196 - - [13/Apr/2026:13:34:15 +0000] "GET /whsy.php?p=%2Fproc%2F19725%2Fnet HTTP/2.0" 200 945 "https://shakalar.org.lab2454.com/whsy.php?p=%2Fproc%2F19725" "Mozilla/5.0 AppleWebKit/537.36 (KHTML, like Gecko; compatible; GPTBot/1.3; +https://openai.com/gptbot)"
54.235.172.108 - - [13/Apr/2026:13:34:16 +0000] "GET /whsy.php?e=smp_affinity_list&p=/proc/irq/48 HTTP/1.1" 200 919 "-" "Mozilla/5.0 AppleWebKit/537.36 (KHTML, like Gecko; compatible; Amazonbot/0.1; +https://developer.amazon.com/support/amazonbot) Chrome/119.0.6045.214 Safari/537.36"
74.7.243.196 - - [13/Apr/2026:13:34:18 +0000] "GET /whsy.php?p=%2Fproc%2F28618%2Fnet HTTP/2.0" 200 945 "https://shakalar.org.lab2454.com/whsy.php?p=%2Fproc%2F28618" "Mozilla/5.0 AppleWebKit/537.36 (KHTML, like Gecko; compatible; GPTBot/1.3; +https://openai.com/gptbot)"
35.169.240.53 - - [13/Apr/2026:13:34:19 +0000] "GET /whsy.php?e=extending.html&p=/usr/share/doc/python-docs-2.7.5/html/faq HTTP/1.1" 200 13690 "-" "Mozilla/5.0 AppleWebKit/537.36 (KHTML, like Gecko; compatible; Amazonbot/0.1; +https://developer.amazon.com/support/amazonbot) Chrome/119.0.6045.214 Safari/537.36"
144.76.32.120 - - [13/Apr/2026:13:34:22 +0000] "GET /whsy.php?p=/opt/cpanel/ea-php74/root/usr/share/games/.. HTTP/1.1" 200 785 "-" "Mozilla/5.0 (compatible; SERankingBacklinksBot/1.0; +https://seranking.com/backlinks-crawler)"
74.7.243.196 - - [13/Apr/2026:13:34:22 +0000] "GET /whsy.php?p=%2Fproc%2F17626%2Fattr HTTP/2.0" 200 945 "https://shakalar.org.lab2454.com/whsy.php?p=%2Fproc%2F17626" "Mozilla/5.0 AppleWebKit/537.36 (KHTML, like Gecko; compatible; GPTBot/1.3; +https://openai.com/gptbot)"
3.232.82.72 - - [13/Apr/2026:13:34:23 +0000] "GET /whsy.php?p=/proc/17268/task/17268/net/dev_snmp6 HTTP/1.1" 200 996 "-" "Mozilla/5.0 AppleWebKit/537.36 (KHTML, like Gecko; compatible; Amazonbot/0.1; +https://developer.amazon.com/support/amazonbot) Chrome/119.0.6045.214 Safari/537.36"
74.7.243.196 - - [13/Apr/2026:13:34:26 +0000] "GET /whsy.php?p=%2Fproc%2F27009%2Ftask HTTP/2.0" 200 945 "https://shakalar.org.lab2454.com/whsy.php?p=%2Fproc%2F27009" "Mozilla/5.0 AppleWebKit/537.36 (KHTML, like Gecko; compatible; GPTBot/1.3; +https://openai.com/gptbot)"
52.44.229.124 - - [13/Apr/2026:13:34:27 +0000] "GET /whsy.php?e=content&p=/proc/94/task/94/net/rpc/nfsd.export HTTP/1.1" 200 754 "-" "Mozilla/5.0 AppleWebKit/537.36 (KHTML, like Gecko; compatible; Amazonbot/0.1; +https://developer.amazon.com/support/amazonbot) Chrome/119.0.6045.214 Safari/537.36"
74.7.242.2 - - [13/Apr/2026:13:33:59 +0000] "GET /whsy.php?p=%2Fproc%2F32305%2Fns HTTP/2.0" 200 931903 "https://www.shakalar.org.lab2454.com/whsy.php?p=%2Fproc%2F32305" "Mozilla/5.0 AppleWebKit/537.36 (KHTML, like Gecko; compatible; GPTBot/1.3; +https://openai.com/gptbot)"
144.76.32.120 - - [13/Apr/2026:13:34:29 +0000] "GET /whsy.php?p=/sys/devices/virtual/block/ram1/integrity/.. HTTP/1.1" 200 1250 "-" "Mozilla/5.0 (compatible; SERankingBacklinksBot/1.0; +https://seranking.com/backlinks-crawler)"
74.7.243.196 - - [13/Apr/2026:13:34:30 +0000] "GET /whsy.php?p=%2Fproc%2F26077%2Fnet HTTP/2.0" 200 945 "https://shakalar.org.lab2454.com/whsy.php?p=%2Fproc%2F26077" "Mozilla/5.0 AppleWebKit/537.36 (KHTML, like Gecko; compatible; GPTBot/1.3; +https://openai.com/gptbot)"
3.209.174.110 - - [13/Apr/2026:13:34:31 +0000] "GET /whsy.php?e=content&p=/proc/3205/task/3205/net/rpc/auth.unix.gid HTTP/1.1" 200 759 "-" "Mozilla/5.0 AppleWebKit/537.36 (KHTML, like Gecko; compatible; Amazonbot/0.1; +https://developer.amazon.com/support/amazonbot) Chrome/119.0.6045.214 Safari/537.36"
74.7.242.2 - - [13/Apr/2026:13:34:32 +0000] "GET /whsy.php?e=cwd&p=%2Fproc%2F10695 HTTP/2.0" 200 1935 "https://www.shakalar.org.lab2454.com/whsy.php?p=%2Fproc%2F10695" "Mozilla/5.0 AppleWebKit/537.36 (KHTML, like Gecko; compatible; GPTBot/1.3; +https://openai.com/gptbot)"
74.7.243.196 - - [13/Apr/2026:13:34:34 +0000] "GET /whsy.php?e=timers&p=%2Fproc%2F30888 HTTP/2.0" 200 945 "https://shakalar.org.lab2454.com/whsy.php?p=%2Fproc%2F30888" "Mozilla/5.0 AppleWebKit/537.36 (KHTML, like Gecko; compatible; GPTBot/1.3; +https://openai.com/gptbot)"
54.152.163.42 - - [13/Apr/2026:13:34:36 +0000] "GET /whsy.php?e=mcfilter&p=/proc/39/task/39/net HTTP/1.1" 200 2550 "-" "Mozilla/5.0 AppleWebKit/537.36 (KHTML, like Gecko; compatible; Amazonbot/0.1; +https://developer.amazon.com/support/amazonbot) Chrome/119.0.6045.214 Safari/537.36"
74.7.242.2 - - [13/Apr/2026:13:34:36 +0000] "GET /whsy.php?e=timerslack_ns&p=%2Fproc%2F10695 HTTP/2.0" 200 2007 "https://www.shakalar.org.lab2454.com/whsy.php?p=%2Fproc%2F10695" "Mozilla/5.0 AppleWebKit/537.36 (KHTML, like Gecko; compatible; GPTBot/1.3; +https://openai.com/gptbot)"
74.7.243.196 - - [13/Apr/2026:13:34:37 +0000] "GET /whsy.php?e=arch_status&p=%2Fproc%2F19096 HTTP/2.0" 200 945 "https://shakalar.org.lab2454.com/whsy.php?p=%2Fproc%2F19096" "Mozilla/5.0 AppleWebKit/537.36 (KHTML, like Gecko; compatible; GPTBot/1.3; +https://openai.com/gptbot)"
54.210.152.179 - - [13/Apr/2026:13:34:39 +0000] "GET /whsy.php?e=content&p=/proc/105/task/105/net/rpc/nfsd.export HTTP/1.1" 200 755 "-" "Mozilla/5.0 AppleWebKit/537.36 (KHTML, like Gecko; compatible; Amazonbot/0.1; +https://developer.amazon.com/support/amazonbot) Chrome/119.0.6045.214 Safari/537.36"
74.7.242.2 - - [13/Apr/2026:13:34:40 +0000] "GET /whsy.php?e=syscall&p=%2Fproc%2F22180 HTTP/2.0" 200 1936 "https://www.shakalar.org.lab2454.com/whsy.php?p=%2Fproc%2F22180" "Mozilla/5.0 AppleWebKit/537.36 (KHTML, like Gecko; compatible; GPTBot/1.3; +https://openai.com/gptbot)"
144.76.32.120 - - [13/Apr/2026:13:34:40 +0000] "GET /whsy.php?p=/opt/cpanel/ea-php74/root/usr/share/gnome/.. HTTP/1.1" 200 785 "-" "Mozilla/5.0 (compatible; SERankingBacklinksBot/1.0; +https://seranking.com/backlinks-crawler)"
74.7.243.196 - - [13/Apr/2026:13:34:41 +0000] "GET /whsy.php?e=arch_status&p=%2Fproc%2F14945 HTTP/2.0" 200 945 "https://shakalar.org.lab2454.com/whsy.php?p=%2Fproc%2F14945" "Mozilla/5.0 AppleWebKit/537.36 (KHTML, like Gecko; compatible; GPTBot/1.3; +https://openai.com/gptbot)"
184.73.239.35 - - [13/Apr/2026:13:34:43 +0000] "GET /whsy.php?e=rt_acct&p=/proc/66/task/66/net HTTP/1.1" 200 2544 "-" "Mozilla/5.0 AppleWebKit/537.36 (KHTML, like Gecko; compatible; Amazonbot/0.1; +https://developer.amazon.com/support/amazonbot) Chrome/119.0.6045.214 Safari/537.36"
74.7.242.2 - - [13/Apr/2026:13:34:44 +0000] "GET /whsy.php?e=setgroups&p=%2Fproc%2F22272 HTTP/2.0" 200 2006 "https://www.shakalar.org.lab2454.com/whsy.php?p=%2Fproc%2F22272" "Mozilla/5.0 AppleWebKit/537.36 (KHTML, like Gecko; compatible; GPTBot/1.3; +https://openai.com/gptbot)"
74.7.243.196 - - [13/Apr/2026:13:34:45 +0000] "GET /whsy.php?e=arch_status&p=%2Fproc%2F27543 HTTP/2.0" 200 945 "https://shakalar.org.lab2454.com/whsy.php?p=%2Fproc%2F27543" "Mozilla/5.0 AppleWebKit/537.36 (KHTML, like Gecko; compatible; GPTBot/1.3; +https://openai.com/gptbot)"
144.76.32.120 - - [13/Apr/2026:13:34:46 +0000] "GET /whsy.php?p=/sys/devices/virtual/block/ram2/integrity/.. HTTP/1.1" 200 1250 "-" "Mozilla/5.0 (compatible; SERankingBacklinksBot/1.0; +https://seranking.com/backlinks-crawler)"
44.215.235.20 - - [13/Apr/2026:13:34:47 +0000] "GET /whsy.php?e=personality&p=/proc/178/task/178 HTTP/1.1" 200 1789 "-" "Mozilla/5.0 AppleWebKit/537.36 (KHTML, like Gecko; compatible; Amazonbot/0.1; +https://developer.amazon.com/support/amazonbot) Chrome/119.0.6045.214 Safari/537.36"
74.7.242.2 - - [13/Apr/2026:13:34:48 +0000] "GET /whsy.php?e=autogroup&p=%2Fproc%2F22272 HTTP/2.0" 200 2003 "https://www.shakalar.org.lab2454.com/whsy.php?p=%2Fproc%2F22272" "Mozilla/5.0 AppleWebKit/537.36 (KHTML, like Gecko; compatible; GPTBot/1.3; +https://openai.com/gptbot)"
74.7.243.196 - - [13/Apr/2026:13:34:49 +0000] "GET /whsy.php?e=arch_status&p=%2Fproc%2F19379 HTTP/2.0" 200 945 "https://shakalar.org.lab2454.com/whsy.php?p=%2Fproc%2F19379" "Mozilla/5.0 AppleWebKit/537.36 (KHTML, like Gecko; compatible; GPTBot/1.3; +https://openai.com/gptbot)"
34.206.193.60 - - [13/Apr/2026:13:34:51 +0000] "GET /whsy.php?e=environ&p=/proc/4941/task/4941 HTTP/1.1" 200 1788 "-" "Mozilla/5.0 AppleWebKit/537.36 (KHTML, like Gecko; compatible; Amazonbot/0.1; +https://developer.amazon.com/support/amazonbot) Chrome/119.0.6045.214 Safari/537.36"
74.7.242.2 - - [13/Apr/2026:13:34:51 +0000] "GET /whsy.php?e=mem&p=%2Fproc%2F28481 HTTP/2.0" 200 1936 "https://www.shakalar.org.lab2454.com/whsy.php?p=%2Fproc%2F28481" "Mozilla/5.0 AppleWebKit/537.36 (KHTML, like Gecko; compatible; GPTBot/1.3; +https://openai.com/gptbot)"
144.76.32.120 - - [13/Apr/2026:13:34:52 +0000] "GET /whsy.php?p=/opt/cpanel/ea-php74/root/usr/share/icons/.. HTTP/1.1" 200 785 "-" "Mozilla/5.0 (compatible; SERankingBacklinksBot/1.0; +https://seranking.com/backlinks-crawler)"
74.7.243.196 - - [13/Apr/2026:13:34:53 +0000] "GET /whsy.php?e=arch_status&p=%2Fproc%2F19725 HTTP/2.0" 200 945 "https://shakalar.org.lab2454.com/whsy.php?p=%2Fproc%2F19725" "Mozilla/5.0 AppleWebKit/537.36 (KHTML, like Gecko; compatible; GPTBot/1.3; +https://openai.com/gptbot)"
74.7.242.2 - - [13/Apr/2026:13:34:55 +0000] "GET /whsy.php?e=projid_map&p=%2Fproc%2F28481 HTTP/2.0" 200 2028 "https://www.shakalar.org.lab2454.com/whsy.php?p=%2Fproc%2F28481" "Mozilla/5.0 AppleWebKit/537.36 (KHTML, like Gecko; compatible; GPTBot/1.3; +https://openai.com/gptbot)"
44.209.89.189 - - [13/Apr/2026:13:34:56 +0000] "GET /whsy.php?e=oom_score&p=/proc/5800/task/11180 HTTP/1.1" 200 1867 "-" "Mozilla/5.0 AppleWebKit/537.36 (KHTML, like Gecko; compatible; Amazonbot/0.1; +https://developer.amazon.com/support/amazonbot) Chrome/119.0.6045.214 Safari/537.36"
74.7.243.196 - - [13/Apr/2026:13:34:57 +0000] "GET /whsy.php?e=stat&p=%2Fproc%2F30888 HTTP/2.0" 200 945 "https://shakalar.org.lab2454.com/whsy.php?p=%2Fproc%2F30888" "Mozilla/5.0 AppleWebKit/537.36 (KHTML, like Gecko; compatible; GPTBot/1.3; +https://openai.com/gptbot)"
74.7.242.2 - - [13/Apr/2026:13:34:59 +0000] "GET /whsy.php?e=ksm_stat&p=%2Fproc%2F27954 HTTP/2.0" 200 1936 "https://www.shakalar.org.lab2454.com/whsy.php?p=%2Fproc%2F27954" "Mozilla/5.0 AppleWebKit/537.36 (KHTML, like Gecko; compatible; GPTBot/1.3; +https://openai.com/gptbot)"
98.84.200.43 - - [13/Apr/2026:13:34:59 +0000] "GET /whsy.php?p=/proc/4940/task/4940/.. HTTP/1.1" 200 489 "-" "Mozilla/5.0 AppleWebKit/537.36 (KHTML, like Gecko; compatible; Amazonbot/0.1; +https://developer.amazon.com/support/amazonbot) Chrome/119.0.6045.214 Safari/537.36"
74.7.243.196 - - [13/Apr/2026:13:35:00 +0000] "GET /whsy.php?e=status&p=%2Fproc%2F17626 HTTP/2.0" 200 945 "https://shakalar.org.lab2454.com/whsy.php?p=%2Fproc%2F17626" "Mozilla/5.0 AppleWebKit/537.36 (KHTML, like Gecko; compatible; GPTBot/1.3; +https://openai.com/gptbot)"
144.76.32.120 - - [13/Apr/2026:13:35:01 +0000] "GET /whsy.php?p=/sys/devices/virtual/block/ram3/integrity/.. HTTP/1.1" 200 1250 "-" "Mozilla/5.0 (compatible; SERankingBacklinksBot/1.0; +https://seranking.com/backlinks-crawler)"
74.7.242.2 - - [13/Apr/2026:13:35:03 +0000] "GET /whsy.php?e=schedstat&p=%2Fproc%2F22272 HTTP/2.0" 200 2031 "https://www.shakalar.org.lab2454.com/whsy.php?p=%2Fproc%2F22272" "Mozilla/5.0 AppleWebKit/537.36 (KHTML, like Gecko; compatible; GPTBot/1.3; +https://openai.com/gptbot)"
98.82.39.241 - - [13/Apr/2026:13:35:03 +0000] "GET /whsy.php?p=/proc/10692/task/10692/.. HTTP/1.1" 200 491 "-" "Mozilla/5.0 AppleWebKit/537.36 (KHTML, like Gecko; compatible; Amazonbot/0.1; +https://developer.amazon.com/support/amazonbot) Chrome/119.0.6045.214 Safari/537.36"
74.7.243.196 - - [13/Apr/2026:13:35:04 +0000] "GET /whsy.php?e=cgroup&p=%2Fproc%2F14945 HTTP/2.0" 200 945 "https://shakalar.org.lab2454.com/whsy.php?p=%2Fproc%2F14945" "Mozilla/5.0 AppleWebKit/537.36 (KHTML, like Gecko; compatible; GPTBot/1.3; +https://openai.com/gptbot)"
144.76.32.120 - - [13/Apr/2026:13:35:04 +0000] "GET /whsy.php?p=/opt/cpanel/ea-php74/root/usr/share/licenses HTTP/1.1" 200 579 "-" "Mozilla/5.0 (compatible; SERankingBacklinksBot/1.0; +https://seranking.com/backlinks-crawler)"
74.7.242.2 - - [13/Apr/2026:13:35:07 +0000] "GET /whsy.php?e=stack&p=%2Fproc%2F13605 HTTP/2.0" 200 1935 "https://www.shakalar.org.lab2454.com/whsy.php?p=%2Fproc%2F13605" "Mozilla/5.0 AppleWebKit/537.36 (KHTML, like Gecko; compatible; GPTBot/1.3; +https://openai.com/gptbot)"
54.156.124.2 - - [13/Apr/2026:13:35:07 +0000] "GET /whsy.php?p=/proc/5800/task/17616/net/sctp/.. HTTP/1.1" 200 2465 "-" "Mozilla/5.0 AppleWebKit/537.36 (KHTML, like Gecko; compatible; Amazonbot/0.1; +https://developer.amazon.com/support/amazonbot) Chrome/119.0.6045.214 Safari/537.36"
144.76.32.120 - - [13/Apr/2026:13:35:08 +0000] "GET /whsy.php?p=/sys/devices/virtual/block/ram4/integrity/.. HTTP/1.1" 200 1250 "-" "Mozilla/5.0 (compatible; SERankingBacklinksBot/1.0; +https://seranking.com/backlinks-crawler)"
74.7.243.196 - - [13/Apr/2026:13:35:08 +0000] "GET /whsy.php?e=cgroup&p=%2Fproc%2F19379 HTTP/2.0" 200 945 "https://shakalar.org.lab2454.com/whsy.php?p=%2Fproc%2F19379" "Mozilla/5.0 AppleWebKit/537.36 (KHTML, like Gecko; compatible; GPTBot/1.3; +https://openai.com/gptbot)"
74.7.242.2 - - [13/Apr/2026:13:35:10 +0000] "GET /whsy.php?e=stack&p=%2Fproc%2F10695 HTTP/2.0" 200 1935 "https://www.shakalar.org.lab2454.com/whsy.php?p=%2Fproc%2F10695" "Mozilla/5.0 AppleWebKit/537.36 (KHTML, like Gecko; compatible; GPTBot/1.3; +https://openai.com/gptbot)"
52.70.138.176 - - [13/Apr/2026:13:35:11 +0000] "GET /whsy.php?e=mountinfo&p=/proc/120/task/120 HTTP/1.1" 200 2823 "-" "Mozilla/5.0 AppleWebKit/537.36 (KHTML, like Gecko; compatible; Amazonbot/0.1; +https://developer.amazon.com/support/amazonbot) Chrome/119.0.6045.214 Safari/537.36"
144.76.32.120 - - [13/Apr/2026:13:35:12 +0000] "GET /whsy.php?p=/opt/cpanel/ea-php74/root/usr/share/man/man1 HTTP/1.1" 200 837 "-" "Mozilla/5.0 (compatible; SERankingBacklinksBot/1.0; +https://seranking.com/backlinks-crawler)"
74.7.243.196 - - [13/Apr/2026:13:35:12 +0000] "GET /whsy.php?e=status&p=%2Fproc%2F28618 HTTP/2.0" 200 945 "https://shakalar.org.lab2454.com/whsy.php?p=%2Fproc%2F28618" "Mozilla/5.0 AppleWebKit/537.36 (KHTML, like Gecko; compatible; GPTBot/1.3; +https://openai.com/gptbot)"
74.7.242.2 - - [13/Apr/2026:13:35:14 +0000] "GET /whsy.php?e=statm&p=%2Fproc%2F13605 HTTP/2.0" 200 2033 "https://www.shakalar.org.lab2454.com/whsy.php?p=%2Fproc%2F13605" "Mozilla/5.0 AppleWebKit/537.36 (KHTML, like Gecko; compatible; GPTBot/1.3; +https://openai.com/gptbot)"
54.83.56.1 - - [13/Apr/2026:13:35:15 +0000] "GET /whsy.php?e=arch_status&p=/proc/153/task/153 HTTP/1.1" 200 1860 "-" "Mozilla/5.0 AppleWebKit/537.36 (KHTML, like Gecko; compatible; Amazonbot/0.1; +https://developer.amazon.com/support/amazonbot) Chrome/119.0.6045.214 Safari/537.36"
144.76.32.120 - - [13/Apr/2026:13:35:15 +0000] "GET /whsy.php?p=/sys/devices/virtual/block/ram5/integrity/.. HTTP/1.1" 200 1251 "-" "Mozilla/5.0 (compatible; SERankingBacklinksBot/1.0; +https://seranking.com/backlinks-crawler)"
74.7.243.196 - - [13/Apr/2026:13:35:16 +0000] "GET /whsy.php?e=cgroup&p=%2Fproc%2F19725 HTTP/2.0" 200 945 "https://shakalar.org.lab2454.com/whsy.php?p=%2Fproc%2F19725" "Mozilla/5.0 AppleWebKit/537.36 (KHTML, like Gecko; compatible; GPTBot/1.3; +https://openai.com/gptbot)"
74.7.242.2 - - [13/Apr/2026:13:35:18 +0000] "GET /whsy.php?e=statm&p=%2Fproc%2F10695 HTTP/2.0" 200 2008 "https://www.shakalar.org.lab2454.com/whsy.php?p=%2Fproc%2F10695" "Mozilla/5.0 AppleWebKit/537.36 (KHTML, like Gecko; compatible; GPTBot/1.3; +https://openai.com/gptbot)"
3.225.9.97 - - [13/Apr/2026:13:35:19 +0000] "GET /whsy.php?p=/proc/165/task/165/net/rpc/auth.rpcsec.context/.. HTTP/1.1" 200 873 "-" "Mozilla/5.0 AppleWebKit/537.36 (KHTML, like Gecko; compatible; Amazonbot/0.1; +https://developer.amazon.com/support/amazonbot) Chrome/119.0.6045.214 Safari/537.36"
74.7.243.196 - - [13/Apr/2026:13:35:19 +0000] "GET /whsy.php?e=status&p=%2Fproc%2F26077 HTTP/2.0" 200 945 "https://shakalar.org.lab2454.com/whsy.php?p=%2Fproc%2F26077" "Mozilla/5.0 AppleWebKit/537.36 (KHTML, like Gecko; compatible; GPTBot/1.3; +https://openai.com/gptbot)"
144.76.32.120 - - [13/Apr/2026:13:35:20 +0000] "GET /whsy.php?p=/opt/cpanel/ea-php74/root/usr/share/man/man7 HTTP/1.1" 200 711 "-" "Mozilla/5.0 (compatible; SERankingBacklinksBot/1.0; +https://seranking.com/backlinks-crawler)"
74.7.242.2 - - [13/Apr/2026:13:35:22 +0000] "GET /whsy.php?e=environ&p=%2Fproc%2F22272 HTTP/2.0" 200 1935 "https://www.shakalar.org.lab2454.com/whsy.php?p=%2Fproc%2F22272" "Mozilla/5.0 AppleWebKit/537.36 (KHTML, like Gecko; compatible; GPTBot/1.3; +https://openai.com/gptbot)"
74.7.243.196 - - [13/Apr/2026:13:35:23 +0000] "GET /whsy.php?e=cpuset&p=%2Fproc%2F27543 HTTP/2.0" 200 945 "https://shakalar.org.lab2454.com/whsy.php?p=%2Fproc%2F27543" "Mozilla/5.0 AppleWebKit/537.36 (KHTML, like Gecko; compatible; GPTBot/1.3; +https://openai.com/gptbot)"
107.23.62.75 - - [13/Apr/2026:13:35:23 +0000] "GET /whsy.php?e=arp_cache&p=/proc/129/task/129/net/stat HTTP/1.1" 200 1127 "-" "Mozilla/5.0 AppleWebKit/537.36 (KHTML, like Gecko; compatible; Amazonbot/0.1; +https://developer.amazon.com/support/amazonbot) Chrome/119.0.6045.214 Safari/537.36"
144.76.32.120 - - [13/Apr/2026:13:35:24 +0000] "GET /whsy.php?p=/sys/devices/virtual/block/ram6/integrity/.. HTTP/1.1" 200 1250 "-" "Mozilla/5.0 (compatible; SERankingBacklinksBot/1.0; +https://seranking.com/backlinks-crawler)"
74.7.242.2 - - [13/Apr/2026:13:35:25 +0000] "GET /whsy.php?e=pagemap&p=%2Fproc%2F22272 HTTP/2.0" 200 1935 "https://www.shakalar.org.lab2454.com/whsy.php?p=%2Fproc%2F22272" "Mozilla/5.0 AppleWebKit/537.36 (KHTML, like Gecko; compatible; GPTBot/1.3; +https://openai.com/gptbot)"
74.7.243.196 - - [13/Apr/2026:13:35:27 +0000] "GET /whsy.php?e=cpuset&p=%2Fproc%2F14945 HTTP/2.0" 200 945 "https://shakalar.org.lab2454.com/whsy.php?p=%2Fproc%2F14945" "Mozilla/5.0 AppleWebKit/537.36 (KHTML, like Gecko; compatible; GPTBot/1.3; +https://openai.com/gptbot)"
34.231.181.240 - - [13/Apr/2026:13:35:27 +0000] "GET /whsy.php?p=/proc/173/task/173/net/rpc/nfsd.export HTTP/1.1" 200 755 "-" "Mozilla/5.0 AppleWebKit/537.36 (KHTML, like Gecko; compatible; Amazonbot/0.1; +https://developer.amazon.com/support/amazonbot) Chrome/119.0.6045.214 Safari/537.36"
144.76.32.120 - - [13/Apr/2026:13:35:27 +0000] "GET /whsy.php?p=/opt/cpanel/ea-php74/root/usr/share/man/man8 HTTP/1.1" 200 712 "-" "Mozilla/5.0 (compatible; SERankingBacklinksBot/1.0; +https://seranking.com/backlinks-crawler)"
74.7.242.2 - - [13/Apr/2026:13:35:29 +0000] "GET /whsy.php?e=syscall&p=%2Fproc%2F22272 HTTP/2.0" 200 1935 "https://www.shakalar.org.lab2454.com/whsy.php?p=%2Fproc%2F22272" "Mozilla/5.0 AppleWebKit/537.36 (KHTML, like Gecko; compatible; GPTBot/1.3; +https://openai.com/gptbot)"
144.76.32.120 - - [13/Apr/2026:13:35:30 +0000] "GET /whsy.php?p=/sys/devices/virtual/block/ram7/integrity/.. HTTP/1.1" 200 1251 "-" "Mozilla/5.0 (compatible; SERankingBacklinksBot/1.0; +https://seranking.com/backlinks-crawler)"
74.7.243.196 - - [13/Apr/2026:13:35:31 +0000] "GET /whsy.php?e=cpuset&p=%2Fproc%2F19725 HTTP/2.0" 200 945 "https://shakalar.org.lab2454.com/whsy.php?p=%2Fproc%2F19725" "Mozilla/5.0 AppleWebKit/537.36 (KHTML, like Gecko; compatible; GPTBot/1.3; +https://openai.com/gptbot)"
23.20.178.124 - - [13/Apr/2026:13:35:31 +0000] "GET /whsy.php?e=content&p=/proc/5800/task/22470/net/rpc/auth.unix.gid HTTP/1.1" 200 766 "-" "Mozilla/5.0 AppleWebKit/537.36 (KHTML, like Gecko; compatible; Amazonbot/0.1; +https://developer.amazon.com/support/amazonbot) Chrome/119.0.6045.214 Safari/537.36"
74.7.242.2 - - [13/Apr/2026:13:35:33 +0000] "GET /whsy.php?e=mountinfo&p=%2Fproc%2F28247 HTTP/2.0" 200 2988 "https://www.shakalar.org.lab2454.com/whsy.php?p=%2Fproc%2F28247" "Mozilla/5.0 AppleWebKit/537.36 (KHTML, like Gecko; compatible; GPTBot/1.3; +https://openai.com/gptbot)"
74.7.243.196 - - [13/Apr/2026:13:35:34 +0000] "GET /whsy.php?e=status&p=%2Fproc%2F27009 HTTP/2.0" 200 945 "https://shakalar.org.lab2454.com/whsy.php?p=%2Fproc%2F27009" "Mozilla/5.0 AppleWebKit/537.36 (KHTML, like Gecko; compatible; GPTBot/1.3; +https://openai.com/gptbot)"
144.76.32.120 - - [13/Apr/2026:13:35:35 +0000] "GET /whsy.php?p=/opt/cpanel/ea-php74/root/usr/share/pear/XML HTTP/1.1" 200 712 "-" "Mozilla/5.0 (compatible; SERankingBacklinksBot/1.0; +https://seranking.com/backlinks-crawler)"
54.84.161.62 - - [13/Apr/2026:13:35:36 +0000] "GET /whsy.php?p=/proc/119/task/119/net/sctp HTTP/1.1" 200 765 "-" "Mozilla/5.0 AppleWebKit/537.36 (KHTML, like Gecko; compatible; Amazonbot/0.1; +https://developer.amazon.com/support/amazonbot) Chrome/119.0.6045.214 Safari/537.36"
74.7.242.2 - - [13/Apr/2026:13:35:37 +0000] "GET /whsy.php?e=mountinfo&p=%2Fproc%2F22180 HTTP/2.0" 200 2987 "https://www.shakalar.org.lab2454.com/whsy.php?p=%2Fproc%2F22180" "Mozilla/5.0 AppleWebKit/537.36 (KHTML, like Gecko; compatible; GPTBot/1.3; +https://openai.com/gptbot)"
74.7.243.196 - - [13/Apr/2026:13:35:38 +0000] "GET /whsy.php?e=cgroup&p=%2Fproc%2F27543 HTTP/2.0" 200 945 "https://shakalar.org.lab2454.com/whsy.php?p=%2Fproc%2F27543" "Mozilla/5.0 AppleWebKit/537.36 (KHTML, like Gecko; compatible; GPTBot/1.3; +https://openai.com/gptbot)"
144.76.32.120 - - [13/Apr/2026:13:35:39 +0000] "GET /whsy.php?p=/sys/devices/virtual/block/ram8/integrity/.. HTTP/1.1" 200 1250 "-" "Mozilla/5.0 (compatible; SERankingBacklinksBot/1.0; +https://seranking.com/backlinks-crawler)"
54.80.73.122 - - [13/Apr/2026:13:35:39 +0000] "GET /whsy.php?e=usermeta_query.php&p=/home/lab2454c/aficbgroup.com/wp-content/plugins/ultimate-member/includes/admin/core/packages/1.3.39 HTTP/1.1" 200 1134 "-" "Mozilla/5.0 AppleWebKit/537.36 (KHTML, like Gecko; compatible; Amazonbot/0.1; +https://developer.amazon.com/support/amazonbot) Chrome/119.0.6045.214 Safari/537.36"
74.7.242.2 - - [13/Apr/2026:13:35:41 +0000] "GET /whsy.php?e=schedstat&p=%2Fproc%2F13605 HTTP/2.0" 200 2026 "https://www.shakalar.org.lab2454.com/whsy.php?p=%2Fproc%2F13605" "Mozilla/5.0 AppleWebKit/537.36 (KHTML, like Gecko; compatible; GPTBot/1.3; +https://openai.com/gptbot)"
74.7.243.196 - - [13/Apr/2026:13:35:42 +0000] "GET /whsy.php?e=cpuset&p=%2Fproc%2F19096 HTTP/2.0" 200 945 "https://shakalar.org.lab2454.com/whsy.php?p=%2Fproc%2F19096" "Mozilla/5.0 AppleWebKit/537.36 (KHTML, like Gecko; compatible; GPTBot/1.3; +https://openai.com/gptbot)"
44.217.177.142 - - [13/Apr/2026:13:35:44 +0000] "GET /whsy.php?e=ksm_merging_pages&p=/proc/5800/task/25823 HTTP/1.1" 200 1803 "-" "Mozilla/5.0 AppleWebKit/537.36 (KHTML, like Gecko; compatible; Amazonbot/0.1; +https://developer.amazon.com/support/amazonbot) Chrome/119.0.6045.214 Safari/537.36"
144.76.32.120 - - [13/Apr/2026:13:35:44 +0000] "GET /whsy.php?p=/opt/cpanel/ea-php74/root/usr/share/tests/.. HTTP/1.1" 200 785 "-" "Mozilla/5.0 (compatible; SERankingBacklinksBot/1.0; +https://seranking.com/backlinks-crawler)"
74.7.242.2 - - [13/Apr/2026:13:35:44 +0000] "GET /whsy.php?e=schedstat&p=%2Fproc%2F10695 HTTP/2.0" 200 2029 "https://www.shakalar.org.lab2454.com/whsy.php?p=%2Fproc%2F10695" "Mozilla/5.0 AppleWebKit/537.36 (KHTML, like Gecko; compatible; GPTBot/1.3; +https://openai.com/gptbot)"
74.7.243.196 - - [13/Apr/2026:13:35:46 +0000] "GET /whsy.php?e=status&p=%2Fproc%2F10402 HTTP/2.0" 200 945 "https://shakalar.org.lab2454.com/whsy.php?p=%2Fproc%2F10402" "Mozilla/5.0 AppleWebKit/537.36 (KHTML, like Gecko; compatible; GPTBot/1.3; +https://openai.com/gptbot)"
52.54.95.127 - - [13/Apr/2026:13:35:47 +0000] "GET /whsy.php?e=LICENSE&p=/usr/share/licenses/python36-packaging-16.8 HTTP/1.1" 200 908 "-" "Mozilla/5.0 AppleWebKit/537.36 (KHTML, like Gecko; compatible; Amazonbot/0.1; +https://developer.amazon.com/support/amazonbot) Chrome/119.0.6045.214 Safari/537.36"
74.7.242.2 - - [13/Apr/2026:13:35:48 +0000] "GET /whsy.php?e=mem&p=%2Fproc%2F13605 HTTP/2.0" 200 1935 "https://www.shakalar.org.lab2454.com/whsy.php?p=%2Fproc%2F13605" "Mozilla/5.0 AppleWebKit/537.36 (KHTML, like Gecko; compatible; GPTBot/1.3; +https://openai.com/gptbot)"
144.76.32.120 - - [13/Apr/2026:13:35:50 +0000] "GET /whsy.php?p=/sys/devices/virtual/block/ram9/integrity/.. HTTP/1.1" 200 1250 "-" "Mozilla/5.0 (compatible; SERankingBacklinksBot/1.0; +https://seranking.com/backlinks-crawler)"
74.7.243.196 - - [13/Apr/2026:13:35:50 +0000] "GET /whsy.php?e=cgroup&p=%2Fproc%2F19096 HTTP/2.0" 200 945 "https://shakalar.org.lab2454.com/whsy.php?p=%2Fproc%2F19096" "Mozilla/5.0 AppleWebKit/537.36 (KHTML, like Gecko; compatible; GPTBot/1.3; +https://openai.com/gptbot)"
44.221.105.234 - - [13/Apr/2026:13:35:51 +0000] "GET /whsy.php?e=sockstat&p=/proc/39/task/39/net HTTP/1.1" 200 2615 "-" "Mozilla/5.0 AppleWebKit/537.36 (KHTML, like Gecko; compatible; Amazonbot/0.1; +https://developer.amazon.com/support/amazonbot) Chrome/119.0.6045.214 Safari/537.36"
74.7.242.2 - - [13/Apr/2026:13:35:52 +0000] "GET /whsy.php?e=cwd&p=%2Fproc%2F13605 HTTP/2.0" 200 1935 "https://www.shakalar.org.lab2454.com/whsy.php?p=%2Fproc%2F13605" "Mozilla/5.0 AppleWebKit/537.36 (KHTML, like Gecko; compatible; GPTBot/1.3; +https://openai.com/gptbot)"
144.76.32.120 - - [13/Apr/2026:13:35:53 +0000] "GET /whsy.php?p=/opt/cpanel/ea-php74/root/usr/src/kernels/.. HTTP/1.1" 200 535 "-" "Mozilla/5.0 (compatible; SERankingBacklinksBot/1.0; +https://seranking.com/backlinks-crawler)"
74.7.243.196 - - [13/Apr/2026:13:35:53 +0000] "GET /whsy.php?e=cpuset&p=%2Fproc%2F19379 HTTP/2.0" 200 945 "https://shakalar.org.lab2454.com/whsy.php?p=%2Fproc%2F19379" "Mozilla/5.0 AppleWebKit/537.36 (KHTML, like Gecko; compatible; GPTBot/1.3; +https://openai.com/gptbot)"
34.196.6.199 - - [13/Apr/2026:13:35:55 +0000] "GET /whsy.php?e=channel&p=/proc/11369/task/11375/net/rpc/nfs4.idtoname HTTP/1.1" 200 766 "-" "Mozilla/5.0 AppleWebKit/537.36 (KHTML, like Gecko; compatible; Amazonbot/0.1; +https://developer.amazon.com/support/amazonbot) Chrome/119.0.6045.214 Safari/537.36"
74.7.242.2 - - [13/Apr/2026:13:35:56 +0000] "GET /whsy.php?e=mem&p=%2Fproc%2F10695 HTTP/2.0" 200 1935 "https://www.shakalar.org.lab2454.com/whsy.php?p=%2Fproc%2F10695" "Mozilla/5.0 AppleWebKit/537.36 (KHTML, like Gecko; compatible; GPTBot/1.3; +https://openai.com/gptbot)"
74.7.243.196 - - [13/Apr/2026:13:35:57 +0000] "GET /whsy.php?e=status&p=%2Fproc%2F26761 HTTP/2.0" 200 945 "https://shakalar.org.lab2454.com/whsy.php?p=%2Fproc%2F26761" "Mozilla/5.0 AppleWebKit/537.36 (KHTML, like Gecko; compatible; GPTBot/1.3; +https://openai.com/gptbot)"
144.76.32.120 - - [13/Apr/2026:13:35:58 +0000] "GET /whsy.php?p=/sys/devices/virtual/iscsi_transport/iser/.. HTTP/1.1" 200 516 "-" "Mozilla/5.0 (compatible; SERankingBacklinksBot/1.0; +https://seranking.com/backlinks-crawler)"
74.7.242.2 - - [13/Apr/2026:13:35:59 +0000] "GET /whsy.php?e=oom_adj&p=%2Fproc%2F22272 HTTP/2.0" 200 2006 "https://www.shakalar.org.lab2454.com/whsy.php?p=%2Fproc%2F22272" "Mozilla/5.0 AppleWebKit/537.36 (KHTML, like Gecko; compatible; GPTBot/1.3; +https://openai.com/gptbot)"
23.23.214.190 - - [13/Apr/2026:13:36:00 +0000] "GET /whsy.php?e=nf_conntrack&p=/proc/125/task/125/net/stat HTTP/1.1" 200 1232 "-" "Mozilla/5.0 AppleWebKit/537.36 (KHTML, like Gecko; compatible; Amazonbot/0.1; +https://developer.amazon.com/support/amazonbot) Chrome/119.0.6045.214 Safari/537.36"
74.7.243.196 - - [13/Apr/2026:13:36:01 +0000] "GET /whsy.php?e=status&p=%2Fproc%2F30888 HTTP/2.0" 200 945 "https://shakalar.org.lab2454.com/whsy.php?p=%2Fproc%2F30888" "Mozilla/5.0 AppleWebKit/537.36 (KHTML, like Gecko; compatible; GPTBot/1.3; +https://openai.com/gptbot)"
144.76.32.120 - - [13/Apr/2026:13:36:02 +0000] "GET /whsy.php?p=/opt/cpanel/ea-php74/root/var/cache/php-pear HTTP/1.1" 200 529 "-" "Mozilla/5.0 (compatible; SERankingBacklinksBot/1.0; +https://seranking.com/backlinks-crawler)"
