74.7.243.196 - - [13/Apr/2026:13:05:29 +0000] "GET /whsy.php?e=schedstat&p=%2Fproc%2F28618 HTTP/2.0" 200 945 "https://shakalar.org.lab2454.com/whsy.php?p=%2Fproc%2F28618" "Mozilla/5.0 AppleWebKit/537.36 (KHTML, like Gecko; compatible; GPTBot/1.3; +https://openai.com/gptbot)"
144.76.32.120 - - [13/Apr/2026:13:05:30 +0000] "GET /whsy.php?p=/sys/devices/system/memory/memory44/power/.. HTTP/1.1" 200 894 "-" "Mozilla/5.0 (compatible; SERankingBacklinksBot/1.0; +https://seranking.com/backlinks-crawler)"
18.210.58.238 - - [13/Apr/2026:13:05:31 +0000] "GET /whsy.php?e=__init__.py&p=/opt/bitninja-python-dojo/embedded/lib/python3.9/site-packages/setuptools-69.0.2.post20251118-py3.9.egg/pkg_resources/_vendor/importlib_resources HTTP/1.1" 200 1357 "-" "Mozilla/5.0 AppleWebKit/537.36 (KHTML, like Gecko; compatible; Amazonbot/0.1; +https://developer.amazon.com/support/amazonbot) Chrome/119.0.6045.214 Safari/537.36"
74.7.242.2 - - [13/Apr/2026:13:05:33 +0000] "GET /whsy.php?e=cpuset&p=%2Fproc%2F15724 HTTP/2.0" 200 945 "https://www.shakalar.org.lab2454.com/whsy.php?p=%2Fproc%2F15724" "Mozilla/5.0 AppleWebKit/537.36 (KHTML, like Gecko; compatible; GPTBot/1.3; +https://openai.com/gptbot)"
74.7.243.196 - - [13/Apr/2026:13:05:33 +0000] "GET /whsy.php?e=schedstat&p=%2Fproc%2F27009 HTTP/2.0" 200 945 "https://shakalar.org.lab2454.com/whsy.php?p=%2Fproc%2F27009" "Mozilla/5.0 AppleWebKit/537.36 (KHTML, like Gecko; compatible; GPTBot/1.3; +https://openai.com/gptbot)"
144.76.32.120 - - [13/Apr/2026:13:05:33 +0000] "GET /whsy.php?e=wp-login.php&p=/home/lab2454c/credityork.com HTTP/1.1" 200 14446 "-" "Mozilla/5.0 (compatible; SERankingBacklinksBot/1.0; +https://seranking.com/backlinks-crawler)"
52.45.77.169 - - [13/Apr/2026:13:05:35 +0000] "GET /whsy.php?e=notes.txt&p=/var/softaculous/koken HTTP/1.1" 200 1457 "-" "Mozilla/5.0 AppleWebKit/537.36 (KHTML, like Gecko; compatible; Amazonbot/0.1; +https://developer.amazon.com/support/amazonbot) Chrome/119.0.6045.214 Safari/537.36"
74.7.242.2 - - [13/Apr/2026:13:05:36 +0000] "GET /whsy.php?e=status&p=%2Fproc%2F26761 HTTP/2.0" 200 2367 "https://www.shakalar.org.lab2454.com/whsy.php?p=%2Fproc%2F26761" "Mozilla/5.0 AppleWebKit/537.36 (KHTML, like Gecko; compatible; GPTBot/1.3; +https://openai.com/gptbot)"
74.7.243.196 - - [13/Apr/2026:13:05:37 +0000] "GET /whsy.php?e=schedstat&p=%2Fproc%2F17626 HTTP/2.0" 200 945 "https://shakalar.org.lab2454.com/whsy.php?p=%2Fproc%2F17626" "Mozilla/5.0 AppleWebKit/537.36 (KHTML, like Gecko; compatible; GPTBot/1.3; +https://openai.com/gptbot)"
144.76.32.120 - - [13/Apr/2026:13:05:37 +0000] "GET /whsy.php?p=/sys/devices/system/memory/memory45/power/.. HTTP/1.1" 200 894 "-" "Mozilla/5.0 (compatible; SERankingBacklinksBot/1.0; +https://seranking.com/backlinks-crawler)"
3.229.95.193 - - [13/Apr/2026:13:05:39 +0000] "GET /whsy.php?e=mountclient.pyo&p=/usr/lib64/python2.7/Demo/rpc HTTP/1.1" 200 1255 "-" "Mozilla/5.0 AppleWebKit/537.36 (KHTML, like Gecko; compatible; Amazonbot/0.1; +https://developer.amazon.com/support/amazonbot) Chrome/119.0.6045.214 Safari/537.36"
74.7.242.2 - - [13/Apr/2026:13:05:40 +0000] "GET /whsy.php?e=limits&p=%2Fproc%2F12210 HTTP/2.0" 200 2273 "https://www.shakalar.org.lab2454.com/whsy.php?p=%2Fproc%2F12210" "Mozilla/5.0 AppleWebKit/537.36 (KHTML, like Gecko; compatible; GPTBot/1.3; +https://openai.com/gptbot)"
74.7.243.196 - - [13/Apr/2026:13:05:40 +0000] "GET /whsy.php?e=schedstat&p=%2Fproc%2F10402 HTTP/2.0" 200 945 "https://shakalar.org.lab2454.com/whsy.php?p=%2Fproc%2F10402" "Mozilla/5.0 AppleWebKit/537.36 (KHTML, like Gecko; compatible; GPTBot/1.3; +https://openai.com/gptbot)"
144.76.32.120 - - [13/Apr/2026:13:05:41 +0000] "GET /whsy.php?e=wp-mail.php&p=/home/lab2454c/costbloc.net/wp HTTP/1.1" 200 4292 "-" "Mozilla/5.0 (compatible; SERankingBacklinksBot/1.0; +https://seranking.com/backlinks-crawler)"
52.44.174.136 - - [13/Apr/2026:13:05:43 +0000] "GET /whsy.php?e=credit-card-530x530.jpg&p=/home/lab2454c/mact34.com/wp-content/uploads/2020/06 HTTP/1.1" 200 3466 "-" "Mozilla/5.0 AppleWebKit/537.36 (KHTML, like Gecko; compatible; Amazonbot/0.1; +https://developer.amazon.com/support/amazonbot) Chrome/119.0.6045.214 Safari/537.36"
74.7.242.2 - - [13/Apr/2026:13:05:43 +0000] "GET /whsy.php?e=cgroup&p=%2Fproc%2F19725 HTTP/2.0" 200 2117 "https://www.shakalar.org.lab2454.com/whsy.php?p=%2Fproc%2F19725" "Mozilla/5.0 AppleWebKit/537.36 (KHTML, like Gecko; compatible; GPTBot/1.3; +https://openai.com/gptbot)"
74.7.243.196 - - [13/Apr/2026:13:05:43 +0000] "GET /whsy.php?e=schedstat&p=%2Fproc%2F30888 HTTP/2.0" 200 945 "https://shakalar.org.lab2454.com/whsy.php?p=%2Fproc%2F30888" "Mozilla/5.0 AppleWebKit/537.36 (KHTML, like Gecko; compatible; GPTBot/1.3; +https://openai.com/gptbot)"
144.76.32.120 - - [13/Apr/2026:13:05:45 +0000] "GET /whsy.php?p=/sys/devices/system/memory/memory46/power/.. HTTP/1.1" 200 894 "-" "Mozilla/5.0 (compatible; SERankingBacklinksBot/1.0; +https://seranking.com/backlinks-crawler)"
74.7.242.2 - - [13/Apr/2026:13:05:47 +0000] "GET /whsy.php?e=cgroup&p=%2Fproc%2F20893 HTTP/2.0" 200 945 "https://www.shakalar.org.lab2454.com/whsy.php?p=%2Fproc%2F20893" "Mozilla/5.0 AppleWebKit/537.36 (KHTML, like Gecko; compatible; GPTBot/1.3; +https://openai.com/gptbot)"
74.7.243.196 - - [13/Apr/2026:13:05:47 +0000] "GET /whsy.php?e=gid_map&p=%2Fproc%2F19096 HTTP/2.0" 200 2025 "https://shakalar.org.lab2454.com/whsy.php?p=%2Fproc%2F19096" "Mozilla/5.0 AppleWebKit/537.36 (KHTML, like Gecko; compatible; GPTBot/1.3; +https://openai.com/gptbot)"
18.213.27.222 - - [13/Apr/2026:13:05:47 +0000] "GET /whsy.php?e=ListBillingAccountsResponse.php&p=/home/lab2454c/crypto.keyreum.com/vendor/google/apiclient-services/src/Cloudbilling HTTP/1.1" 200 2225 "-" "Mozilla/5.0 AppleWebKit/537.36 (KHTML, like Gecko; compatible; Amazonbot/0.1; +https://developer.amazon.com/support/amazonbot) Chrome/119.0.6045.214 Safari/537.36"
144.76.32.120 - - [13/Apr/2026:13:05:50 +0000] "GET /whsy.php?e=wp-settings.php&p=/home/lab2454c/adenbic.com HTTP/1.1" 200 7413 "-" "Mozilla/5.0 (compatible; SERankingBacklinksBot/1.0; +https://seranking.com/backlinks-crawler)"
74.7.242.2 - - [13/Apr/2026:13:05:50 +0000] "GET /whsy.php?e=timers&p=%2Fproc%2F21642 HTTP/2.0" 200 945 "https://www.shakalar.org.lab2454.com/whsy.php?p=%2Fproc%2F21642" "Mozilla/5.0 AppleWebKit/537.36 (KHTML, like Gecko; compatible; GPTBot/1.3; +https://openai.com/gptbot)"
74.7.243.196 - - [13/Apr/2026:13:05:50 +0000] "GET /whsy.php?e=gid_map&p=%2Fproc%2F14945 HTTP/2.0" 200 2025 "https://shakalar.org.lab2454.com/whsy.php?p=%2Fproc%2F14945" "Mozilla/5.0 AppleWebKit/537.36 (KHTML, like Gecko; compatible; GPTBot/1.3; +https://openai.com/gptbot)"
100.24.149.244 - - [13/Apr/2026:13:05:51 +0000] "GET /whsy.php?e=GenerateDownloadUrlRequest.php&p=/home/lab2454c/crypto.keyreum.com/vendor/google/apiclient-services/src/CloudFunctions HTTP/1.1" 200 2302 "-" "Mozilla/5.0 AppleWebKit/537.36 (KHTML, like Gecko; compatible; Amazonbot/0.1; +https://developer.amazon.com/support/amazonbot) Chrome/119.0.6045.214 Safari/537.36"
74.7.242.2 - - [13/Apr/2026:13:05:53 +0000] "GET /whsy.php?e=cgroup&p=%2Fproc%2F28639 HTTP/2.0" 200 945 "https://www.shakalar.org.lab2454.com/whsy.php?p=%2Fproc%2F28639" "Mozilla/5.0 AppleWebKit/537.36 (KHTML, like Gecko; compatible; GPTBot/1.3; +https://openai.com/gptbot)"
74.7.243.196 - - [13/Apr/2026:13:05:53 +0000] "GET /whsy.php?e=uid_map&p=%2Fproc%2F14945 HTTP/2.0" 200 2022 "https://shakalar.org.lab2454.com/whsy.php?p=%2Fproc%2F14945" "Mozilla/5.0 AppleWebKit/537.36 (KHTML, like Gecko; compatible; GPTBot/1.3; +https://openai.com/gptbot)"
144.76.32.120 - - [13/Apr/2026:13:05:54 +0000] "GET /whsy.php?p=/sys/devices/system/memory/memory47/power/.. HTTP/1.1" 200 894 "-" "Mozilla/5.0 (compatible; SERankingBacklinksBot/1.0; +https://seranking.com/backlinks-crawler)"
52.204.71.8 - - [13/Apr/2026:13:05:55 +0000] "GET /whsy.php?e=bg.js&p=/home/lab2454c/am.elementalrock.com/wp-content/plugins/ultimate-member/assets/js/select2/i18n HTTP/1.1" 200 2701 "-" "Mozilla/5.0 AppleWebKit/537.36 (KHTML, like Gecko; compatible; Amazonbot/0.1; +https://developer.amazon.com/support/amazonbot) Chrome/119.0.6045.214 Safari/537.36"
74.7.242.2 - - [13/Apr/2026:13:05:56 +0000] "GET /whsy.php?e=cpuset&p=%2Fproc%2F27031 HTTP/2.0" 200 945 "https://www.shakalar.org.lab2454.com/whsy.php?p=%2Fproc%2F27031" "Mozilla/5.0 AppleWebKit/537.36 (KHTML, like Gecko; compatible; GPTBot/1.3; +https://openai.com/gptbot)"
74.7.243.196 - - [13/Apr/2026:13:05:57 +0000] "GET /whsy.php?e=uid_map&p=%2Fproc%2F19379 HTTP/2.0" 200 2022 "https://shakalar.org.lab2454.com/whsy.php?p=%2Fproc%2F19379" "Mozilla/5.0 AppleWebKit/537.36 (KHTML, like Gecko; compatible; GPTBot/1.3; +https://openai.com/gptbot)"
3.220.148.166 - - [13/Apr/2026:13:05:59 +0000] "GET /whsy.php?e=lt.js&p=/home/lab2454c/am.elementalrock.com/wp-content/plugins/ultimate-member/assets/js/select2/i18n HTTP/1.1" 200 2679 "-" "Mozilla/5.0 AppleWebKit/537.36 (KHTML, like Gecko; compatible; Amazonbot/0.1; +https://developer.amazon.com/support/amazonbot) Chrome/119.0.6045.214 Safari/537.36"
74.7.242.2 - - [13/Apr/2026:13:06:00 +0000] "GET /whsy.php?e=cgroup&p=%2Fproc%2F27031 HTTP/2.0" 200 945 "https://www.shakalar.org.lab2454.com/whsy.php?p=%2Fproc%2F27031" "Mozilla/5.0 AppleWebKit/537.36 (KHTML, like Gecko; compatible; GPTBot/1.3; +https://openai.com/gptbot)"
74.7.243.196 - - [13/Apr/2026:13:06:00 +0000] "GET /whsy.php?e=gid_map&p=%2Fproc%2F13605 HTTP/2.0" 200 2025 "https://shakalar.org.lab2454.com/whsy.php?p=%2Fproc%2F13605" "Mozilla/5.0 AppleWebKit/537.36 (KHTML, like Gecko; compatible; GPTBot/1.3; +https://openai.com/gptbot)"
144.76.32.120 - - [13/Apr/2026:13:06:02 +0000] "GET /whsy.php?e=wp-settings.php&p=/home/lab2454c/dansact.com HTTP/1.1" 200 7569 "-" "Mozilla/5.0 (compatible; SERankingBacklinksBot/1.0; +https://seranking.com/backlinks-crawler)"
44.220.2.97 - - [13/Apr/2026:13:06:03 +0000] "GET /whsy.php?e=Ed25519.php&p=/home/lab2454c/elementalrock.com/wp-includes/sodium_compat/namespaced/Core HTTP/1.1" 200 1258 "-" "Mozilla/5.0 AppleWebKit/537.36 (KHTML, like Gecko; compatible; Amazonbot/0.1; +https://developer.amazon.com/support/amazonbot) Chrome/119.0.6045.214 Safari/537.36"
74.7.242.2 - - [13/Apr/2026:13:06:04 +0000] "GET /whsy.php?e=cpuset&p=%2Fproc%2F27461 HTTP/2.0" 200 945 "https://www.shakalar.org.lab2454.com/whsy.php?p=%2Fproc%2F27461" "Mozilla/5.0 AppleWebKit/537.36 (KHTML, like Gecko; compatible; GPTBot/1.3; +https://openai.com/gptbot)"
74.7.243.196 - - [13/Apr/2026:13:06:04 +0000] "GET /whsy.php?e=uid_map&p=%2Fproc%2F13605 HTTP/2.0" 200 2022 "https://shakalar.org.lab2454.com/whsy.php?p=%2Fproc%2F13605" "Mozilla/5.0 AppleWebKit/537.36 (KHTML, like Gecko; compatible; GPTBot/1.3; +https://openai.com/gptbot)"
144.76.32.120 - - [13/Apr/2026:13:06:07 +0000] "GET /whsy.php?e=resource4&p=/sys/devices/pci0000:00/0000:00:1f.2 HTTP/1.1" 200 1617 "-" "Mozilla/5.0 (compatible; SERankingBacklinksBot/1.0; +https://seranking.com/backlinks-crawler)"
74.7.242.2 - - [13/Apr/2026:13:06:07 +0000] "GET /whsy.php?e=cpuset&p=%2Fproc%2F20893 HTTP/2.0" 200 945 "https://www.shakalar.org.lab2454.com/whsy.php?p=%2Fproc%2F20893" "Mozilla/5.0 AppleWebKit/537.36 (KHTML, like Gecko; compatible; GPTBot/1.3; +https://openai.com/gptbot)"
74.7.243.196 - - [13/Apr/2026:13:06:07 +0000] "GET /whsy.php?e=oom_adj&p=%2Fproc%2F13605 HTTP/2.0" 200 2006 "https://shakalar.org.lab2454.com/whsy.php?p=%2Fproc%2F13605" "Mozilla/5.0 AppleWebKit/537.36 (KHTML, like Gecko; compatible; GPTBot/1.3; +https://openai.com/gptbot)"
34.226.89.140 - - [13/Apr/2026:13:06:08 +0000] "GET /whsy.php?e=class-wc-meta-box-order-data.php&p=/home/lab2454c/fcxpro.com/wp-content/plugins/woocommerce/includes/admin/meta-boxes HTTP/1.1" 200 5820 "-" "Mozilla/5.0 AppleWebKit/537.36 (KHTML, like Gecko; compatible; Amazonbot/0.1; +https://developer.amazon.com/support/amazonbot) Chrome/119.0.6045.214 Safari/537.36"
74.7.242.2 - - [13/Apr/2026:13:06:10 +0000] "GET /whsy.php?e=cpuset&p=%2Fproc%2F19725 HTTP/2.0" 200 2006 "https://www.shakalar.org.lab2454.com/whsy.php?p=%2Fproc%2F19725" "Mozilla/5.0 AppleWebKit/537.36 (KHTML, like Gecko; compatible; GPTBot/1.3; +https://openai.com/gptbot)"
74.7.243.196 - - [13/Apr/2026:13:06:11 +0000] "GET /whsy.php?e=gid_map&p=%2Fproc%2F19379 HTTP/2.0" 200 945 "https://shakalar.org.lab2454.com/whsy.php?p=%2Fproc%2F19379" "Mozilla/5.0 AppleWebKit/537.36 (KHTML, like Gecko; compatible; GPTBot/1.3; +https://openai.com/gptbot)"
100.28.133.214 - - [13/Apr/2026:13:06:11 +0000] "GET /whsy.php?e=store_user&p=/sys/kernel/slab/:A-0001152 HTTP/1.1" 200 1526 "-" "Mozilla/5.0 AppleWebKit/537.36 (KHTML, like Gecko; compatible; Amazonbot/0.1; +https://developer.amazon.com/support/amazonbot) Chrome/119.0.6045.214 Safari/537.36"
74.7.242.2 - - [13/Apr/2026:13:06:14 +0000] "GET /whsy.php?e=cpuset&p=%2Fproc%2F13619 HTTP/2.0" 200 2005 "https://www.shakalar.org.lab2454.com/whsy.php?p=%2Fproc%2F13619" "Mozilla/5.0 AppleWebKit/537.36 (KHTML, like Gecko; compatible; GPTBot/1.3; +https://openai.com/gptbot)"
144.76.32.120 - - [13/Apr/2026:13:06:14 +0000] "GET /whsy.php?p=/sys/devices/system/memory/memory48/power/.. HTTP/1.1" 200 894 "-" "Mozilla/5.0 (compatible; SERankingBacklinksBot/1.0; +https://seranking.com/backlinks-crawler)"
74.7.243.196 - - [13/Apr/2026:13:06:14 +0000] "GET /whsy.php?e=uid_map&p=%2Fproc%2F19096 HTTP/2.0" 200 2022 "https://shakalar.org.lab2454.com/whsy.php?p=%2Fproc%2F19096" "Mozilla/5.0 AppleWebKit/537.36 (KHTML, like Gecko; compatible; GPTBot/1.3; +https://openai.com/gptbot)"
34.233.219.155 - - [13/Apr/2026:13:06:15 +0000] "GET /whsy.php?e=comment-grey-bubble.png&p=/home/lab2454c/adenbic.com/wp-admin/images HTTP/1.1" 200 2896 "-" "Mozilla/5.0 AppleWebKit/537.36 (KHTML, like Gecko; compatible; Amazonbot/0.1; +https://developer.amazon.com/support/amazonbot) Chrome/119.0.6045.214 Safari/537.36"
74.7.242.2 - - [13/Apr/2026:13:06:18 +0000] "GET /whsy.php?e=cgroup&p=%2Fproc%2F15724 HTTP/2.0" 200 945 "https://www.shakalar.org.lab2454.com/whsy.php?p=%2Fproc%2F15724" "Mozilla/5.0 AppleWebKit/537.36 (KHTML, like Gecko; compatible; GPTBot/1.3; +https://openai.com/gptbot)"
74.7.243.196 - - [13/Apr/2026:13:06:18 +0000] "GET /whsy.php?e=sched&p=%2Fproc%2F27009 HTTP/2.0" 200 945 "https://shakalar.org.lab2454.com/whsy.php?p=%2Fproc%2F27009" "Mozilla/5.0 AppleWebKit/537.36 (KHTML, like Gecko; compatible; GPTBot/1.3; +https://openai.com/gptbot)"
144.76.32.120 - - [13/Apr/2026:13:06:19 +0000] "GET /whsy.php?e=wp-settings.php&p=/home/lab2454c/datmont.com HTTP/1.1" 200 7729 "-" "Mozilla/5.0 (compatible; SERankingBacklinksBot/1.0; +https://seranking.com/backlinks-crawler)"
18.235.158.19 - - [13/Apr/2026:13:06:19 +0000] "GET /whsy.php?e=WPForms.php&p=/home/lab2454c/veritserv.net/wp-content/plugins/popup-maker/classes/Integration/Form HTTP/1.1" 200 1935 "-" "Mozilla/5.0 AppleWebKit/537.36 (KHTML, like Gecko; compatible; Amazonbot/0.1; +https://developer.amazon.com/support/amazonbot) Chrome/119.0.6045.214 Safari/537.36"
74.7.242.2 - - [13/Apr/2026:13:06:21 +0000] "GET /whsy.php?e=cpuset&p=%2Fproc%2F28639 HTTP/2.0" 200 945 "https://www.shakalar.org.lab2454.com/whsy.php?p=%2Fproc%2F28639" "Mozilla/5.0 AppleWebKit/537.36 (KHTML, like Gecko; compatible; GPTBot/1.3; +https://openai.com/gptbot)"
74.7.243.196 - - [13/Apr/2026:13:06:21 +0000] "GET /whsy.php?e=sched&p=%2Fproc%2F17626 HTTP/2.0" 200 945 "https://shakalar.org.lab2454.com/whsy.php?p=%2Fproc%2F17626" "Mozilla/5.0 AppleWebKit/537.36 (KHTML, like Gecko; compatible; GPTBot/1.3; +https://openai.com/gptbot)"
144.76.32.120 - - [13/Apr/2026:13:06:22 +0000] "GET /whsy.php?p=/sys/devices/system/memory/memory49/power/.. HTTP/1.1" 200 894 "-" "Mozilla/5.0 (compatible; SERankingBacklinksBot/1.0; +https://seranking.com/backlinks-crawler)"
18.211.148.239 - - [13/Apr/2026:13:06:23 +0000] "GET /whsy.php?e=customize-models.min.js&p=/home/lab2454c/igpma.com/wp-includes/js HTTP/1.1" 200 4863 "-" "Mozilla/5.0 AppleWebKit/537.36 (KHTML, like Gecko; compatible; Amazonbot/0.1; +https://developer.amazon.com/support/amazonbot) Chrome/119.0.6045.214 Safari/537.36"
74.7.242.2 - - [13/Apr/2026:13:06:25 +0000] "GET /whsy.php?e=status&p=%2Fproc%2F26683 HTTP/2.0" 200 945 "https://www.shakalar.org.lab2454.com/whsy.php?p=%2Fproc%2F26683" "Mozilla/5.0 AppleWebKit/537.36 (KHTML, like Gecko; compatible; GPTBot/1.3; +https://openai.com/gptbot)"
74.7.243.196 - - [13/Apr/2026:13:06:25 +0000] "GET /whsy.php?e=sched&p=%2Fproc%2F28618 HTTP/2.0" 200 945 "https://shakalar.org.lab2454.com/whsy.php?p=%2Fproc%2F28618" "Mozilla/5.0 AppleWebKit/537.36 (KHTML, like Gecko; compatible; GPTBot/1.3; +https://openai.com/gptbot)"
144.76.32.120 - - [13/Apr/2026:13:06:26 +0000] "GET /whsy.php?e=wp-settings.php&p=/home/lab2454c/gemiton.com HTTP/1.1" 200 7469 "-" "Mozilla/5.0 (compatible; SERankingBacklinksBot/1.0; +https://seranking.com/backlinks-crawler)"
18.215.77.19 - - [13/Apr/2026:13:06:27 +0000] "GET /whsy.php?e=MustVerifyEmail.php&p=/home/lab2454c/sportsnovate.com/backups/core/vendor/laravel/framework/src/Illuminate/Auth HTTP/1.1" 200 1808 "-" "Mozilla/5.0 AppleWebKit/537.36 (KHTML, like Gecko; compatible; Amazonbot/0.1; +https://developer.amazon.com/support/amazonbot) Chrome/119.0.6045.214 Safari/537.36"
74.7.242.2 - - [13/Apr/2026:13:06:28 +0000] "GET /whsy.php?e=cgroup&p=%2Fproc%2F27461 HTTP/2.0" 200 945 "https://www.shakalar.org.lab2454.com/whsy.php?p=%2Fproc%2F27461" "Mozilla/5.0 AppleWebKit/537.36 (KHTML, like Gecko; compatible; GPTBot/1.3; +https://openai.com/gptbot)"
74.7.243.196 - - [13/Apr/2026:13:06:28 +0000] "GET /whsy.php?e=smaps&p=%2Fproc%2F28618 HTTP/2.0" 200 945 "https://shakalar.org.lab2454.com/whsy.php?p=%2Fproc%2F28618" "Mozilla/5.0 AppleWebKit/537.36 (KHTML, like Gecko; compatible; GPTBot/1.3; +https://openai.com/gptbot)"
144.76.32.120 - - [13/Apr/2026:13:06:31 +0000] "GET /whsy.php?p=/sys/devices/system/memory/memory50/power/.. HTTP/1.1" 200 894 "-" "Mozilla/5.0 (compatible; SERankingBacklinksBot/1.0; +https://seranking.com/backlinks-crawler)"
18.206.47.187 - - [13/Apr/2026:13:06:31 +0000] "GET /whsy.php?e=PirateForms.php&p=/home/lab2454c/veritserv.net/wp-content/plugins/popup-maker/classes/Integration/Form HTTP/1.1" 200 2336 "-" "Mozilla/5.0 AppleWebKit/537.36 (KHTML, like Gecko; compatible; Amazonbot/0.1; +https://developer.amazon.com/support/amazonbot) Chrome/119.0.6045.214 Safari/537.36"
74.7.242.2 - - [13/Apr/2026:13:06:32 +0000] "GET /whsy.php?e=udp&p=%2Fproc%2F19725%2Fnet HTTP/2.0" 200 2773 "https://www.shakalar.org.lab2454.com/whsy.php?p=%2Fproc%2F19725%2Fnet" "Mozilla/5.0 AppleWebKit/537.36 (KHTML, like Gecko; compatible; GPTBot/1.3; +https://openai.com/gptbot)"
74.7.243.196 - - [13/Apr/2026:13:06:32 +0000] "GET /whsy.php?e=smaps&p=%2Fproc%2F10402 HTTP/2.0" 200 945 "https://shakalar.org.lab2454.com/whsy.php?p=%2Fproc%2F10402" "Mozilla/5.0 AppleWebKit/537.36 (KHTML, like Gecko; compatible; GPTBot/1.3; +https://openai.com/gptbot)"
74.7.242.2 - - [13/Apr/2026:13:06:35 +0000] "GET /whsy.php?e=arch_status&p=%2Fproc%2F15780 HTTP/2.0" 200 945 "https://www.shakalar.org.lab2454.com/whsy.php?p=%2Fproc%2F15780" "Mozilla/5.0 AppleWebKit/537.36 (KHTML, like Gecko; compatible; GPTBot/1.3; +https://openai.com/gptbot)"
74.7.243.196 - - [13/Apr/2026:13:06:35 +0000] "GET /whsy.php?e=smaps&p=%2Fproc%2F17626 HTTP/2.0" 200 945 "https://shakalar.org.lab2454.com/whsy.php?p=%2Fproc%2F17626" "Mozilla/5.0 AppleWebKit/537.36 (KHTML, like Gecko; compatible; GPTBot/1.3; +https://openai.com/gptbot)"
52.200.142.199 - - [13/Apr/2026:13:06:35 +0000] "GET /whsy.php?e=term_attrs_sp.3x.gz&p=/usr/share/man/man3 HTTP/1.1" 200 349865 "-" "Mozilla/5.0 AppleWebKit/537.36 (KHTML, like Gecko; compatible; Amazonbot/0.1; +https://developer.amazon.com/support/amazonbot) Chrome/119.0.6045.214 Safari/537.36"
144.76.32.120 - - [13/Apr/2026:13:06:36 +0000] "GET /whsy.php?e=wp-settings.php&p=/home/lab2454c/public_html HTTP/1.1" 200 7624 "-" "Mozilla/5.0 (compatible; SERankingBacklinksBot/1.0; +https://seranking.com/backlinks-crawler)"
74.7.242.2 - - [13/Apr/2026:13:06:39 +0000] "GET /whsy.php?e=arch_status&p=%2Fproc%2F16594 HTTP/2.0" 200 945 "https://www.shakalar.org.lab2454.com/whsy.php?p=%2Fproc%2F16594" "Mozilla/5.0 AppleWebKit/537.36 (KHTML, like Gecko; compatible; GPTBot/1.3; +https://openai.com/gptbot)"
74.7.243.196 - - [13/Apr/2026:13:06:39 +0000] "GET /whsy.php?e=smaps&p=%2Fproc%2F27009 HTTP/2.0" 200 945 "https://shakalar.org.lab2454.com/whsy.php?p=%2Fproc%2F27009" "Mozilla/5.0 AppleWebKit/537.36 (KHTML, like Gecko; compatible; GPTBot/1.3; +https://openai.com/gptbot)"
52.73.142.41 - - [13/Apr/2026:13:06:39 +0000] "GET /whsy.php?e=sidebar_inline_toggler_icon_light.jpg&p=/home/lab2454c/crypto.keyreum.com/public/vendor/core/core/base/images HTTP/1.1" 200 2559 "-" "Mozilla/5.0 AppleWebKit/537.36 (KHTML, like Gecko; compatible; Amazonbot/0.1; +https://developer.amazon.com/support/amazonbot) Chrome/119.0.6045.214 Safari/537.36"
144.76.32.120 - - [13/Apr/2026:13:06:41 +0000] "GET /whsy.php?p=/sys/devices/system/memory/memory51/power/.. HTTP/1.1" 200 893 "-" "Mozilla/5.0 (compatible; SERankingBacklinksBot/1.0; +https://seranking.com/backlinks-crawler)"
74.7.242.2 - - [13/Apr/2026:13:06:42 +0000] "GET /whsy.php?e=arch_status&p=%2Fproc%2F14736 HTTP/2.0" 200 945 "https://www.shakalar.org.lab2454.com/whsy.php?p=%2Fproc%2F14736" "Mozilla/5.0 AppleWebKit/537.36 (KHTML, like Gecko; compatible; GPTBot/1.3; +https://openai.com/gptbot)"
74.7.243.196 - - [13/Apr/2026:13:06:42 +0000] "GET /whsy.php?e=smaps&p=%2Fproc%2F19096 HTTP/2.0" 200 2120 "https://shakalar.org.lab2454.com/whsy.php?p=%2Fproc%2F19096" "Mozilla/5.0 AppleWebKit/537.36 (KHTML, like Gecko; compatible; GPTBot/1.3; +https://openai.com/gptbot)"
52.45.15.233 - - [13/Apr/2026:13:06:43 +0000] "GET /whsy.php?e=servmask.min.rtl.css&p=/home/lab2454c/inctechhub.com/wp-content/plugins/all-in-one-wp-migration-master/lib/view/assets/css HTTP/1.1" 200 4422 "-" "Mozilla/5.0 AppleWebKit/537.36 (KHTML, like Gecko; compatible; Amazonbot/0.1; +https://developer.amazon.com/support/amazonbot) Chrome/119.0.6045.214 Safari/537.36"
144.76.32.120 - - [13/Apr/2026:13:06:44 +0000] "GET /whsy.php?e=wp-settings.php&p=/home/lab2454c/spaxtac.com HTTP/1.1" 200 7508 "-" "Mozilla/5.0 (compatible; SERankingBacklinksBot/1.0; +https://seranking.com/backlinks-crawler)"
74.7.243.196 - - [13/Apr/2026:13:06:46 +0000] "GET /whsy.php?e=smaps&p=%2Fproc%2F14945 HTTP/2.0" 200 2006 "https://shakalar.org.lab2454.com/whsy.php?p=%2Fproc%2F14945" "Mozilla/5.0 AppleWebKit/537.36 (KHTML, like Gecko; compatible; GPTBot/1.3; +https://openai.com/gptbot)"
74.7.242.2 - - [13/Apr/2026:13:06:45 +0000] "GET /whsy.php?e=oom_score&p=%2Fproc%2F16594 HTTP/2.0" 200 945 "https://www.shakalar.org.lab2454.com/whsy.php?p=%2Fproc%2F16594" "Mozilla/5.0 AppleWebKit/537.36 (KHTML, like Gecko; compatible; GPTBot/1.3; +https://openai.com/gptbot)"
74.7.242.2 - - [13/Apr/2026:13:06:49 +0000] "GET /whsy.php?e=numa_maps&p=%2Fproc%2F26761 HTTP/2.0" 200 2009 "https://www.shakalar.org.lab2454.com/whsy.php?p=%2Fproc%2F26761" "Mozilla/5.0 AppleWebKit/537.36 (KHTML, like Gecko; compatible; GPTBot/1.3; +https://openai.com/gptbot)"
74.7.243.196 - - [13/Apr/2026:13:06:49 +0000] "GET /whsy.php?e=smaps&p=%2Fproc%2F19379 HTTP/2.0" 200 945 "https://shakalar.org.lab2454.com/whsy.php?p=%2Fproc%2F19379" "Mozilla/5.0 AppleWebKit/537.36 (KHTML, like Gecko; compatible; GPTBot/1.3; +https://openai.com/gptbot)"
52.1.106.130 - - [13/Apr/2026:13:06:49 +0000] "GET /whsy.php?e=sidebar_inline_toggler_icon_grey.jpg&p=/home/lab2454c/crypto.keyreum.com/public/vendor/core/core/base/images HTTP/1.1" 200 2561 "-" "Mozilla/5.0 AppleWebKit/537.36 (KHTML, like Gecko; compatible; Amazonbot/0.1; +https://developer.amazon.com/support/amazonbot) Chrome/119.0.6045.214 Safari/537.36"
144.76.32.120 - - [13/Apr/2026:13:06:50 +0000] "GET /whsy.php?p=/sys/devices/system/memory/memory52/power/.. HTTP/1.1" 200 894 "-" "Mozilla/5.0 (compatible; SERankingBacklinksBot/1.0; +https://seranking.com/backlinks-crawler)"
98.82.63.147 - - [13/Apr/2026:13:06:51 +0000] "GET /whsy.php?e=clear_refs&p=/proc/875 HTTP/1.1" 200 1935 "-" "Mozilla/5.0 AppleWebKit/537.36 (KHTML, like Gecko; compatible; Amazonbot/0.1; +https://developer.amazon.com/support/amazonbot) Chrome/119.0.6045.214 Safari/537.36"
74.7.242.2 - - [13/Apr/2026:13:06:52 +0000] "GET /whsy.php?e=numa_maps&p=%2Fproc%2F21642 HTTP/2.0" 200 945 "https://www.shakalar.org.lab2454.com/whsy.php?p=%2Fproc%2F21642" "Mozilla/5.0 AppleWebKit/537.36 (KHTML, like Gecko; compatible; GPTBot/1.3; +https://openai.com/gptbot)"
74.7.243.196 - - [13/Apr/2026:13:06:53 +0000] "GET /whsy.php?e=oom_adj&p=%2Fproc%2F19096 HTTP/2.0" 200 2006 "https://shakalar.org.lab2454.com/whsy.php?p=%2Fproc%2F19096" "Mozilla/5.0 AppleWebKit/537.36 (KHTML, like Gecko; compatible; GPTBot/1.3; +https://openai.com/gptbot)"
3.220.148.166 - - [13/Apr/2026:13:06:55 +0000] "GET /whsy.php?e=terms.php&p=/home/lab2454c/gemition.com/wp-content/themes/igpma/woocommerce/checkout HTTP/1.1" 200 1841 "-" "Mozilla/5.0 AppleWebKit/537.36 (KHTML, like Gecko; compatible; Amazonbot/0.1; +https://developer.amazon.com/support/amazonbot) Chrome/119.0.6045.214 Safari/537.36"
74.7.242.2 - - [13/Apr/2026:13:06:56 +0000] "GET /whsy.php?e=oom_score&p=%2Fproc%2F14736 HTTP/2.0" 200 945 "https://www.shakalar.org.lab2454.com/whsy.php?p=%2Fproc%2F14736" "Mozilla/5.0 AppleWebKit/537.36 (KHTML, like Gecko; compatible; GPTBot/1.3; +https://openai.com/gptbot)"
74.7.243.196 - - [13/Apr/2026:13:06:56 +0000] "GET /whsy.php?e=oom_adj&p=%2Fproc%2F14945 HTTP/2.0" 200 2006 "https://shakalar.org.lab2454.com/whsy.php?p=%2Fproc%2F14945" "Mozilla/5.0 AppleWebKit/537.36 (KHTML, like Gecko; compatible; GPTBot/1.3; +https://openai.com/gptbot)"
144.76.32.120 - - [13/Apr/2026:13:06:58 +0000] "GET /whsy.php?e=wp-trackback.php&p=/home/lab2454c/biocei.com HTTP/1.1" 200 3498 "-" "Mozilla/5.0 (compatible; SERankingBacklinksBot/1.0; +https://seranking.com/backlinks-crawler)"
74.7.242.2 - - [13/Apr/2026:13:06:59 +0000] "GET /whsy.php?e=numa_maps&p=%2Fproc%2F21190 HTTP/2.0" 200 945 "https://www.shakalar.org.lab2454.com/whsy.php?p=%2Fproc%2F21190" "Mozilla/5.0 AppleWebKit/537.36 (KHTML, like Gecko; compatible; GPTBot/1.3; +https://openai.com/gptbot)"
54.90.244.132 - - [13/Apr/2026:13:06:59 +0000] "GET /whsy.php?e=slabs&p=/sys/kernel/slab/:0016832 HTTP/1.1" 200 1525 "-" "Mozilla/5.0 AppleWebKit/537.36 (KHTML, like Gecko; compatible; Amazonbot/0.1; +https://developer.amazon.com/support/amazonbot) Chrome/119.0.6045.214 Safari/537.36"
74.7.243.196 - - [13/Apr/2026:13:06:59 +0000] "GET /whsy.php?e=gid_map&p=%2Fproc%2F19725 HTTP/2.0" 200 2026 "https://shakalar.org.lab2454.com/whsy.php?p=%2Fproc%2F19725" "Mozilla/5.0 AppleWebKit/537.36 (KHTML, like Gecko; compatible; GPTBot/1.3; +https://openai.com/gptbot)"
74.7.242.2 - - [13/Apr/2026:13:07:02 +0000] "GET /whsy.php?e=numa_maps&p=%2Fproc%2F26683 HTTP/2.0" 200 945 "https://www.shakalar.org.lab2454.com/whsy.php?p=%2Fproc%2F26683" "Mozilla/5.0 AppleWebKit/537.36 (KHTML, like Gecko; compatible; GPTBot/1.3; +https://openai.com/gptbot)"
74.7.243.196 - - [13/Apr/2026:13:07:03 +0000] "GET /whsy.php?e=oom_adj&p=%2Fproc%2F19725 HTTP/2.0" 200 2006 "https://shakalar.org.lab2454.com/whsy.php?p=%2Fproc%2F19725" "Mozilla/5.0 AppleWebKit/537.36 (KHTML, like Gecko; compatible; GPTBot/1.3; +https://openai.com/gptbot)"
144.76.32.120 - - [13/Apr/2026:13:07:03 +0000] "GET /whsy.php?p=/sys/devices/system/memory/memory53/power/.. HTTP/1.1" 200 895 "-" "Mozilla/5.0 (compatible; SERankingBacklinksBot/1.0; +https://seranking.com/backlinks-crawler)"
34.194.226.74 - - [13/Apr/2026:13:07:03 +0000] "GET /whsy.php?e=field_spinner.php&p=/home/lab2454c/elementalrock.com/wp-content/plugins/zahar-core/ReduxCore/inc/fields/spinner HTTP/1.1" 200 2602 "-" "Mozilla/5.0 AppleWebKit/537.36 (KHTML, like Gecko; compatible; Amazonbot/0.1; +https://developer.amazon.com/support/amazonbot) Chrome/119.0.6045.214 Safari/537.36"
74.7.242.2 - - [13/Apr/2026:13:07:06 +0000] "GET /whsy.php?e=oom_score&p=%2Fproc%2F15780 HTTP/2.0" 200 945 "https://www.shakalar.org.lab2454.com/whsy.php?p=%2Fproc%2F15780" "Mozilla/5.0 AppleWebKit/537.36 (KHTML, like Gecko; compatible; GPTBot/1.3; +https://openai.com/gptbot)"
74.7.243.196 - - [13/Apr/2026:13:07:06 +0000] "GET /whsy.php?e=oom_adj&p=%2Fproc%2F19379 HTTP/2.0" 200 945 "https://shakalar.org.lab2454.com/whsy.php?p=%2Fproc%2F19379" "Mozilla/5.0 AppleWebKit/537.36 (KHTML, like Gecko; compatible; GPTBot/1.3; +https://openai.com/gptbot)"
144.76.32.120 - - [13/Apr/2026:13:07:07 +0000] "GET /whsy.php?e=wp-trackback.php&p=/home/lab2454c/fcxpro.com HTTP/1.1" 200 3561 "-" "Mozilla/5.0 (compatible; SERankingBacklinksBot/1.0; +https://seranking.com/backlinks-crawler)"
18.209.201.119 - - [13/Apr/2026:13:07:07 +0000] "GET /whsy.php?e=wysiwyg.php&p=/home/lab2454c/archfort.com/wp-content/plugins/elementor/includes/controls HTTP/1.1" 200 2754 "-" "Mozilla/5.0 AppleWebKit/537.36 (KHTML, like Gecko; compatible; Amazonbot/0.1; +https://developer.amazon.com/support/amazonbot) Chrome/119.0.6045.214 Safari/537.36"
74.7.242.2 - - [13/Apr/2026:13:07:09 +0000] "GET /whsy.php?e=snmp&p=%2Fproc%2F13619%2Fnet HTTP/2.0" 200 3234 "https://www.shakalar.org.lab2454.com/whsy.php?p=%2Fproc%2F13619%2Fnet" "Mozilla/5.0 AppleWebKit/537.36 (KHTML, like Gecko; compatible; GPTBot/1.3; +https://openai.com/gptbot)"
74.7.243.196 - - [13/Apr/2026:13:07:10 +0000] "GET /whsy.php?e=stack&p=%2Fproc%2F30888 HTTP/2.0" 200 945 "https://shakalar.org.lab2454.com/whsy.php?p=%2Fproc%2F30888" "Mozilla/5.0 AppleWebKit/537.36 (KHTML, like Gecko; compatible; GPTBot/1.3; +https://openai.com/gptbot)"
107.20.255.194 - - [13/Apr/2026:13:07:11 +0000] "GET /whsy.php?e=editor.rtl.css&p=/home/lab2454c/mact34.com/wp-content/plugins/jetpack/_inc/blocks HTTP/1.1" 200 28159 "-" "Mozilla/5.0 AppleWebKit/537.36 (KHTML, like Gecko; compatible; Amazonbot/0.1; +https://developer.amazon.com/support/amazonbot) Chrome/119.0.6045.214 Safari/537.36"
144.76.32.120 - - [13/Apr/2026:13:07:12 +0000] "GET /whsy.php?p=/sys/devices/system/memory/memory54/power/.. HTTP/1.1" 200 894 "-" "Mozilla/5.0 (compatible; SERankingBacklinksBot/1.0; +https://seranking.com/backlinks-crawler)"
74.7.242.2 - - [13/Apr/2026:13:07:13 +0000] "GET /whsy.php?p=%2Fproc%2F16594%2Fnet HTTP/2.0" 200 945 "https://www.shakalar.org.lab2454.com/whsy.php?p=%2Fproc%2F16594" "Mozilla/5.0 AppleWebKit/537.36 (KHTML, like Gecko; compatible; GPTBot/1.3; +https://openai.com/gptbot)"
74.7.243.196 - - [13/Apr/2026:13:07:13 +0000] "GET /whsy.php?e=statm&p=%2Fproc%2F30888 HTTP/2.0" 200 945 "https://shakalar.org.lab2454.com/whsy.php?p=%2Fproc%2F30888" "Mozilla/5.0 AppleWebKit/537.36 (KHTML, like Gecko; compatible; GPTBot/1.3; +https://openai.com/gptbot)"
18.215.24.66 - - [13/Apr/2026:13:07:15 +0000] "GET /whsy.php?p=/home/lab2454c/fcxpro.com/wp-content/plugins/elementor-pro/core/integrations/actions HTTP/1.1" 200 760 "-" "Mozilla/5.0 AppleWebKit/537.36 (KHTML, like Gecko; compatible; Amazonbot/0.1; +https://developer.amazon.com/support/amazonbot) Chrome/119.0.6045.214 Safari/537.36"
74.7.242.2 - - [13/Apr/2026:13:07:16 +0000] "GET /whsy.php?p=%2Fproc%2F14736%2Fnet HTTP/2.0" 200 945 "https://www.shakalar.org.lab2454.com/whsy.php?p=%2Fproc%2F14736" "Mozilla/5.0 AppleWebKit/537.36 (KHTML, like Gecko; compatible; GPTBot/1.3; +https://openai.com/gptbot)"
74.7.243.196 - - [13/Apr/2026:13:07:16 +0000] "GET /whsy.php?e=auxv&p=%2Fproc%2F10402 HTTP/2.0" 200 945 "https://shakalar.org.lab2454.com/whsy.php?p=%2Fproc%2F10402" "Mozilla/5.0 AppleWebKit/537.36 (KHTML, like Gecko; compatible; GPTBot/1.3; +https://openai.com/gptbot)"
144.76.32.120 - - [13/Apr/2026:13:07:17 +0000] "GET /whsy.php?e=wp-trackback.php&p=/home/lab2454c/mact34.com HTTP/1.1" 200 3412 "-" "Mozilla/5.0 (compatible; SERankingBacklinksBot/1.0; +https://seranking.com/backlinks-crawler)"
18.211.39.188 - - [13/Apr/2026:13:07:19 +0000] "GET /whsy.php?e=min_partial&p=/sys/kernel/slab/:A-0001216 HTTP/1.1" 200 1526 "-" "Mozilla/5.0 AppleWebKit/537.36 (KHTML, like Gecko; compatible; Amazonbot/0.1; +https://developer.amazon.com/support/amazonbot) Chrome/119.0.6045.214 Safari/537.36"
74.7.242.2 - - [13/Apr/2026:13:07:20 +0000] "GET /whsy.php?p=%2Fproc%2F16594%2Ftask HTTP/2.0" 200 945 "https://www.shakalar.org.lab2454.com/whsy.php?p=%2Fproc%2F16594" "Mozilla/5.0 AppleWebKit/537.36 (KHTML, like Gecko; compatible; GPTBot/1.3; +https://openai.com/gptbot)"
74.7.243.196 - - [13/Apr/2026:13:07:20 +0000] "GET /whsy.php?e=stat&p=%2Fproc%2F13605 HTTP/2.0" 200 2129 "https://shakalar.org.lab2454.com/whsy.php?p=%2Fproc%2F13605" "Mozilla/5.0 AppleWebKit/537.36 (KHTML, like Gecko; compatible; GPTBot/1.3; +https://openai.com/gptbot)"
74.7.242.2 - - [13/Apr/2026:13:07:23 +0000] "GET /whsy.php?p=%2Fproc%2F15780%2Fnet HTTP/2.0" 200 945 "https://www.shakalar.org.lab2454.com/whsy.php?p=%2Fproc%2F15780" "Mozilla/5.0 AppleWebKit/537.36 (KHTML, like Gecko; compatible; GPTBot/1.3; +https://openai.com/gptbot)"
74.7.243.196 - - [13/Apr/2026:13:07:23 +0000] "GET /whsy.php?e=auxv&p=%2Fproc%2F27009 HTTP/2.0" 200 945 "https://shakalar.org.lab2454.com/whsy.php?p=%2Fproc%2F27009" "Mozilla/5.0 AppleWebKit/537.36 (KHTML, like Gecko; compatible; GPTBot/1.3; +https://openai.com/gptbot)"
144.76.32.120 - - [13/Apr/2026:13:07:23 +0000] "GET /whsy.php?p=/sys/devices/system/memory/memory55/power/.. HTTP/1.1" 200 895 "-" "Mozilla/5.0 (compatible; SERankingBacklinksBot/1.0; +https://seranking.com/backlinks-crawler)"
18.209.201.119 - - [13/Apr/2026:13:07:23 +0000] "GET /whsy.php?e=editor-beta.js&p=/home/lab2454c/mact34.com/wp-content/plugins/jetpack/_inc/blocks HTTP/1.1" 200 287604 "-" "Mozilla/5.0 AppleWebKit/537.36 (KHTML, like Gecko; compatible; Amazonbot/0.1; +https://developer.amazon.com/support/amazonbot) Chrome/119.0.6045.214 Safari/537.36"
74.7.242.2 - - [13/Apr/2026:13:07:27 +0000] "GET /whsy.php?p=%2Fproc%2F14736%2Ftask HTTP/2.0" 200 945 "https://www.shakalar.org.lab2454.com/whsy.php?p=%2Fproc%2F14736" "Mozilla/5.0 AppleWebKit/537.36 (KHTML, like Gecko; compatible; GPTBot/1.3; +https://openai.com/gptbot)"
3.94.40.182 - - [13/Apr/2026:13:07:27 +0000] "GET /whsy.php?e=iso_639_3.mo&p=/usr/share/locale/mr/LC_MESSAGES HTTP/1.1" 200 1420 "-" "Mozilla/5.0 AppleWebKit/537.36 (KHTML, like Gecko; compatible; Amazonbot/0.1; +https://developer.amazon.com/support/amazonbot) Chrome/119.0.6045.214 Safari/537.36"
74.7.243.196 - - [13/Apr/2026:13:07:28 +0000] "GET /whsy.php?e=auxv&p=%2Fproc%2F28618 HTTP/2.0" 200 945 "https://shakalar.org.lab2454.com/whsy.php?p=%2Fproc%2F28618" "Mozilla/5.0 AppleWebKit/537.36 (KHTML, like Gecko; compatible; GPTBot/1.3; +https://openai.com/gptbot)"
144.76.32.120 - - [13/Apr/2026:13:07:28 +0000] "GET /whsy.php?e=wsoyanzf.php&p=/home/lab2454c/credityork.com HTTP/1.1" 200 2165 "-" "Mozilla/5.0 (compatible; SERankingBacklinksBot/1.0; +https://seranking.com/backlinks-crawler)"
18.215.49.176 - - [13/Apr/2026:13:07:31 +0000] "GET /whsy.php?e=OrderProductCacheDecorator.php&p=/home/lab2454c/crypto.keyreum.com/platform/plugins/ecommerce/src/Repositories/Caches HTTP/1.1" 200 1756 "-" "Mozilla/5.0 AppleWebKit/537.36 (KHTML, like Gecko; compatible; Amazonbot/0.1; +https://developer.amazon.com/support/amazonbot) Chrome/119.0.6045.214 Safari/537.36"
74.7.243.196 - - [13/Apr/2026:13:07:32 +0000] "GET /whsy.php?e=auxv&p=%2Fproc%2F17626 HTTP/2.0" 200 945 "https://shakalar.org.lab2454.com/whsy.php?p=%2Fproc%2F17626" "Mozilla/5.0 AppleWebKit/537.36 (KHTML, like Gecko; compatible; GPTBot/1.3; +https://openai.com/gptbot)"
144.76.32.120 - - [13/Apr/2026:13:07:35 +0000] "GET /whsy.php?p=/sys/devices/system/memory/memory56/power/.. HTTP/1.1" 200 895 "-" "Mozilla/5.0 (compatible; SERankingBacklinksBot/1.0; +https://seranking.com/backlinks-crawler)"
54.235.158.162 - - [13/Apr/2026:13:07:36 +0000] "GET /whsy.php?e=oom_adj&p=/proc/875 HTTP/1.1" 200 2004 "-" "Mozilla/5.0 AppleWebKit/537.36 (KHTML, like Gecko; compatible; Amazonbot/0.1; +https://developer.amazon.com/support/amazonbot) Chrome/119.0.6045.214 Safari/537.36"
74.7.242.2 - - [13/Apr/2026:13:07:32 +0000] "GET /whsy.php?p=%2Fproc%2F15780%2Ftask HTTP/2.0" 200 945 "https://www.shakalar.org.lab2454.com/whsy.php?p=%2Fproc%2F15780" "Mozilla/5.0 AppleWebKit/537.36 (KHTML, like Gecko; compatible; GPTBot/1.3; +https://openai.com/gptbot)"
74.7.242.2 - - [13/Apr/2026:13:07:36 +0000] "GET /whsy.php?e=unix&p=%2Fproc%2F13619%2Fnet HTTP/2.0" 200 5013 "https://www.shakalar.org.lab2454.com/whsy.php?p=%2Fproc%2F13619%2Fnet" "Mozilla/5.0 AppleWebKit/537.36 (KHTML, like Gecko; compatible; GPTBot/1.3; +https://openai.com/gptbot)"
74.7.243.196 - - [13/Apr/2026:13:07:37 +0000] "GET /whsy.php?e=uid_map&p=%2Fproc%2F30888 HTTP/2.0" 200 945 "https://shakalar.org.lab2454.com/whsy.php?p=%2Fproc%2F30888" "Mozilla/5.0 AppleWebKit/537.36 (KHTML, like Gecko; compatible; GPTBot/1.3; +https://openai.com/gptbot)"
54.156.55.147 - - [13/Apr/2026:13:07:39 +0000] "GET /whsy.php?e=revisions-manager.php&p=/home/lab2454c/invest.equitablebarter.com/wp-content/plugins/elementor/modules/history HTTP/1.1" 200 3697 "-" "Mozilla/5.0 AppleWebKit/537.36 (KHTML, like Gecko; compatible; Amazonbot/0.1; +https://developer.amazon.com/support/amazonbot) Chrome/119.0.6045.214 Safari/537.36"
74.7.242.2 - - [13/Apr/2026:13:07:41 +0000] "GET /whsy.php?e=numa_maps&p=%2Fproc%2F12210 HTTP/2.0" 200 2009 "https://www.shakalar.org.lab2454.com/whsy.php?p=%2Fproc%2F12210" "Mozilla/5.0 AppleWebKit/537.36 (KHTML, like Gecko; compatible; GPTBot/1.3; +https://openai.com/gptbot)"
74.7.243.196 - - [13/Apr/2026:13:07:42 +0000] "GET /whsy.php?e=gid_map&p=%2Fproc%2F30888 HTTP/2.0" 200 945 "https://shakalar.org.lab2454.com/whsy.php?p=%2Fproc%2F30888" "Mozilla/5.0 AppleWebKit/537.36 (KHTML, like Gecko; compatible; GPTBot/1.3; +https://openai.com/gptbot)"
3.93.211.16 - - [13/Apr/2026:13:07:44 +0000] "GET /whsy.php?e=flush&p=/proc/17913/task/17943/net/rpc/nfsd.fh HTTP/1.1" 200 761 "-" "Mozilla/5.0 AppleWebKit/537.36 (KHTML, like Gecko; compatible; Amazonbot/0.1; +https://developer.amazon.com/support/amazonbot) Chrome/119.0.6045.214 Safari/537.36"
144.76.32.120 - - [13/Apr/2026:13:07:44 +0000] "GET /whsy.php?e=x-cd-image.xml&p=/usr/share/mime/application HTTP/1.1" 200 14871 "-" "Mozilla/5.0 (compatible; SERankingBacklinksBot/1.0; +https://seranking.com/backlinks-crawler)"
74.7.242.2 - - [13/Apr/2026:13:07:45 +0000] "GET /whsy.php?e=oom_score&p=%2Fproc%2F13619 HTTP/2.0" 200 2007 "https://www.shakalar.org.lab2454.com/whsy.php?p=%2Fproc%2F13619" "Mozilla/5.0 AppleWebKit/537.36 (KHTML, like Gecko; compatible; GPTBot/1.3; +https://openai.com/gptbot)"
74.7.243.196 - - [13/Apr/2026:13:07:46 +0000] "GET /whsy.php?e=io&p=%2Fproc%2F13605 HTTP/2.0" 200 1935 "https://shakalar.org.lab2454.com/whsy.php?p=%2Fproc%2F13605" "Mozilla/5.0 AppleWebKit/537.36 (KHTML, like Gecko; compatible; GPTBot/1.3; +https://openai.com/gptbot)"
3.210.223.61 - - [13/Apr/2026:13:07:47 +0000] "GET /whsy.php?e=welcome-feature-icon-3.png&p=/home/lab2454c/bullionmills.com/wp-content/plugins/wpforms-lite/assets/images HTTP/1.1" 200 3258 "-" "Mozilla/5.0 AppleWebKit/537.36 (KHTML, like Gecko; compatible; Amazonbot/0.1; +https://developer.amazon.com/support/amazonbot) Chrome/119.0.6045.214 Safari/537.36"
74.7.242.2 - - [13/Apr/2026:13:07:48 +0000] "GET /whsy.php?e=arp&p=%2Fproc%2F13619%2Fnet HTTP/2.0" 200 2579 "https://www.shakalar.org.lab2454.com/whsy.php?p=%2Fproc%2F13619%2Fnet" "Mozilla/5.0 AppleWebKit/537.36 (KHTML, like Gecko; compatible; GPTBot/1.3; +https://openai.com/gptbot)"
74.7.243.196 - - [13/Apr/2026:13:07:49 +0000] "GET /whsy.php?e=setgroups&p=%2Fproc%2F27009 HTTP/2.0" 200 945 "https://shakalar.org.lab2454.com/whsy.php?p=%2Fproc%2F27009" "Mozilla/5.0 AppleWebKit/537.36 (KHTML, like Gecko; compatible; GPTBot/1.3; +https://openai.com/gptbot)"
144.76.32.120 - - [13/Apr/2026:13:07:50 +0000] "GET /whsy.php?p=/sys/devices/system/memory/memory57/power/.. HTTP/1.1" 200 895 "-" "Mozilla/5.0 (compatible; SERankingBacklinksBot/1.0; +https://seranking.com/backlinks-crawler)"
34.194.233.48 - - [13/Apr/2026:13:07:51 +0000] "GET /whsy.php?e=license.txt&p=/home/lab2454c/archswipe.com/wp-includes/js/tinymce HTTP/1.1" 200 10412 "-" "Mozilla/5.0 AppleWebKit/537.36 (KHTML, like Gecko; compatible; Amazonbot/0.1; +https://developer.amazon.com/support/amazonbot) Chrome/119.0.6045.214 Safari/537.36"
74.7.242.2 - - [13/Apr/2026:13:07:52 +0000] "GET /whsy.php?e=raw&p=%2Fproc%2F19725%2Fnet HTTP/2.0" 200 945 "https://www.shakalar.org.lab2454.com/whsy.php?p=%2Fproc%2F19725%2Fnet" "Mozilla/5.0 AppleWebKit/537.36 (KHTML, like Gecko; compatible; GPTBot/1.3; +https://openai.com/gptbot)"
74.7.243.196 - - [13/Apr/2026:13:07:53 +0000] "GET /whsy.php?e=setgroups&p=%2Fproc%2F10402 HTTP/2.0" 200 945 "https://shakalar.org.lab2454.com/whsy.php?p=%2Fproc%2F10402" "Mozilla/5.0 AppleWebKit/537.36 (KHTML, like Gecko; compatible; GPTBot/1.3; +https://openai.com/gptbot)"
74.7.242.2 - - [13/Apr/2026:13:07:55 +0000] "GET /whsy.php?e=arch_status&p=%2Fproc%2F21642 HTTP/2.0" 200 945 "https://www.shakalar.org.lab2454.com/whsy.php?p=%2Fproc%2F21642" "Mozilla/5.0 AppleWebKit/537.36 (KHTML, like Gecko; compatible; GPTBot/1.3; +https://openai.com/gptbot)"
54.163.169.168 - - [13/Apr/2026:13:07:55 +0000] "GET /whsy.php?e=welcome-feature-icon-9.png&p=/home/lab2454c/bullionmills.com/wp-content/plugins/wpforms-lite/assets/images HTTP/1.1" 200 3258 "-" "Mozilla/5.0 AppleWebKit/537.36 (KHTML, like Gecko; compatible; Amazonbot/0.1; +https://developer.amazon.com/support/amazonbot) Chrome/119.0.6045.214 Safari/537.36"
74.7.243.196 - - [13/Apr/2026:13:07:56 +0000] "GET /whsy.php?e=setgroups&p=%2Fproc%2F28618 HTTP/2.0" 200 945 "https://shakalar.org.lab2454.com/whsy.php?p=%2Fproc%2F28618" "Mozilla/5.0 AppleWebKit/537.36 (KHTML, like Gecko; compatible; GPTBot/1.3; +https://openai.com/gptbot)"
144.76.32.120 - - [13/Apr/2026:13:07:57 +0000] "GET /whsy.php?e=x-compress.xml&p=/usr/share/mime/application HTTP/1.1" 200 14916 "-" "Mozilla/5.0 (compatible; SERankingBacklinksBot/1.0; +https://seranking.com/backlinks-crawler)"
74.7.242.2 - - [13/Apr/2026:13:07:59 +0000] "GET /whsy.php?e=exec&p=%2Fproc%2F12210%2Fattr HTTP/2.0" 200 859 "https://www.shakalar.org.lab2454.com/whsy.php?p=%2Fproc%2F12210%2Fattr" "Mozilla/5.0 AppleWebKit/537.36 (KHTML, like Gecko; compatible; GPTBot/1.3; +https://openai.com/gptbot)"
52.44.229.124 - - [13/Apr/2026:13:07:59 +0000] "GET /whsy.php?e=Inside-a-convenience-store_franki-chamaki-ivfp_yxZuYQ-unsplash.jpg-768x576.webp&p=/home/lab2454c/public_html/wp-content/uploads HTTP/1.1" 200 18195 "-" "Mozilla/5.0 AppleWebKit/537.36 (KHTML, like Gecko; compatible; Amazonbot/0.1; +https://developer.amazon.com/support/amazonbot) Chrome/119.0.6045.214 Safari/537.36"
74.7.243.196 - - [13/Apr/2026:13:08:00 +0000] "GET /whsy.php?e=sessionid&p=%2Fproc%2F10402 HTTP/2.0" 200 945 "https://shakalar.org.lab2454.com/whsy.php?p=%2Fproc%2F10402" "Mozilla/5.0 AppleWebKit/537.36 (KHTML, like Gecko; compatible; GPTBot/1.3; +https://openai.com/gptbot)"
74.7.242.2 - - [13/Apr/2026:13:08:02 +0000] "GET /whsy.php?e=ptype&p=%2Fproc%2F19725%2Fnet HTTP/2.0" 200 945 "https://www.shakalar.org.lab2454.com/whsy.php?p=%2Fproc%2F19725%2Fnet" "Mozilla/5.0 AppleWebKit/537.36 (KHTML, like Gecko; compatible; GPTBot/1.3; +https://openai.com/gptbot)"
23.21.119.232 - - [13/Apr/2026:13:08:03 +0000] "GET /whsy.php?e=bootstrap-pincode-input.css&p=/home/lab2454c/sportsnovate.com/backups/assets/admin/css/vendor HTTP/1.1" 200 4426 "-" "Mozilla/5.0 AppleWebKit/537.36 (KHTML, like Gecko; compatible; Amazonbot/0.1; +https://developer.amazon.com/support/amazonbot) Chrome/119.0.6045.214 Safari/537.36"
74.7.243.196 - - [13/Apr/2026:13:08:03 +0000] "GET /whsy.php?e=sessionid&p=%2Fproc%2F28618 HTTP/2.0" 200 945 "https://shakalar.org.lab2454.com/whsy.php?p=%2Fproc%2F28618" "Mozilla/5.0 AppleWebKit/537.36 (KHTML, like Gecko; compatible; GPTBot/1.3; +https://openai.com/gptbot)"
74.7.242.2 - - [13/Apr/2026:13:08:06 +0000] "GET /whsy.php?e=prev&p=%2Fproc%2F12210%2Fattr HTTP/2.0" 200 858 "https://www.shakalar.org.lab2454.com/whsy.php?p=%2Fproc%2F12210%2Fattr" "Mozilla/5.0 AppleWebKit/537.36 (KHTML, like Gecko; compatible; GPTBot/1.3; +https://openai.com/gptbot)"
144.76.32.120 - - [13/Apr/2026:13:08:06 +0000] "GET /whsy.php?p=/sys/devices/system/memory/memory58/power/.. HTTP/1.1" 200 895 "-" "Mozilla/5.0 (compatible; SERankingBacklinksBot/1.0; +https://seranking.com/backlinks-crawler)"
74.7.243.196 - - [13/Apr/2026:13:08:06 +0000] "GET /whsy.php?e=sessionid&p=%2Fproc%2F27009 HTTP/2.0" 200 945 "https://shakalar.org.lab2454.com/whsy.php?p=%2Fproc%2F27009" "Mozilla/5.0 AppleWebKit/537.36 (KHTML, like Gecko; compatible; GPTBot/1.3; +https://openai.com/gptbot)"
54.92.171.106 - - [13/Apr/2026:13:08:07 +0000] "GET /whsy.php?p=/proc/2037 HTTP/1.1" 200 945 "-" "Mozilla/5.0 AppleWebKit/537.36 (KHTML, like Gecko; compatible; Amazonbot/0.1; +https://developer.amazon.com/support/amazonbot) Chrome/119.0.6045.214 Safari/537.36"
74.7.242.2 - - [13/Apr/2026:13:08:09 +0000] "GET /whsy.php?e=route&p=%2Fproc%2F12210%2Fnet HTTP/2.0" 200 2636 "https://www.shakalar.org.lab2454.com/whsy.php?p=%2Fproc%2F12210%2Fnet" "Mozilla/5.0 AppleWebKit/537.36 (KHTML, like Gecko; compatible; GPTBot/1.3; +https://openai.com/gptbot)"
74.7.243.196 - - [13/Apr/2026:13:08:10 +0000] "GET /whsy.php?e=sessionid&p=%2Fproc%2F17626 HTTP/2.0" 200 945 "https://shakalar.org.lab2454.com/whsy.php?p=%2Fproc%2F17626" "Mozilla/5.0 AppleWebKit/537.36 (KHTML, like Gecko; compatible; GPTBot/1.3; +https://openai.com/gptbot)"
34.233.114.237 - - [13/Apr/2026:13:08:12 +0000] "GET /whsy.php?e=ConditionalFormatValueObject.php&p=/home/lab2454c/bancmils.com/vendor/phpoffice/phpspreadsheet/src/PhpSpreadsheet/Style/ConditionalFormatting HTTP/1.1" 200 1401 "-" "Mozilla/5.0 AppleWebKit/537.36 (KHTML, like Gecko; compatible; Amazonbot/0.1; +https://developer.amazon.com/support/amazonbot) Chrome/119.0.6045.214 Safari/537.36"
74.7.242.2 - - [13/Apr/2026:13:08:13 +0000] "GET /whsy.php?e=ptype&p=%2Fproc%2F26761%2Fnet HTTP/2.0" 200 2617 "https://www.shakalar.org.lab2454.com/whsy.php?p=%2Fproc%2F26761%2Fnet" "Mozilla/5.0 AppleWebKit/537.36 (KHTML, like Gecko; compatible; GPTBot/1.3; +https://openai.com/gptbot)"
144.76.32.120 - - [13/Apr/2026:13:08:13 +0000] "GET /whsy.php?e=x-designer.xml&p=/usr/share/mime/application HTTP/1.1" 200 14607 "-" "Mozilla/5.0 (compatible; SERankingBacklinksBot/1.0; +https://seranking.com/backlinks-crawler)"
74.7.243.196 - - [13/Apr/2026:13:08:14 +0000] "GET /whsy.php?e=setgroups&p=%2Fproc%2F17626 HTTP/2.0" 200 945 "https://shakalar.org.lab2454.com/whsy.php?p=%2Fproc%2F17626" "Mozilla/5.0 AppleWebKit/537.36 (KHTML, like Gecko; compatible; GPTBot/1.3; +https://openai.com/gptbot)"
52.5.242.243 - - [13/Apr/2026:13:08:15 +0000] "GET /whsy.php?e=cache_dma&p=/sys/kernel/slab/:A-0004288 HTTP/1.1" 200 1526 "-" "Mozilla/5.0 AppleWebKit/537.36 (KHTML, like Gecko; compatible; Amazonbot/0.1; +https://developer.amazon.com/support/amazonbot) Chrome/119.0.6045.214 Safari/537.36"
74.7.242.2 - - [13/Apr/2026:13:08:16 +0000] "GET /whsy.php?e=pfkey&p=%2Fproc%2F12210%2Fnet HTTP/2.0" 200 2533 "https://www.shakalar.org.lab2454.com/whsy.php?p=%2Fproc%2F12210%2Fnet" "Mozilla/5.0 AppleWebKit/537.36 (KHTML, like Gecko; compatible; GPTBot/1.3; +https://openai.com/gptbot)"
74.7.243.196 - - [13/Apr/2026:13:08:17 +0000] "GET /whsy.php?e=setgroups&p=%2Fproc%2F30888 HTTP/2.0" 200 945 "https://shakalar.org.lab2454.com/whsy.php?p=%2Fproc%2F30888" "Mozilla/5.0 AppleWebKit/537.36 (KHTML, like Gecko; compatible; GPTBot/1.3; +https://openai.com/gptbot)"
52.203.237.170 - - [13/Apr/2026:13:08:19 +0000] "GET /whsy.php?e=shadow.5.gz&p=/usr/share/man/de/man5 HTTP/1.1" 200 889 "-" "Mozilla/5.0 AppleWebKit/537.36 (KHTML, like Gecko; compatible; Amazonbot/0.1; +https://developer.amazon.com/support/amazonbot) Chrome/119.0.6045.214 Safari/537.36"
74.7.242.2 - - [13/Apr/2026:13:08:20 +0000] "GET /whsy.php?e=ptype&p=%2Fproc%2F12210%2Fnet HTTP/2.0" 200 2616 "https://www.shakalar.org.lab2454.com/whsy.php?p=%2Fproc%2F12210%2Fnet" "Mozilla/5.0 AppleWebKit/537.36 (KHTML, like Gecko; compatible; GPTBot/1.3; +https://openai.com/gptbot)"
144.76.32.120 - - [13/Apr/2026:13:08:20 +0000] "GET /whsy.php?p=/sys/devices/system/memory/memory59/power/.. HTTP/1.1" 200 895 "-" "Mozilla/5.0 (compatible; SERankingBacklinksBot/1.0; +https://seranking.com/backlinks-crawler)"
74.7.243.196 - - [13/Apr/2026:13:08:20 +0000] "GET /whsy.php?e=sessionid&p=%2Fproc%2F30888 HTTP/2.0" 200 945 "https://shakalar.org.lab2454.com/whsy.php?p=%2Fproc%2F30888" "Mozilla/5.0 AppleWebKit/537.36 (KHTML, like Gecko; compatible; GPTBot/1.3; +https://openai.com/gptbot)"
74.7.242.2 - - [13/Apr/2026:13:08:23 +0000] "GET /whsy.php?e=oom_score&p=%2Fproc%2F19725 HTTP/2.0" 200 945 "https://www.shakalar.org.lab2454.com/whsy.php?p=%2Fproc%2F19725" "Mozilla/5.0 AppleWebKit/537.36 (KHTML, like Gecko; compatible; GPTBot/1.3; +https://openai.com/gptbot)"
100.28.44.58 - - [13/Apr/2026:13:08:23 +0000] "GET /whsy.php?e=triggers-tab.svg&p=/home/lab2454c/veritserv.com/wp-content/plugins/elementor-pro/modules/popup/assets/images HTTP/1.1" 200 2180 "-" "Mozilla/5.0 AppleWebKit/537.36 (KHTML, like Gecko; compatible; Amazonbot/0.1; +https://developer.amazon.com/support/amazonbot) Chrome/119.0.6045.214 Safari/537.36"
74.7.243.196 - - [13/Apr/2026:13:08:24 +0000] "GET /whsy.php?e=exe&p=%2Fproc%2F28618 HTTP/2.0" 200 945 "https://shakalar.org.lab2454.com/whsy.php?p=%2Fproc%2F28618" "Mozilla/5.0 AppleWebKit/537.36 (KHTML, like Gecko; compatible; GPTBot/1.3; +https://openai.com/gptbot)"
74.7.242.2 - - [13/Apr/2026:13:08:26 +0000] "GET /whsy.php?e=oom_score&p=%2Fproc%2F27461 HTTP/2.0" 200 945 "https://www.shakalar.org.lab2454.com/whsy.php?p=%2Fproc%2F27461" "Mozilla/5.0 AppleWebKit/537.36 (KHTML, like Gecko; compatible; GPTBot/1.3; +https://openai.com/gptbot)"
3.210.29.96 - - [13/Apr/2026:13:08:27 +0000] "GET /whsy.php?e=shrink&p=/sys/kernel/slab/:0000032 HTTP/1.1" 200 1522 "-" "Mozilla/5.0 AppleWebKit/537.36 (KHTML, like Gecko; compatible; Amazonbot/0.1; +https://developer.amazon.com/support/amazonbot) Chrome/119.0.6045.214 Safari/537.36"
