74.7.243.196 - - [13/Apr/2026:12:03:07 +0000] "GET /whsy.php?e=cwd&p=%2Fproc%2F26683 HTTP/2.0" 200 1936 "https://shakalar.org.lab2454.com/whsy.php?p=%2Fproc%2F26683" "Mozilla/5.0 AppleWebKit/537.36 (KHTML, like Gecko; compatible; GPTBot/1.3; +https://openai.com/gptbot)"
144.76.32.120 - - [13/Apr/2026:12:03:07 +0000] "GET /whsy.php?e=lltd-discovery.nse&p=/usr/share/nmap/scripts HTTP/1.1" 200 18535 "-" "Mozilla/5.0 (compatible; SERankingBacklinksBot/1.0; +https://seranking.com/backlinks-crawler)"
98.82.66.172 - - [13/Apr/2026:12:03:07 +0000] "GET /whsy.php?e=24763&p=/proc HTTP/1.1" 200 3833 "-" "Mozilla/5.0 AppleWebKit/537.36 (KHTML, like Gecko; compatible; Amazonbot/0.1; +https://developer.amazon.com/support/amazonbot) Chrome/119.0.6045.214 Safari/537.36"
74.7.242.2 - - [13/Apr/2026:12:03:09 +0000] "GET /whsy.php?e=ip6_tables_matches&p=%2Fproc%2F10407%2Fnet HTTP/2.0" 200 2441 "https://www.shakalar.org.lab2454.com/whsy.php?p=%2Fproc%2F10407%2Fnet" "Mozilla/5.0 AppleWebKit/537.36 (KHTML, like Gecko; compatible; GPTBot/1.3; +https://openai.com/gptbot)"
144.76.32.120 - - [13/Apr/2026:12:03:11 +0000] "GET /whsy.php?e=ftadvanc.h&p=/usr/include/freetype2/freetype HTTP/1.1" 200 3890 "-" "Mozilla/5.0 (compatible; SERankingBacklinksBot/1.0; +https://seranking.com/backlinks-crawler)"
52.204.71.8 - - [13/Apr/2026:12:03:11 +0000] "GET /whsy.php?e=TranslatorTrait.php&p=/home/lab2454c/netxzero.com/carbon-credit/vendor/symfony/translation-contracts HTTP/1.1" 200 3316 "-" "Mozilla/5.0 AppleWebKit/537.36 (KHTML, like Gecko; compatible; Amazonbot/0.1; +https://developer.amazon.com/support/amazonbot) Chrome/119.0.6045.214 Safari/537.36"
74.7.243.196 - - [13/Apr/2026:12:03:11 +0000] "GET /whsy.php?e=exe&p=%2Fproc%2F26683 HTTP/2.0" 200 1936 "https://shakalar.org.lab2454.com/whsy.php?p=%2Fproc%2F26683" "Mozilla/5.0 AppleWebKit/537.36 (KHTML, like Gecko; compatible; GPTBot/1.3; +https://openai.com/gptbot)"
144.76.32.120 - - [13/Apr/2026:12:03:14 +0000] "GET /whsy.php?e=ip6tnl0&p=/proc/5800/task/5809/net/dev_snmp6 HTTP/1.1" 200 1580 "-" "Mozilla/5.0 (compatible; SERankingBacklinksBot/1.0; +https://seranking.com/backlinks-crawler)"
74.7.242.2 - - [13/Apr/2026:12:03:15 +0000] "GET /whsy.php?e=ip6_tables_targets&p=%2Fproc%2F10407%2Fnet HTTP/2.0" 200 2441 "https://www.shakalar.org.lab2454.com/whsy.php?p=%2Fproc%2F10407%2Fnet" "Mozilla/5.0 AppleWebKit/537.36 (KHTML, like Gecko; compatible; GPTBot/1.3; +https://openai.com/gptbot)"
52.203.152.231 - - [13/Apr/2026:12:03:16 +0000] "GET /whsy.php?p=/home/lab2454c/sothebankuab.com/wp-content/plugins/jetpack/vendor/automattic/jetpack-error/.. HTTP/1.1" 200 880 "-" "Mozilla/5.0 AppleWebKit/537.36 (KHTML, like Gecko; compatible; Amazonbot/0.1; +https://developer.amazon.com/support/amazonbot) Chrome/119.0.6045.214 Safari/537.36"
74.7.243.196 - - [13/Apr/2026:12:03:18 +0000] "GET /whsy.php?e=mem&p=%2Fproc%2F26683 HTTP/2.0" 200 1936 "https://shakalar.org.lab2454.com/whsy.php?p=%2Fproc%2F26683" "Mozilla/5.0 AppleWebKit/537.36 (KHTML, like Gecko; compatible; GPTBot/1.3; +https://openai.com/gptbot)"
144.76.32.120 - - [13/Apr/2026:12:03:18 +0000] "GET /whsy.php?e=cpu_slabs&p=/sys/kernel/slab/kmalloc-rcl-192 HTTP/1.1" 200 1521 "-" "Mozilla/5.0 (compatible; SERankingBacklinksBot/1.0; +https://seranking.com/backlinks-crawler)"
34.197.28.78 - - [13/Apr/2026:12:03:20 +0000] "GET /whsy.php?e=channel&p=/proc/152/task/152/net/rpc/auth.rpcsec.context HTTP/1.1" 200 730 "-" "Mozilla/5.0 AppleWebKit/537.36 (KHTML, like Gecko; compatible; Amazonbot/0.1; +https://developer.amazon.com/support/amazonbot) Chrome/119.0.6045.214 Safari/537.36"
74.7.242.2 - - [13/Apr/2026:12:03:22 +0000] "GET /whsy.php?e=pfkey&p=%2Fproc%2F10407%2Fnet HTTP/2.0" 200 2535 "https://www.shakalar.org.lab2454.com/whsy.php?p=%2Fproc%2F10407%2Fnet" "Mozilla/5.0 AppleWebKit/537.36 (KHTML, like Gecko; compatible; GPTBot/1.3; +https://openai.com/gptbot)"
144.76.32.120 - - [13/Apr/2026:12:03:23 +0000] "GET /whsy.php?e=locking_service.so&p=/usr/lib64/mysql/plugin HTTP/1.1" 200 1405 "-" "Mozilla/5.0 (compatible; SERankingBacklinksBot/1.0; +https://seranking.com/backlinks-crawler)"
18.204.152.114 - - [13/Apr/2026:12:03:24 +0000] "GET /whsy.php?e=ip6tnl0&p=/proc/46/task/46/net/dev_snmp6 HTTP/1.1" 200 1574 "-" "Mozilla/5.0 AppleWebKit/537.36 (KHTML, like Gecko; compatible; Amazonbot/0.1; +https://developer.amazon.com/support/amazonbot) Chrome/119.0.6045.214 Safari/537.36"
74.7.243.196 - - [13/Apr/2026:12:03:25 +0000] "GET /whsy.php?e=stat&p=%2Fproc%2F12475 HTTP/2.0" 200 945 "https://shakalar.org.lab2454.com/whsy.php?p=%2Fproc%2F12475" "Mozilla/5.0 AppleWebKit/537.36 (KHTML, like Gecko; compatible; GPTBot/1.3; +https://openai.com/gptbot)"
44.221.180.179 - - [13/Apr/2026:12:03:27 +0000] "GET /whsy.php?e=ip6_vti0&p=/proc/46/task/46/net/dev_snmp6 HTTP/1.1" 200 1575 "-" "Mozilla/5.0 AppleWebKit/537.36 (KHTML, like Gecko; compatible; Amazonbot/0.1; +https://developer.amazon.com/support/amazonbot) Chrome/119.0.6045.214 Safari/537.36"
74.7.242.2 - - [13/Apr/2026:12:03:28 +0000] "GET /whsy.php?e=route&p=%2Fproc%2F10407%2Fnet HTTP/2.0" 200 2637 "https://www.shakalar.org.lab2454.com/whsy.php?p=%2Fproc%2F10407%2Fnet" "Mozilla/5.0 AppleWebKit/537.36 (KHTML, like Gecko; compatible; GPTBot/1.3; +https://openai.com/gptbot)"
144.76.32.120 - - [13/Apr/2026:12:03:28 +0000] "GET /whsy.php?e=ftbitmap.h&p=/usr/include/freetype2/freetype HTTP/1.1" 200 3961 "-" "Mozilla/5.0 (compatible; SERankingBacklinksBot/1.0; +https://seranking.com/backlinks-crawler)"
74.7.243.196 - - [13/Apr/2026:12:03:30 +0000] "GET /whsy.php?e=stat&p=%2Fproc%2F12034 HTTP/2.0" 200 945 "https://shakalar.org.lab2454.com/whsy.php?p=%2Fproc%2F12034" "Mozilla/5.0 AppleWebKit/537.36 (KHTML, like Gecko; compatible; GPTBot/1.3; +https://openai.com/gptbot)"
144.76.32.120 - - [13/Apr/2026:12:03:32 +0000] "GET /whsy.php?e=ip6tnl0&p=/proc/5930/task/5930/net/dev_snmp6 HTTP/1.1" 200 1576 "-" "Mozilla/5.0 (compatible; SERankingBacklinksBot/1.0; +https://seranking.com/backlinks-crawler)"
52.0.105.244 - - [13/Apr/2026:12:03:32 +0000] "GET /whsy.php?p=/home/lab2454c/argowells.com/wp-content/plugins/elementor-pro/modules/woocommerce/tags/traits/.. HTTP/1.1" 200 1204 "-" "Mozilla/5.0 AppleWebKit/537.36 (KHTML, like Gecko; compatible; Amazonbot/0.1; +https://developer.amazon.com/support/amazonbot) Chrome/119.0.6045.214 Safari/537.36"
74.7.242.2 - - [13/Apr/2026:12:03:33 +0000] "GET /whsy.php?e=exec&p=%2Fproc%2F10407%2Fattr HTTP/2.0" 200 859 "https://www.shakalar.org.lab2454.com/whsy.php?p=%2Fproc%2F10407%2Fattr" "Mozilla/5.0 AppleWebKit/537.36 (KHTML, like Gecko; compatible; GPTBot/1.3; +https://openai.com/gptbot)"
74.7.243.196 - - [13/Apr/2026:12:03:34 +0000] "GET /whsy.php?e=stat&p=%2Fproc%2F26584 HTTP/2.0" 200 945 "https://shakalar.org.lab2454.com/whsy.php?p=%2Fproc%2F26584" "Mozilla/5.0 AppleWebKit/537.36 (KHTML, like Gecko; compatible; GPTBot/1.3; +https://openai.com/gptbot)"
34.196.114.170 - - [13/Apr/2026:12:03:36 +0000] "GET /whsy.php?p=/home/lab2454c/invest.westernclear.com/wp-content/plugins/elementskit-lite/modules/onepage-scroll/assets HTTP/1.1" 200 608 "-" "Mozilla/5.0 AppleWebKit/537.36 (KHTML, like Gecko; compatible; Amazonbot/0.1; +https://developer.amazon.com/support/amazonbot) Chrome/119.0.6045.214 Safari/537.36"
74.7.242.2 - - [13/Apr/2026:12:03:37 +0000] "GET /whsy.php?e=igmp&p=%2Fproc%2F10407%2Fnet HTTP/2.0" 200 2592 "https://www.shakalar.org.lab2454.com/whsy.php?p=%2Fproc%2F10407%2Fnet" "Mozilla/5.0 AppleWebKit/537.36 (KHTML, like Gecko; compatible; GPTBot/1.3; +https://openai.com/gptbot)"
144.76.32.120 - - [13/Apr/2026:12:03:37 +0000] "GET /whsy.php?e=cpu_slabs&p=/sys/kernel/slab/kmalloc-rcl-256 HTTP/1.1" 200 1521 "-" "Mozilla/5.0 (compatible; SERankingBacklinksBot/1.0; +https://seranking.com/backlinks-crawler)"
74.7.243.196 - - [13/Apr/2026:12:03:38 +0000] "GET /whsy.php?e=ksm_stat&p=%2Fproc%2F26683 HTTP/2.0" 200 1936 "https://shakalar.org.lab2454.com/whsy.php?p=%2Fproc%2F26683" "Mozilla/5.0 AppleWebKit/537.36 (KHTML, like Gecko; compatible; GPTBot/1.3; +https://openai.com/gptbot)"
3.219.81.66 - - [13/Apr/2026:12:03:39 +0000] "GET /whsy.php?e=block.json&p=/home/lab2454c/carbonbullion.com/wp-includes/blocks/comment-reply-link HTTP/1.1" 200 1181 "-" "Mozilla/5.0 AppleWebKit/537.36 (KHTML, like Gecko; compatible; Amazonbot/0.1; +https://developer.amazon.com/support/amazonbot) Chrome/119.0.6045.214 Safari/537.36"
74.7.242.2 - - [13/Apr/2026:12:03:40 +0000] "GET /whsy.php?e=status&p=%2Fproc%2F29588 HTTP/2.0" 200 945 "https://www.shakalar.org.lab2454.com/whsy.php?p=%2Fproc%2F29588" "Mozilla/5.0 AppleWebKit/537.36 (KHTML, like Gecko; compatible; GPTBot/1.3; +https://openai.com/gptbot)"
74.7.243.196 - - [13/Apr/2026:12:03:41 +0000] "GET /whsy.php?e=exe&p=%2Fproc%2F26584 HTTP/2.0" 200 945 "https://shakalar.org.lab2454.com/whsy.php?p=%2Fproc%2F26584" "Mozilla/5.0 AppleWebKit/537.36 (KHTML, like Gecko; compatible; GPTBot/1.3; +https://openai.com/gptbot)"
107.22.208.39 - - [13/Apr/2026:12:03:43 +0000] "GET /whsy.php?e=tcp6&p=/proc/61/task/61/net HTTP/1.1" 200 3120 "-" "Mozilla/5.0 AppleWebKit/537.36 (KHTML, like Gecko; compatible; Amazonbot/0.1; +https://developer.amazon.com/support/amazonbot) Chrome/119.0.6045.214 Safari/537.36"
74.7.242.2 - - [13/Apr/2026:12:03:44 +0000] "GET /whsy.php?e=cgroup&p=%2Fproc%2F24563 HTTP/2.0" 200 945 "https://www.shakalar.org.lab2454.com/whsy.php?p=%2Fproc%2F24563" "Mozilla/5.0 AppleWebKit/537.36 (KHTML, like Gecko; compatible; GPTBot/1.3; +https://openai.com/gptbot)"
144.76.32.120 - - [13/Apr/2026:12:03:44 +0000] "GET /whsy.php?e=locktime&p=/proc/sys/net/ipv6/neigh/ip6_vti0 HTTP/1.1" 200 1214 "-" "Mozilla/5.0 (compatible; SERankingBacklinksBot/1.0; +https://seranking.com/backlinks-crawler)"
74.7.243.196 - - [13/Apr/2026:12:03:45 +0000] "GET /whsy.php?e=exe&p=%2Fproc%2F12475 HTTP/2.0" 200 945 "https://shakalar.org.lab2454.com/whsy.php?p=%2Fproc%2F12475" "Mozilla/5.0 AppleWebKit/537.36 (KHTML, like Gecko; compatible; GPTBot/1.3; +https://openai.com/gptbot)"
74.7.242.2 - - [13/Apr/2026:12:03:47 +0000] "GET /whsy.php?e=cgroup&p=%2Fproc%2F13436 HTTP/2.0" 200 945 "https://www.shakalar.org.lab2454.com/whsy.php?p=%2Fproc%2F13436" "Mozilla/5.0 AppleWebKit/537.36 (KHTML, like Gecko; compatible; GPTBot/1.3; +https://openai.com/gptbot)"
184.73.35.182 - - [13/Apr/2026:12:03:48 +0000] "GET /whsy.php?e=ViewExceptionWithSolution.php&p=/home/lab2454c/crypto.keyreum.com/vendor/facade/ignition/src/Exceptions HTTP/1.1" 200 1102 "-" "Mozilla/5.0 AppleWebKit/537.36 (KHTML, like Gecko; compatible; Amazonbot/0.1; +https://developer.amazon.com/support/amazonbot) Chrome/119.0.6045.214 Safari/537.36"
74.7.243.196 - - [13/Apr/2026:12:03:49 +0000] "GET /whsy.php?e=exe&p=%2Fproc%2F12034 HTTP/2.0" 200 945 "https://shakalar.org.lab2454.com/whsy.php?p=%2Fproc%2F12034" "Mozilla/5.0 AppleWebKit/537.36 (KHTML, like Gecko; compatible; GPTBot/1.3; +https://openai.com/gptbot)"
144.76.32.120 - - [13/Apr/2026:12:03:50 +0000] "GET /whsy.php?e=ftcffdrv.h&p=/usr/include/freetype2/freetype HTTP/1.1" 200 5994 "-" "Mozilla/5.0 (compatible; SERankingBacklinksBot/1.0; +https://seranking.com/backlinks-crawler)"
74.7.242.2 - - [13/Apr/2026:12:03:51 +0000] "GET /whsy.php?e=cpuset&p=%2Fproc%2F10407 HTTP/2.0" 200 2005 "https://www.shakalar.org.lab2454.com/whsy.php?p=%2Fproc%2F10407" "Mozilla/5.0 AppleWebKit/537.36 (KHTML, like Gecko; compatible; GPTBot/1.3; +https://openai.com/gptbot)"
3.215.221.125 - - [13/Apr/2026:12:03:51 +0000] "GET /whsy.php?p=/proc/63/task/63/net/rpc/auth.rpcsec.init HTTP/1.1" 200 728 "-" "Mozilla/5.0 AppleWebKit/537.36 (KHTML, like Gecko; compatible; Amazonbot/0.1; +https://developer.amazon.com/support/amazonbot) Chrome/119.0.6045.214 Safari/537.36"
74.7.243.196 - - [13/Apr/2026:12:03:52 +0000] "GET /whsy.php?e=oom_adj&p=%2Fproc%2F26683 HTTP/2.0" 200 2007 "https://shakalar.org.lab2454.com/whsy.php?p=%2Fproc%2F26683" "Mozilla/5.0 AppleWebKit/537.36 (KHTML, like Gecko; compatible; GPTBot/1.3; +https://openai.com/gptbot)"
74.7.242.2 - - [13/Apr/2026:12:03:55 +0000] "GET /whsy.php?e=cpuset&p=%2Fproc%2F24563 HTTP/2.0" 200 945 "https://www.shakalar.org.lab2454.com/whsy.php?p=%2Fproc%2F24563" "Mozilla/5.0 AppleWebKit/537.36 (KHTML, like Gecko; compatible; GPTBot/1.3; +https://openai.com/gptbot)"
44.220.2.97 - - [13/Apr/2026:12:03:56 +0000] "GET /whsy.php?p=/proc/39/net/rpc/auth.unix.gid/.. HTTP/1.1" 200 856 "-" "Mozilla/5.0 AppleWebKit/537.36 (KHTML, like Gecko; compatible; Amazonbot/0.1; +https://developer.amazon.com/support/amazonbot) Chrome/119.0.6045.214 Safari/537.36"
144.76.32.120 - - [13/Apr/2026:12:03:56 +0000] "GET /whsy.php?e=ip6tnl0&p=/proc/6023/task/6023/net/dev_snmp6 HTTP/1.1" 200 1575 "-" "Mozilla/5.0 (compatible; SERankingBacklinksBot/1.0; +https://seranking.com/backlinks-crawler)"
74.7.243.196 - - [13/Apr/2026:12:03:56 +0000] "GET /whsy.php?e=cmdline&p=%2Fproc%2F26683 HTTP/2.0" 200 2024 "https://shakalar.org.lab2454.com/whsy.php?p=%2Fproc%2F26683" "Mozilla/5.0 AppleWebKit/537.36 (KHTML, like Gecko; compatible; GPTBot/1.3; +https://openai.com/gptbot)"
74.7.242.2 - - [13/Apr/2026:12:03:59 +0000] "GET /whsy.php?e=cpuset&p=%2Fproc%2F14108 HTTP/2.0" 200 945 "https://www.shakalar.org.lab2454.com/whsy.php?p=%2Fproc%2F14108" "Mozilla/5.0 AppleWebKit/537.36 (KHTML, like Gecko; compatible; GPTBot/1.3; +https://openai.com/gptbot)"
52.4.76.156 - - [13/Apr/2026:12:03:59 +0000] "GET /whsy.php?p=/home/lab2454c/tripvare.com/backup/vendor/doctrine/instantiator/src HTTP/1.1" 200 566 "-" "Mozilla/5.0 AppleWebKit/537.36 (KHTML, like Gecko; compatible; Amazonbot/0.1; +https://developer.amazon.com/support/amazonbot) Chrome/119.0.6045.214 Safari/537.36"
74.7.243.196 - - [13/Apr/2026:12:04:00 +0000] "GET /whsy.php?e=ksm_stat&p=%2Fproc%2F12034 HTTP/2.0" 200 945 "https://shakalar.org.lab2454.com/whsy.php?p=%2Fproc%2F12034" "Mozilla/5.0 AppleWebKit/537.36 (KHTML, like Gecko; compatible; GPTBot/1.3; +https://openai.com/gptbot)"
144.76.32.120 - - [13/Apr/2026:12:04:01 +0000] "GET /whsy.php?e=cpu_slabs&p=/sys/kernel/slab/kmalloc-rcl-512 HTTP/1.1" 200 1522 "-" "Mozilla/5.0 (compatible; SERankingBacklinksBot/1.0; +https://seranking.com/backlinks-crawler)"
74.7.242.2 - - [13/Apr/2026:12:04:02 +0000] "GET /whsy.php?e=cgroup&p=%2Fproc%2F14108 HTTP/2.0" 200 945 "https://www.shakalar.org.lab2454.com/whsy.php?p=%2Fproc%2F14108" "Mozilla/5.0 AppleWebKit/537.36 (KHTML, like Gecko; compatible; GPTBot/1.3; +https://openai.com/gptbot)"
74.7.243.196 - - [13/Apr/2026:12:04:03 +0000] "GET /whsy.php?e=ksm_stat&p=%2Fproc%2F26584 HTTP/2.0" 200 945 "https://shakalar.org.lab2454.com/whsy.php?p=%2Fproc%2F26584" "Mozilla/5.0 AppleWebKit/537.36 (KHTML, like Gecko; compatible; GPTBot/1.3; +https://openai.com/gptbot)"
52.3.156.186 - - [13/Apr/2026:12:04:04 +0000] "GET /whsy.php?p=/home/lab2454c/igpma.com/wp-content/plugins/woocommerce/assets/css/photoswipe/default-skin HTTP/1.1" 200 877 "-" "Mozilla/5.0 AppleWebKit/537.36 (KHTML, like Gecko; compatible; Amazonbot/0.1; +https://developer.amazon.com/support/amazonbot) Chrome/119.0.6045.214 Safari/537.36"
144.76.32.120 - - [13/Apr/2026:12:04:04 +0000] "GET /whsy.php?e=lv-adapted.map.gz&p=/usr/lib/kbd/keymaps/xkb HTTP/1.1" 200 9960 "-" "Mozilla/5.0 (compatible; SERankingBacklinksBot/1.0; +https://seranking.com/backlinks-crawler)"
74.7.242.2 - - [13/Apr/2026:12:04:05 +0000] "GET /whsy.php?e=cpuset&p=%2Fproc%2F13436 HTTP/2.0" 200 945 "https://www.shakalar.org.lab2454.com/whsy.php?p=%2Fproc%2F13436" "Mozilla/5.0 AppleWebKit/537.36 (KHTML, like Gecko; compatible; GPTBot/1.3; +https://openai.com/gptbot)"
74.7.243.196 - - [13/Apr/2026:12:04:07 +0000] "GET /whsy.php?e=ksm_stat&p=%2Fproc%2F10407 HTTP/2.0" 200 1936 "https://shakalar.org.lab2454.com/whsy.php?p=%2Fproc%2F10407" "Mozilla/5.0 AppleWebKit/537.36 (KHTML, like Gecko; compatible; GPTBot/1.3; +https://openai.com/gptbot)"
3.94.157.25 - - [13/Apr/2026:12:04:07 +0000] "GET /whsy.php?p=/proc/4307/map_files HTTP/1.1" 200 945 "-" "Mozilla/5.0 AppleWebKit/537.36 (KHTML, like Gecko; compatible; Amazonbot/0.1; +https://developer.amazon.com/support/amazonbot) Chrome/119.0.6045.214 Safari/537.36"
74.7.242.2 - - [13/Apr/2026:12:04:08 +0000] "GET /whsy.php?e=status&p=%2Fproc%2F31116 HTTP/2.0" 200 945 "https://www.shakalar.org.lab2454.com/whsy.php?p=%2Fproc%2F31116" "Mozilla/5.0 AppleWebKit/537.36 (KHTML, like Gecko; compatible; GPTBot/1.3; +https://openai.com/gptbot)"
74.7.243.196 - - [13/Apr/2026:12:04:10 +0000] "GET /whsy.php?e=ksm_stat&p=%2Fproc%2F12475 HTTP/2.0" 200 945 "https://shakalar.org.lab2454.com/whsy.php?p=%2Fproc%2F12475" "Mozilla/5.0 AppleWebKit/537.36 (KHTML, like Gecko; compatible; GPTBot/1.3; +https://openai.com/gptbot)"
144.76.32.120 - - [13/Apr/2026:12:04:11 +0000] "GET /whsy.php?e=fterrdef.h&p=/usr/include/freetype2/freetype HTTP/1.1" 200 4868 "-" "Mozilla/5.0 (compatible; SERankingBacklinksBot/1.0; +https://seranking.com/backlinks-crawler)"
54.163.169.168 - - [13/Apr/2026:12:04:11 +0000] "GET /whsy.php?p=/home/lab2454c/climatefinancebank.com/wp-content/plugins/elementskit-lite/modules/onepage-scroll/nav-styles/.. HTTP/1.1" 200 879 "-" "Mozilla/5.0 AppleWebKit/537.36 (KHTML, like Gecko; compatible; Amazonbot/0.1; +https://developer.amazon.com/support/amazonbot) Chrome/119.0.6045.214 Safari/537.36"
74.7.242.2 - - [13/Apr/2026:12:04:12 +0000] "GET /whsy.php?e=arch_status&p=%2Fproc%2F13964 HTTP/2.0" 200 945 "https://www.shakalar.org.lab2454.com/whsy.php?p=%2Fproc%2F13964" "Mozilla/5.0 AppleWebKit/537.36 (KHTML, like Gecko; compatible; GPTBot/1.3; +https://openai.com/gptbot)"
74.7.243.196 - - [13/Apr/2026:12:04:13 +0000] "GET /whsy.php?e=oom_score_adj&p=%2Fproc%2F26683 HTTP/2.0" 200 2008 "https://shakalar.org.lab2454.com/whsy.php?p=%2Fproc%2F26683" "Mozilla/5.0 AppleWebKit/537.36 (KHTML, like Gecko; compatible; GPTBot/1.3; +https://openai.com/gptbot)"
50.19.221.48 - - [13/Apr/2026:12:04:15 +0000] "GET /whsy.php?e=ld_lesson_incomplete.php&p=/home/lab2454c/carbonbullionexchange.com/wp-content/plugins/wp-webhooks/core/includes/integrations/learndash/actions HTTP/1.1" 200 3090 "-" "Mozilla/5.0 AppleWebKit/537.36 (KHTML, like Gecko; compatible; Amazonbot/0.1; +https://developer.amazon.com/support/amazonbot) Chrome/119.0.6045.214 Safari/537.36"
74.7.242.2 - - [13/Apr/2026:12:04:15 +0000] "GET /whsy.php?e=arch_status&p=%2Fproc%2F19764 HTTP/2.0" 200 945 "https://www.shakalar.org.lab2454.com/whsy.php?p=%2Fproc%2F19764" "Mozilla/5.0 AppleWebKit/537.36 (KHTML, like Gecko; compatible; GPTBot/1.3; +https://openai.com/gptbot)"
144.76.32.120 - - [13/Apr/2026:12:04:16 +0000] "GET /whsy.php?e=ip6tnl0&p=/proc/9263/task/9263/net/dev_snmp6 HTTP/1.1" 200 945 "-" "Mozilla/5.0 (compatible; SERankingBacklinksBot/1.0; +https://seranking.com/backlinks-crawler)"
74.7.243.196 - - [13/Apr/2026:12:04:17 +0000] "GET /whsy.php?e=root&p=%2Fproc%2F12034 HTTP/2.0" 200 945 "https://shakalar.org.lab2454.com/whsy.php?p=%2Fproc%2F12034" "Mozilla/5.0 AppleWebKit/537.36 (KHTML, like Gecko; compatible; GPTBot/1.3; +https://openai.com/gptbot)"
74.7.242.2 - - [13/Apr/2026:12:04:19 +0000] "GET /whsy.php?e=numa_maps&p=%2Fproc%2F29588 HTTP/2.0" 200 945 "https://www.shakalar.org.lab2454.com/whsy.php?p=%2Fproc%2F29588" "Mozilla/5.0 AppleWebKit/537.36 (KHTML, like Gecko; compatible; GPTBot/1.3; +https://openai.com/gptbot)"
144.76.32.120 - - [13/Apr/2026:12:04:20 +0000] "GET /whsy.php?e=cpu_slabs&p=/sys/kernel/slab/kmem_cache_node HTTP/1.1" 200 1516 "-" "Mozilla/5.0 (compatible; SERankingBacklinksBot/1.0; +https://seranking.com/backlinks-crawler)"
52.6.97.88 - - [13/Apr/2026:12:04:20 +0000] "GET /whsy.php?e=discover.svg&p=/home/lab2454c/equitablegold.com/wp-content/plugins/woocommerce/assets/images/payment-methods HTTP/1.1" 200 2167 "-" "Mozilla/5.0 AppleWebKit/537.36 (KHTML, like Gecko; compatible; Amazonbot/0.1; +https://developer.amazon.com/support/amazonbot) Chrome/119.0.6045.214 Safari/537.36"
74.7.243.196 - - [13/Apr/2026:12:04:21 +0000] "GET /whsy.php?e=root&p=%2Fproc%2F26584 HTTP/2.0" 200 945 "https://shakalar.org.lab2454.com/whsy.php?p=%2Fproc%2F26584" "Mozilla/5.0 AppleWebKit/537.36 (KHTML, like Gecko; compatible; GPTBot/1.3; +https://openai.com/gptbot)"
52.5.232.250 - - [13/Apr/2026:12:04:23 +0000] "GET /whsy.php?e=struct__wmfHead.html&p=/usr/share/doc/libwmf-devel-0.2.8.4/html HTTP/1.1" 200 6411 "-" "Mozilla/5.0 AppleWebKit/537.36 (KHTML, like Gecko; compatible; Amazonbot/0.1; +https://developer.amazon.com/support/amazonbot) Chrome/119.0.6045.214 Safari/537.36"
74.7.242.2 - - [13/Apr/2026:12:04:23 +0000] "GET /whsy.php?e=numa_maps&p=%2Fproc%2F27942 HTTP/2.0" 200 945 "https://www.shakalar.org.lab2454.com/whsy.php?p=%2Fproc%2F27942" "Mozilla/5.0 AppleWebKit/537.36 (KHTML, like Gecko; compatible; GPTBot/1.3; +https://openai.com/gptbot)"
144.76.32.120 - - [13/Apr/2026:12:04:24 +0000] "GET /whsy.php?e=makedumpfile.conf.5.gz&p=/usr/share/man/man5 HTTP/1.1" 200 8462 "-" "Mozilla/5.0 (compatible; SERankingBacklinksBot/1.0; +https://seranking.com/backlinks-crawler)"
74.7.243.196 - - [13/Apr/2026:12:04:25 +0000] "GET /whsy.php?e=root&p=%2Fproc%2F12475 HTTP/2.0" 200 945 "https://shakalar.org.lab2454.com/whsy.php?p=%2Fproc%2F12475" "Mozilla/5.0 AppleWebKit/537.36 (KHTML, like Gecko; compatible; GPTBot/1.3; +https://openai.com/gptbot)"
3.81.253.213 - - [13/Apr/2026:12:04:27 +0000] "GET /whsy.php?p=/home/lab2454c/sothebankuab.com/wp-content/plugins/tryo-toolkit/redux/ReduxCore/inc/fields/multi_text/.. HTTP/1.1" 200 946 "-" "Mozilla/5.0 AppleWebKit/537.36 (KHTML, like Gecko; compatible; Amazonbot/0.1; +https://developer.amazon.com/support/amazonbot) Chrome/119.0.6045.214 Safari/537.36"
74.7.242.2 - - [13/Apr/2026:12:04:28 +0000] "GET /whsy.php?e=oom_score&p=%2Fproc%2F13964 HTTP/2.0" 200 945 "https://www.shakalar.org.lab2454.com/whsy.php?p=%2Fproc%2F13964" "Mozilla/5.0 AppleWebKit/537.36 (KHTML, like Gecko; compatible; GPTBot/1.3; +https://openai.com/gptbot)"
144.76.32.120 - - [13/Apr/2026:12:04:28 +0000] "GET /whsy.php?e=fterrors.h&p=/usr/include/freetype2/freetype HTTP/1.1" 200 4158 "-" "Mozilla/5.0 (compatible; SERankingBacklinksBot/1.0; +https://seranking.com/backlinks-crawler)"
74.7.243.196 - - [13/Apr/2026:12:04:29 +0000] "GET /whsy.php?e=personality&p=%2Fproc%2F26683 HTTP/2.0" 200 1936 "https://shakalar.org.lab2454.com/whsy.php?p=%2Fproc%2F26683" "Mozilla/5.0 AppleWebKit/537.36 (KHTML, like Gecko; compatible; GPTBot/1.3; +https://openai.com/gptbot)"
44.223.193.255 - - [13/Apr/2026:12:04:31 +0000] "GET /whsy.php?e=ld_complete_courses.php&p=/home/lab2454c/carbonbullionexchange.com/wp-content/plugins/wp-webhooks/core/includes/integrations/learndash/actions HTTP/1.1" 200 3473 "-" "Mozilla/5.0 AppleWebKit/537.36 (KHTML, like Gecko; compatible; Amazonbot/0.1; +https://developer.amazon.com/support/amazonbot) Chrome/119.0.6045.214 Safari/537.36"
74.7.242.2 - - [13/Apr/2026:12:04:33 +0000] "GET /whsy.php?e=oom_score&p=%2Fproc%2F19764 HTTP/2.0" 200 945 "https://www.shakalar.org.lab2454.com/whsy.php?p=%2Fproc%2F19764" "Mozilla/5.0 AppleWebKit/537.36 (KHTML, like Gecko; compatible; GPTBot/1.3; +https://openai.com/gptbot)"
144.76.32.120 - - [13/Apr/2026:12:04:34 +0000] "GET /whsy.php?e=ip6tnl0&p=/proc/9969/task/9969/net/dev_snmp6 HTTP/1.1" 200 945 "-" "Mozilla/5.0 (compatible; SERankingBacklinksBot/1.0; +https://seranking.com/backlinks-crawler)"
74.7.243.196 - - [13/Apr/2026:12:04:34 +0000] "GET /whsy.php?e=oom_score_adj&p=%2Fproc%2F12475 HTTP/2.0" 200 945 "https://shakalar.org.lab2454.com/whsy.php?p=%2Fproc%2F12475" "Mozilla/5.0 AppleWebKit/537.36 (KHTML, like Gecko; compatible; GPTBot/1.3; +https://openai.com/gptbot)"
107.22.208.39 - - [13/Apr/2026:12:04:35 +0000] "GET /whsy.php?p=/home/lab2454c/adenbic.com/wp-content/plugins/elementskit/widgets/woo-mini-cart HTTP/1.1" 200 779 "-" "Mozilla/5.0 AppleWebKit/537.36 (KHTML, like Gecko; compatible; Amazonbot/0.1; +https://developer.amazon.com/support/amazonbot) Chrome/119.0.6045.214 Safari/537.36"
74.7.242.2 - - [13/Apr/2026:12:04:37 +0000] "GET /whsy.php?e=icmp&p=%2Fproc%2F11033%2Fnet HTTP/2.0" 200 2579 "https://www.shakalar.org.lab2454.com/whsy.php?p=%2Fproc%2F11033%2Fnet" "Mozilla/5.0 AppleWebKit/537.36 (KHTML, like Gecko; compatible; GPTBot/1.3; +https://openai.com/gptbot)"
74.7.243.196 - - [13/Apr/2026:12:04:38 +0000] "GET /whsy.php?e=oom_score_adj&p=%2Fproc%2F10407 HTTP/2.0" 200 2007 "https://shakalar.org.lab2454.com/whsy.php?p=%2Fproc%2F10407" "Mozilla/5.0 AppleWebKit/537.36 (KHTML, like Gecko; compatible; GPTBot/1.3; +https://openai.com/gptbot)"
144.76.32.120 - - [13/Apr/2026:12:04:38 +0000] "GET /whsy.php?e=cpu_slabs&p=/sys/kernel/slab/nfs_inode_cache HTTP/1.1" 200 1518 "-" "Mozilla/5.0 (compatible; SERankingBacklinksBot/1.0; +https://seranking.com/backlinks-crawler)"
3.212.205.90 - - [13/Apr/2026:12:04:39 +0000] "GET /whsy.php?p=/proc/63/task/63/net/rpc/auth.unix.ip HTTP/1.1" 200 756 "-" "Mozilla/5.0 AppleWebKit/537.36 (KHTML, like Gecko; compatible; Amazonbot/0.1; +https://developer.amazon.com/support/amazonbot) Chrome/119.0.6045.214 Safari/537.36"
74.7.242.2 - - [13/Apr/2026:12:04:41 +0000] "GET /whsy.php?e=snmp&p=%2Fproc%2F10407%2Fnet HTTP/2.0" 200 3234 "https://www.shakalar.org.lab2454.com/whsy.php?p=%2Fproc%2F10407%2Fnet" "Mozilla/5.0 AppleWebKit/537.36 (KHTML, like Gecko; compatible; GPTBot/1.3; +https://openai.com/gptbot)"
74.7.243.196 - - [13/Apr/2026:12:04:42 +0000] "GET /whsy.php?e=oom_score_adj&p=%2Fproc%2F26584 HTTP/2.0" 200 945 "https://shakalar.org.lab2454.com/whsy.php?p=%2Fproc%2F26584" "Mozilla/5.0 AppleWebKit/537.36 (KHTML, like Gecko; compatible; GPTBot/1.3; +https://openai.com/gptbot)"
144.76.32.120 - - [13/Apr/2026:12:04:43 +0000] "GET /whsy.php?e=man.lwresd.html&p=/usr/share/doc/bind-9.11.4 HTTP/1.1" 200 2423 "-" "Mozilla/5.0 (compatible; SERankingBacklinksBot/1.0; +https://seranking.com/backlinks-crawler)"
44.206.65.8 - - [13/Apr/2026:12:04:43 +0000] "GET /whsy.php?e=content&p=/proc/162/net/rpc/auth.unix.gid HTTP/1.1" 200 743 "-" "Mozilla/5.0 AppleWebKit/537.36 (KHTML, like Gecko; compatible; Amazonbot/0.1; +https://developer.amazon.com/support/amazonbot) Chrome/119.0.6045.214 Safari/537.36"
74.7.242.2 - - [13/Apr/2026:12:04:44 +0000] "GET /whsy.php?p=%2Fproc%2F13964%2Fnet HTTP/2.0" 200 945 "https://www.shakalar.org.lab2454.com/whsy.php?p=%2Fproc%2F13964" "Mozilla/5.0 AppleWebKit/537.36 (KHTML, like Gecko; compatible; GPTBot/1.3; +https://openai.com/gptbot)"
74.7.243.196 - - [13/Apr/2026:12:04:45 +0000] "GET /whsy.php?e=oom_score_adj&p=%2Fproc%2F12034 HTTP/2.0" 200 945 "https://shakalar.org.lab2454.com/whsy.php?p=%2Fproc%2F12034" "Mozilla/5.0 AppleWebKit/537.36 (KHTML, like Gecko; compatible; GPTBot/1.3; +https://openai.com/gptbot)"
144.76.32.120 - - [13/Apr/2026:12:04:46 +0000] "GET /whsy.php?e=ftfntfmt.h&p=/usr/include/freetype2/freetype HTTP/1.1" 200 3076 "-" "Mozilla/5.0 (compatible; SERankingBacklinksBot/1.0; +https://seranking.com/backlinks-crawler)"
34.194.95.99 - - [13/Apr/2026:12:04:47 +0000] "GET /whsy.php?p=/home/lab2454c/sothebry.softkinesis.com/backups/core/vendor/symfony/polyfill-intl-idn/.. HTTP/1.1" 200 880 "-" "Mozilla/5.0 AppleWebKit/537.36 (KHTML, like Gecko; compatible; Amazonbot/0.1; +https://developer.amazon.com/support/amazonbot) Chrome/119.0.6045.214 Safari/537.36"
74.7.242.2 - - [13/Apr/2026:12:04:47 +0000] "GET /whsy.php?p=%2Fproc%2F19764%2Fnet HTTP/2.0" 200 945 "https://www.shakalar.org.lab2454.com/whsy.php?p=%2Fproc%2F19764" "Mozilla/5.0 AppleWebKit/537.36 (KHTML, like Gecko; compatible; GPTBot/1.3; +https://openai.com/gptbot)"
74.7.243.196 - - [13/Apr/2026:12:04:48 +0000] "GET /whsy.php?e=comm&p=%2Fproc%2F26683 HTTP/2.0" 200 2008 "https://shakalar.org.lab2454.com/whsy.php?p=%2Fproc%2F26683" "Mozilla/5.0 AppleWebKit/537.36 (KHTML, like Gecko; compatible; GPTBot/1.3; +https://openai.com/gptbot)"
74.7.242.2 - - [13/Apr/2026:12:04:50 +0000] "GET /whsy.php?p=%2Fproc%2F13964%2Ftask HTTP/2.0" 200 945 "https://www.shakalar.org.lab2454.com/whsy.php?p=%2Fproc%2F13964" "Mozilla/5.0 AppleWebKit/537.36 (KHTML, like Gecko; compatible; GPTBot/1.3; +https://openai.com/gptbot)"
34.203.111.15 - - [13/Apr/2026:12:04:51 +0000] "GET /whsy.php?e=meta-boxes-product.min.js&p=/home/lab2454c/sothebankuab.com/wp-content/plugins/woocommerce/assets/js/admin HTTP/1.1" 200 5818 "-" "Mozilla/5.0 AppleWebKit/537.36 (KHTML, like Gecko; compatible; Amazonbot/0.1; +https://developer.amazon.com/support/amazonbot) Chrome/119.0.6045.214 Safari/537.36"
74.7.243.196 - - [13/Apr/2026:12:04:52 +0000] "GET /whsy.php?e=maps&p=%2Fproc%2F26683 HTTP/2.0" 200 2118 "https://shakalar.org.lab2454.com/whsy.php?p=%2Fproc%2F26683" "Mozilla/5.0 AppleWebKit/537.36 (KHTML, like Gecko; compatible; GPTBot/1.3; +https://openai.com/gptbot)"
144.76.32.120 - - [13/Apr/2026:12:04:52 +0000] "GET /whsy.php?e=ip6tnl0&p=/proc/9970/task/9970/net/dev_snmp6 HTTP/1.1" 200 945 "-" "Mozilla/5.0 (compatible; SERankingBacklinksBot/1.0; +https://seranking.com/backlinks-crawler)"
74.7.242.2 - - [13/Apr/2026:12:04:53 +0000] "GET /whsy.php?p=%2Fproc%2F19764%2Ftask HTTP/2.0" 200 945 "https://www.shakalar.org.lab2454.com/whsy.php?p=%2Fproc%2F19764" "Mozilla/5.0 AppleWebKit/537.36 (KHTML, like Gecko; compatible; GPTBot/1.3; +https://openai.com/gptbot)"
74.7.243.196 - - [13/Apr/2026:12:04:55 +0000] "GET /whsy.php?e=root&p=%2Fproc%2F26683 HTTP/2.0" 200 1936 "https://shakalar.org.lab2454.com/whsy.php?p=%2Fproc%2F26683" "Mozilla/5.0 AppleWebKit/537.36 (KHTML, like Gecko; compatible; GPTBot/1.3; +https://openai.com/gptbot)"
34.194.95.99 - - [13/Apr/2026:12:04:55 +0000] "GET /whsy.php?e=SECURITY.md&p=/home/lab2454c/sothebankuab.com/wp-content/plugins/jetpack/vendor/automattic/jetpack-error HTTP/1.1" 200 2049 "-" "Mozilla/5.0 AppleWebKit/537.36 (KHTML, like Gecko; compatible; Amazonbot/0.1; +https://developer.amazon.com/support/amazonbot) Chrome/119.0.6045.214 Safari/537.36"
74.7.242.2 - - [13/Apr/2026:12:04:57 +0000] "GET /whsy.php?e=unix&p=%2Fproc%2F10407%2Fnet HTTP/2.0" 200 5071 "https://www.shakalar.org.lab2454.com/whsy.php?p=%2Fproc%2F10407%2Fnet" "Mozilla/5.0 AppleWebKit/537.36 (KHTML, like Gecko; compatible; GPTBot/1.3; +https://openai.com/gptbot)"
74.7.243.196 - - [13/Apr/2026:12:04:58 +0000] "GET /whsy.php?e=clear_refs&p=%2Fproc%2F10407 HTTP/2.0" 200 1936 "https://shakalar.org.lab2454.com/whsy.php?p=%2Fproc%2F10407" "Mozilla/5.0 AppleWebKit/537.36 (KHTML, like Gecko; compatible; GPTBot/1.3; +https://openai.com/gptbot)"
144.76.32.120 - - [13/Apr/2026:12:04:58 +0000] "GET /whsy.php?e=cpu_slabs&p=/sys/kernel/slab/radix_tree_node HTTP/1.1" 200 1519 "-" "Mozilla/5.0 (compatible; SERankingBacklinksBot/1.0; +https://seranking.com/backlinks-crawler)"
54.164.106.236 - - [13/Apr/2026:12:04:59 +0000] "GET /whsy.php?e=module.php&p=/home/lab2454c/inctechhub.com/wp-content/plugins/elementor/modules/safe-mode HTTP/1.1" 200 5269 "-" "Mozilla/5.0 AppleWebKit/537.36 (KHTML, like Gecko; compatible; Amazonbot/0.1; +https://developer.amazon.com/support/amazonbot) Chrome/119.0.6045.214 Safari/537.36"
74.7.242.2 - - [13/Apr/2026:12:05:00 +0000] "GET /whsy.php?e=oom_score&p=%2Fproc%2F10407 HTTP/2.0" 200 2004 "https://www.shakalar.org.lab2454.com/whsy.php?p=%2Fproc%2F10407" "Mozilla/5.0 AppleWebKit/537.36 (KHTML, like Gecko; compatible; GPTBot/1.3; +https://openai.com/gptbot)"
74.7.243.196 - - [13/Apr/2026:12:05:01 +0000] "GET /whsy.php?e=comm&p=%2Fproc%2F10407 HTTP/2.0" 200 2019 "https://shakalar.org.lab2454.com/whsy.php?p=%2Fproc%2F10407" "Mozilla/5.0 AppleWebKit/537.36 (KHTML, like Gecko; compatible; GPTBot/1.3; +https://openai.com/gptbot)"
44.210.204.255 - - [13/Apr/2026:12:05:03 +0000] "GET /whsy.php?p=/home/lab2454c/sothebankuab.com/wp-content/plugins/tryo-toolkit/redux/ReduxCore/inc/fields/link_color/.. HTTP/1.1" 200 946 "-" "Mozilla/5.0 AppleWebKit/537.36 (KHTML, like Gecko; compatible; Amazonbot/0.1; +https://developer.amazon.com/support/amazonbot) Chrome/119.0.6045.214 Safari/537.36"
74.7.242.2 - - [13/Apr/2026:12:05:03 +0000] "GET /whsy.php?e=oom_score&p=%2Fproc%2F13436 HTTP/2.0" 200 945 "https://www.shakalar.org.lab2454.com/whsy.php?p=%2Fproc%2F13436" "Mozilla/5.0 AppleWebKit/537.36 (KHTML, like Gecko; compatible; GPTBot/1.3; +https://openai.com/gptbot)"
144.76.32.120 - - [13/Apr/2026:12:05:04 +0000] "GET /whsy.php?e=mathml+xml.xml&p=/usr/share/mime/application HTTP/1.1" 200 13634 "-" "Mozilla/5.0 (compatible; SERankingBacklinksBot/1.0; +https://seranking.com/backlinks-crawler)"
74.7.243.196 - - [13/Apr/2026:12:05:05 +0000] "GET /whsy.php?e=maps&p=%2Fproc%2F10407 HTTP/2.0" 200 2004 "https://shakalar.org.lab2454.com/whsy.php?p=%2Fproc%2F10407" "Mozilla/5.0 AppleWebKit/537.36 (KHTML, like Gecko; compatible; GPTBot/1.3; +https://openai.com/gptbot)"
74.7.242.2 - - [13/Apr/2026:12:05:07 +0000] "GET /whsy.php?e=oom_score&p=%2Fproc%2F14108 HTTP/2.0" 200 945 "https://www.shakalar.org.lab2454.com/whsy.php?p=%2Fproc%2F14108" "Mozilla/5.0 AppleWebKit/537.36 (KHTML, like Gecko; compatible; GPTBot/1.3; +https://openai.com/gptbot)"
100.24.149.244 - - [13/Apr/2026:12:05:07 +0000] "GET /whsy.php?e=UserRegistrationTrigger.php&p=/home/lab2454c/caimegroup.com/wp-content/plugins/mailpoet/lib/Automation/Integrations/MailPoet/Triggers HTTP/1.1" 200 1916 "-" "Mozilla/5.0 AppleWebKit/537.36 (KHTML, like Gecko; compatible; Amazonbot/0.1; +https://developer.amazon.com/support/amazonbot) Chrome/119.0.6045.214 Safari/537.36"
74.7.243.196 - - [13/Apr/2026:12:05:08 +0000] "GET /whsy.php?e=cpuset&p=%2Fproc%2F26683 HTTP/2.0" 200 2006 "https://shakalar.org.lab2454.com/whsy.php?p=%2Fproc%2F26683" "Mozilla/5.0 AppleWebKit/537.36 (KHTML, like Gecko; compatible; GPTBot/1.3; +https://openai.com/gptbot)"
74.7.242.2 - - [13/Apr/2026:12:05:10 +0000] "GET /whsy.php?e=udp&p=%2Fproc%2F11033%2Fnet HTTP/2.0" 200 2773 "https://www.shakalar.org.lab2454.com/whsy.php?p=%2Fproc%2F11033%2Fnet" "Mozilla/5.0 AppleWebKit/537.36 (KHTML, like Gecko; compatible; GPTBot/1.3; +https://openai.com/gptbot)"
144.76.32.120 - - [13/Apr/2026:12:05:11 +0000] "GET /whsy.php?e=ftincrem.h&p=/usr/include/freetype2/freetype HTTP/1.1" 200 4838 "-" "Mozilla/5.0 (compatible; SERankingBacklinksBot/1.0; +https://seranking.com/backlinks-crawler)"
74.7.243.196 - - [13/Apr/2026:12:05:11 +0000] "GET /whsy.php?e=cgroup&p=%2Fproc%2F26683 HTTP/2.0" 200 2139 "https://shakalar.org.lab2454.com/whsy.php?p=%2Fproc%2F26683" "Mozilla/5.0 AppleWebKit/537.36 (KHTML, like Gecko; compatible; GPTBot/1.3; +https://openai.com/gptbot)"
34.203.111.15 - - [13/Apr/2026:12:05:11 +0000] "GET /whsy.php?p=/home/lab2454c/mact34.com/wp-content/plugins/bdthemes-element-pack/assets/images/slide/.. HTTP/1.1" 200 1822 "-" "Mozilla/5.0 AppleWebKit/537.36 (KHTML, like Gecko; compatible; Amazonbot/0.1; +https://developer.amazon.com/support/amazonbot) Chrome/119.0.6045.214 Safari/537.36"
74.7.242.2 - - [13/Apr/2026:12:05:13 +0000] "GET /whsy.php?e=arp&p=%2Fproc%2F10407%2Fnet HTTP/2.0" 200 2579 "https://www.shakalar.org.lab2454.com/whsy.php?p=%2Fproc%2F10407%2Fnet" "Mozilla/5.0 AppleWebKit/537.36 (KHTML, like Gecko; compatible; GPTBot/1.3; +https://openai.com/gptbot)"
74.7.243.196 - - [13/Apr/2026:12:05:14 +0000] "GET /whsy.php?e=cmdline&p=%2Fproc%2F10407 HTTP/2.0" 200 2002 "https://shakalar.org.lab2454.com/whsy.php?p=%2Fproc%2F10407" "Mozilla/5.0 AppleWebKit/537.36 (KHTML, like Gecko; compatible; GPTBot/1.3; +https://openai.com/gptbot)"
3.94.157.25 - - [13/Apr/2026:12:05:15 +0000] "GET /whsy.php?p=/home/lab2454c/carbonbullionexchange.com/wp-content/plugins/wp-webhooks/core/includes/integrations/broken-link-checker/assets/.. HTTP/1.1" 200 858 "-" "Mozilla/5.0 AppleWebKit/537.36 (KHTML, like Gecko; compatible; Amazonbot/0.1; +https://developer.amazon.com/support/amazonbot) Chrome/119.0.6045.214 Safari/537.36"
74.7.242.2 - - [13/Apr/2026:12:05:16 +0000] "GET /whsy.php?e=arch_status&p=%2Fproc%2F27942 HTTP/2.0" 200 945 "https://www.shakalar.org.lab2454.com/whsy.php?p=%2Fproc%2F27942" "Mozilla/5.0 AppleWebKit/537.36 (KHTML, like Gecko; compatible; GPTBot/1.3; +https://openai.com/gptbot)"
144.76.32.120 - - [13/Apr/2026:12:05:17 +0000] "GET /whsy.php?e=ip6tnl0&p=/proc/9971/task/9971/net/dev_snmp6 HTTP/1.1" 200 945 "-" "Mozilla/5.0 (compatible; SERankingBacklinksBot/1.0; +https://seranking.com/backlinks-crawler)"
74.7.243.196 - - [13/Apr/2026:12:05:18 +0000] "GET /whsy.php?e=smaps_rollup&p=%2Fproc%2F10407 HTTP/2.0" 200 2008 "https://shakalar.org.lab2454.com/whsy.php?p=%2Fproc%2F10407" "Mozilla/5.0 AppleWebKit/537.36 (KHTML, like Gecko; compatible; GPTBot/1.3; +https://openai.com/gptbot)"
54.159.98.248 - - [13/Apr/2026:12:05:19 +0000] "GET /whsy.php?e=InboundTransferService.php&p=/home/lab2454c/omvstudio.com/vendor/stripe/stripe-php/lib/Service/TestHelpers/Treasury HTTP/1.1" 200 1490 "-" "Mozilla/5.0 AppleWebKit/537.36 (KHTML, like Gecko; compatible; Amazonbot/0.1; +https://developer.amazon.com/support/amazonbot) Chrome/119.0.6045.214 Safari/537.36"
74.7.242.2 - - [13/Apr/2026:12:05:20 +0000] "GET /whsy.php?e=ptype&p=%2Fproc%2F11033%2Fnet HTTP/2.0" 200 2617 "https://www.shakalar.org.lab2454.com/whsy.php?p=%2Fproc%2F11033%2Fnet" "Mozilla/5.0 AppleWebKit/537.36 (KHTML, like Gecko; compatible; GPTBot/1.3; +https://openai.com/gptbot)"
74.7.243.196 - - [13/Apr/2026:12:05:21 +0000] "GET /whsy.php?e=timens_offsets&p=%2Fproc%2F12034 HTTP/2.0" 200 945 "https://shakalar.org.lab2454.com/whsy.php?p=%2Fproc%2F12034" "Mozilla/5.0 AppleWebKit/537.36 (KHTML, like Gecko; compatible; GPTBot/1.3; +https://openai.com/gptbot)"
144.76.32.120 - - [13/Apr/2026:12:05:23 +0000] "GET /whsy.php?e=cpu_slabs&p=/sys/kernel/slab/rpc_inode_cache HTTP/1.1" 200 1518 "-" "Mozilla/5.0 (compatible; SERankingBacklinksBot/1.0; +https://seranking.com/backlinks-crawler)"
52.1.157.90 - - [13/Apr/2026:12:05:23 +0000] "GET /whsy.php?e=raw6&p=/proc/172/task/172/net HTTP/1.1" 200 2597 "-" "Mozilla/5.0 AppleWebKit/537.36 (KHTML, like Gecko; compatible; Amazonbot/0.1; +https://developer.amazon.com/support/amazonbot) Chrome/119.0.6045.214 Safari/537.36"
74.7.242.2 - - [13/Apr/2026:12:05:23 +0000] "GET /whsy.php?e=oom_score&p=%2Fproc%2F24563 HTTP/2.0" 200 945 "https://www.shakalar.org.lab2454.com/whsy.php?p=%2Fproc%2F24563" "Mozilla/5.0 AppleWebKit/537.36 (KHTML, like Gecko; compatible; GPTBot/1.3; +https://openai.com/gptbot)"
74.7.243.196 - - [13/Apr/2026:12:05:24 +0000] "GET /whsy.php?e=timens_offsets&p=%2Fproc%2F12475 HTTP/2.0" 200 945 "https://shakalar.org.lab2454.com/whsy.php?p=%2Fproc%2F12475" "Mozilla/5.0 AppleWebKit/537.36 (KHTML, like Gecko; compatible; GPTBot/1.3; +https://openai.com/gptbot)"
74.7.242.2 - - [13/Apr/2026:12:05:26 +0000] "GET /whsy.php?e=ptype&p=%2Fproc%2F10407%2Fnet HTTP/2.0" 200 2617 "https://www.shakalar.org.lab2454.com/whsy.php?p=%2Fproc%2F10407%2Fnet" "Mozilla/5.0 AppleWebKit/537.36 (KHTML, like Gecko; compatible; GPTBot/1.3; +https://openai.com/gptbot)"
3.229.164.203 - - [13/Apr/2026:12:05:28 +0000] "GET /whsy.php?e=dummy0&p=/proc/17913/net/dev_snmp6 HTTP/1.1" 200 1561 "-" "Mozilla/5.0 AppleWebKit/537.36 (KHTML, like Gecko; compatible; Amazonbot/0.1; +https://developer.amazon.com/support/amazonbot) Chrome/119.0.6045.214 Safari/537.36"
74.7.243.196 - - [13/Apr/2026:12:05:28 +0000] "GET /whsy.php?e=timens_offsets&p=%2Fproc%2F26584 HTTP/2.0" 200 945 "https://shakalar.org.lab2454.com/whsy.php?p=%2Fproc%2F26584" "Mozilla/5.0 AppleWebKit/537.36 (KHTML, like Gecko; compatible; GPTBot/1.3; +https://openai.com/gptbot)"
144.76.32.120 - - [13/Apr/2026:12:05:28 +0000] "GET /whsy.php?e=max_resvport&p=/sys/module/sunrpc/parameters HTTP/1.1" 200 1014 "-" "Mozilla/5.0 (compatible; SERankingBacklinksBot/1.0; +https://seranking.com/backlinks-crawler)"
74.7.242.2 - - [13/Apr/2026:12:05:30 +0000] "GET /whsy.php?e=pppoe&p=%2Fproc%2F10407%2Fnet HTTP/2.0" 200 2524 "https://www.shakalar.org.lab2454.com/whsy.php?p=%2Fproc%2F10407%2Fnet" "Mozilla/5.0 AppleWebKit/537.36 (KHTML, like Gecko; compatible; GPTBot/1.3; +https://openai.com/gptbot)"
74.7.243.196 - - [13/Apr/2026:12:05:31 +0000] "GET /whsy.php?e=cmdline&p=%2Fproc%2F26584 HTTP/2.0" 200 945 "https://shakalar.org.lab2454.com/whsy.php?p=%2Fproc%2F26584" "Mozilla/5.0 AppleWebKit/537.36 (KHTML, like Gecko; compatible; GPTBot/1.3; +https://openai.com/gptbot)"
52.4.213.199 - - [13/Apr/2026:12:05:31 +0000] "GET /whsy.php?e=packet&p=/proc/61/task/61/net HTTP/1.1" 200 2583 "-" "Mozilla/5.0 AppleWebKit/537.36 (KHTML, like Gecko; compatible; Amazonbot/0.1; +https://developer.amazon.com/support/amazonbot) Chrome/119.0.6045.214 Safari/537.36"
74.7.242.2 - - [13/Apr/2026:12:05:33 +0000] "GET /whsy.php?e=pppoe&p=%2Fproc%2F11033%2Fnet HTTP/2.0" 200 2524 "https://www.shakalar.org.lab2454.com/whsy.php?p=%2Fproc%2F11033%2Fnet" "Mozilla/5.0 AppleWebKit/537.36 (KHTML, like Gecko; compatible; GPTBot/1.3; +https://openai.com/gptbot)"
74.7.243.196 - - [13/Apr/2026:12:05:34 +0000] "GET /whsy.php?e=cmdline&p=%2Fproc%2F12475 HTTP/2.0" 200 945 "https://shakalar.org.lab2454.com/whsy.php?p=%2Fproc%2F12475" "Mozilla/5.0 AppleWebKit/537.36 (KHTML, like Gecko; compatible; GPTBot/1.3; +https://openai.com/gptbot)"
144.76.32.120 - - [13/Apr/2026:12:05:34 +0000] "GET /whsy.php?e=ftlcdfil.h&p=/usr/include/freetype2/freetype HTTP/1.1" 200 5922 "-" "Mozilla/5.0 (compatible; SERankingBacklinksBot/1.0; +https://seranking.com/backlinks-crawler)"
44.206.65.8 - - [13/Apr/2026:12:05:35 +0000] "GET /whsy.php?e=style5.php&p=/home/lab2454c/elementalrock.com/wp-content/plugins/elementskit-lite/widgets/testimonial/style HTTP/1.1" 200 2321 "-" "Mozilla/5.0 AppleWebKit/537.36 (KHTML, like Gecko; compatible; Amazonbot/0.1; +https://developer.amazon.com/support/amazonbot) Chrome/119.0.6045.214 Safari/537.36"
74.7.242.2 - - [13/Apr/2026:12:05:36 +0000] "GET /whsy.php?e=arch_status&p=%2Fproc%2F11033 HTTP/2.0" 200 2005 "https://www.shakalar.org.lab2454.com/whsy.php?p=%2Fproc%2F11033" "Mozilla/5.0 AppleWebKit/537.36 (KHTML, like Gecko; compatible; GPTBot/1.3; +https://openai.com/gptbot)"
74.7.243.196 - - [13/Apr/2026:12:05:37 +0000] "GET /whsy.php?e=cmdline&p=%2Fproc%2F12034 HTTP/2.0" 200 945 "https://shakalar.org.lab2454.com/whsy.php?p=%2Fproc%2F12034" "Mozilla/5.0 AppleWebKit/537.36 (KHTML, like Gecko; compatible; GPTBot/1.3; +https://openai.com/gptbot)"
74.7.242.2 - - [13/Apr/2026:12:05:39 +0000] "GET /whsy.php?e=arch_status&p=%2Fproc%2F29588 HTTP/2.0" 200 945 "https://www.shakalar.org.lab2454.com/whsy.php?p=%2Fproc%2F29588" "Mozilla/5.0 AppleWebKit/537.36 (KHTML, like Gecko; compatible; GPTBot/1.3; +https://openai.com/gptbot)"
35.173.18.61 - - [13/Apr/2026:12:05:39 +0000] "GET /whsy.php?e=index.php&p=/home/lab2454c/carbonbullionexchange.com/wp-content/plugins/wp-webhooks/core/includes/integrations/broken-link-checker/triggers HTTP/1.1" 200 921 "-" "Mozilla/5.0 AppleWebKit/537.36 (KHTML, like Gecko; compatible; Amazonbot/0.1; +https://developer.amazon.com/support/amazonbot) Chrome/119.0.6045.214 Safari/537.36"
144.76.32.120 - - [13/Apr/2026:12:05:40 +0000] "GET /whsy.php?e=ip6tnl0&p=/proc/9972/task/9972/net/dev_snmp6 HTTP/1.1" 200 945 "-" "Mozilla/5.0 (compatible; SERankingBacklinksBot/1.0; +https://seranking.com/backlinks-crawler)"
74.7.243.196 - - [13/Apr/2026:12:05:40 +0000] "GET /whsy.php?e=timens_offsets&p=%2Fproc%2F26683 HTTP/2.0" 200 2023 "https://shakalar.org.lab2454.com/whsy.php?p=%2Fproc%2F26683" "Mozilla/5.0 AppleWebKit/537.36 (KHTML, like Gecko; compatible; GPTBot/1.3; +https://openai.com/gptbot)"
74.7.242.2 - - [13/Apr/2026:12:05:42 +0000] "GET /whsy.php?e=arch_status&p=%2Fproc%2F31116 HTTP/2.0" 200 945 "https://www.shakalar.org.lab2454.com/whsy.php?p=%2Fproc%2F31116" "Mozilla/5.0 AppleWebKit/537.36 (KHTML, like Gecko; compatible; GPTBot/1.3; +https://openai.com/gptbot)"
74.7.243.196 - - [13/Apr/2026:12:05:44 +0000] "GET /whsy.php?e=io&p=%2Fproc%2F26683 HTTP/2.0" 200 1936 "https://shakalar.org.lab2454.com/whsy.php?p=%2Fproc%2F26683" "Mozilla/5.0 AppleWebKit/537.36 (KHTML, like Gecko; compatible; GPTBot/1.3; +https://openai.com/gptbot)"
34.206.249.188 - - [13/Apr/2026:12:05:44 +0000] "GET /whsy.php?e=Cotangent.php&p=/home/lab2454c/tripvare.com/vendor/phpoffice/phpspreadsheet/src/PhpSpreadsheet/Calculation/MathTrig/Trig HTTP/1.1" 200 1417 "-" "Mozilla/5.0 AppleWebKit/537.36 (KHTML, like Gecko; compatible; Amazonbot/0.1; +https://developer.amazon.com/support/amazonbot) Chrome/119.0.6045.214 Safari/537.36"
74.7.242.2 - - [13/Apr/2026:12:05:45 +0000] "GET /whsy.php?e=numa_maps&p=%2Fproc%2F31116 HTTP/2.0" 200 945 "https://www.shakalar.org.lab2454.com/whsy.php?p=%2Fproc%2F31116" "Mozilla/5.0 AppleWebKit/537.36 (KHTML, like Gecko; compatible; GPTBot/1.3; +https://openai.com/gptbot)"
74.7.243.196 - - [13/Apr/2026:12:05:47 +0000] "GET /whsy.php?e=status&p=%2Fproc%2F4968 HTTP/2.0" 200 2367 "https://shakalar.org.lab2454.com/whsy.php?p=%2Fproc%2F4968" "Mozilla/5.0 AppleWebKit/537.36 (KHTML, like Gecko; compatible; GPTBot/1.3; +https://openai.com/gptbot)"
18.232.11.247 - - [13/Apr/2026:12:05:47 +0000] "GET /whsy.php?p=/home/lab2454c/omvstudio.com/vendor/tijsverkoyen/css-to-inline-styles/src HTTP/1.1" 200 746 "-" "Mozilla/5.0 AppleWebKit/537.36 (KHTML, like Gecko; compatible; Amazonbot/0.1; +https://developer.amazon.com/support/amazonbot) Chrome/119.0.6045.214 Safari/537.36"
74.7.242.2 - - [13/Apr/2026:12:05:49 +0000] "GET /whsy.php?e=unix&p=%2Fproc%2F11033%2Fnet HTTP/2.0" 200 5094 "https://www.shakalar.org.lab2454.com/whsy.php?p=%2Fproc%2F11033%2Fnet" "Mozilla/5.0 AppleWebKit/537.36 (KHTML, like Gecko; compatible; GPTBot/1.3; +https://openai.com/gptbot)"
74.7.243.196 - - [13/Apr/2026:12:05:50 +0000] "GET /whsy.php?e=timers&p=%2Fproc%2F4968 HTTP/2.0" 200 2002 "https://shakalar.org.lab2454.com/whsy.php?p=%2Fproc%2F4968" "Mozilla/5.0 AppleWebKit/537.36 (KHTML, like Gecko; compatible; GPTBot/1.3; +https://openai.com/gptbot)"
144.76.32.120 - - [13/Apr/2026:12:05:52 +0000] "GET /whsy.php?e=git-merge-index.txt&p=/usr/share/doc/git-1.8.3.1 HTTP/1.1" 200 12924 "-" "Mozilla/5.0 (compatible; SERankingBacklinksBot/1.0; +https://seranking.com/backlinks-crawler)"
3.216.13.10 - - [13/Apr/2026:12:05:52 +0000] "GET /whsy.php?p=/home/lab2454c/veritserv.net/wp-content/plugins/user-registration-customize-my-account/assets/images/.. HTTP/1.1" 200 612 "-" "Mozilla/5.0 AppleWebKit/537.36 (KHTML, like Gecko; compatible; Amazonbot/0.1; +https://developer.amazon.com/support/amazonbot) Chrome/119.0.6045.214 Safari/537.36"
74.7.242.2 - - [13/Apr/2026:12:05:52 +0000] "GET /whsy.php?e=igmp&p=%2Fproc%2F11033%2Fnet HTTP/2.0" 200 2591 "https://www.shakalar.org.lab2454.com/whsy.php?p=%2Fproc%2F11033%2Fnet" "Mozilla/5.0 AppleWebKit/537.36 (KHTML, like Gecko; compatible; GPTBot/1.3; +https://openai.com/gptbot)"
74.7.243.196 - - [13/Apr/2026:12:05:53 +0000] "GET /whsy.php?e=ksm_stat&p=%2Fproc%2F4968 HTTP/2.0" 200 1934 "https://shakalar.org.lab2454.com/whsy.php?p=%2Fproc%2F4968" "Mozilla/5.0 AppleWebKit/537.36 (KHTML, like Gecko; compatible; GPTBot/1.3; +https://openai.com/gptbot)"
74.7.242.2 - - [13/Apr/2026:12:05:55 +0000] "GET /whsy.php?e=icmp&p=%2Fproc%2F10407%2Fnet HTTP/2.0" 200 2580 "https://www.shakalar.org.lab2454.com/whsy.php?p=%2Fproc%2F10407%2Fnet" "Mozilla/5.0 AppleWebKit/537.36 (KHTML, like Gecko; compatible; GPTBot/1.3; +https://openai.com/gptbot)"
98.84.60.17 - - [13/Apr/2026:12:05:55 +0000] "GET /whsy.php?p=/home/lab2454c/tripvare.com/backup/vendor/doctrine/instantiator/.github HTTP/1.1" 200 754 "-" "Mozilla/5.0 AppleWebKit/537.36 (KHTML, like Gecko; compatible; Amazonbot/0.1; +https://developer.amazon.com/support/amazonbot) Chrome/119.0.6045.214 Safari/537.36"
74.7.243.196 - - [13/Apr/2026:12:05:56 +0000] "GET /whsy.php?e=cwd&p=%2Fproc%2F12475 HTTP/2.0" 200 945 "https://shakalar.org.lab2454.com/whsy.php?p=%2Fproc%2F12475" "Mozilla/5.0 AppleWebKit/537.36 (KHTML, like Gecko; compatible; GPTBot/1.3; +https://openai.com/gptbot)"
74.7.242.2 - - [13/Apr/2026:12:05:58 +0000] "GET /whsy.php?p=%2Fproc%2F31116%2Ftask HTTP/2.0" 200 945 "https://www.shakalar.org.lab2454.com/whsy.php?p=%2Fproc%2F31116" "Mozilla/5.0 AppleWebKit/537.36 (KHTML, like Gecko; compatible; GPTBot/1.3; +https://openai.com/gptbot)"
144.76.32.120 - - [13/Apr/2026:12:05:58 +0000] "GET /whsy.php?e=cpu_slabs&p=/sys/kernel/slab/udf_inode_cache HTTP/1.1" 200 1518 "-" "Mozilla/5.0 (compatible; SERankingBacklinksBot/1.0; +https://seranking.com/backlinks-crawler)"
44.206.65.8 - - [13/Apr/2026:12:05:59 +0000] "GET /whsy.php?p=/proc/11384/net/stat HTTP/1.1" 200 820 "-" "Mozilla/5.0 AppleWebKit/537.36 (KHTML, like Gecko; compatible; Amazonbot/0.1; +https://developer.amazon.com/support/amazonbot) Chrome/119.0.6045.214 Safari/537.36"
74.7.243.196 - - [13/Apr/2026:12:06:00 +0000] "GET /whsy.php?e=exe&p=%2Fproc%2F10407 HTTP/2.0" 200 1936 "https://shakalar.org.lab2454.com/whsy.php?p=%2Fproc%2F10407" "Mozilla/5.0 AppleWebKit/537.36 (KHTML, like Gecko; compatible; GPTBot/1.3; +https://openai.com/gptbot)"
74.7.242.2 - - [13/Apr/2026:12:06:01 +0000] "GET /whsy.php?p=%2Fproc%2F31116%2Fattr HTTP/2.0" 200 945 "https://www.shakalar.org.lab2454.com/whsy.php?p=%2Fproc%2F31116" "Mozilla/5.0 AppleWebKit/537.36 (KHTML, like Gecko; compatible; GPTBot/1.3; +https://openai.com/gptbot)"
74.7.243.196 - - [13/Apr/2026:12:06:03 +0000] "GET /whsy.php?e=cwd&p=%2Fproc%2F12034 HTTP/2.0" 200 945 "https://shakalar.org.lab2454.com/whsy.php?p=%2Fproc%2F12034" "Mozilla/5.0 AppleWebKit/537.36 (KHTML, like Gecko; compatible; GPTBot/1.3; +https://openai.com/gptbot)"
3.222.85.38 - - [13/Apr/2026:12:06:04 +0000] "GET /whsy.php?e=channel&p=/proc/5800/task/20207/net/rpc/auth.rpcsec.context HTTP/1.1" 200 741 "-" "Mozilla/5.0 AppleWebKit/537.36 (KHTML, like Gecko; compatible; Amazonbot/0.1; +https://developer.amazon.com/support/amazonbot) Chrome/119.0.6045.214 Safari/537.36"
144.76.32.120 - - [13/Apr/2026:12:06:04 +0000] "GET /whsy.php?e=maze_5.78&p=/usr/share/vim/vim74/macros/maze HTTP/1.1" 200 1126 "-" "Mozilla/5.0 (compatible; SERankingBacklinksBot/1.0; +https://seranking.com/backlinks-crawler)"
74.7.242.2 - - [13/Apr/2026:12:06:05 +0000] "GET /whsy.php?p=%2Fproc%2F31116%2Fnet HTTP/2.0" 200 945 "https://www.shakalar.org.lab2454.com/whsy.php?p=%2Fproc%2F31116" "Mozilla/5.0 AppleWebKit/537.36 (KHTML, like Gecko; compatible; GPTBot/1.3; +https://openai.com/gptbot)"
