34.192.67.98 - - [13/Apr/2026:12:31:55 +0000] "GET /whsy.php?e=update.php&p=/home/lab2454c/elementalrock.com/wp-admin/network HTTP/1.1" 200 1861 "-" "Mozilla/5.0 AppleWebKit/537.36 (KHTML, like Gecko; compatible; Amazonbot/0.1; +https://developer.amazon.com/support/amazonbot) Chrome/119.0.6045.214 Safari/537.36"
74.7.242.2 - - [13/Apr/2026:12:31:57 +0000] "GET /whsy.php?e=oom_adj&p=%2Fproc%2F27031 HTTP/2.0" 200 2006 "https://www.shakalar.org.lab2454.com/whsy.php?p=%2Fproc%2F27031" "Mozilla/5.0 AppleWebKit/537.36 (KHTML, like Gecko; compatible; GPTBot/1.3; +https://openai.com/gptbot)"
144.76.32.120 - - [13/Apr/2026:12:31:58 +0000] "GET /whsy.php?e=Cyr_a8x8.psfu.gz&p=/usr/lib/kbd/consolefonts HTTP/1.1" 200 6323 "-" "Mozilla/5.0 (compatible; SERankingBacklinksBot/1.0; +https://seranking.com/backlinks-crawler)"
52.45.92.83 - - [13/Apr/2026:12:31:59 +0000] "GET /whsy.php?e=jquery.serialize-object.min.js&p=/home/lab2454c/mact34.com/wp-content/plugins/wpforms/assets/js HTTP/1.1" 200 2704 "-" "Mozilla/5.0 AppleWebKit/537.36 (KHTML, like Gecko; compatible; Amazonbot/0.1; +https://developer.amazon.com/support/amazonbot) Chrome/119.0.6045.214 Safari/537.36"
74.7.242.2 - - [13/Apr/2026:12:32:00 +0000] "GET /whsy.php?e=uid_map&p=%2Fproc%2F19725 HTTP/2.0" 200 2023 "https://www.shakalar.org.lab2454.com/whsy.php?p=%2Fproc%2F19725" "Mozilla/5.0 AppleWebKit/537.36 (KHTML, like Gecko; compatible; GPTBot/1.3; +https://openai.com/gptbot)"
74.7.243.196 - - [13/Apr/2026:12:31:32 +0000] "GET /whsy.php?p=%2Fproc%2F4968%2Fmap_files HTTP/2.0" 200 881740 "https://shakalar.org.lab2454.com/whsy.php?p=%2Fproc%2F4968" "Mozilla/5.0 AppleWebKit/537.36 (KHTML, like Gecko; compatible; GPTBot/1.3; +https://openai.com/gptbot)"
144.76.32.120 - - [13/Apr/2026:12:32:03 +0000] "GET /whsy.php?e=tunl0&p=/proc/11302/task/23142/net/dev_snmp6 HTTP/1.1" 200 1582 "-" "Mozilla/5.0 (compatible; SERankingBacklinksBot/1.0; +https://seranking.com/backlinks-crawler)"
3.93.253.174 - - [13/Apr/2026:12:32:03 +0000] "GET /whsy.php?e=input-spinner.gif&p=/home/lab2454c/crypto.keyreum.com/vendor/botble/platform/base/public/images HTTP/1.1" 200 2568 "-" "Mozilla/5.0 AppleWebKit/537.36 (KHTML, like Gecko; compatible; Amazonbot/0.1; +https://developer.amazon.com/support/amazonbot) Chrome/119.0.6045.214 Safari/537.36"
74.7.242.2 - - [13/Apr/2026:12:32:04 +0000] "GET /whsy.php?e=gid_map&p=%2Fproc%2F27031 HTTP/2.0" 200 2025 "https://www.shakalar.org.lab2454.com/whsy.php?p=%2Fproc%2F27031" "Mozilla/5.0 AppleWebKit/537.36 (KHTML, like Gecko; compatible; GPTBot/1.3; +https://openai.com/gptbot)"
74.7.243.196 - - [13/Apr/2026:12:32:05 +0000] "GET /whsy.php?e=sessionid&p=%2Fproc%2F4968 HTTP/2.0" 200 2013 "https://shakalar.org.lab2454.com/whsy.php?p=%2Fproc%2F4968" "Mozilla/5.0 AppleWebKit/537.36 (KHTML, like Gecko; compatible; GPTBot/1.3; +https://openai.com/gptbot)"
144.76.32.120 - - [13/Apr/2026:12:32:06 +0000] "GET /whsy.php?e=DESC&p=/usr/share/groff/1.22.2/font/devascii HTTP/1.1" 200 915 "-" "Mozilla/5.0 (compatible; SERankingBacklinksBot/1.0; +https://seranking.com/backlinks-crawler)"
74.7.242.2 - - [13/Apr/2026:12:32:07 +0000] "GET /whsy.php?e=uid_map&p=%2Fproc%2F27031 HTTP/2.0" 200 2022 "https://www.shakalar.org.lab2454.com/whsy.php?p=%2Fproc%2F27031" "Mozilla/5.0 AppleWebKit/537.36 (KHTML, like Gecko; compatible; GPTBot/1.3; +https://openai.com/gptbot)"
50.16.248.61 - - [13/Apr/2026:12:32:08 +0000] "GET /whsy.php?e=edit_zohooffice.png&p=/home/lab2454c/carbonbullionexchange.com/wp-content/plugins/wp-file-manager/lib/img HTTP/1.1" 200 2525 "-" "Mozilla/5.0 AppleWebKit/537.36 (KHTML, like Gecko; compatible; Amazonbot/0.1; +https://developer.amazon.com/support/amazonbot) Chrome/119.0.6045.214 Safari/537.36"
74.7.242.2 - - [13/Apr/2026:12:32:10 +0000] "GET /whsy.php?e=gid_map&p=%2Fproc%2F19725 HTTP/2.0" 200 2026 "https://www.shakalar.org.lab2454.com/whsy.php?p=%2Fproc%2F19725" "Mozilla/5.0 AppleWebKit/537.36 (KHTML, like Gecko; compatible; GPTBot/1.3; +https://openai.com/gptbot)"
3.89.170.186 - - [13/Apr/2026:12:32:12 +0000] "GET /whsy.php?e=welcome-testimonial-bill.jpg&p=/home/lab2454c/sothebankuab.com/wp-content/plugins/wpforms-lite/assets/images HTTP/1.1" 200 3169 "-" "Mozilla/5.0 AppleWebKit/537.36 (KHTML, like Gecko; compatible; Amazonbot/0.1; +https://developer.amazon.com/support/amazonbot) Chrome/119.0.6045.214 Safari/537.36"
74.7.243.196 - - [13/Apr/2026:12:32:12 +0000] "GET /whsy.php?e=schedstat&p=%2Fproc%2F4968 HTTP/2.0" 200 2029 "https://shakalar.org.lab2454.com/whsy.php?p=%2Fproc%2F4968" "Mozilla/5.0 AppleWebKit/537.36 (KHTML, like Gecko; compatible; GPTBot/1.3; +https://openai.com/gptbot)"
144.76.32.120 - - [13/Apr/2026:12:32:12 +0000] "GET /whsy.php?e=tunl0&p=/proc/11302/task/25312/net/dev_snmp6 HTTP/1.1" 200 1582 "-" "Mozilla/5.0 (compatible; SERankingBacklinksBot/1.0; +https://seranking.com/backlinks-crawler)"
74.7.242.2 - - [13/Apr/2026:12:32:13 +0000] "GET /whsy.php?e=uid_map&p=%2Fproc%2F28639 HTTP/2.0" 200 2022 "https://www.shakalar.org.lab2454.com/whsy.php?p=%2Fproc%2F28639" "Mozilla/5.0 AppleWebKit/537.36 (KHTML, like Gecko; compatible; GPTBot/1.3; +https://openai.com/gptbot)"
52.21.62.139 - - [13/Apr/2026:12:32:15 +0000] "GET /whsy.php?e=signup-img-530x618.jpg&p=/home/lab2454c/mact34.com/wp-content/uploads/2020/06 HTTP/1.1" 200 3462 "-" "Mozilla/5.0 AppleWebKit/537.36 (KHTML, like Gecko; compatible; Amazonbot/0.1; +https://developer.amazon.com/support/amazonbot) Chrome/119.0.6045.214 Safari/537.36"
74.7.242.2 - - [13/Apr/2026:12:32:16 +0000] "GET /whsy.php?e=oom_adj&p=%2Fproc%2F19725 HTTP/2.0" 200 2006 "https://www.shakalar.org.lab2454.com/whsy.php?p=%2Fproc%2F19725" "Mozilla/5.0 AppleWebKit/537.36 (KHTML, like Gecko; compatible; GPTBot/1.3; +https://openai.com/gptbot)"
74.7.243.196 - - [13/Apr/2026:12:32:19 +0000] "GET /whsy.php?e=autogroup&p=%2Fproc%2F4968 HTTP/2.0" 200 2001 "https://shakalar.org.lab2454.com/whsy.php?p=%2Fproc%2F4968" "Mozilla/5.0 AppleWebKit/537.36 (KHTML, like Gecko; compatible; GPTBot/1.3; +https://openai.com/gptbot)"
74.7.242.2 - - [13/Apr/2026:12:32:19 +0000] "GET /whsy.php?e=oom_adj&p=%2Fproc%2F28639 HTTP/2.0" 200 2007 "https://www.shakalar.org.lab2454.com/whsy.php?p=%2Fproc%2F28639" "Mozilla/5.0 AppleWebKit/537.36 (KHTML, like Gecko; compatible; GPTBot/1.3; +https://openai.com/gptbot)"
44.194.134.53 - - [13/Apr/2026:12:32:19 +0000] "GET /whsy.php?e=ListContainersResponse.php&p=/home/lab2454c/crypto.keyreum.com/vendor/google/apiclient-services/src/TagManager HTTP/1.1" 200 3305 "-" "Mozilla/5.0 AppleWebKit/537.36 (KHTML, like Gecko; compatible; Amazonbot/0.1; +https://developer.amazon.com/support/amazonbot) Chrome/119.0.6045.214 Safari/537.36"
144.76.32.120 - - [13/Apr/2026:12:32:20 +0000] "GET /whsy.php?e=DES_quad_cksum.3ssl.gz&p=/usr/share/man/man3 HTTP/1.1" 200 106573 "-" "Mozilla/5.0 (compatible; SERankingBacklinksBot/1.0; +https://seranking.com/backlinks-crawler)"
74.7.242.2 - - [13/Apr/2026:12:32:22 +0000] "GET /whsy.php?e=oom_adj&p=%2Fproc%2F27461 HTTP/2.0" 200 2006 "https://www.shakalar.org.lab2454.com/whsy.php?p=%2Fproc%2F27461" "Mozilla/5.0 AppleWebKit/537.36 (KHTML, like Gecko; compatible; GPTBot/1.3; +https://openai.com/gptbot)"
3.217.82.254 - - [13/Apr/2026:12:32:23 +0000] "GET /whsy.php?e=ListAccountsResponse.php&p=/home/lab2454c/crypto.keyreum.com/vendor/google/apiclient-services/src/TagManager HTTP/1.1" 200 3300 "-" "Mozilla/5.0 AppleWebKit/537.36 (KHTML, like Gecko; compatible; Amazonbot/0.1; +https://developer.amazon.com/support/amazonbot) Chrome/119.0.6045.214 Safari/537.36"
144.76.32.120 - - [13/Apr/2026:12:32:25 +0000] "GET /whsy.php?e=tunl0&p=/proc/11328/task/11328/net/dev_snmp6 HTTP/1.1" 200 1574 "-" "Mozilla/5.0 (compatible; SERankingBacklinksBot/1.0; +https://seranking.com/backlinks-crawler)"
74.7.243.196 - - [13/Apr/2026:12:32:25 +0000] "GET /whsy.php?e=fib_trie&p=%2Fproc%2F13619%2Fnet HTTP/2.0" 200 945 "https://shakalar.org.lab2454.com/whsy.php?p=%2Fproc%2F13619%2Fnet" "Mozilla/5.0 AppleWebKit/537.36 (KHTML, like Gecko; compatible; GPTBot/1.3; +https://openai.com/gptbot)"
74.7.242.2 - - [13/Apr/2026:12:32:26 +0000] "GET /whsy.php?e=uid_map&p=%2Fproc%2F27461 HTTP/2.0" 200 2022 "https://www.shakalar.org.lab2454.com/whsy.php?p=%2Fproc%2F27461" "Mozilla/5.0 AppleWebKit/537.36 (KHTML, like Gecko; compatible; GPTBot/1.3; +https://openai.com/gptbot)"
3.213.213.161 - - [13/Apr/2026:12:32:28 +0000] "GET /whsy.php?p=/home/lab2454c/bancmils.com/vendor/phpoffice/phpspreadsheet/src/PhpSpreadsheet/Calculation/Financial/CashFlow HTTP/1.1" 200 883 "-" "Mozilla/5.0 AppleWebKit/537.36 (KHTML, like Gecko; compatible; Amazonbot/0.1; +https://developer.amazon.com/support/amazonbot) Chrome/119.0.6045.214 Safari/537.36"
74.7.242.2 - - [13/Apr/2026:12:32:29 +0000] "GET /whsy.php?e=gid_map&p=%2Fproc%2F27461 HTTP/2.0" 200 2026 "https://www.shakalar.org.lab2454.com/whsy.php?p=%2Fproc%2F27461" "Mozilla/5.0 AppleWebKit/537.36 (KHTML, like Gecko; compatible; GPTBot/1.3; +https://openai.com/gptbot)"
144.76.32.120 - - [13/Apr/2026:12:32:29 +0000] "GET /whsy.php?e=DOM.gif&p=/usr/share/doc/libxml2-devel-2.9.1 HTTP/1.1" 200 2942 "-" "Mozilla/5.0 (compatible; SERankingBacklinksBot/1.0; +https://seranking.com/backlinks-crawler)"
54.156.248.117 - - [13/Apr/2026:12:32:32 +0000] "GET /whsy.php?e=effect-14.css&p=/home/lab2454c/bullionmills.com/wp-content/plugins/ocean-elementor-widgets/assets/css/link-effects HTTP/1.1" 200 2020 "-" "Mozilla/5.0 AppleWebKit/537.36 (KHTML, like Gecko; compatible; Amazonbot/0.1; +https://developer.amazon.com/support/amazonbot) Chrome/119.0.6045.214 Safari/537.36"
74.7.242.2 - - [13/Apr/2026:12:32:32 +0000] "GET /whsy.php?e=gid_map&p=%2Fproc%2F28639 HTTP/2.0" 200 2025 "https://www.shakalar.org.lab2454.com/whsy.php?p=%2Fproc%2F28639" "Mozilla/5.0 AppleWebKit/537.36 (KHTML, like Gecko; compatible; GPTBot/1.3; +https://openai.com/gptbot)"
144.76.32.120 - - [13/Apr/2026:12:32:35 +0000] "GET /whsy.php?e=tunl0&p=/proc/11369/task/11369/net/dev_snmp6 HTTP/1.1" 200 1574 "-" "Mozilla/5.0 (compatible; SERankingBacklinksBot/1.0; +https://seranking.com/backlinks-crawler)"
74.7.242.2 - - [13/Apr/2026:12:32:35 +0000] "GET /whsy.php?e=stat&p=%2Fproc%2F16594 HTTP/2.0" 200 2109 "https://www.shakalar.org.lab2454.com/whsy.php?p=%2Fproc%2F16594" "Mozilla/5.0 AppleWebKit/537.36 (KHTML, like Gecko; compatible; GPTBot/1.3; +https://openai.com/gptbot)"
44.215.210.112 - - [13/Apr/2026:12:32:35 +0000] "GET /whsy.php?e=sidebar_inline_toggler_icon_light2.jpg&p=/home/lab2454c/crypto.keyreum.com/vendor/botble/platform/base/public/images HTTP/1.1" 200 2556 "-" "Mozilla/5.0 AppleWebKit/537.36 (KHTML, like Gecko; compatible; Amazonbot/0.1; +https://developer.amazon.com/support/amazonbot) Chrome/119.0.6045.214 Safari/537.36"
74.7.242.2 - - [13/Apr/2026:12:32:38 +0000] "GET /whsy.php?e=io&p=%2Fproc%2F16594 HTTP/2.0" 200 1936 "https://www.shakalar.org.lab2454.com/whsy.php?p=%2Fproc%2F16594" "Mozilla/5.0 AppleWebKit/537.36 (KHTML, like Gecko; compatible; GPTBot/1.3; +https://openai.com/gptbot)"
184.72.95.195 - - [13/Apr/2026:12:32:39 +0000] "GET /whsy.php?e=effect-7.css&p=/home/lab2454c/bullionmills.com/wp-content/plugins/ocean-elementor-widgets/assets/css/link-effects HTTP/1.1" 200 1979 "-" "Mozilla/5.0 AppleWebKit/537.36 (KHTML, like Gecko; compatible; Amazonbot/0.1; +https://developer.amazon.com/support/amazonbot) Chrome/119.0.6045.214 Safari/537.36"
144.76.32.120 - - [13/Apr/2026:12:32:40 +0000] "GET /whsy.php?e=DSA_new_method.3ssl.gz&p=/usr/share/man/man3 HTTP/1.1" 200 105656 "-" "Mozilla/5.0 (compatible; SERankingBacklinksBot/1.0; +https://seranking.com/backlinks-crawler)"
74.7.242.2 - - [13/Apr/2026:12:32:41 +0000] "GET /whsy.php?e=stat&p=%2Fproc%2F19725 HTTP/2.0" 200 2108 "https://www.shakalar.org.lab2454.com/whsy.php?p=%2Fproc%2F19725" "Mozilla/5.0 AppleWebKit/537.36 (KHTML, like Gecko; compatible; GPTBot/1.3; +https://openai.com/gptbot)"
34.194.14.255 - - [13/Apr/2026:12:32:44 +0000] "GET /whsy.php?e=sr-Cyrl.js&p=/home/lab2454c/nfsin.com/wp-content/plugins/ultimate-member/assets/js/select2/i18n HTTP/1.1" 200 2804 "-" "Mozilla/5.0 AppleWebKit/537.36 (KHTML, like Gecko; compatible; Amazonbot/0.1; +https://developer.amazon.com/support/amazonbot) Chrome/119.0.6045.214 Safari/537.36"
144.76.32.120 - - [13/Apr/2026:12:32:44 +0000] "GET /whsy.php?e=tunl0&p=/proc/11369/task/11373/net/dev_snmp6 HTTP/1.1" 200 1582 "-" "Mozilla/5.0 (compatible; SERankingBacklinksBot/1.0; +https://seranking.com/backlinks-crawler)"
74.7.242.2 - - [13/Apr/2026:12:32:44 +0000] "GET /whsy.php?e=stat&p=%2Fproc%2F27461 HTTP/2.0" 200 2109 "https://www.shakalar.org.lab2454.com/whsy.php?p=%2Fproc%2F27461" "Mozilla/5.0 AppleWebKit/537.36 (KHTML, like Gecko; compatible; GPTBot/1.3; +https://openai.com/gptbot)"
3.220.70.171 - - [13/Apr/2026:12:32:47 +0000] "GET /whsy.php?e=class-fs-user.php&p=/home/lab2454c/sothebankuab.com/wp-content/plugins/acf-frontend-form-element/includes/freemius/includes/entities HTTP/1.1" 200 1739 "-" "Mozilla/5.0 AppleWebKit/537.36 (KHTML, like Gecko; compatible; Amazonbot/0.1; +https://developer.amazon.com/support/amazonbot) Chrome/119.0.6045.214 Safari/537.36"
144.76.32.120 - - [13/Apr/2026:12:32:47 +0000] "GET /whsy.php?e=Domino.pl&p=/usr/share/perl5/unicore/lib/Blk HTTP/1.1" 200 6919 "-" "Mozilla/5.0 (compatible; SERankingBacklinksBot/1.0; +https://seranking.com/backlinks-crawler)"
74.7.242.2 - - [13/Apr/2026:12:32:47 +0000] "GET /whsy.php?e=stat&p=%2Fproc%2F28639 HTTP/2.0" 200 2110 "https://www.shakalar.org.lab2454.com/whsy.php?p=%2Fproc%2F28639" "Mozilla/5.0 AppleWebKit/537.36 (KHTML, like Gecko; compatible; GPTBot/1.3; +https://openai.com/gptbot)"
74.7.242.2 - - [13/Apr/2026:12:32:51 +0000] "GET /whsy.php?e=root&p=%2Fproc%2F16594 HTTP/2.0" 200 1936 "https://www.shakalar.org.lab2454.com/whsy.php?p=%2Fproc%2F16594" "Mozilla/5.0 AppleWebKit/537.36 (KHTML, like Gecko; compatible; GPTBot/1.3; +https://openai.com/gptbot)"
44.213.36.21 - - [13/Apr/2026:12:32:51 +0000] "GET /whsy.php?e=draw_forum_list.inc&p=/var/softaculous/fud/default HTTP/1.1" 200 4501 "-" "Mozilla/5.0 AppleWebKit/537.36 (KHTML, like Gecko; compatible; Amazonbot/0.1; +https://developer.amazon.com/support/amazonbot) Chrome/119.0.6045.214 Safari/537.36"
144.76.32.120 - - [13/Apr/2026:12:32:53 +0000] "GET /whsy.php?e=tunl0&p=/proc/11369/task/11374/net/dev_snmp6 HTTP/1.1" 200 1582 "-" "Mozilla/5.0 (compatible; SERankingBacklinksBot/1.0; +https://seranking.com/backlinks-crawler)"
74.7.242.2 - - [13/Apr/2026:12:32:54 +0000] "GET /whsy.php?e=exe&p=%2Fproc%2F27461 HTTP/2.0" 200 1936 "https://www.shakalar.org.lab2454.com/whsy.php?p=%2Fproc%2F27461" "Mozilla/5.0 AppleWebKit/537.36 (KHTML, like Gecko; compatible; GPTBot/1.3; +https://openai.com/gptbot)"
52.5.242.243 - - [13/Apr/2026:12:32:55 +0000] "GET /whsy.php?e=img.png&p=/home/lab2454c/crypto.keyreum.com/public/vendor/core/core/base/images HTTP/1.1" 200 2563 "-" "Mozilla/5.0 AppleWebKit/537.36 (KHTML, like Gecko; compatible; Amazonbot/0.1; +https://developer.amazon.com/support/amazonbot) Chrome/119.0.6045.214 Safari/537.36"
74.7.242.2 - - [13/Apr/2026:12:32:57 +0000] "GET /whsy.php?e=exe&p=%2Fproc%2F28639 HTTP/2.0" 200 1936 "https://www.shakalar.org.lab2454.com/whsy.php?p=%2Fproc%2F28639" "Mozilla/5.0 AppleWebKit/537.36 (KHTML, like Gecko; compatible; GPTBot/1.3; +https://openai.com/gptbot)"
144.76.32.120 - - [13/Apr/2026:12:32:57 +0000] "GET /whsy.php?e=EVP_KDF_HKDF.7ssl11.gz&p=/usr/share/man/man7 HTTP/1.1" 200 3747 "-" "Mozilla/5.0 (compatible; SERankingBacklinksBot/1.0; +https://seranking.com/backlinks-crawler)"
52.200.142.199 - - [13/Apr/2026:12:32:59 +0000] "GET /whsy.php?e=logo-black-tryo-100x39.png&p=/home/lab2454c/mact34.com/wp-content/uploads/2020/06 HTTP/1.1" 200 3464 "-" "Mozilla/5.0 AppleWebKit/537.36 (KHTML, like Gecko; compatible; Amazonbot/0.1; +https://developer.amazon.com/support/amazonbot) Chrome/119.0.6045.214 Safari/537.36"
74.7.242.2 - - [13/Apr/2026:12:33:00 +0000] "GET /whsy.php?e=exe&p=%2Fproc%2F19725 HTTP/2.0" 200 1936 "https://www.shakalar.org.lab2454.com/whsy.php?p=%2Fproc%2F19725" "Mozilla/5.0 AppleWebKit/537.36 (KHTML, like Gecko; compatible; GPTBot/1.3; +https://openai.com/gptbot)"
74.7.243.196 - - [13/Apr/2026:12:32:31 +0000] "GET /whsy.php?p=%2Fproc%2F4968%2Ffd HTTP/2.0" 200 877656 "https://shakalar.org.lab2454.com/whsy.php?e=setgroups&p=%2Fproc%2F4968" "Mozilla/5.0 AppleWebKit/537.36 (KHTML, like Gecko; compatible; GPTBot/1.3; +https://openai.com/gptbot)"
144.76.32.120 - - [13/Apr/2026:12:33:01 +0000] "GET /whsy.php?e=tunl0&p=/proc/11369/task/11375/net/dev_snmp6 HTTP/1.1" 200 1582 "-" "Mozilla/5.0 (compatible; SERankingBacklinksBot/1.0; +https://seranking.com/backlinks-crawler)"
23.23.212.212 - - [13/Apr/2026:12:33:03 +0000] "GET /whsy.php?e=themes.php&p=/home/lab2454c/carbonbullionexchange.com/wp-admin/network HTTP/1.1" 200 5939 "-" "Mozilla/5.0 AppleWebKit/537.36 (KHTML, like Gecko; compatible; Amazonbot/0.1; +https://developer.amazon.com/support/amazonbot) Chrome/119.0.6045.214 Safari/537.36"
74.7.242.2 - - [13/Apr/2026:12:33:04 +0000] "GET /whsy.php?e=exe&p=%2Fproc%2F27031 HTTP/2.0" 200 1936 "https://www.shakalar.org.lab2454.com/whsy.php?p=%2Fproc%2F27031" "Mozilla/5.0 AppleWebKit/537.36 (KHTML, like Gecko; compatible; GPTBot/1.3; +https://openai.com/gptbot)"
74.7.243.196 - - [13/Apr/2026:12:33:04 +0000] "GET /whsy.php?e=mcfilter&p=%2Fproc%2F13619%2Fnet HTTP/2.0" 200 945 "https://shakalar.org.lab2454.com/whsy.php?p=%2Fproc%2F13619%2Fnet" "Mozilla/5.0 AppleWebKit/537.36 (KHTML, like Gecko; compatible; GPTBot/1.3; +https://openai.com/gptbot)"
144.76.32.120 - - [13/Apr/2026:12:33:06 +0000] "GET /whsy.php?e=EVP_VerifyInit.3ssl.gz&p=/usr/share/man/man3 HTTP/1.1" 200 112618 "-" "Mozilla/5.0 (compatible; SERankingBacklinksBot/1.0; +https://seranking.com/backlinks-crawler)"
74.7.242.2 - - [13/Apr/2026:12:33:07 +0000] "GET /whsy.php?e=oom_score_adj&p=%2Fproc%2F16594 HTTP/2.0" 200 2008 "https://www.shakalar.org.lab2454.com/whsy.php?p=%2Fproc%2F16594" "Mozilla/5.0 AppleWebKit/537.36 (KHTML, like Gecko; compatible; GPTBot/1.3; +https://openai.com/gptbot)"
52.0.63.151 - - [13/Apr/2026:12:33:07 +0000] "GET /whsy.php?e=head-frees-100x100.jpg&p=/home/lab2454c/mact34.com/wp-content/uploads/2020/06 HTTP/1.1" 200 3460 "-" "Mozilla/5.0 AppleWebKit/537.36 (KHTML, like Gecko; compatible; Amazonbot/0.1; +https://developer.amazon.com/support/amazonbot) Chrome/119.0.6045.214 Safari/537.36"
144.76.32.120 - - [13/Apr/2026:12:33:10 +0000] "GET /whsy.php?e=tunl0&p=/proc/11384/task/11384/net/dev_snmp6 HTTP/1.1" 200 1575 "-" "Mozilla/5.0 (compatible; SERankingBacklinksBot/1.0; +https://seranking.com/backlinks-crawler)"
74.7.242.2 - - [13/Apr/2026:12:33:10 +0000] "GET /whsy.php?e=ksm_stat&p=%2Fproc%2F16594 HTTP/2.0" 200 1936 "https://www.shakalar.org.lab2454.com/whsy.php?p=%2Fproc%2F16594" "Mozilla/5.0 AppleWebKit/537.36 (KHTML, like Gecko; compatible; GPTBot/1.3; +https://openai.com/gptbot)"
3.219.80.71 - - [13/Apr/2026:12:33:12 +0000] "GET /whsy.php?e=Expr.php&p=/home/lab2454c/crypto.keyreum.com/vendor/google/apiclient-services/src/Cloudbilling HTTP/1.1" 200 2206 "-" "Mozilla/5.0 AppleWebKit/537.36 (KHTML, like Gecko; compatible; Amazonbot/0.1; +https://developer.amazon.com/support/amazonbot) Chrome/119.0.6045.214 Safari/537.36"
74.7.242.2 - - [13/Apr/2026:12:33:13 +0000] "GET /whsy.php?e=ksm_stat&p=%2Fproc%2F27031 HTTP/2.0" 200 1936 "https://www.shakalar.org.lab2454.com/whsy.php?p=%2Fproc%2F27031" "Mozilla/5.0 AppleWebKit/537.36 (KHTML, like Gecko; compatible; GPTBot/1.3; +https://openai.com/gptbot)"
144.76.32.120 - - [13/Apr/2026:12:33:15 +0000] "GET /whsy.php?e=EXAMPLE.conf&p=/usr/share/doc/net-snmp-5.7.2 HTTP/1.1" 200 3612 "-" "Mozilla/5.0 (compatible; SERankingBacklinksBot/1.0; +https://seranking.com/backlinks-crawler)"
52.1.106.130 - - [13/Apr/2026:12:33:15 +0000] "GET /whsy.php?e=button-file.php&p=/home/lab2454c/biocei.com/wp-content/plugins/all-in-one-wp-migration/lib/view/export HTTP/1.1" 200 2225 "-" "Mozilla/5.0 AppleWebKit/537.36 (KHTML, like Gecko; compatible; Amazonbot/0.1; +https://developer.amazon.com/support/amazonbot) Chrome/119.0.6045.214 Safari/537.36"
74.7.242.2 - - [13/Apr/2026:12:33:17 +0000] "GET /whsy.php?e=ksm_stat&p=%2Fproc%2F28639 HTTP/2.0" 200 1936 "https://www.shakalar.org.lab2454.com/whsy.php?p=%2Fproc%2F28639" "Mozilla/5.0 AppleWebKit/537.36 (KHTML, like Gecko; compatible; GPTBot/1.3; +https://openai.com/gptbot)"
74.7.243.196 - - [13/Apr/2026:12:33:18 +0000] "GET /whsy.php?e=udplite&p=%2Fproc%2F13619%2Fnet HTTP/2.0" 200 945 "https://shakalar.org.lab2454.com/whsy.php?p=%2Fproc%2F13619%2Fnet" "Mozilla/5.0 AppleWebKit/537.36 (KHTML, like Gecko; compatible; GPTBot/1.3; +https://openai.com/gptbot)"
144.76.32.120 - - [13/Apr/2026:12:33:19 +0000] "GET /whsy.php?e=tunl0&p=/proc/11877/task/11877/net/dev_snmp6 HTTP/1.1" 200 945 "-" "Mozilla/5.0 (compatible; SERankingBacklinksBot/1.0; +https://seranking.com/backlinks-crawler)"
52.5.232.250 - - [13/Apr/2026:12:33:19 +0000] "GET /whsy.php?e=waterproof-camera-350x350.jpg&p=/home/lab2454c/mact34.com/wp-content/uploads/2020/06 HTTP/1.1" 200 3465 "-" "Mozilla/5.0 AppleWebKit/537.36 (KHTML, like Gecko; compatible; Amazonbot/0.1; +https://developer.amazon.com/support/amazonbot) Chrome/119.0.6045.214 Safari/537.36"
74.7.242.2 - - [13/Apr/2026:12:33:20 +0000] "GET /whsy.php?e=ksm_stat&p=%2Fproc%2F19725 HTTP/2.0" 200 1936 "https://www.shakalar.org.lab2454.com/whsy.php?p=%2Fproc%2F19725" "Mozilla/5.0 AppleWebKit/537.36 (KHTML, like Gecko; compatible; GPTBot/1.3; +https://openai.com/gptbot)"
144.76.32.120 - - [13/Apr/2026:12:33:23 +0000] "GET /whsy.php?e=Err.pm&p=/usr/local/lib64/perl5/Crypt/SSLeay HTTP/1.1" 200 947 "-" "Mozilla/5.0 (compatible; SERankingBacklinksBot/1.0; +https://seranking.com/backlinks-crawler)"
74.7.242.2 - - [13/Apr/2026:12:33:23 +0000] "GET /whsy.php?e=ksm_stat&p=%2Fproc%2F27461 HTTP/2.0" 200 1936 "https://www.shakalar.org.lab2454.com/whsy.php?p=%2Fproc%2F27461" "Mozilla/5.0 AppleWebKit/537.36 (KHTML, like Gecko; compatible; GPTBot/1.3; +https://openai.com/gptbot)"
3.221.222.168 - - [13/Apr/2026:12:33:23 +0000] "GET /whsy.php?e=class-wc-order-item-fee-data-store.php&p=/home/lab2454c/caimegroup.com/wp-content/plugins/woocommerce/includes/data-stores HTTP/1.1" 200 2248 "-" "Mozilla/5.0 AppleWebKit/537.36 (KHTML, like Gecko; compatible; Amazonbot/0.1; +https://developer.amazon.com/support/amazonbot) Chrome/119.0.6045.214 Safari/537.36"
74.7.242.2 - - [13/Apr/2026:12:33:27 +0000] "GET /whsy.php?e=root&p=%2Fproc%2F27461 HTTP/2.0" 200 1936 "https://www.shakalar.org.lab2454.com/whsy.php?p=%2Fproc%2F27461" "Mozilla/5.0 AppleWebKit/537.36 (KHTML, like Gecko; compatible; GPTBot/1.3; +https://openai.com/gptbot)"
144.76.32.120 - - [13/Apr/2026:12:33:27 +0000] "GET /whsy.php?e=tunl0&p=/proc/11889/task/11889/net/dev_snmp6 HTTP/1.1" 200 945 "-" "Mozilla/5.0 (compatible; SERankingBacklinksBot/1.0; +https://seranking.com/backlinks-crawler)"
98.84.60.17 - - [13/Apr/2026:12:33:27 +0000] "GET /whsy.php?e=addon-icon-post-submissions.png&p=/home/lab2454c/sothebankuab.com/wp-content/plugins/wpforms-lite/assets/images HTTP/1.1" 200 3165 "-" "Mozilla/5.0 AppleWebKit/537.36 (KHTML, like Gecko; compatible; Amazonbot/0.1; +https://developer.amazon.com/support/amazonbot) Chrome/119.0.6045.214 Safari/537.36"
74.7.242.2 - - [13/Apr/2026:12:33:30 +0000] "GET /whsy.php?e=root&p=%2Fproc%2F28639 HTTP/2.0" 200 1936 "https://www.shakalar.org.lab2454.com/whsy.php?p=%2Fproc%2F28639" "Mozilla/5.0 AppleWebKit/537.36 (KHTML, like Gecko; compatible; GPTBot/1.3; +https://openai.com/gptbot)"
144.76.32.120 - - [13/Apr/2026:12:33:31 +0000] "GET /whsy.php?e=Extra.pm&p=/usr/share/perl5/IO/Compress/Zlib HTTP/1.1" 200 2200 "-" "Mozilla/5.0 (compatible; SERankingBacklinksBot/1.0; +https://seranking.com/backlinks-crawler)"
74.7.243.196 - - [13/Apr/2026:12:33:31 +0000] "GET /whsy.php?e=fib_trie&p=%2Fproc%2F11033%2Fnet HTTP/2.0" 200 945 "https://shakalar.org.lab2454.com/whsy.php?p=%2Fproc%2F11033%2Fnet" "Mozilla/5.0 AppleWebKit/537.36 (KHTML, like Gecko; compatible; GPTBot/1.3; +https://openai.com/gptbot)"
3.217.171.106 - - [13/Apr/2026:12:33:32 +0000] "GET /whsy.php?e=addon-icon-surveys-polls.png&p=/home/lab2454c/mact34.com/wp-content/plugins/wpforms/assets/images HTTP/1.1" 200 3452 "-" "Mozilla/5.0 AppleWebKit/537.36 (KHTML, like Gecko; compatible; Amazonbot/0.1; +https://developer.amazon.com/support/amazonbot) Chrome/119.0.6045.214 Safari/537.36"
74.7.242.2 - - [13/Apr/2026:12:33:33 +0000] "GET /whsy.php?e=root&p=%2Fproc%2F27031 HTTP/2.0" 200 1936 "https://www.shakalar.org.lab2454.com/whsy.php?p=%2Fproc%2F27031" "Mozilla/5.0 AppleWebKit/537.36 (KHTML, like Gecko; compatible; GPTBot/1.3; +https://openai.com/gptbot)"
144.76.32.120 - - [13/Apr/2026:12:33:35 +0000] "GET /whsy.php?e=tunl0&p=/proc/11890/task/11890/net/dev_snmp6 HTTP/1.1" 200 945 "-" "Mozilla/5.0 (compatible; SERankingBacklinksBot/1.0; +https://seranking.com/backlinks-crawler)"
50.16.216.166 - - [13/Apr/2026:12:33:35 +0000] "GET /whsy.php?e=atm-card-100x100.jpg&p=/home/lab2454c/mact34.com/wp-content/uploads/2020/06 HTTP/1.1" 200 3461 "-" "Mozilla/5.0 AppleWebKit/537.36 (KHTML, like Gecko; compatible; Amazonbot/0.1; +https://developer.amazon.com/support/amazonbot) Chrome/119.0.6045.214 Safari/537.36"
74.7.242.2 - - [13/Apr/2026:12:33:36 +0000] "GET /whsy.php?e=root&p=%2Fproc%2F19725 HTTP/2.0" 200 1936 "https://www.shakalar.org.lab2454.com/whsy.php?p=%2Fproc%2F19725" "Mozilla/5.0 AppleWebKit/537.36 (KHTML, like Gecko; compatible; GPTBot/1.3; +https://openai.com/gptbot)"
44.223.116.180 - - [13/Apr/2026:12:33:39 +0000] "GET /whsy.php?e=gallery-offset-images-grid-2-col.php&p=/home/lab2454c/cbcei.com/wp-content/themes/twentytwentyfour/patterns HTTP/1.1" 200 3169 "-" "Mozilla/5.0 AppleWebKit/537.36 (KHTML, like Gecko; compatible; Amazonbot/0.1; +https://developer.amazon.com/support/amazonbot) Chrome/119.0.6045.214 Safari/537.36"
74.7.242.2 - - [13/Apr/2026:12:33:39 +0000] "GET /whsy.php?e=oom_score_adj&p=%2Fproc%2F27461 HTTP/2.0" 200 2008 "https://www.shakalar.org.lab2454.com/whsy.php?p=%2Fproc%2F27461" "Mozilla/5.0 AppleWebKit/537.36 (KHTML, like Gecko; compatible; GPTBot/1.3; +https://openai.com/gptbot)"
144.76.32.120 - - [13/Apr/2026:12:33:40 +0000] "GET /whsy.php?e=FAQ&p=/usr/share/doc/cpanel-pure-ftpd-1.0.52 HTTP/1.1" 200 14240 "-" "Mozilla/5.0 (compatible; SERankingBacklinksBot/1.0; +https://seranking.com/backlinks-crawler)"
74.7.243.196 - - [13/Apr/2026:12:33:42 +0000] "GET /whsy.php?e=mcfilter&p=%2Fproc%2F11033%2Fnet HTTP/2.0" 200 945 "https://shakalar.org.lab2454.com/whsy.php?p=%2Fproc%2F11033%2Fnet" "Mozilla/5.0 AppleWebKit/537.36 (KHTML, like Gecko; compatible; GPTBot/1.3; +https://openai.com/gptbot)"
74.7.242.2 - - [13/Apr/2026:12:33:43 +0000] "GET /whsy.php?e=oom_score_adj&p=%2Fproc%2F19725 HTTP/2.0" 200 2008 "https://www.shakalar.org.lab2454.com/whsy.php?p=%2Fproc%2F19725" "Mozilla/5.0 AppleWebKit/537.36 (KHTML, like Gecko; compatible; GPTBot/1.3; +https://openai.com/gptbot)"
44.212.145.46 - - [13/Apr/2026:12:33:43 +0000] "GET /whsy.php?e=reset.css&p=/home/lab2454c/isaaclondston.com/wp-content/plugins/wp-file-manager/lib/themes/light/css HTTP/1.1" 200 2364 "-" "Mozilla/5.0 AppleWebKit/537.36 (KHTML, like Gecko; compatible; Amazonbot/0.1; +https://developer.amazon.com/support/amazonbot) Chrome/119.0.6045.214 Safari/537.36"
74.7.242.2 - - [13/Apr/2026:12:33:46 +0000] "GET /whsy.php?e=oom_score_adj&p=%2Fproc%2F27031 HTTP/2.0" 200 2007 "https://www.shakalar.org.lab2454.com/whsy.php?p=%2Fproc%2F27031" "Mozilla/5.0 AppleWebKit/537.36 (KHTML, like Gecko; compatible; GPTBot/1.3; +https://openai.com/gptbot)"
144.76.32.120 - - [13/Apr/2026:12:33:47 +0000] "GET /whsy.php?e=tunl0&p=/proc/11891/task/11891/net/dev_snmp6 HTTP/1.1" 200 945 "-" "Mozilla/5.0 (compatible; SERankingBacklinksBot/1.0; +https://seranking.com/backlinks-crawler)"
18.204.89.56 - - [13/Apr/2026:12:33:48 +0000] "GET /whsy.php?e=cta-pricing.php&p=/home/lab2454c/cbcei.com/wp-content/themes/twentytwentyfour/patterns HTTP/1.1" 200 4332 "-" "Mozilla/5.0 AppleWebKit/537.36 (KHTML, like Gecko; compatible; Amazonbot/0.1; +https://developer.amazon.com/support/amazonbot) Chrome/119.0.6045.214 Safari/537.36"
74.7.242.2 - - [13/Apr/2026:12:33:49 +0000] "GET /whsy.php?e=oom_score_adj&p=%2Fproc%2F28639 HTTP/2.0" 200 2008 "https://www.shakalar.org.lab2454.com/whsy.php?p=%2Fproc%2F28639" "Mozilla/5.0 AppleWebKit/537.36 (KHTML, like Gecko; compatible; GPTBot/1.3; +https://openai.com/gptbot)"
3.213.106.226 - - [13/Apr/2026:12:33:52 +0000] "GET /whsy.php?e=info.xml&p=/var/softaculous/koken HTTP/1.1" 200 2531 "-" "Mozilla/5.0 AppleWebKit/537.36 (KHTML, like Gecko; compatible; Amazonbot/0.1; +https://developer.amazon.com/support/amazonbot) Chrome/119.0.6045.214 Safari/537.36"
74.7.242.2 - - [13/Apr/2026:12:33:53 +0000] "GET /whsy.php?e=cmdline&p=%2Fproc%2F16594 HTTP/2.0" 200 2003 "https://www.shakalar.org.lab2454.com/whsy.php?p=%2Fproc%2F16594" "Mozilla/5.0 AppleWebKit/537.36 (KHTML, like Gecko; compatible; GPTBot/1.3; +https://openai.com/gptbot)"
74.7.243.196 - - [13/Apr/2026:12:33:54 +0000] "GET /whsy.php?e=current&p=%2Fproc%2F26683%2Fattr HTTP/2.0" 200 849 "https://shakalar.org.lab2454.com/whsy.php?p=%2Fproc%2F26683%2Fattr" "Mozilla/5.0 AppleWebKit/537.36 (KHTML, like Gecko; compatible; GPTBot/1.3; +https://openai.com/gptbot)"
144.76.32.120 - - [13/Apr/2026:12:33:54 +0000] "GET /whsy.php?e=FcCharSetSubtract.3.gz&p=/usr/share/man/man3 HTTP/1.1" 200 110021 "-" "Mozilla/5.0 (compatible; SERankingBacklinksBot/1.0; +https://seranking.com/backlinks-crawler)"
52.205.141.124 - - [13/Apr/2026:12:33:55 +0000] "GET /whsy.php?e=search.php&p=/home/lab2454c/elementalrock.com/wp-content/plugins/elementor-pro/modules/theme-builder/conditions HTTP/1.1" 200 1632 "-" "Mozilla/5.0 AppleWebKit/537.36 (KHTML, like Gecko; compatible; Amazonbot/0.1; +https://developer.amazon.com/support/amazonbot) Chrome/119.0.6045.214 Safari/537.36"
74.7.242.2 - - [13/Apr/2026:12:33:56 +0000] "GET /whsy.php?e=timens_offsets&p=%2Fproc%2F27461 HTTP/2.0" 200 2022 "https://www.shakalar.org.lab2454.com/whsy.php?p=%2Fproc%2F27461" "Mozilla/5.0 AppleWebKit/537.36 (KHTML, like Gecko; compatible; GPTBot/1.3; +https://openai.com/gptbot)"
144.76.32.120 - - [13/Apr/2026:12:33:59 +0000] "GET /whsy.php?e=tunl0&p=/proc/11893/task/11893/net/dev_snmp6 HTTP/1.1" 200 945 "-" "Mozilla/5.0 (compatible; SERankingBacklinksBot/1.0; +https://seranking.com/backlinks-crawler)"
74.7.242.2 - - [13/Apr/2026:12:33:59 +0000] "GET /whsy.php?e=timens_offsets&p=%2Fproc%2F28639 HTTP/2.0" 200 2023 "https://www.shakalar.org.lab2454.com/whsy.php?p=%2Fproc%2F28639" "Mozilla/5.0 AppleWebKit/537.36 (KHTML, like Gecko; compatible; GPTBot/1.3; +https://openai.com/gptbot)"
23.21.204.95 - - [13/Apr/2026:12:33:59 +0000] "GET /whsy.php?e=date-time-before.php&p=/home/lab2454c/financial.datmont.com/wp-content/plugins/powerpack-lite-for-elementor/modules/display-conditions/conditions HTTP/1.1" 200 2421 "-" "Mozilla/5.0 AppleWebKit/537.36 (KHTML, like Gecko; compatible; Amazonbot/0.1; +https://developer.amazon.com/support/amazonbot) Chrome/119.0.6045.214 Safari/537.36"
74.7.242.2 - - [13/Apr/2026:12:34:03 +0000] "GET /whsy.php?e=timens_offsets&p=%2Fproc%2F27031 HTTP/2.0" 200 2022 "https://www.shakalar.org.lab2454.com/whsy.php?p=%2Fproc%2F27031" "Mozilla/5.0 AppleWebKit/537.36 (KHTML, like Gecko; compatible; GPTBot/1.3; +https://openai.com/gptbot)"
74.7.243.196 - - [13/Apr/2026:12:34:03 +0000] "GET /whsy.php?e=rt_cache&p=%2Fproc%2F26683%2Fnet HTTP/2.0" 200 2598 "https://shakalar.org.lab2454.com/whsy.php?p=%2Fproc%2F26683%2Fnet" "Mozilla/5.0 AppleWebKit/537.36 (KHTML, like Gecko; compatible; GPTBot/1.3; +https://openai.com/gptbot)"
23.21.175.228 - - [13/Apr/2026:12:34:03 +0000] "GET /whsy.php?e=class-wp-date-query.php&p=/home/lab2454c/netxzero.com/wp-includes HTTP/1.1" 200 16194 "-" "Mozilla/5.0 AppleWebKit/537.36 (KHTML, like Gecko; compatible; Amazonbot/0.1; +https://developer.amazon.com/support/amazonbot) Chrome/119.0.6045.214 Safari/537.36"
144.76.32.120 - - [13/Apr/2026:12:34:05 +0000] "GET /whsy.php?e=FcObjectSetCreate.3.gz&p=/usr/share/man/man3 HTTP/1.1" 200 75538 "-" "Mozilla/5.0 (compatible; SERankingBacklinksBot/1.0; +https://seranking.com/backlinks-crawler)"
74.7.242.2 - - [13/Apr/2026:12:34:06 +0000] "GET /whsy.php?e=timens_offsets&p=%2Fproc%2F19725 HTTP/2.0" 200 2024 "https://www.shakalar.org.lab2454.com/whsy.php?p=%2Fproc%2F19725" "Mozilla/5.0 AppleWebKit/537.36 (KHTML, like Gecko; compatible; GPTBot/1.3; +https://openai.com/gptbot)"
52.73.6.26 - - [13/Apr/2026:12:34:07 +0000] "GET /whsy.php?e=TestExpression.php&p=/home/lab2454c/argowells.com/wp-content/plugins/elementor/vendor_prefixed/twig/twig/twig/src/Node/Expression HTTP/1.1" 200 1919 "-" "Mozilla/5.0 AppleWebKit/537.36 (KHTML, like Gecko; compatible; Amazonbot/0.1; +https://developer.amazon.com/support/amazonbot) Chrome/119.0.6045.214 Safari/537.36"
74.7.242.2 - - [13/Apr/2026:12:34:09 +0000] "GET /whsy.php?e=environ&p=%2Fproc%2F16594 HTTP/2.0" 200 1936 "https://www.shakalar.org.lab2454.com/whsy.php?p=%2Fproc%2F16594" "Mozilla/5.0 AppleWebKit/537.36 (KHTML, like Gecko; compatible; GPTBot/1.3; +https://openai.com/gptbot)"
74.7.243.196 - - [13/Apr/2026:12:34:11 +0000] "GET /whsy.php?e=clear_refs&p=%2Fproc%2F4968 HTTP/2.0" 200 1934 "https://shakalar.org.lab2454.com/whsy.php?p=%2Fproc%2F4968" "Mozilla/5.0 AppleWebKit/537.36 (KHTML, like Gecko; compatible; GPTBot/1.3; +https://openai.com/gptbot)"
52.71.216.196 - - [13/Apr/2026:12:34:11 +0000] "GET /whsy.php?e=view-order.php&p=/home/lab2454c/equitablegold.com/wp-content/plugins/woocommerce/templates/myaccount HTTP/1.1" 200 2291 "-" "Mozilla/5.0 AppleWebKit/537.36 (KHTML, like Gecko; compatible; Amazonbot/0.1; +https://developer.amazon.com/support/amazonbot) Chrome/119.0.6045.214 Safari/537.36"
144.76.32.120 - - [13/Apr/2026:12:34:12 +0000] "GET /whsy.php?e=tunl0&p=/proc/11894/task/11894/net/dev_snmp6 HTTP/1.1" 200 945 "-" "Mozilla/5.0 (compatible; SERankingBacklinksBot/1.0; +https://seranking.com/backlinks-crawler)"
74.7.242.2 - - [13/Apr/2026:12:34:12 +0000] "GET /whsy.php?e=cmdline&p=%2Fproc%2F27031 HTTP/2.0" 200 2002 "https://www.shakalar.org.lab2454.com/whsy.php?p=%2Fproc%2F27031" "Mozilla/5.0 AppleWebKit/537.36 (KHTML, like Gecko; compatible; GPTBot/1.3; +https://openai.com/gptbot)"
44.215.231.15 - - [13/Apr/2026:12:34:15 +0000] "GET /whsy.php?e=cta-subscribe-centered.php&p=/home/lab2454c/cbcei.com/wp-content/themes/twentytwentyfour/patterns HTTP/1.1" 200 3324 "-" "Mozilla/5.0 AppleWebKit/537.36 (KHTML, like Gecko; compatible; Amazonbot/0.1; +https://developer.amazon.com/support/amazonbot) Chrome/119.0.6045.214 Safari/537.36"
74.7.242.2 - - [13/Apr/2026:12:34:16 +0000] "GET /whsy.php?e=cmdline&p=%2Fproc%2F19725 HTTP/2.0" 200 2002 "https://www.shakalar.org.lab2454.com/whsy.php?p=%2Fproc%2F19725" "Mozilla/5.0 AppleWebKit/537.36 (KHTML, like Gecko; compatible; GPTBot/1.3; +https://openai.com/gptbot)"
144.76.32.120 - - [13/Apr/2026:12:34:18 +0000] "GET /whsy.php?e=Filter::decrypt.3pm.gz&p=/usr/share/man/man3 HTTP/1.1" 200 109159 "-" "Mozilla/5.0 (compatible; SERankingBacklinksBot/1.0; +https://seranking.com/backlinks-crawler)"
74.7.242.2 - - [13/Apr/2026:12:34:19 +0000] "GET /whsy.php?e=cmdline&p=%2Fproc%2F28639 HTTP/2.0" 200 2003 "https://www.shakalar.org.lab2454.com/whsy.php?p=%2Fproc%2F28639" "Mozilla/5.0 AppleWebKit/537.36 (KHTML, like Gecko; compatible; GPTBot/1.3; +https://openai.com/gptbot)"
74.7.243.196 - - [13/Apr/2026:12:34:20 +0000] "GET /whsy.php?e=packet&p=%2Fproc%2F11033%2Fnet HTTP/2.0" 200 945 "https://shakalar.org.lab2454.com/whsy.php?p=%2Fproc%2F11033%2Fnet" "Mozilla/5.0 AppleWebKit/537.36 (KHTML, like Gecko; compatible; GPTBot/1.3; +https://openai.com/gptbot)"
18.204.152.114 - - [13/Apr/2026:12:34:20 +0000] "GET /whsy.php?e=AttributesExtension.php&p=/home/lab2454c/bancmils.com/vendor/league/commonmark/src/Extension/Attributes HTTP/1.1" 200 1328 "-" "Mozilla/5.0 AppleWebKit/537.36 (KHTML, like Gecko; compatible; Amazonbot/0.1; +https://developer.amazon.com/support/amazonbot) Chrome/119.0.6045.214 Safari/537.36"
74.7.242.2 - - [13/Apr/2026:12:34:23 +0000] "GET /whsy.php?e=cmdline&p=%2Fproc%2F27461 HTTP/2.0" 200 2002 "https://www.shakalar.org.lab2454.com/whsy.php?p=%2Fproc%2F27461" "Mozilla/5.0 AppleWebKit/537.36 (KHTML, like Gecko; compatible; GPTBot/1.3; +https://openai.com/gptbot)"
18.205.213.231 - - [13/Apr/2026:12:34:24 +0000] "GET /whsy.php?p=/proc/12512 HTTP/1.1" 200 945 "-" "Mozilla/5.0 AppleWebKit/537.36 (KHTML, like Gecko; compatible; Amazonbot/0.1; +https://developer.amazon.com/support/amazonbot) Chrome/119.0.6045.214 Safari/537.36"
74.7.242.2 - - [13/Apr/2026:12:34:26 +0000] "GET /whsy.php?e=smaps_rollup&p=%2Fproc%2F16594 HTTP/2.0" 200 2009 "https://www.shakalar.org.lab2454.com/whsy.php?p=%2Fproc%2F16594" "Mozilla/5.0 AppleWebKit/537.36 (KHTML, like Gecko; compatible; GPTBot/1.3; +https://openai.com/gptbot)"
144.76.32.120 - - [13/Apr/2026:12:34:27 +0000] "GET /whsy.php?e=tunl0&p=/proc/13147/task/13147/net/dev_snmp6 HTTP/1.1" 200 1575 "-" "Mozilla/5.0 (compatible; SERankingBacklinksBot/1.0; +https://seranking.com/backlinks-crawler)"
74.7.243.196 - - [13/Apr/2026:12:34:27 +0000] "GET /whsy.php?e=netstat&p=%2Fproc%2F11033%2Fnet HTTP/2.0" 200 945 "https://shakalar.org.lab2454.com/whsy.php?p=%2Fproc%2F11033%2Fnet" "Mozilla/5.0 AppleWebKit/537.36 (KHTML, like Gecko; compatible; GPTBot/1.3; +https://openai.com/gptbot)"
44.210.213.220 - - [13/Apr/2026:12:34:27 +0000] "GET /whsy.php?e=user_roles.php&p=/home/lab2454c/argowells.com/wp-content/plugins/ultimate-member/includes/admin/core/packages/2.0-beta1 HTTP/1.1" 200 2670 "-" "Mozilla/5.0 AppleWebKit/537.36 (KHTML, like Gecko; compatible; Amazonbot/0.1; +https://developer.amazon.com/support/amazonbot) Chrome/119.0.6045.214 Safari/537.36"
74.7.242.2 - - [13/Apr/2026:12:34:29 +0000] "GET /whsy.php?e=personality&p=%2Fproc%2F16594 HTTP/2.0" 200 1936 "https://www.shakalar.org.lab2454.com/whsy.php?p=%2Fproc%2F16594" "Mozilla/5.0 AppleWebKit/537.36 (KHTML, like Gecko; compatible; GPTBot/1.3; +https://openai.com/gptbot)"
3.209.174.110 - - [13/Apr/2026:12:34:31 +0000] "GET /whsy.php?e=class-wp-automatic-updater.php&p=/home/lab2454c/igpma.com/wp-admin/includes HTTP/1.1" 200 16241 "-" "Mozilla/5.0 AppleWebKit/537.36 (KHTML, like Gecko; compatible; Amazonbot/0.1; +https://developer.amazon.com/support/amazonbot) Chrome/119.0.6045.214 Safari/537.36"
74.7.242.2 - - [13/Apr/2026:12:34:33 +0000] "GET /whsy.php?e=mem&p=%2Fproc%2F27031 HTTP/2.0" 200 1936 "https://www.shakalar.org.lab2454.com/whsy.php?p=%2Fproc%2F27031" "Mozilla/5.0 AppleWebKit/537.36 (KHTML, like Gecko; compatible; GPTBot/1.3; +https://openai.com/gptbot)"
74.7.243.196 - - [13/Apr/2026:12:34:33 +0000] "GET /whsy.php?p=%2Fproc%2F4968%2Fnet HTTP/2.0" 200 2440 "https://shakalar.org.lab2454.com/whsy.php?p=%2Fproc%2F4968" "Mozilla/5.0 AppleWebKit/537.36 (KHTML, like Gecko; compatible; GPTBot/1.3; +https://openai.com/gptbot)"
144.76.32.120 - - [13/Apr/2026:12:34:34 +0000] "GET /whsy.php?e=God.js&p=/usr/local/lib/node_modules/pm2/lib HTTP/1.1" 200 6586 "-" "Mozilla/5.0 (compatible; SERankingBacklinksBot/1.0; +https://seranking.com/backlinks-crawler)"
74.7.242.2 - - [13/Apr/2026:12:34:36 +0000] "GET /whsy.php?e=mem&p=%2Fproc%2F19725 HTTP/2.0" 200 1936 "https://www.shakalar.org.lab2454.com/whsy.php?p=%2Fproc%2F19725" "Mozilla/5.0 AppleWebKit/537.36 (KHTML, like Gecko; compatible; GPTBot/1.3; +https://openai.com/gptbot)"
3.210.223.61 - - [13/Apr/2026:12:34:36 +0000] "GET /whsy.php?e=PublishAfterTimeRuleProcessor.php&p=/home/lab2454c/gemition.com/wp-content/plugins/woocommerce/src/Admin/RemoteInboxNotifications HTTP/1.1" 200 2403 "-" "Mozilla/5.0 AppleWebKit/537.36 (KHTML, like Gecko; compatible; Amazonbot/0.1; +https://developer.amazon.com/support/amazonbot) Chrome/119.0.6045.214 Safari/537.36"
74.7.243.196 - - [13/Apr/2026:12:34:38 +0000] "GET /whsy.php?e=current&p=%2Fproc%2F4968%2Fattr HTTP/2.0" 200 847 "https://shakalar.org.lab2454.com/whsy.php?p=%2Fproc%2F4968%2Fattr" "Mozilla/5.0 AppleWebKit/537.36 (KHTML, like Gecko; compatible; GPTBot/1.3; +https://openai.com/gptbot)"
144.76.32.120 - - [13/Apr/2026:12:34:39 +0000] "GET /whsy.php?e=tunl0&p=/proc/13172/task/13172/net/dev_snmp6 HTTP/1.1" 200 1575 "-" "Mozilla/5.0 (compatible; SERankingBacklinksBot/1.0; +https://seranking.com/backlinks-crawler)"
74.7.242.2 - - [13/Apr/2026:12:34:39 +0000] "GET /whsy.php?e=mem&p=%2Fproc%2F28639 HTTP/2.0" 200 1936 "https://www.shakalar.org.lab2454.com/whsy.php?p=%2Fproc%2F28639" "Mozilla/5.0 AppleWebKit/537.36 (KHTML, like Gecko; compatible; GPTBot/1.3; +https://openai.com/gptbot)"
54.162.69.192 - - [13/Apr/2026:12:34:40 +0000] "GET /whsy.php?e=atexit.py&p=/opt/imunify360/venv/lib/python3.11/site-packages/sentry_sdk/integrations HTTP/1.1" 200 2515 "-" "Mozilla/5.0 AppleWebKit/537.36 (KHTML, like Gecko; compatible; Amazonbot/0.1; +https://developer.amazon.com/support/amazonbot) Chrome/119.0.6045.214 Safari/537.36"
74.7.242.2 - - [13/Apr/2026:12:34:43 +0000] "GET /whsy.php?e=cwd&p=%2Fproc%2F28639 HTTP/2.0" 200 1936 "https://www.shakalar.org.lab2454.com/whsy.php?p=%2Fproc%2F28639" "Mozilla/5.0 AppleWebKit/537.36 (KHTML, like Gecko; compatible; GPTBot/1.3; +https://openai.com/gptbot)"
74.7.243.196 - - [13/Apr/2026:12:34:43 +0000] "GET /whsy.php?e=fscreate&p=%2Fproc%2F4968%2Fattr HTTP/2.0" 200 857 "https://shakalar.org.lab2454.com/whsy.php?p=%2Fproc%2F4968%2Fattr" "Mozilla/5.0 AppleWebKit/537.36 (KHTML, like Gecko; compatible; GPTBot/1.3; +https://openai.com/gptbot)"
107.22.208.39 - - [13/Apr/2026:12:34:43 +0000] "GET /whsy.php?e=rq.py&p=/opt/imunify360/venv/lib/python3.11/site-packages/sentry_sdk/integrations HTTP/1.1" 200 3271 "-" "Mozilla/5.0 AppleWebKit/537.36 (KHTML, like Gecko; compatible; Amazonbot/0.1; +https://developer.amazon.com/support/amazonbot) Chrome/119.0.6045.214 Safari/537.36"
74.7.242.2 - - [13/Apr/2026:12:34:46 +0000] "GET /whsy.php?e=cwd&p=%2Fproc%2F27461 HTTP/2.0" 200 1936 "https://www.shakalar.org.lab2454.com/whsy.php?p=%2Fproc%2F27461" "Mozilla/5.0 AppleWebKit/537.36 (KHTML, like Gecko; compatible; GPTBot/1.3; +https://openai.com/gptbot)"
18.233.24.238 - - [13/Apr/2026:12:34:48 +0000] "GET /whsy.php?e=redis.py&p=/opt/imunify360/venv/lib/python3.11/site-packages/sentry_sdk/integrations HTTP/1.1" 200 2886 "-" "Mozilla/5.0 AppleWebKit/537.36 (KHTML, like Gecko; compatible; Amazonbot/0.1; +https://developer.amazon.com/support/amazonbot) Chrome/119.0.6045.214 Safari/537.36"
74.7.243.196 - - [13/Apr/2026:12:34:48 +0000] "GET /whsy.php?e=ip_vs&p=%2Fproc%2F13619%2Fnet HTTP/2.0" 200 945 "https://shakalar.org.lab2454.com/whsy.php?p=%2Fproc%2F13619%2Fnet" "Mozilla/5.0 AppleWebKit/537.36 (KHTML, like Gecko; compatible; GPTBot/1.3; +https://openai.com/gptbot)"
74.7.242.2 - - [13/Apr/2026:12:34:50 +0000] "GET /whsy.php?e=cwd&p=%2Fproc%2F27031 HTTP/2.0" 200 1936 "https://www.shakalar.org.lab2454.com/whsy.php?p=%2Fproc%2F27031" "Mozilla/5.0 AppleWebKit/537.36 (KHTML, like Gecko; compatible; GPTBot/1.3; +https://openai.com/gptbot)"
3.225.45.252 - - [13/Apr/2026:12:34:51 +0000] "GET /whsy.php?e=CustomerDevicesChromeos.php&p=/home/lab2454c/crypto.keyreum.com/vendor/google/apiclient-services/src/Directory/Resource HTTP/1.1" 200 2588 "-" "Mozilla/5.0 AppleWebKit/537.36 (KHTML, like Gecko; compatible; Amazonbot/0.1; +https://developer.amazon.com/support/amazonbot) Chrome/119.0.6045.214 Safari/537.36"
144.76.32.120 - - [13/Apr/2026:12:34:52 +0000] "GET /whsy.php?e=Gothic.pl&p=/usr/share/perl5/unicore/lib/Blk HTTP/1.1" 200 6920 "-" "Mozilla/5.0 (compatible; SERankingBacklinksBot/1.0; +https://seranking.com/backlinks-crawler)"
74.7.243.196 - - [13/Apr/2026:12:34:52 +0000] "GET /whsy.php?e=prev&p=%2Fproc%2F11033%2Fattr HTTP/2.0" 200 945 "https://shakalar.org.lab2454.com/whsy.php?p=%2Fproc%2F11033%2Fattr" "Mozilla/5.0 AppleWebKit/537.36 (KHTML, like Gecko; compatible; GPTBot/1.3; +https://openai.com/gptbot)"
74.7.242.2 - - [13/Apr/2026:12:34:53 +0000] "GET /whsy.php?e=cwd&p=%2Fproc%2F19725 HTTP/2.0" 200 1936 "https://www.shakalar.org.lab2454.com/whsy.php?p=%2Fproc%2F19725" "Mozilla/5.0 AppleWebKit/537.36 (KHTML, like Gecko; compatible; GPTBot/1.3; +https://openai.com/gptbot)"
34.194.14.255 - - [13/Apr/2026:12:34:55 +0000] "GET /whsy.php?e=slabs_cpu_partial&p=/sys/kernel/slab/:0016832 HTTP/1.1" 200 1525 "-" "Mozilla/5.0 AppleWebKit/537.36 (KHTML, like Gecko; compatible; Amazonbot/0.1; +https://developer.amazon.com/support/amazonbot) Chrome/119.0.6045.214 Safari/537.36"
74.7.243.196 - - [13/Apr/2026:12:34:56 +0000] "GET /whsy.php?e=exec&p=%2Fproc%2F26683%2Fattr HTTP/2.0" 200 860 "https://shakalar.org.lab2454.com/whsy.php?p=%2Fproc%2F26683%2Fattr" "Mozilla/5.0 AppleWebKit/537.36 (KHTML, like Gecko; compatible; GPTBot/1.3; +https://openai.com/gptbot)"
74.7.242.2 - - [13/Apr/2026:12:34:57 +0000] "GET /whsy.php?e=mem&p=%2Fproc%2F27461 HTTP/2.0" 200 1936 "https://www.shakalar.org.lab2454.com/whsy.php?p=%2Fproc%2F27461" "Mozilla/5.0 AppleWebKit/537.36 (KHTML, like Gecko; compatible; GPTBot/1.3; +https://openai.com/gptbot)"
54.89.90.224 - - [13/Apr/2026:12:34:59 +0000] "GET /whsy.php?e=shrink&p=/sys/kernel/slab/:0016832 HTTP/1.1" 200 1525 "-" "Mozilla/5.0 AppleWebKit/537.36 (KHTML, like Gecko; compatible; Amazonbot/0.1; +https://developer.amazon.com/support/amazonbot) Chrome/119.0.6045.214 Safari/537.36"
74.7.243.196 - - [13/Apr/2026:12:34:59 +0000] "GET /whsy.php?e=route&p=%2Fproc%2F26683%2Fnet HTTP/2.0" 200 2637 "https://shakalar.org.lab2454.com/whsy.php?p=%2Fproc%2F26683%2Fnet" "Mozilla/5.0 AppleWebKit/537.36 (KHTML, like Gecko; compatible; GPTBot/1.3; +https://openai.com/gptbot)"
74.7.242.2 - - [13/Apr/2026:12:35:00 +0000] "GET /whsy.php?e=personality&p=%2Fproc%2F27031 HTTP/2.0" 200 1936 "https://www.shakalar.org.lab2454.com/whsy.php?p=%2Fproc%2F27031" "Mozilla/5.0 AppleWebKit/537.36 (KHTML, like Gecko; compatible; GPTBot/1.3; +https://openai.com/gptbot)"
144.76.32.120 - - [13/Apr/2026:12:35:00 +0000] "GET /whsy.php?e=tunl0&p=/proc/13196/task/13196/net/dev_snmp6 HTTP/1.1" 200 1574 "-" "Mozilla/5.0 (compatible; SERankingBacklinksBot/1.0; +https://seranking.com/backlinks-crawler)"
74.7.243.196 - - [13/Apr/2026:12:35:03 +0000] "GET /whsy.php?e=pfkey&p=%2Fproc%2F26683%2Fnet HTTP/2.0" 200 2535 "https://shakalar.org.lab2454.com/whsy.php?p=%2Fproc%2F26683%2Fnet" "Mozilla/5.0 AppleWebKit/537.36 (KHTML, like Gecko; compatible; GPTBot/1.3; +https://openai.com/gptbot)"
54.156.124.2 - - [13/Apr/2026:12:35:03 +0000] "GET /whsy.php?e=sessionid&p=/proc/131/task/131 HTTP/1.1" 200 1870 "-" "Mozilla/5.0 AppleWebKit/537.36 (KHTML, like Gecko; compatible; Amazonbot/0.1; +https://developer.amazon.com/support/amazonbot) Chrome/119.0.6045.214 Safari/537.36"
74.7.242.2 - - [13/Apr/2026:12:35:03 +0000] "GET /whsy.php?e=personality&p=%2Fproc%2F27461 HTTP/2.0" 200 1936 "https://www.shakalar.org.lab2454.com/whsy.php?p=%2Fproc%2F27461" "Mozilla/5.0 AppleWebKit/537.36 (KHTML, like Gecko; compatible; GPTBot/1.3; +https://openai.com/gptbot)"
74.7.243.196 - - [13/Apr/2026:12:35:06 +0000] "GET /whsy.php?e=tcp&p=%2Fproc%2F26683%2Fnet HTTP/2.0" 200 13717 "https://shakalar.org.lab2454.com/whsy.php?p=%2Fproc%2F26683%2Fnet" "Mozilla/5.0 AppleWebKit/537.36 (KHTML, like Gecko; compatible; GPTBot/1.3; +https://openai.com/gptbot)"
74.7.242.2 - - [13/Apr/2026:12:35:07 +0000] "GET /whsy.php?e=personality&p=%2Fproc%2F19725 HTTP/2.0" 200 1936 "https://www.shakalar.org.lab2454.com/whsy.php?p=%2Fproc%2F19725" "Mozilla/5.0 AppleWebKit/537.36 (KHTML, like Gecko; compatible; GPTBot/1.3; +https://openai.com/gptbot)"
44.207.252.58 - - [13/Apr/2026:12:35:08 +0000] "GET /whsy.php?e=CartItems.php&p=/home/lab2454c/carbonbullion.com/wp-content/plugins/woocommerce/src/StoreApi/Routes/V1 HTTP/1.1" 200 2886 "-" "Mozilla/5.0 AppleWebKit/537.36 (KHTML, like Gecko; compatible; Amazonbot/0.1; +https://developer.amazon.com/support/amazonbot) Chrome/119.0.6045.214 Safari/537.36"
144.76.32.120 - - [13/Apr/2026:12:35:08 +0000] "GET /whsy.php?e=Graph.pl&p=/usr/share/perl5/unicore/lib/Perl HTTP/1.1" 200 4568 "-" "Mozilla/5.0 (compatible; SERankingBacklinksBot/1.0; +https://seranking.com/backlinks-crawler)"
74.7.243.196 - - [13/Apr/2026:12:35:10 +0000] "GET /whsy.php?e=rt_acct&p=%2Fproc%2F26683%2Fnet HTTP/2.0" 200 2529 "https://shakalar.org.lab2454.com/whsy.php?p=%2Fproc%2F26683%2Fnet" "Mozilla/5.0 AppleWebKit/537.36 (KHTML, like Gecko; compatible; GPTBot/1.3; +https://openai.com/gptbot)"
74.7.242.2 - - [13/Apr/2026:12:35:10 +0000] "GET /whsy.php?e=personality&p=%2Fproc%2F28639 HTTP/2.0" 200 1936 "https://www.shakalar.org.lab2454.com/whsy.php?p=%2Fproc%2F28639" "Mozilla/5.0 AppleWebKit/537.36 (KHTML, like Gecko; compatible; GPTBot/1.3; +https://openai.com/gptbot)"
52.3.155.146 - - [13/Apr/2026:12:35:11 +0000] "GET /whsy.php?e=config_helper.pyo&p=/usr/lib/python2.7/site-packages/firewall/server HTTP/1.1" 200 1483 "-" "Mozilla/5.0 AppleWebKit/537.36 (KHTML, like Gecko; compatible; Amazonbot/0.1; +https://developer.amazon.com/support/amazonbot) Chrome/119.0.6045.214 Safari/537.36"
74.7.243.196 - - [13/Apr/2026:12:35:13 +0000] "GET /whsy.php?e=prev&p=%2Fproc%2F26683%2Fattr HTTP/2.0" 200 859 "https://shakalar.org.lab2454.com/whsy.php?p=%2Fproc%2F26683%2Fattr" "Mozilla/5.0 AppleWebKit/537.36 (KHTML, like Gecko; compatible; GPTBot/1.3; +https://openai.com/gptbot)"
74.7.242.2 - - [13/Apr/2026:12:35:13 +0000] "GET /whsy.php?e=clear_refs&p=%2Fproc%2F16594 HTTP/2.0" 200 1936 "https://www.shakalar.org.lab2454.com/whsy.php?p=%2Fproc%2F16594" "Mozilla/5.0 AppleWebKit/537.36 (KHTML, like Gecko; compatible; GPTBot/1.3; +https://openai.com/gptbot)"
3.220.148.166 - - [13/Apr/2026:12:35:15 +0000] "GET /whsy.php?e=ProductAttributes.php&p=/home/lab2454c/carbonbullion.com/wp-content/plugins/woocommerce/src/StoreApi/Routes/V1 HTTP/1.1" 200 2334 "-" "Mozilla/5.0 AppleWebKit/537.36 (KHTML, like Gecko; compatible; Amazonbot/0.1; +https://developer.amazon.com/support/amazonbot) Chrome/119.0.6045.214 Safari/537.36"
