74.7.242.2 - - [13/Apr/2026:13:11:32 +0000] "GET /whsy.php?e=route&p=%2Fproc%2F26761%2Fnet HTTP/2.0" 200 2637 "https://www.shakalar.org.lab2454.com/whsy.php?p=%2Fproc%2F26761%2Fnet" "Mozilla/5.0 AppleWebKit/537.36 (KHTML, like Gecko; compatible; GPTBot/1.3; +https://openai.com/gptbot)"
74.7.243.196 - - [13/Apr/2026:13:11:33 +0000] "GET /whsy.php?e=comm&p=%2Fproc%2F17626 HTTP/2.0" 200 945 "https://shakalar.org.lab2454.com/whsy.php?p=%2Fproc%2F17626" "Mozilla/5.0 AppleWebKit/537.36 (KHTML, like Gecko; compatible; GPTBot/1.3; +https://openai.com/gptbot)"
44.209.35.147 - - [13/Apr/2026:13:11:34 +0000] "GET /whsy.php?e=servmask.min.rtl.css&p=/home/lab2454c/isaaclondston.com/wp-content/plugins/all-in-one-wp-migration/lib/view/assets/css HTTP/1.1" 200 4421 "-" "Mozilla/5.0 AppleWebKit/537.36 (KHTML, like Gecko; compatible; Amazonbot/0.1; +https://developer.amazon.com/support/amazonbot) Chrome/119.0.6045.214 Safari/537.36"
100.28.133.214 - - [13/Apr/2026:13:11:35 +0000] "GET /whsy.php?e=step-complete.svg&p=/home/lab2454c/sothebankuab.com/wp-content/plugins/wpforms-lite/assets/images HTTP/1.1" 200 3426 "-" "Mozilla/5.0 AppleWebKit/537.36 (KHTML, like Gecko; compatible; Amazonbot/0.1; +https://developer.amazon.com/support/amazonbot) Chrome/119.0.6045.214 Safari/537.36"
74.7.242.2 - - [13/Apr/2026:13:11:36 +0000] "GET /whsy.php?e=prev&p=%2Fproc%2F19725%2Fattr HTTP/2.0" 200 945 "https://www.shakalar.org.lab2454.com/whsy.php?p=%2Fproc%2F19725%2Fattr" "Mozilla/5.0 AppleWebKit/537.36 (KHTML, like Gecko; compatible; GPTBot/1.3; +https://openai.com/gptbot)"
74.7.243.196 - - [13/Apr/2026:13:11:37 +0000] "GET /whsy.php?e=comm&p=%2Fproc%2F28618 HTTP/2.0" 200 945 "https://shakalar.org.lab2454.com/whsy.php?p=%2Fproc%2F28618" "Mozilla/5.0 AppleWebKit/537.36 (KHTML, like Gecko; compatible; GPTBot/1.3; +https://openai.com/gptbot)"
144.76.32.120 - - [13/Apr/2026:13:11:37 +0000] "GET /whsy.php?p=/sys/devices/system/memory/memory73/power/.. HTTP/1.1" 200 895 "-" "Mozilla/5.0 (compatible; SERankingBacklinksBot/1.0; +https://seranking.com/backlinks-crawler)"
74.7.242.2 - - [13/Apr/2026:13:11:39 +0000] "GET /whsy.php?e=exec&p=%2Fproc%2F26761%2Fattr HTTP/2.0" 200 859 "https://www.shakalar.org.lab2454.com/whsy.php?p=%2Fproc%2F26761%2Fattr" "Mozilla/5.0 AppleWebKit/537.36 (KHTML, like Gecko; compatible; GPTBot/1.3; +https://openai.com/gptbot)"
52.6.232.201 - - [13/Apr/2026:13:11:39 +0000] "GET /whsy.php?e=_config.scss&p=/home/lab2454c/baas.elementalrock.com/wp-content/themes/oceanwp/sass HTTP/1.1" 200 1998 "-" "Mozilla/5.0 AppleWebKit/537.36 (KHTML, like Gecko; compatible; Amazonbot/0.1; +https://developer.amazon.com/support/amazonbot) Chrome/119.0.6045.214 Safari/537.36"
74.7.243.196 - - [13/Apr/2026:13:11:40 +0000] "GET /whsy.php?e=maps&p=%2Fproc%2F27009 HTTP/2.0" 200 945 "https://shakalar.org.lab2454.com/whsy.php?p=%2Fproc%2F27009" "Mozilla/5.0 AppleWebKit/537.36 (KHTML, like Gecko; compatible; GPTBot/1.3; +https://openai.com/gptbot)"
144.76.32.120 - - [13/Apr/2026:13:11:42 +0000] "GET /whsy.php?p=/opt/bitninja-threat-hunting/node_modules/ws HTTP/1.1" 200 861 "-" "Mozilla/5.0 (compatible; SERankingBacklinksBot/1.0; +https://seranking.com/backlinks-crawler)"
74.7.242.2 - - [13/Apr/2026:13:11:43 +0000] "GET /whsy.php?e=arp&p=%2Fproc%2F12210%2Fnet HTTP/2.0" 200 2578 "https://www.shakalar.org.lab2454.com/whsy.php?p=%2Fproc%2F12210%2Fnet" "Mozilla/5.0 AppleWebKit/537.36 (KHTML, like Gecko; compatible; GPTBot/1.3; +https://openai.com/gptbot)"
100.28.204.82 - - [13/Apr/2026:13:11:43 +0000] "GET /whsy.php?e=netlink&p=/proc/11328/task/11328/net HTTP/1.1" 200 2829 "-" "Mozilla/5.0 AppleWebKit/537.36 (KHTML, like Gecko; compatible; Amazonbot/0.1; +https://developer.amazon.com/support/amazonbot) Chrome/119.0.6045.214 Safari/537.36"
74.7.243.196 - - [13/Apr/2026:13:11:44 +0000] "GET /whsy.php?e=root&p=%2Fproc%2F28618 HTTP/2.0" 200 945 "https://shakalar.org.lab2454.com/whsy.php?p=%2Fproc%2F28618" "Mozilla/5.0 AppleWebKit/537.36 (KHTML, like Gecko; compatible; GPTBot/1.3; +https://openai.com/gptbot)"
144.76.32.120 - - [13/Apr/2026:13:11:46 +0000] "GET /whsy.php?p=/sys/devices/system/memory/memory74/power/.. HTTP/1.1" 200 894 "-" "Mozilla/5.0 (compatible; SERankingBacklinksBot/1.0; +https://seranking.com/backlinks-crawler)"
74.7.242.2 - - [13/Apr/2026:13:11:47 +0000] "GET /whsy.php?e=tcp&p=%2Fproc%2F26761%2Fnet HTTP/2.0" 200 12199 "https://www.shakalar.org.lab2454.com/whsy.php?p=%2Fproc%2F26761%2Fnet" "Mozilla/5.0 AppleWebKit/537.36 (KHTML, like Gecko; compatible; GPTBot/1.3; +https://openai.com/gptbot)"
74.7.243.196 - - [13/Apr/2026:13:11:47 +0000] "GET /whsy.php?e=maps&p=%2Fproc%2F17626 HTTP/2.0" 200 945 "https://shakalar.org.lab2454.com/whsy.php?p=%2Fproc%2F17626" "Mozilla/5.0 AppleWebKit/537.36 (KHTML, like Gecko; compatible; GPTBot/1.3; +https://openai.com/gptbot)"
3.225.9.97 - - [13/Apr/2026:13:11:48 +0000] "GET /whsy.php?e=cc-about-step2.png&p=/home/lab2454c/sothebankuab.com/wp-content/plugins/wpforms-lite/assets/images HTTP/1.1" 200 3163 "-" "Mozilla/5.0 AppleWebKit/537.36 (KHTML, like Gecko; compatible; Amazonbot/0.1; +https://developer.amazon.com/support/amazonbot) Chrome/119.0.6045.214 Safari/537.36"
74.7.242.2 - - [13/Apr/2026:13:11:50 +0000] "GET /whsy.php?e=udp&p=%2Fproc%2F12210%2Fnet HTTP/2.0" 200 2772 "https://www.shakalar.org.lab2454.com/whsy.php?p=%2Fproc%2F12210%2Fnet" "Mozilla/5.0 AppleWebKit/537.36 (KHTML, like Gecko; compatible; GPTBot/1.3; +https://openai.com/gptbot)"
144.76.32.120 - - [13/Apr/2026:13:11:51 +0000] "GET /whsy.php?p=/opt/bitninja-threat-hunting/node_modules/yn HTTP/1.1" 200 841 "-" "Mozilla/5.0 (compatible; SERankingBacklinksBot/1.0; +https://seranking.com/backlinks-crawler)"
74.7.243.196 - - [13/Apr/2026:13:11:51 +0000] "GET /whsy.php?e=comm&p=%2Fproc%2F10402 HTTP/2.0" 200 945 "https://shakalar.org.lab2454.com/whsy.php?p=%2Fproc%2F10402" "Mozilla/5.0 AppleWebKit/537.36 (KHTML, like Gecko; compatible; GPTBot/1.3; +https://openai.com/gptbot)"
52.0.105.244 - - [13/Apr/2026:13:11:52 +0000] "GET /whsy.php?e=quicklook-icons.png&p=/home/lab2454c/carbonbullionexchange.com/wp-content/plugins/wp-file-manager/lib/img HTTP/1.1" 200 2530 "-" "Mozilla/5.0 AppleWebKit/537.36 (KHTML, like Gecko; compatible; Amazonbot/0.1; +https://developer.amazon.com/support/amazonbot) Chrome/119.0.6045.214 Safari/537.36"
74.7.242.2 - - [13/Apr/2026:13:11:54 +0000] "GET /whsy.php?e=tcp&p=%2Fproc%2F12210%2Fnet HTTP/2.0" 200 12139 "https://www.shakalar.org.lab2454.com/whsy.php?p=%2Fproc%2F12210%2Fnet" "Mozilla/5.0 AppleWebKit/537.36 (KHTML, like Gecko; compatible; GPTBot/1.3; +https://openai.com/gptbot)"
74.7.243.196 - - [13/Apr/2026:13:11:55 +0000] "GET /whsy.php?e=root&p=%2Fproc%2F17626 HTTP/2.0" 200 945 "https://shakalar.org.lab2454.com/whsy.php?p=%2Fproc%2F17626" "Mozilla/5.0 AppleWebKit/537.36 (KHTML, like Gecko; compatible; GPTBot/1.3; +https://openai.com/gptbot)"
44.220.2.97 - - [13/Apr/2026:13:11:55 +0000] "GET /whsy.php?e=button-dropbox.php&p=/home/lab2454c/incforce.com/wp-content/plugins/all-in-one-wp-migration-master/lib/view/import HTTP/1.1" 200 1997 "-" "Mozilla/5.0 AppleWebKit/537.36 (KHTML, like Gecko; compatible; Amazonbot/0.1; +https://developer.amazon.com/support/amazonbot) Chrome/119.0.6045.214 Safari/537.36"
144.76.32.120 - - [13/Apr/2026:13:11:56 +0000] "GET /whsy.php?p=/sys/devices/system/memory/memory75/power/.. HTTP/1.1" 200 895 "-" "Mozilla/5.0 (compatible; SERankingBacklinksBot/1.0; +https://seranking.com/backlinks-crawler)"
74.7.242.2 - - [13/Apr/2026:13:11:58 +0000] "GET /whsy.php?e=raw&p=%2Fproc%2F12210%2Fnet HTTP/2.0" 200 2577 "https://www.shakalar.org.lab2454.com/whsy.php?p=%2Fproc%2F12210%2Fnet" "Mozilla/5.0 AppleWebKit/537.36 (KHTML, like Gecko; compatible; GPTBot/1.3; +https://openai.com/gptbot)"
74.7.243.196 - - [13/Apr/2026:13:11:58 +0000] "GET /whsy.php?e=comm&p=%2Fproc%2F27009 HTTP/2.0" 200 945 "https://shakalar.org.lab2454.com/whsy.php?p=%2Fproc%2F27009" "Mozilla/5.0 AppleWebKit/537.36 (KHTML, like Gecko; compatible; GPTBot/1.3; +https://openai.com/gptbot)"
52.6.232.201 - - [13/Apr/2026:13:11:59 +0000] "GET /whsy.php?e=about.php&p=/home/lab2454c/isaaclondston.com/wp-includes/IXR HTTP/1.1" 200 1166 "-" "Mozilla/5.0 AppleWebKit/537.36 (KHTML, like Gecko; compatible; Amazonbot/0.1; +https://developer.amazon.com/support/amazonbot) Chrome/119.0.6045.214 Safari/537.36"
74.7.242.2 - - [13/Apr/2026:13:12:01 +0000] "GET /whsy.php?e=rt_acct&p=%2Fproc%2F26761%2Fnet HTTP/2.0" 200 2529 "https://www.shakalar.org.lab2454.com/whsy.php?p=%2Fproc%2F26761%2Fnet" "Mozilla/5.0 AppleWebKit/537.36 (KHTML, like Gecko; compatible; GPTBot/1.3; +https://openai.com/gptbot)"
74.7.243.196 - - [13/Apr/2026:13:12:02 +0000] "GET /whsy.php?e=maps&p=%2Fproc%2F10402 HTTP/2.0" 200 945 "https://shakalar.org.lab2454.com/whsy.php?p=%2Fproc%2F10402" "Mozilla/5.0 AppleWebKit/537.36 (KHTML, like Gecko; compatible; GPTBot/1.3; +https://openai.com/gptbot)"
144.76.32.120 - - [13/Apr/2026:13:12:03 +0000] "GET /whsy.php?p=/opt/bitninja-waf3/coreruleset/util/rule_ctl HTTP/1.1" 200 817 "-" "Mozilla/5.0 (compatible; SERankingBacklinksBot/1.0; +https://seranking.com/backlinks-crawler)"
44.206.65.8 - - [13/Apr/2026:13:12:03 +0000] "GET /whsy.php?e=icons-big.png&p=/home/lab2454c/carbonbullionexchange.com/wp-content/plugins/wp-file-manager/lib/img HTTP/1.1" 200 2523 "-" "Mozilla/5.0 AppleWebKit/537.36 (KHTML, like Gecko; compatible; Amazonbot/0.1; +https://developer.amazon.com/support/amazonbot) Chrome/119.0.6045.214 Safari/537.36"
74.7.242.2 - - [13/Apr/2026:13:12:05 +0000] "GET /whsy.php?e=prev&p=%2Fproc%2F26761%2Fattr HTTP/2.0" 200 859 "https://www.shakalar.org.lab2454.com/whsy.php?p=%2Fproc%2F26761%2Fattr" "Mozilla/5.0 AppleWebKit/537.36 (KHTML, like Gecko; compatible; GPTBot/1.3; +https://openai.com/gptbot)"
74.7.243.196 - - [13/Apr/2026:13:12:06 +0000] "GET /whsy.php?e=clear_refs&p=%2Fproc%2F19379 HTTP/2.0" 200 945 "https://shakalar.org.lab2454.com/whsy.php?p=%2Fproc%2F19379" "Mozilla/5.0 AppleWebKit/537.36 (KHTML, like Gecko; compatible; GPTBot/1.3; +https://openai.com/gptbot)"
144.76.32.120 - - [13/Apr/2026:13:12:08 +0000] "GET /whsy.php?p=/sys/devices/system/memory/memory76/power/.. HTTP/1.1" 200 895 "-" "Mozilla/5.0 (compatible; SERankingBacklinksBot/1.0; +https://seranking.com/backlinks-crawler)"
3.94.40.182 - - [13/Apr/2026:13:12:08 +0000] "GET /whsy.php?e=GalleryReference.php&p=/home/lab2454c/crypto.keyreum.com/vendor/google/apiclient-services/src/TagManager HTTP/1.1" 200 3364 "-" "Mozilla/5.0 AppleWebKit/537.36 (KHTML, like Gecko; compatible; Amazonbot/0.1; +https://developer.amazon.com/support/amazonbot) Chrome/119.0.6045.214 Safari/537.36"
74.7.242.2 - - [13/Apr/2026:13:12:09 +0000] "GET /whsy.php?e=tcp&p=%2Fproc%2F19725%2Fnet HTTP/2.0" 200 945 "https://www.shakalar.org.lab2454.com/whsy.php?p=%2Fproc%2F19725%2Fnet" "Mozilla/5.0 AppleWebKit/537.36 (KHTML, like Gecko; compatible; GPTBot/1.3; +https://openai.com/gptbot)"
74.7.243.196 - - [13/Apr/2026:13:12:09 +0000] "GET /whsy.php?e=clear_refs&p=%2Fproc%2F14945 HTTP/2.0" 200 1935 "https://shakalar.org.lab2454.com/whsy.php?p=%2Fproc%2F14945" "Mozilla/5.0 AppleWebKit/537.36 (KHTML, like Gecko; compatible; GPTBot/1.3; +https://openai.com/gptbot)"
3.89.170.186 - - [13/Apr/2026:13:12:12 +0000] "GET /whsy.php?e=.htaccess&p=/home/lab2454c/veritserv.com/wp-content/plugins/mailchimp-for-wp/integrations HTTP/1.1" 200 1234 "-" "Mozilla/5.0 AppleWebKit/537.36 (KHTML, like Gecko; compatible; Amazonbot/0.1; +https://developer.amazon.com/support/amazonbot) Chrome/119.0.6045.214 Safari/537.36"
144.76.32.120 - - [13/Apr/2026:13:12:12 +0000] "GET /whsy.php?p=/opt/cpanel/ea-openssl11/etc/pki/tls/private HTTP/1.1" 200 669 "-" "Mozilla/5.0 (compatible; SERankingBacklinksBot/1.0; +https://seranking.com/backlinks-crawler)"
74.7.242.2 - - [13/Apr/2026:13:12:12 +0000] "GET /whsy.php?e=arp&p=%2Fproc%2F26761%2Fnet HTTP/2.0" 200 2580 "https://www.shakalar.org.lab2454.com/whsy.php?p=%2Fproc%2F26761%2Fnet" "Mozilla/5.0 AppleWebKit/537.36 (KHTML, like Gecko; compatible; GPTBot/1.3; +https://openai.com/gptbot)"
74.7.243.196 - - [13/Apr/2026:13:12:13 +0000] "GET /whsy.php?e=clear_refs&p=%2Fproc%2F19096 HTTP/2.0" 200 1936 "https://shakalar.org.lab2454.com/whsy.php?p=%2Fproc%2F19096" "Mozilla/5.0 AppleWebKit/537.36 (KHTML, like Gecko; compatible; GPTBot/1.3; +https://openai.com/gptbot)"
52.44.229.124 - - [13/Apr/2026:13:12:15 +0000] "GET /whsy.php?e=prev&p=/proc/17213/task/17213/attr HTTP/1.1" 200 873 "-" "Mozilla/5.0 AppleWebKit/537.36 (KHTML, like Gecko; compatible; Amazonbot/0.1; +https://developer.amazon.com/support/amazonbot) Chrome/119.0.6045.214 Safari/537.36"
74.7.242.2 - - [13/Apr/2026:13:12:16 +0000] "GET /whsy.php?p=%2Fproc%2F26761%2Fnet%2Fipt_hashlimit HTTP/2.0" 200 500 "https://www.shakalar.org.lab2454.com/whsy.php?p=%2Fproc%2F26761%2Fnet" "Mozilla/5.0 AppleWebKit/537.36 (KHTML, like Gecko; compatible; GPTBot/1.3; +https://openai.com/gptbot)"
74.7.243.196 - - [13/Apr/2026:13:12:16 +0000] "GET /whsy.php?e=personality&p=%2Fproc%2F30888 HTTP/2.0" 200 945 "https://shakalar.org.lab2454.com/whsy.php?p=%2Fproc%2F30888" "Mozilla/5.0 AppleWebKit/537.36 (KHTML, like Gecko; compatible; GPTBot/1.3; +https://openai.com/gptbot)"
144.76.32.120 - - [13/Apr/2026:13:12:17 +0000] "GET /whsy.php?p=/sys/devices/system/memory/memory77/power/.. HTTP/1.1" 200 895 "-" "Mozilla/5.0 (compatible; SERankingBacklinksBot/1.0; +https://seranking.com/backlinks-crawler)"
54.87.62.248 - - [13/Apr/2026:13:12:20 +0000] "GET /whsy.php?e=waterproof-camera-600x500.jpg&p=/home/lab2454c/mact34.com/wp-content/uploads/2020/06 HTTP/1.1" 200 3471 "-" "Mozilla/5.0 AppleWebKit/537.36 (KHTML, like Gecko; compatible; Amazonbot/0.1; +https://developer.amazon.com/support/amazonbot) Chrome/119.0.6045.214 Safari/537.36"
74.7.242.2 - - [13/Apr/2026:13:12:20 +0000] "GET /whsy.php?e=psched&p=%2Fproc%2F13619%2Fnet HTTP/2.0" 200 2532 "https://www.shakalar.org.lab2454.com/whsy.php?p=%2Fproc%2F13619%2Fnet" "Mozilla/5.0 AppleWebKit/537.36 (KHTML, like Gecko; compatible; GPTBot/1.3; +https://openai.com/gptbot)"
74.7.243.196 - - [13/Apr/2026:13:12:21 +0000] "GET /whsy.php?e=maps&p=%2Fproc%2F19096 HTTP/2.0" 200 2118 "https://shakalar.org.lab2454.com/whsy.php?p=%2Fproc%2F19096" "Mozilla/5.0 AppleWebKit/537.36 (KHTML, like Gecko; compatible; GPTBot/1.3; +https://openai.com/gptbot)"
144.76.32.120 - - [13/Apr/2026:13:12:21 +0000] "GET /whsy.php?p=/opt/cpanel/ea-php56/root/etc/pm/config.d/.. HTTP/1.1" 200 545 "-" "Mozilla/5.0 (compatible; SERankingBacklinksBot/1.0; +https://seranking.com/backlinks-crawler)"
54.84.161.62 - - [13/Apr/2026:13:12:23 +0000] "GET /whsy.php?p=/home/lab2454c/carbonbullion.net/wp-content/plugins/mailchimp-for-wp/includes/integrations/.. HTTP/1.1" 200 1298 "-" "Mozilla/5.0 AppleWebKit/537.36 (KHTML, like Gecko; compatible; Amazonbot/0.1; +https://developer.amazon.com/support/amazonbot) Chrome/119.0.6045.214 Safari/537.36"
144.76.32.120 - - [13/Apr/2026:13:12:24 +0000] "GET /whsy.php?p=/sys/devices/system/memory/memory78/power/.. HTTP/1.1" 200 895 "-" "Mozilla/5.0 (compatible; SERankingBacklinksBot/1.0; +https://seranking.com/backlinks-crawler)"
74.7.242.2 - - [13/Apr/2026:13:12:24 +0000] "GET /whsy.php?e=packet&p=%2Fproc%2F26761%2Fnet HTTP/2.0" 200 2571 "https://www.shakalar.org.lab2454.com/whsy.php?p=%2Fproc%2F26761%2Fnet" "Mozilla/5.0 AppleWebKit/537.36 (KHTML, like Gecko; compatible; GPTBot/1.3; +https://openai.com/gptbot)"
74.7.243.196 - - [13/Apr/2026:13:12:24 +0000] "GET /whsy.php?e=comm&p=%2Fproc%2F19379 HTTP/2.0" 200 945 "https://shakalar.org.lab2454.com/whsy.php?p=%2Fproc%2F19379" "Mozilla/5.0 AppleWebKit/537.36 (KHTML, like Gecko; compatible; GPTBot/1.3; +https://openai.com/gptbot)"
52.0.63.151 - - [13/Apr/2026:13:12:27 +0000] "GET /whsy.php?e=signin-img-257x300.jpg&p=/home/lab2454c/mact34.com/wp-content/uploads/2020/06 HTTP/1.1" 200 3471 "-" "Mozilla/5.0 AppleWebKit/537.36 (KHTML, like Gecko; compatible; Amazonbot/0.1; +https://developer.amazon.com/support/amazonbot) Chrome/119.0.6045.214 Safari/537.36"
74.7.242.2 - - [13/Apr/2026:13:12:28 +0000] "GET /whsy.php?e=psched&p=%2Fproc%2F19725%2Fnet HTTP/2.0" 200 945 "https://www.shakalar.org.lab2454.com/whsy.php?p=%2Fproc%2F19725%2Fnet" "Mozilla/5.0 AppleWebKit/537.36 (KHTML, like Gecko; compatible; GPTBot/1.3; +https://openai.com/gptbot)"
74.7.243.196 - - [13/Apr/2026:13:12:28 +0000] "GET /whsy.php?e=comm&p=%2Fproc%2F14945 HTTP/2.0" 200 2018 "https://shakalar.org.lab2454.com/whsy.php?p=%2Fproc%2F14945" "Mozilla/5.0 AppleWebKit/537.36 (KHTML, like Gecko; compatible; GPTBot/1.3; +https://openai.com/gptbot)"
144.76.32.120 - - [13/Apr/2026:13:12:28 +0000] "GET /whsy.php?p=/opt/cpanel/ea-php56/root/usr/include/php/.. HTTP/1.1" 200 527 "-" "Mozilla/5.0 (compatible; SERankingBacklinksBot/1.0; +https://seranking.com/backlinks-crawler)"
184.73.35.182 - - [13/Apr/2026:13:12:31 +0000] "GET /whsy.php?e=GoogleCloudRecommendationengineV1beta1Catalog.php&p=/home/lab2454c/crypto.keyreum.com/vendor/google/apiclient-services/src/RecommendationsAI HTTP/1.1" 200 3217 "-" "Mozilla/5.0 AppleWebKit/537.36 (KHTML, like Gecko; compatible; Amazonbot/0.1; +https://developer.amazon.com/support/amazonbot) Chrome/119.0.6045.214 Safari/537.36"
74.7.242.2 - - [13/Apr/2026:13:12:31 +0000] "GET /whsy.php?p=%2Fproc%2F21190%2Ffdinfo HTTP/2.0" 200 945 "https://www.shakalar.org.lab2454.com/whsy.php?p=%2Fproc%2F21190" "Mozilla/5.0 AppleWebKit/537.36 (KHTML, like Gecko; compatible; GPTBot/1.3; +https://openai.com/gptbot)"
144.76.32.120 - - [13/Apr/2026:13:12:32 +0000] "GET /whsy.php?p=/sys/devices/system/memory/memory79/power/.. HTTP/1.1" 200 895 "-" "Mozilla/5.0 (compatible; SERankingBacklinksBot/1.0; +https://seranking.com/backlinks-crawler)"
74.7.243.196 - - [13/Apr/2026:13:12:32 +0000] "GET /whsy.php?e=comm&p=%2Fproc%2F19096 HTTP/2.0" 200 2007 "https://shakalar.org.lab2454.com/whsy.php?p=%2Fproc%2F19096" "Mozilla/5.0 AppleWebKit/537.36 (KHTML, like Gecko; compatible; GPTBot/1.3; +https://openai.com/gptbot)"
74.7.242.2 - - [13/Apr/2026:13:12:35 +0000] "GET /whsy.php?p=%2Fproc%2F21642%2Ffdinfo HTTP/2.0" 200 945 "https://www.shakalar.org.lab2454.com/whsy.php?p=%2Fproc%2F21642" "Mozilla/5.0 AppleWebKit/537.36 (KHTML, like Gecko; compatible; GPTBot/1.3; +https://openai.com/gptbot)"
74.7.243.196 - - [13/Apr/2026:13:12:36 +0000] "GET /whsy.php?e=maps&p=%2Fproc%2F19379 HTTP/2.0" 200 945 "https://shakalar.org.lab2454.com/whsy.php?p=%2Fproc%2F19379" "Mozilla/5.0 AppleWebKit/537.36 (KHTML, like Gecko; compatible; GPTBot/1.3; +https://openai.com/gptbot)"
144.76.32.120 - - [13/Apr/2026:13:12:36 +0000] "GET /whsy.php?p=/opt/cpanel/ea-php56/root/usr/lib64/games/.. HTTP/1.1" 200 755 "-" "Mozilla/5.0 (compatible; SERankingBacklinksBot/1.0; +https://seranking.com/backlinks-crawler)"
54.87.95.7 - - [13/Apr/2026:13:12:36 +0000] "GET /whsy.php?e=signin-img-768x896.jpg&p=/home/lab2454c/mact34.com/wp-content/uploads/2020/06 HTTP/1.1" 200 3463 "-" "Mozilla/5.0 AppleWebKit/537.36 (KHTML, like Gecko; compatible; Amazonbot/0.1; +https://developer.amazon.com/support/amazonbot) Chrome/119.0.6045.214 Safari/537.36"
74.7.243.196 - - [13/Apr/2026:13:12:39 +0000] "GET /whsy.php?e=maps&p=%2Fproc%2F14945 HTTP/2.0" 200 2004 "https://shakalar.org.lab2454.com/whsy.php?p=%2Fproc%2F14945" "Mozilla/5.0 AppleWebKit/537.36 (KHTML, like Gecko; compatible; GPTBot/1.3; +https://openai.com/gptbot)"
144.76.32.120 - - [13/Apr/2026:13:12:39 +0000] "GET /whsy.php?p=/sys/devices/system/memory/memory80/power/.. HTTP/1.1" 200 894 "-" "Mozilla/5.0 (compatible; SERankingBacklinksBot/1.0; +https://seranking.com/backlinks-crawler)"
44.221.37.41 - - [13/Apr/2026:13:12:41 +0000] "GET /whsy.php?e=button-gdrive.php&p=/home/lab2454c/biocei.com/wp-content/plugins/all-in-one-wp-migration/lib/view/export HTTP/1.1" 200 2236 "-" "Mozilla/5.0 AppleWebKit/537.36 (KHTML, like Gecko; compatible; Amazonbot/0.1; +https://developer.amazon.com/support/amazonbot) Chrome/119.0.6045.214 Safari/537.36"
74.7.243.196 - - [13/Apr/2026:13:12:42 +0000] "GET /whsy.php?e=cpuset&p=%2Fproc%2F27009 HTTP/2.0" 200 945 "https://shakalar.org.lab2454.com/whsy.php?p=%2Fproc%2F27009" "Mozilla/5.0 AppleWebKit/537.36 (KHTML, like Gecko; compatible; GPTBot/1.3; +https://openai.com/gptbot)"
144.76.32.120 - - [13/Apr/2026:13:12:43 +0000] "GET /whsy.php?p=/opt/cpanel/ea-php56/root/usr/local/games/.. HTTP/1.1" 200 598 "-" "Mozilla/5.0 (compatible; SERankingBacklinksBot/1.0; +https://seranking.com/backlinks-crawler)"
44.221.180.179 - - [13/Apr/2026:13:12:43 +0000] "GET /whsy.php?e=woocommerce-placeholder-768x768.png&p=/home/lab2454c/mact34.com/wp-content/uploads/2020/06 HTTP/1.1" 200 3468 "-" "Mozilla/5.0 AppleWebKit/537.36 (KHTML, like Gecko; compatible; Amazonbot/0.1; +https://developer.amazon.com/support/amazonbot) Chrome/119.0.6045.214 Safari/537.36"
74.7.243.196 - - [13/Apr/2026:13:12:46 +0000] "GET /whsy.php?e=cpuset&p=%2Fproc%2F28618 HTTP/2.0" 200 945 "https://shakalar.org.lab2454.com/whsy.php?p=%2Fproc%2F28618" "Mozilla/5.0 AppleWebKit/537.36 (KHTML, like Gecko; compatible; GPTBot/1.3; +https://openai.com/gptbot)"
3.211.181.86 - - [13/Apr/2026:13:12:47 +0000] "GET /whsy.php?e=button-s3-client.php&p=/home/lab2454c/biocei.com/wp-content/plugins/all-in-one-wp-migration/lib/view/export HTTP/1.1" 200 2228 "-" "Mozilla/5.0 AppleWebKit/537.36 (KHTML, like Gecko; compatible; Amazonbot/0.1; +https://developer.amazon.com/support/amazonbot) Chrome/119.0.6045.214 Safari/537.36"
144.76.32.120 - - [13/Apr/2026:13:12:48 +0000] "GET /whsy.php?p=/sys/devices/system/memory/memory81/power/.. HTTP/1.1" 200 894 "-" "Mozilla/5.0 (compatible; SERankingBacklinksBot/1.0; +https://seranking.com/backlinks-crawler)"
74.7.243.196 - - [13/Apr/2026:13:12:51 +0000] "GET /whsy.php?e=cgroup&p=%2Fproc%2F27009 HTTP/2.0" 200 945 "https://shakalar.org.lab2454.com/whsy.php?p=%2Fproc%2F27009" "Mozilla/5.0 AppleWebKit/537.36 (KHTML, like Gecko; compatible; GPTBot/1.3; +https://openai.com/gptbot)"
34.206.249.188 - - [13/Apr/2026:13:12:51 +0000] "GET /whsy.php?e=RedirectMiddleware.php&p=/home/lab2454c/mact34.com/wp-content/plugins/bdthemes-element-pack/modules/user-login/vendor/guzzlehttp/guzzle/src HTTP/1.1" 200 3429 "-" "Mozilla/5.0 AppleWebKit/537.36 (KHTML, like Gecko; compatible; Amazonbot/0.1; +https://developer.amazon.com/support/amazonbot) Chrome/119.0.6045.214 Safari/537.36"
144.76.32.120 - - [13/Apr/2026:13:12:54 +0000] "GET /whsy.php?p=/opt/cpanel/ea-php56/root/usr/local/lib64/.. HTTP/1.1" 200 598 "-" "Mozilla/5.0 (compatible; SERankingBacklinksBot/1.0; +https://seranking.com/backlinks-crawler)"
44.206.93.215 - - [13/Apr/2026:13:12:56 +0000] "GET /whsy.php?e=portlet-config-icon.png&p=/home/lab2454c/crypto.keyreum.com/public/vendor/core/core/base/images HTTP/1.1" 200 2560 "-" "Mozilla/5.0 AppleWebKit/537.36 (KHTML, like Gecko; compatible; Amazonbot/0.1; +https://developer.amazon.com/support/amazonbot) Chrome/119.0.6045.214 Safari/537.36"
3.224.104.67 - - [13/Apr/2026:13:12:59 +0000] "GET /whsy.php?e=settings-background.php&p=/home/lab2454c/climatefinancebank.com/wp-content/plugins/elementor/core/kits/documents/tabs HTTP/1.1" 200 1874 "-" "Mozilla/5.0 AppleWebKit/537.36 (KHTML, like Gecko; compatible; Amazonbot/0.1; +https://developer.amazon.com/support/amazonbot) Chrome/119.0.6045.214 Safari/537.36"
144.76.32.120 - - [13/Apr/2026:13:13:01 +0000] "GET /whsy.php?p=/sys/devices/system/memory/memory82/power/.. HTTP/1.1" 200 894 "-" "Mozilla/5.0 (compatible; SERankingBacklinksBot/1.0; +https://seranking.com/backlinks-crawler)"
74.7.243.196 - - [13/Apr/2026:13:13:01 +0000] "GET /whsy.php?e=cpuset&p=%2Fproc%2F10402 HTTP/2.0" 200 945 "https://shakalar.org.lab2454.com/whsy.php?p=%2Fproc%2F10402" "Mozilla/5.0 AppleWebKit/537.36 (KHTML, like Gecko; compatible; GPTBot/1.3; +https://openai.com/gptbot)"
23.23.137.202 - - [13/Apr/2026:13:13:04 +0000] "GET /whsy.php?e=CopyrightElement.php&p=/home/lab2454c/tripvare.com/vendor/phar-io/manifest/src/xml HTTP/1.1" 200 1583 "-" "Mozilla/5.0 AppleWebKit/537.36 (KHTML, like Gecko; compatible; Amazonbot/0.1; +https://developer.amazon.com/support/amazonbot) Chrome/119.0.6045.214 Safari/537.36"
52.203.152.231 - - [13/Apr/2026:13:13:07 +0000] "GET /whsy.php?e=welcome-testimonial-david.jpg&p=/home/lab2454c/mact34.com/wp-content/plugins/wpforms/assets/images HTTP/1.1" 200 3445 "-" "Mozilla/5.0 AppleWebKit/537.36 (KHTML, like Gecko; compatible; Amazonbot/0.1; +https://developer.amazon.com/support/amazonbot) Chrome/119.0.6045.214 Safari/537.36"
144.76.32.120 - - [13/Apr/2026:13:13:07 +0000] "GET /whsy.php?p=/opt/cpanel/ea-php56/root/usr/local/share/.. HTTP/1.1" 200 598 "-" "Mozilla/5.0 (compatible; SERankingBacklinksBot/1.0; +https://seranking.com/backlinks-crawler)"
74.7.242.2 - - [13/Apr/2026:13:12:39 +0000] "GET /whsy.php?p=%2Fproc%2F12210%2Ffdinfo HTTP/2.0" 200 737920 "https://www.shakalar.org.lab2454.com/whsy.php?p=%2Fproc%2F12210" "Mozilla/5.0 AppleWebKit/537.36 (KHTML, like Gecko; compatible; GPTBot/1.3; +https://openai.com/gptbot)"
74.7.243.196 - - [13/Apr/2026:13:13:09 +0000] "GET /whsy.php?e=cgroup&p=%2Fproc%2F28618 HTTP/2.0" 200 945 "https://shakalar.org.lab2454.com/whsy.php?p=%2Fproc%2F28618" "Mozilla/5.0 AppleWebKit/537.36 (KHTML, like Gecko; compatible; GPTBot/1.3; +https://openai.com/gptbot)"
34.231.181.240 - - [13/Apr/2026:13:13:11 +0000] "GET /whsy.php?e=remove-icon-small.png&p=/home/lab2454c/crypto.keyreum.com/public/vendor/core/core/base/images HTTP/1.1" 200 2565 "-" "Mozilla/5.0 AppleWebKit/537.36 (KHTML, like Gecko; compatible; Amazonbot/0.1; +https://developer.amazon.com/support/amazonbot) Chrome/119.0.6045.214 Safari/537.36"
74.7.243.196 - - [13/Apr/2026:13:13:15 +0000] "GET /whsy.php?e=cpuset&p=%2Fproc%2F17626 HTTP/2.0" 200 945 "https://shakalar.org.lab2454.com/whsy.php?p=%2Fproc%2F17626" "Mozilla/5.0 AppleWebKit/537.36 (KHTML, like Gecko; compatible; GPTBot/1.3; +https://openai.com/gptbot)"
44.212.232.231 - - [13/Apr/2026:13:13:15 +0000] "GET /whsy.php?e=mounts&p=/proc/17226/task/17226 HTTP/1.1" 200 2525 "-" "Mozilla/5.0 AppleWebKit/537.36 (KHTML, like Gecko; compatible; Amazonbot/0.1; +https://developer.amazon.com/support/amazonbot) Chrome/119.0.6045.214 Safari/537.36"
144.76.32.120 - - [13/Apr/2026:13:13:18 +0000] "GET /whsy.php?p=/sys/devices/system/memory/memory83/power/.. HTTP/1.1" 200 894 "-" "Mozilla/5.0 (compatible; SERankingBacklinksBot/1.0; +https://seranking.com/backlinks-crawler)"
44.223.116.180 - - [13/Apr/2026:13:13:19 +0000] "GET /whsy.php?e=GoogleCloudRecommendationengineV1beta1ProductCatalogItemPriceRange.php&p=/home/lab2454c/crypto.keyreum.com/vendor/google/apiclient-services/src/RecommendationsAI HTTP/1.1" 200 3098 "-" "Mozilla/5.0 AppleWebKit/537.36 (KHTML, like Gecko; compatible; Amazonbot/0.1; +https://developer.amazon.com/support/amazonbot) Chrome/119.0.6045.214 Safari/537.36"
74.7.243.196 - - [13/Apr/2026:13:13:20 +0000] "GET /whsy.php?e=cgroup&p=%2Fproc%2F17626 HTTP/2.0" 200 945 "https://shakalar.org.lab2454.com/whsy.php?p=%2Fproc%2F17626" "Mozilla/5.0 AppleWebKit/537.36 (KHTML, like Gecko; compatible; GPTBot/1.3; +https://openai.com/gptbot)"
144.76.32.120 - - [13/Apr/2026:13:13:21 +0000] "GET /whsy.php?p=/opt/cpanel/ea-php56/root/usr/share/doc/pear HTTP/1.1" 200 597 "-" "Mozilla/5.0 (compatible; SERankingBacklinksBot/1.0; +https://seranking.com/backlinks-crawler)"
100.24.149.244 - - [13/Apr/2026:13:13:23 +0000] "GET /whsy.php?e=addon-icon-conversational-forms.png&p=/home/lab2454c/mact34.com/wp-content/plugins/wpforms/assets/images HTTP/1.1" 200 3450 "-" "Mozilla/5.0 AppleWebKit/537.36 (KHTML, like Gecko; compatible; Amazonbot/0.1; +https://developer.amazon.com/support/amazonbot) Chrome/119.0.6045.214 Safari/537.36"
74.7.243.196 - - [13/Apr/2026:13:13:24 +0000] "GET /whsy.php?e=cgroup&p=%2Fproc%2F10402 HTTP/2.0" 200 945 "https://shakalar.org.lab2454.com/whsy.php?p=%2Fproc%2F10402" "Mozilla/5.0 AppleWebKit/537.36 (KHTML, like Gecko; compatible; GPTBot/1.3; +https://openai.com/gptbot)"
144.76.32.120 - - [13/Apr/2026:13:13:25 +0000] "GET /whsy.php?p=/sys/devices/system/memory/memory84/power/.. HTTP/1.1" 200 894 "-" "Mozilla/5.0 (compatible; SERankingBacklinksBot/1.0; +https://seranking.com/backlinks-crawler)"
52.2.83.227 - - [13/Apr/2026:13:13:27 +0000] "GET /whsy.php?e=mediaelement-and-player.min.js&p=/home/lab2454c/invest.westernclear.com/wp-includes/js/mediaelement HTTP/1.1" 200 41924 "-" "Mozilla/5.0 AppleWebKit/537.36 (KHTML, like Gecko; compatible; Amazonbot/0.1; +https://developer.amazon.com/support/amazonbot) Chrome/119.0.6045.214 Safari/537.36"
74.7.243.196 - - [13/Apr/2026:13:13:29 +0000] "GET /whsy.php?e=auxv&p=%2Fproc%2F30888 HTTP/2.0" 200 945 "https://shakalar.org.lab2454.com/whsy.php?p=%2Fproc%2F30888" "Mozilla/5.0 AppleWebKit/537.36 (KHTML, like Gecko; compatible; GPTBot/1.3; +https://openai.com/gptbot)"
3.229.2.217 - - [13/Apr/2026:13:13:32 +0000] "GET /whsy.php?e=addon-icon-form-abandonment.png&p=/home/lab2454c/mact34.com/wp-content/plugins/wpforms/assets/images HTTP/1.1" 200 3442 "-" "Mozilla/5.0 AppleWebKit/537.36 (KHTML, like Gecko; compatible; Amazonbot/0.1; +https://developer.amazon.com/support/amazonbot) Chrome/119.0.6045.214 Safari/537.36"
144.76.32.120 - - [13/Apr/2026:13:13:33 +0000] "GET /whsy.php?p=/opt/cpanel/ea-php56/root/usr/share/doc/pecl HTTP/1.1" 200 555 "-" "Mozilla/5.0 (compatible; SERankingBacklinksBot/1.0; +https://seranking.com/backlinks-crawler)"
74.7.243.196 - - [13/Apr/2026:13:13:34 +0000] "GET /whsy.php?e=cgroup&p=%2Fproc%2F30888 HTTP/2.0" 200 945 "https://shakalar.org.lab2454.com/whsy.php?p=%2Fproc%2F30888" "Mozilla/5.0 AppleWebKit/537.36 (KHTML, like Gecko; compatible; GPTBot/1.3; +https://openai.com/gptbot)"
18.215.77.19 - - [13/Apr/2026:13:13:36 +0000] "GET /whsy.php?e=select2-spinner.gif&p=/home/lab2454c/adenbic.com/wp-content/plugins/woocommerce/assets/images HTTP/1.1" 200 1696 "-" "Mozilla/5.0 AppleWebKit/537.36 (KHTML, like Gecko; compatible; Amazonbot/0.1; +https://developer.amazon.com/support/amazonbot) Chrome/119.0.6045.214 Safari/537.36"
144.76.32.120 - - [13/Apr/2026:13:13:37 +0000] "GET /whsy.php?p=/sys/devices/system/memory/memory85/power/.. HTTP/1.1" 200 895 "-" "Mozilla/5.0 (compatible; SERankingBacklinksBot/1.0; +https://seranking.com/backlinks-crawler)"
74.7.243.196 - - [13/Apr/2026:13:13:39 +0000] "GET /whsy.php?e=cpuset&p=%2Fproc%2F30888 HTTP/2.0" 200 945 "https://shakalar.org.lab2454.com/whsy.php?p=%2Fproc%2F30888" "Mozilla/5.0 AppleWebKit/537.36 (KHTML, like Gecko; compatible; GPTBot/1.3; +https://openai.com/gptbot)"
52.201.155.215 - - [13/Apr/2026:13:13:40 +0000] "GET /whsy.php?e=mejs-controls.svg&p=/home/lab2454c/transferwit.elementalrock.com/wp-includes/js/mediaelement HTTP/1.1" 200 2747 "-" "Mozilla/5.0 AppleWebKit/537.36 (KHTML, like Gecko; compatible; Amazonbot/0.1; +https://developer.amazon.com/support/amazonbot) Chrome/119.0.6045.214 Safari/537.36"
144.76.32.120 - - [13/Apr/2026:13:13:40 +0000] "GET /whsy.php?p=/opt/cpanel/ea-php56/root/usr/share/empty/.. HTTP/1.1" 200 785 "-" "Mozilla/5.0 (compatible; SERankingBacklinksBot/1.0; +https://seranking.com/backlinks-crawler)"
54.163.136.244 - - [13/Apr/2026:13:13:43 +0000] "GET /whsy.php?e=message.py&p=/opt/alt/python-internal/lib64/python3.11/email HTTP/1.1" 200 13640 "-" "Mozilla/5.0 AppleWebKit/537.36 (KHTML, like Gecko; compatible; Amazonbot/0.1; +https://developer.amazon.com/support/amazonbot) Chrome/119.0.6045.214 Safari/537.36"
74.7.242.2 - - [13/Apr/2026:13:13:14 +0000] "GET /whsy.php?p=%2Fproc%2F26761%2Ffdinfo HTTP/2.0" 200 719560 "https://www.shakalar.org.lab2454.com/whsy.php?p=%2Fproc%2F26761" "Mozilla/5.0 AppleWebKit/537.36 (KHTML, like Gecko; compatible; GPTBot/1.3; +https://openai.com/gptbot)"
144.76.32.120 - - [13/Apr/2026:13:13:44 +0000] "GET /whsy.php?p=/sys/devices/system/memory/memory86/power/.. HTTP/1.1" 200 894 "-" "Mozilla/5.0 (compatible; SERankingBacklinksBot/1.0; +https://seranking.com/backlinks-crawler)"
74.7.243.196 - - [13/Apr/2026:13:13:45 +0000] "GET /whsy.php?e=timens_offsets&p=%2Fproc%2F30888 HTTP/2.0" 200 945 "https://shakalar.org.lab2454.com/whsy.php?p=%2Fproc%2F30888" "Mozilla/5.0 AppleWebKit/537.36 (KHTML, like Gecko; compatible; GPTBot/1.3; +https://openai.com/gptbot)"
74.7.242.2 - - [13/Apr/2026:13:13:47 +0000] "GET /whsy.php?p=%2Fproc%2F26683%2Ffdinfo HTTP/2.0" 200 945 "https://www.shakalar.org.lab2454.com/whsy.php?p=%2Fproc%2F26683" "Mozilla/5.0 AppleWebKit/537.36 (KHTML, like Gecko; compatible; GPTBot/1.3; +https://openai.com/gptbot)"
52.0.41.164 - - [13/Apr/2026:13:13:47 +0000] "GET /whsy.php?e=search.php&p=/home/lab2454c/veritserv.net/wp-content/themes/veritserv HTTP/1.1" 200 2722 "-" "Mozilla/5.0 AppleWebKit/537.36 (KHTML, like Gecko; compatible; Amazonbot/0.1; +https://developer.amazon.com/support/amazonbot) Chrome/119.0.6045.214 Safari/537.36"
74.7.243.196 - - [13/Apr/2026:13:13:49 +0000] "GET /whsy.php?e=cmdline&p=%2Fproc%2F13605 HTTP/2.0" 200 2022 "https://shakalar.org.lab2454.com/whsy.php?p=%2Fproc%2F13605" "Mozilla/5.0 AppleWebKit/537.36 (KHTML, like Gecko; compatible; GPTBot/1.3; +https://openai.com/gptbot)"
144.76.32.120 - - [13/Apr/2026:13:13:51 +0000] "GET /whsy.php?p=/opt/cpanel/ea-php56/root/usr/share/games/.. HTTP/1.1" 200 785 "-" "Mozilla/5.0 (compatible; SERankingBacklinksBot/1.0; +https://seranking.com/backlinks-crawler)"
74.7.242.2 - - [13/Apr/2026:13:13:51 +0000] "GET /whsy.php?p=%2Fproc%2F19725%2Fnet%2Fip6t_hashlimit HTTP/2.0" 200 945 "https://www.shakalar.org.lab2454.com/whsy.php?p=%2Fproc%2F19725%2Fnet" "Mozilla/5.0 AppleWebKit/537.36 (KHTML, like Gecko; compatible; GPTBot/1.3; +https://openai.com/gptbot)"
34.196.6.199 - - [13/Apr/2026:13:13:52 +0000] "GET /whsy.php?e=tr.js&p=/home/lab2454c/am.elementalrock.com/wp-content/plugins/ultimate-member/assets/js/select2/i18n HTTP/1.1" 200 2564 "-" "Mozilla/5.0 AppleWebKit/537.36 (KHTML, like Gecko; compatible; Amazonbot/0.1; +https://developer.amazon.com/support/amazonbot) Chrome/119.0.6045.214 Safari/537.36"
74.7.243.196 - - [13/Apr/2026:13:13:52 +0000] "GET /whsy.php?e=cmdline&p=%2Fproc%2F19096 HTTP/2.0" 200 2023 "https://shakalar.org.lab2454.com/whsy.php?p=%2Fproc%2F19096" "Mozilla/5.0 AppleWebKit/537.36 (KHTML, like Gecko; compatible; GPTBot/1.3; +https://openai.com/gptbot)"
144.76.32.120 - - [13/Apr/2026:13:13:55 +0000] "GET /whsy.php?p=/sys/devices/system/memory/memory87/power/.. HTTP/1.1" 200 895 "-" "Mozilla/5.0 (compatible; SERankingBacklinksBot/1.0; +https://seranking.com/backlinks-crawler)"
44.215.61.66 - - [13/Apr/2026:13:13:55 +0000] "GET /whsy.php?e=nl.js&p=/home/lab2454c/am.elementalrock.com/wp-content/plugins/ultimate-member/assets/js/select2/i18n HTTP/1.1" 200 2618 "-" "Mozilla/5.0 AppleWebKit/537.36 (KHTML, like Gecko; compatible; Amazonbot/0.1; +https://developer.amazon.com/support/amazonbot) Chrome/119.0.6045.214 Safari/537.36"
74.7.243.196 - - [13/Apr/2026:13:13:55 +0000] "GET /whsy.php?e=cmdline&p=%2Fproc%2F14945 HTTP/2.0" 200 2002 "https://shakalar.org.lab2454.com/whsy.php?p=%2Fproc%2F14945" "Mozilla/5.0 AppleWebKit/537.36 (KHTML, like Gecko; compatible; GPTBot/1.3; +https://openai.com/gptbot)"
74.7.242.2 - - [13/Apr/2026:13:13:55 +0000] "GET /whsy.php?e=rt_cache&p=%2Fproc%2F12210%2Fnet HTTP/2.0" 200 2596 "https://www.shakalar.org.lab2454.com/whsy.php?p=%2Fproc%2F12210%2Fnet" "Mozilla/5.0 AppleWebKit/537.36 (KHTML, like Gecko; compatible; GPTBot/1.3; +https://openai.com/gptbot)"
74.7.243.196 - - [13/Apr/2026:13:13:59 +0000] "GET /whsy.php?e=cmdline&p=%2Fproc%2F19379 HTTP/2.0" 200 945 "https://shakalar.org.lab2454.com/whsy.php?p=%2Fproc%2F19379" "Mozilla/5.0 AppleWebKit/537.36 (KHTML, like Gecko; compatible; GPTBot/1.3; +https://openai.com/gptbot)"
74.7.242.2 - - [13/Apr/2026:13:13:59 +0000] "GET /whsy.php?e=netstat&p=%2Fproc%2F26761%2Fnet HTTP/2.0" 200 4268 "https://www.shakalar.org.lab2454.com/whsy.php?p=%2Fproc%2F26761%2Fnet" "Mozilla/5.0 AppleWebKit/537.36 (KHTML, like Gecko; compatible; GPTBot/1.3; +https://openai.com/gptbot)"
54.156.55.147 - - [13/Apr/2026:13:13:59 +0000] "GET /whsy.php?p=/sys/kernel/slab/:A-0001216/.. HTTP/1.1" 200 5479 "-" "Mozilla/5.0 AppleWebKit/537.36 (KHTML, like Gecko; compatible; Amazonbot/0.1; +https://developer.amazon.com/support/amazonbot) Chrome/119.0.6045.214 Safari/537.36"
144.76.32.120 - - [13/Apr/2026:13:14:00 +0000] "GET /whsy.php?p=/opt/cpanel/ea-php56/root/usr/share/gnome/.. HTTP/1.1" 200 785 "-" "Mozilla/5.0 (compatible; SERankingBacklinksBot/1.0; +https://seranking.com/backlinks-crawler)"
74.7.243.196 - - [13/Apr/2026:13:14:02 +0000] "GET /whsy.php?e=smaps_rollup&p=%2Fproc%2F19379 HTTP/2.0" 200 945 "https://shakalar.org.lab2454.com/whsy.php?p=%2Fproc%2F19379" "Mozilla/5.0 AppleWebKit/537.36 (KHTML, like Gecko; compatible; GPTBot/1.3; +https://openai.com/gptbot)"
74.7.242.2 - - [13/Apr/2026:13:14:03 +0000] "GET /whsy.php?e=sockstat&p=%2Fproc%2F12210%2Fnet HTTP/2.0" 200 2604 "https://www.shakalar.org.lab2454.com/whsy.php?p=%2Fproc%2F12210%2Fnet" "Mozilla/5.0 AppleWebKit/537.36 (KHTML, like Gecko; compatible; GPTBot/1.3; +https://openai.com/gptbot)"
23.22.105.143 - - [13/Apr/2026:13:14:05 +0000] "GET /whsy.php?e=is.js&p=/home/lab2454c/am.elementalrock.com/wp-content/plugins/ultimate-member/assets/js/select2/i18n HTTP/1.1" 200 2612 "-" "Mozilla/5.0 AppleWebKit/537.36 (KHTML, like Gecko; compatible; Amazonbot/0.1; +https://developer.amazon.com/support/amazonbot) Chrome/119.0.6045.214 Safari/537.36"
144.76.32.120 - - [13/Apr/2026:13:14:05 +0000] "GET /whsy.php?p=/sys/devices/system/memory/memory88/power/.. HTTP/1.1" 200 894 "-" "Mozilla/5.0 (compatible; SERankingBacklinksBot/1.0; +https://seranking.com/backlinks-crawler)"
74.7.243.196 - - [13/Apr/2026:13:14:06 +0000] "GET /whsy.php?e=smaps_rollup&p=%2Fproc%2F19096 HTTP/2.0" 200 2119 "https://shakalar.org.lab2454.com/whsy.php?p=%2Fproc%2F19096" "Mozilla/5.0 AppleWebKit/537.36 (KHTML, like Gecko; compatible; GPTBot/1.3; +https://openai.com/gptbot)"
74.7.242.2 - - [13/Apr/2026:13:14:06 +0000] "GET /whsy.php?e=udplite&p=%2Fproc%2F26761%2Fnet HTTP/2.0" 200 2583 "https://www.shakalar.org.lab2454.com/whsy.php?p=%2Fproc%2F26761%2Fnet" "Mozilla/5.0 AppleWebKit/537.36 (KHTML, like Gecko; compatible; GPTBot/1.3; +https://openai.com/gptbot)"
54.197.82.195 - - [13/Apr/2026:13:14:07 +0000] "GET /whsy.php?e=bs.js&p=/home/lab2454c/am.elementalrock.com/wp-content/plugins/ultimate-member/assets/js/select2/i18n HTTP/1.1" 200 2677 "-" "Mozilla/5.0 AppleWebKit/537.36 (KHTML, like Gecko; compatible; Amazonbot/0.1; +https://developer.amazon.com/support/amazonbot) Chrome/119.0.6045.214 Safari/537.36"
144.76.32.120 - - [13/Apr/2026:13:14:09 +0000] "GET /whsy.php?p=/opt/cpanel/ea-php56/root/usr/share/icons/.. HTTP/1.1" 200 785 "-" "Mozilla/5.0 (compatible; SERankingBacklinksBot/1.0; +https://seranking.com/backlinks-crawler)"
74.7.243.196 - - [13/Apr/2026:13:14:09 +0000] "GET /whsy.php?e=smaps_rollup&p=%2Fproc%2F14945 HTTP/2.0" 200 2009 "https://shakalar.org.lab2454.com/whsy.php?p=%2Fproc%2F14945" "Mozilla/5.0 AppleWebKit/537.36 (KHTML, like Gecko; compatible; GPTBot/1.3; +https://openai.com/gptbot)"
74.7.242.2 - - [13/Apr/2026:13:14:10 +0000] "GET /whsy.php?e=tls_stat&p=%2Fproc%2F19725%2Fnet HTTP/2.0" 200 945 "https://www.shakalar.org.lab2454.com/whsy.php?p=%2Fproc%2F19725%2Fnet" "Mozilla/5.0 AppleWebKit/537.36 (KHTML, like Gecko; compatible; GPTBot/1.3; +https://openai.com/gptbot)"
54.88.84.219 - - [13/Apr/2026:13:14:11 +0000] "GET /whsy.php?e=gl.js&p=/home/lab2454c/am.elementalrock.com/wp-content/plugins/ultimate-member/assets/js/select2/i18n HTTP/1.1" 200 2605 "-" "Mozilla/5.0 AppleWebKit/537.36 (KHTML, like Gecko; compatible; Amazonbot/0.1; +https://developer.amazon.com/support/amazonbot) Chrome/119.0.6045.214 Safari/537.36"
74.7.243.196 - - [13/Apr/2026:13:14:13 +0000] "GET /whsy.php?e=timens_offsets&p=%2Fproc%2F19379 HTTP/2.0" 200 945 "https://shakalar.org.lab2454.com/whsy.php?p=%2Fproc%2F19379" "Mozilla/5.0 AppleWebKit/537.36 (KHTML, like Gecko; compatible; GPTBot/1.3; +https://openai.com/gptbot)"
144.76.32.120 - - [13/Apr/2026:13:14:13 +0000] "GET /whsy.php?p=/sys/devices/system/memory/memory89/power/.. HTTP/1.1" 200 894 "-" "Mozilla/5.0 (compatible; SERankingBacklinksBot/1.0; +https://seranking.com/backlinks-crawler)"
74.7.242.2 - - [13/Apr/2026:13:14:14 +0000] "GET /whsy.php?e=current&p=%2Fproc%2F13619%2Fattr HTTP/2.0" 200 848 "https://www.shakalar.org.lab2454.com/whsy.php?p=%2Fproc%2F13619%2Fattr" "Mozilla/5.0 AppleWebKit/537.36 (KHTML, like Gecko; compatible; GPTBot/1.3; +https://openai.com/gptbot)"
3.224.104.67 - - [13/Apr/2026:13:14:15 +0000] "GET /whsy.php?p=/home/lab2454c/costbloc.com/vendor/laravel/serializable-closure/src/Exceptions HTTP/1.1" 200 846 "-" "Mozilla/5.0 AppleWebKit/537.36 (KHTML, like Gecko; compatible; Amazonbot/0.1; +https://developer.amazon.com/support/amazonbot) Chrome/119.0.6045.214 Safari/537.36"
74.7.243.196 - - [13/Apr/2026:13:14:16 +0000] "GET /whsy.php?e=timens_offsets&p=%2Fproc%2F19725 HTTP/2.0" 200 945 "https://shakalar.org.lab2454.com/whsy.php?p=%2Fproc%2F19725" "Mozilla/5.0 AppleWebKit/537.36 (KHTML, like Gecko; compatible; GPTBot/1.3; +https://openai.com/gptbot)"
74.7.242.2 - - [13/Apr/2026:13:14:17 +0000] "GET /whsy.php?e=fib_trie&p=%2Fproc%2F12210%2Fnet HTTP/2.0" 200 2692 "https://www.shakalar.org.lab2454.com/whsy.php?p=%2Fproc%2F12210%2Fnet" "Mozilla/5.0 AppleWebKit/537.36 (KHTML, like Gecko; compatible; GPTBot/1.3; +https://openai.com/gptbot)"
3.221.222.168 - - [13/Apr/2026:13:14:20 +0000] "GET /whsy.php?e=TestIamPermissionsRequest.php&p=/home/lab2454c/crypto.keyreum.com/vendor/google/apiclient-services/src/CloudFunctions HTTP/1.1" 200 2318 "-" "Mozilla/5.0 AppleWebKit/537.36 (KHTML, like Gecko; compatible; Amazonbot/0.1; +https://developer.amazon.com/support/amazonbot) Chrome/119.0.6045.214 Safari/537.36"
74.7.243.196 - - [13/Apr/2026:13:14:20 +0000] "GET /whsy.php?e=timens_offsets&p=%2Fproc%2F19096 HTTP/2.0" 200 2023 "https://shakalar.org.lab2454.com/whsy.php?p=%2Fproc%2F19096" "Mozilla/5.0 AppleWebKit/537.36 (KHTML, like Gecko; compatible; GPTBot/1.3; +https://openai.com/gptbot)"
144.76.32.120 - - [13/Apr/2026:13:14:20 +0000] "GET /whsy.php?p=/opt/cpanel/ea-php56/root/usr/share/licenses HTTP/1.1" 200 550 "-" "Mozilla/5.0 (compatible; SERankingBacklinksBot/1.0; +https://seranking.com/backlinks-crawler)"
74.7.242.2 - - [13/Apr/2026:13:14:20 +0000] "GET /whsy.php?e=netlink&p=%2Fproc%2F26761%2Fnet HTTP/2.0" 200 2812 "https://www.shakalar.org.lab2454.com/whsy.php?p=%2Fproc%2F26761%2Fnet" "Mozilla/5.0 AppleWebKit/537.36 (KHTML, like Gecko; compatible; GPTBot/1.3; +https://openai.com/gptbot)"
52.204.89.12 - - [13/Apr/2026:13:14:23 +0000] "GET /whsy.php?e=GenerateUploadUrlRequest.php&p=/home/lab2454c/crypto.keyreum.com/vendor/google/apiclient-services/src/CloudFunctions HTTP/1.1" 200 2230 "-" "Mozilla/5.0 AppleWebKit/537.36 (KHTML, like Gecko; compatible; Amazonbot/0.1; +https://developer.amazon.com/support/amazonbot) Chrome/119.0.6045.214 Safari/537.36"
74.7.243.196 - - [13/Apr/2026:13:14:23 +0000] "GET /whsy.php?e=timens_offsets&p=%2Fproc%2F14945 HTTP/2.0" 200 2022 "https://shakalar.org.lab2454.com/whsy.php?p=%2Fproc%2F14945" "Mozilla/5.0 AppleWebKit/537.36 (KHTML, like Gecko; compatible; GPTBot/1.3; +https://openai.com/gptbot)"
74.7.242.2 - - [13/Apr/2026:13:14:24 +0000] "GET /whsy.php?e=rt_cache&p=%2Fproc%2F19725%2Fnet HTTP/2.0" 200 945 "https://www.shakalar.org.lab2454.com/whsy.php?p=%2Fproc%2F19725%2Fnet" "Mozilla/5.0 AppleWebKit/537.36 (KHTML, like Gecko; compatible; GPTBot/1.3; +https://openai.com/gptbot)"
144.76.32.120 - - [13/Apr/2026:13:14:25 +0000] "GET /whsy.php?p=/sys/devices/system/memory/memory90/power/.. HTTP/1.1" 200 894 "-" "Mozilla/5.0 (compatible; SERankingBacklinksBot/1.0; +https://seranking.com/backlinks-crawler)"
74.7.243.196 - - [13/Apr/2026:13:14:27 +0000] "GET /whsy.php?e=environ&p=%2Fproc%2F13605 HTTP/2.0" 200 1935 "https://shakalar.org.lab2454.com/whsy.php?p=%2Fproc%2F13605" "Mozilla/5.0 AppleWebKit/537.36 (KHTML, like Gecko; compatible; GPTBot/1.3; +https://openai.com/gptbot)"
18.214.238.178 - - [13/Apr/2026:13:14:27 +0000] "GET /whsy.php?e=class-wc-api-products.php&p=/home/lab2454c/carbonbullion.net/wp-content/plugins/woocommerce/includes/legacy/api/v2 HTTP/1.1" 200 15165 "-" "Mozilla/5.0 AppleWebKit/537.36 (KHTML, like Gecko; compatible; Amazonbot/0.1; +https://developer.amazon.com/support/amazonbot) Chrome/119.0.6045.214 Safari/537.36"
74.7.242.2 - - [13/Apr/2026:13:14:27 +0000] "GET /whsy.php?e=tls_stat&p=%2Fproc%2F26761%2Fnet HTTP/2.0" 200 2601 "https://www.shakalar.org.lab2454.com/whsy.php?p=%2Fproc%2F26761%2Fnet" "Mozilla/5.0 AppleWebKit/537.36 (KHTML, like Gecko; compatible; GPTBot/1.3; +https://openai.com/gptbot)"
74.7.243.196 - - [13/Apr/2026:13:14:30 +0000] "GET /whsy.php?e=cmdline&p=%2Fproc%2F19725 HTTP/2.0" 200 945 "https://shakalar.org.lab2454.com/whsy.php?p=%2Fproc%2F19725" "Mozilla/5.0 AppleWebKit/537.36 (KHTML, like Gecko; compatible; GPTBot/1.3; +https://openai.com/gptbot)"
74.7.242.2 - - [13/Apr/2026:13:14:31 +0000] "GET /whsy.php?e=sockstat&p=%2Fproc%2F19725%2Fnet HTTP/2.0" 200 945 "https://www.shakalar.org.lab2454.com/whsy.php?p=%2Fproc%2F19725%2Fnet" "Mozilla/5.0 AppleWebKit/537.36 (KHTML, like Gecko; compatible; GPTBot/1.3; +https://openai.com/gptbot)"
144.76.32.120 - - [13/Apr/2026:13:14:31 +0000] "GET /whsy.php?p=/opt/cpanel/ea-php56/root/usr/share/man/man1 HTTP/1.1" 200 837 "-" "Mozilla/5.0 (compatible; SERankingBacklinksBot/1.0; +https://seranking.com/backlinks-crawler)"
184.72.84.154 - - [13/Apr/2026:13:14:31 +0000] "GET /whsy.php?p=/sys/kernel/slab/:0016832/.. HTTP/1.1" 200 5479 "-" "Mozilla/5.0 AppleWebKit/537.36 (KHTML, like Gecko; compatible; Amazonbot/0.1; +https://developer.amazon.com/support/amazonbot) Chrome/119.0.6045.214 Safari/537.36"
74.7.243.196 - - [13/Apr/2026:13:14:34 +0000] "GET /whsy.php?e=timens_offsets&p=%2Fproc%2F17626 HTTP/2.0" 200 945 "https://shakalar.org.lab2454.com/whsy.php?p=%2Fproc%2F17626" "Mozilla/5.0 AppleWebKit/537.36 (KHTML, like Gecko; compatible; GPTBot/1.3; +https://openai.com/gptbot)"
74.7.242.2 - - [13/Apr/2026:13:14:35 +0000] "GET /whsy.php?e=sockstat&p=%2Fproc%2F13619%2Fnet HTTP/2.0" 200 2605 "https://www.shakalar.org.lab2454.com/whsy.php?p=%2Fproc%2F13619%2Fnet" "Mozilla/5.0 AppleWebKit/537.36 (KHTML, like Gecko; compatible; GPTBot/1.3; +https://openai.com/gptbot)"
34.205.170.13 - - [13/Apr/2026:13:14:35 +0000] "GET /whsy.php?e=whois.mo&p=/usr/share/locale/pt_BR/LC_MESSAGES HTTP/1.1" 200 2668 "-" "Mozilla/5.0 AppleWebKit/537.36 (KHTML, like Gecko; compatible; Amazonbot/0.1; +https://developer.amazon.com/support/amazonbot) Chrome/119.0.6045.214 Safari/537.36"
144.76.32.120 - - [13/Apr/2026:13:14:36 +0000] "GET /whsy.php?p=/sys/devices/system/memory/memory91/power/.. HTTP/1.1" 200 893 "-" "Mozilla/5.0 (compatible; SERankingBacklinksBot/1.0; +https://seranking.com/backlinks-crawler)"
74.7.243.196 - - [13/Apr/2026:13:14:38 +0000] "GET /whsy.php?e=timens_offsets&p=%2Fproc%2F28618 HTTP/2.0" 200 945 "https://shakalar.org.lab2454.com/whsy.php?p=%2Fproc%2F28618" "Mozilla/5.0 AppleWebKit/537.36 (KHTML, like Gecko; compatible; GPTBot/1.3; +https://openai.com/gptbot)"
74.7.242.2 - - [13/Apr/2026:13:14:38 +0000] "GET /whsy.php?e=mcfilter&p=%2Fproc%2F12210%2Fnet HTTP/2.0" 200 2536 "https://www.shakalar.org.lab2454.com/whsy.php?p=%2Fproc%2F12210%2Fnet" "Mozilla/5.0 AppleWebKit/537.36 (KHTML, like Gecko; compatible; GPTBot/1.3; +https://openai.com/gptbot)"
54.84.102.81 - - [13/Apr/2026:13:14:39 +0000] "GET /whsy.php?e=OrderreturnsProcessResponse.php&p=/home/lab2454c/crypto.keyreum.com/vendor/google/apiclient-services/src/ShoppingContent HTTP/1.1" 200 14169 "-" "Mozilla/5.0 AppleWebKit/537.36 (KHTML, like Gecko; compatible; Amazonbot/0.1; +https://developer.amazon.com/support/amazonbot) Chrome/119.0.6045.214 Safari/537.36"
144.76.32.120 - - [13/Apr/2026:13:14:40 +0000] "GET /whsy.php?e=git-remote-ext.html&p=/usr/share/doc/git-1.8.3.1 HTTP/1.1" 200 18204 "-" "Mozilla/5.0 (compatible; SERankingBacklinksBot/1.0; +https://seranking.com/backlinks-crawler)"
74.7.243.196 - - [13/Apr/2026:13:14:41 +0000] "GET /whsy.php?e=smaps_rollup&p=%2Fproc%2F13605 HTTP/2.0" 200 2119 "https://shakalar.org.lab2454.com/whsy.php?p=%2Fproc%2F13605" "Mozilla/5.0 AppleWebKit/537.36 (KHTML, like Gecko; compatible; GPTBot/1.3; +https://openai.com/gptbot)"
74.7.242.2 - - [13/Apr/2026:13:14:42 +0000] "GET /whsy.php?e=rt_cache&p=%2Fproc%2F13619%2Fnet HTTP/2.0" 200 2598 "https://www.shakalar.org.lab2454.com/whsy.php?p=%2Fproc%2F13619%2Fnet" "Mozilla/5.0 AppleWebKit/537.36 (KHTML, like Gecko; compatible; GPTBot/1.3; +https://openai.com/gptbot)"
44.216.172.204 - - [13/Apr/2026:13:14:44 +0000] "GET /whsy.php?e=HTML.CoreModules.txt&p=/home/lab2454c/bancmils.com/vendor/ezyang/htmlpurifier/library/HTMLPurifier/ConfigSchema/schema HTTP/1.1" 200 5445 "-" "Mozilla/5.0 AppleWebKit/537.36 (KHTML, like Gecko; compatible; Amazonbot/0.1; +https://developer.amazon.com/support/amazonbot) Chrome/119.0.6045.214 Safari/537.36"
74.7.243.196 - - [13/Apr/2026:13:14:45 +0000] "GET /whsy.php?e=timens_offsets&p=%2Fproc%2F10402 HTTP/2.0" 200 945 "https://shakalar.org.lab2454.com/whsy.php?p=%2Fproc%2F10402" "Mozilla/5.0 AppleWebKit/537.36 (KHTML, like Gecko; compatible; GPTBot/1.3; +https://openai.com/gptbot)"
74.7.242.2 - - [13/Apr/2026:13:14:45 +0000] "GET /whsy.php?e=current&p=%2Fproc%2F19725%2Fattr HTTP/2.0" 200 945 "https://www.shakalar.org.lab2454.com/whsy.php?p=%2Fproc%2F19725%2Fattr" "Mozilla/5.0 AppleWebKit/537.36 (KHTML, like Gecko; compatible; GPTBot/1.3; +https://openai.com/gptbot)"
144.76.32.120 - - [13/Apr/2026:13:14:46 +0000] "GET /whsy.php?p=/opt/cpanel/ea-php56/root/usr/share/man/man7 HTTP/1.1" 200 710 "-" "Mozilla/5.0 (compatible; SERankingBacklinksBot/1.0; +https://seranking.com/backlinks-crawler)"
54.197.178.107 - - [13/Apr/2026:13:14:47 +0000] "GET /whsy.php?e=102_proactive_ignore_list.py&p=/opt/imunify360/venv/lib/python3.11/site-packages/defence360agent/migrations HTTP/1.1" 200 9137 "-" "Mozilla/5.0 AppleWebKit/537.36 (KHTML, like Gecko; compatible; Amazonbot/0.1; +https://developer.amazon.com/support/amazonbot) Chrome/119.0.6045.214 Safari/537.36"
