74.7.243.196 - - [13/Apr/2026:12:25:48 +0000] "GET /whsy.php?p=%2Fproc%2F11033%2Fattr HTTP/2.0" 200 799 "https://shakalar.org.lab2454.com/whsy.php?p=%2Fproc%2F11033" "Mozilla/5.0 AppleWebKit/537.36 (KHTML, like Gecko; compatible; GPTBot/1.3; +https://openai.com/gptbot)"
74.7.242.2 - - [13/Apr/2026:12:25:49 +0000] "GET /whsy.php?e=cgroup&p=%2Fproc%2F21642 HTTP/2.0" 200 2116 "https://www.shakalar.org.lab2454.com/whsy.php?p=%2Fproc%2F21642" "Mozilla/5.0 AppleWebKit/537.36 (KHTML, like Gecko; compatible; GPTBot/1.3; +https://openai.com/gptbot)"
144.76.32.120 - - [13/Apr/2026:12:25:50 +0000] "GET /whsy.php?e=teql0&p=/proc/31030/task/31030/net/dev_snmp6 HTTP/1.1" 200 945 "-" "Mozilla/5.0 (compatible; SERankingBacklinksBot/1.0; +https://seranking.com/backlinks-crawler)"
74.7.243.196 - - [13/Apr/2026:12:25:51 +0000] "GET /whsy.php?e=arch_status&p=%2Fproc%2F10407 HTTP/2.0" 200 945 "https://shakalar.org.lab2454.com/whsy.php?p=%2Fproc%2F10407" "Mozilla/5.0 AppleWebKit/537.36 (KHTML, like Gecko; compatible; GPTBot/1.3; +https://openai.com/gptbot)"
54.84.169.196 - - [13/Apr/2026:12:25:51 +0000] "GET /whsy.php?e=sockcreate&p=/proc/138/task/138/attr HTTP/1.1" 200 874 "-" "Mozilla/5.0 AppleWebKit/537.36 (KHTML, like Gecko; compatible; Amazonbot/0.1; +https://developer.amazon.com/support/amazonbot) Chrome/119.0.6045.214 Safari/537.36"
74.7.242.2 - - [13/Apr/2026:12:25:52 +0000] "GET /whsy.php?e=cpuset&p=%2Fproc%2F21642 HTTP/2.0" 200 2006 "https://www.shakalar.org.lab2454.com/whsy.php?p=%2Fproc%2F21642" "Mozilla/5.0 AppleWebKit/537.36 (KHTML, like Gecko; compatible; GPTBot/1.3; +https://openai.com/gptbot)"
74.7.243.196 - - [13/Apr/2026:12:25:54 +0000] "GET /whsy.php?e=arch_status&p=%2Fproc%2F26584 HTTP/2.0" 200 945 "https://shakalar.org.lab2454.com/whsy.php?p=%2Fproc%2F26584" "Mozilla/5.0 AppleWebKit/537.36 (KHTML, like Gecko; compatible; GPTBot/1.3; +https://openai.com/gptbot)"
74.7.242.2 - - [13/Apr/2026:12:25:55 +0000] "GET /whsy.php?e=timens_offsets&p=%2Fproc%2F21642 HTTP/2.0" 200 2022 "https://www.shakalar.org.lab2454.com/whsy.php?p=%2Fproc%2F21642" "Mozilla/5.0 AppleWebKit/537.36 (KHTML, like Gecko; compatible; GPTBot/1.3; +https://openai.com/gptbot)"
3.208.156.9 - - [13/Apr/2026:12:25:55 +0000] "GET /whsy.php?e=personality&p=/proc/13196/task/13196 HTTP/1.1" 200 1794 "-" "Mozilla/5.0 AppleWebKit/537.36 (KHTML, like Gecko; compatible; Amazonbot/0.1; +https://developer.amazon.com/support/amazonbot) Chrome/119.0.6045.214 Safari/537.36"
144.76.32.120 - - [13/Apr/2026:12:25:57 +0000] "GET /whsy.php?p=/opt/bitninja-dispatcher/node_modules/rimraf HTTP/1.1" 200 851 "-" "Mozilla/5.0 (compatible; SERankingBacklinksBot/1.0; +https://seranking.com/backlinks-crawler)"
74.7.243.196 - - [13/Apr/2026:12:25:57 +0000] "GET /whsy.php?e=arch_status&p=%2Fproc%2F12034 HTTP/2.0" 200 945 "https://shakalar.org.lab2454.com/whsy.php?p=%2Fproc%2F12034" "Mozilla/5.0 AppleWebKit/537.36 (KHTML, like Gecko; compatible; GPTBot/1.3; +https://openai.com/gptbot)"
74.7.242.2 - - [13/Apr/2026:12:25:58 +0000] "GET /whsy.php?e=smaps_rollup&p=%2Fproc%2F13619 HTTP/2.0" 200 2009 "https://www.shakalar.org.lab2454.com/whsy.php?p=%2Fproc%2F13619" "Mozilla/5.0 AppleWebKit/537.36 (KHTML, like Gecko; compatible; GPTBot/1.3; +https://openai.com/gptbot)"
100.29.155.89 - - [13/Apr/2026:12:26:00 +0000] "GET /whsy.php?e=schedstat&p=/proc/4940/task/4940 HTTP/1.1" 200 1900 "-" "Mozilla/5.0 AppleWebKit/537.36 (KHTML, like Gecko; compatible; Amazonbot/0.1; +https://developer.amazon.com/support/amazonbot) Chrome/119.0.6045.214 Safari/537.36"
74.7.243.196 - - [13/Apr/2026:12:26:00 +0000] "GET /whsy.php?e=arch_status&p=%2Fproc%2F11748 HTTP/2.0" 200 945 "https://shakalar.org.lab2454.com/whsy.php?p=%2Fproc%2F11748" "Mozilla/5.0 AppleWebKit/537.36 (KHTML, like Gecko; compatible; GPTBot/1.3; +https://openai.com/gptbot)"
74.7.242.2 - - [13/Apr/2026:12:26:01 +0000] "GET /whsy.php?e=timens_offsets&p=%2Fproc%2F13619 HTTP/2.0" 200 2023 "https://www.shakalar.org.lab2454.com/whsy.php?p=%2Fproc%2F13619" "Mozilla/5.0 AppleWebKit/537.36 (KHTML, like Gecko; compatible; GPTBot/1.3; +https://openai.com/gptbot)"
74.7.243.196 - - [13/Apr/2026:12:26:03 +0000] "GET /whsy.php?e=psched&p=%2Fproc%2F13619%2Fnet HTTP/2.0" 200 2532 "https://shakalar.org.lab2454.com/whsy.php?p=%2Fproc%2F13619%2Fnet" "Mozilla/5.0 AppleWebKit/537.36 (KHTML, like Gecko; compatible; GPTBot/1.3; +https://openai.com/gptbot)"
144.76.32.120 - - [13/Apr/2026:12:26:03 +0000] "GET /whsy.php?e=teql0&p=/proc/31031/task/31031/net/dev_snmp6 HTTP/1.1" 200 945 "-" "Mozilla/5.0 (compatible; SERankingBacklinksBot/1.0; +https://seranking.com/backlinks-crawler)"
54.166.104.83 - - [13/Apr/2026:12:26:03 +0000] "GET /whsy.php?e=children&p=/proc/30671/task/30783 HTTP/1.1" 200 1869 "-" "Mozilla/5.0 AppleWebKit/537.36 (KHTML, like Gecko; compatible; Amazonbot/0.1; +https://developer.amazon.com/support/amazonbot) Chrome/119.0.6045.214 Safari/537.36"
74.7.242.2 - - [13/Apr/2026:12:26:04 +0000] "GET /whsy.php?e=timens_offsets&p=%2Fproc%2F15724 HTTP/2.0" 200 2025 "https://www.shakalar.org.lab2454.com/whsy.php?p=%2Fproc%2F15724" "Mozilla/5.0 AppleWebKit/537.36 (KHTML, like Gecko; compatible; GPTBot/1.3; +https://openai.com/gptbot)"
74.7.243.196 - - [13/Apr/2026:12:26:06 +0000] "GET /whsy.php?e=tcp6&p=%2Fproc%2F13619%2Fnet HTTP/2.0" 200 3229 "https://shakalar.org.lab2454.com/whsy.php?p=%2Fproc%2F13619%2Fnet" "Mozilla/5.0 AppleWebKit/537.36 (KHTML, like Gecko; compatible; GPTBot/1.3; +https://openai.com/gptbot)"
74.7.242.2 - - [13/Apr/2026:12:26:07 +0000] "GET /whsy.php?e=timens_offsets&p=%2Fproc%2F20893 HTTP/2.0" 200 945 "https://www.shakalar.org.lab2454.com/whsy.php?p=%2Fproc%2F20893" "Mozilla/5.0 AppleWebKit/537.36 (KHTML, like Gecko; compatible; GPTBot/1.3; +https://openai.com/gptbot)"
144.76.32.120 - - [13/Apr/2026:12:26:07 +0000] "GET /whsy.php?p=/opt/bitninja-dispatcher/node_modules/wrappy HTTP/1.1" 200 791 "-" "Mozilla/5.0 (compatible; SERankingBacklinksBot/1.0; +https://seranking.com/backlinks-crawler)"
18.211.39.188 - - [13/Apr/2026:12:26:08 +0000] "GET /whsy.php?e=stack&p=/proc/116/task/116 HTTP/1.1" 200 1790 "-" "Mozilla/5.0 AppleWebKit/537.36 (KHTML, like Gecko; compatible; Amazonbot/0.1; +https://developer.amazon.com/support/amazonbot) Chrome/119.0.6045.214 Safari/537.36"
74.7.243.196 - - [13/Apr/2026:12:26:09 +0000] "GET /whsy.php?e=prev&p=%2Fproc%2F13619%2Fattr HTTP/2.0" 200 858 "https://shakalar.org.lab2454.com/whsy.php?p=%2Fproc%2F13619%2Fattr" "Mozilla/5.0 AppleWebKit/537.36 (KHTML, like Gecko; compatible; GPTBot/1.3; +https://openai.com/gptbot)"
74.7.242.2 - - [13/Apr/2026:12:26:10 +0000] "GET /whsy.php?e=environ&p=%2Fproc%2F15780 HTTP/2.0" 200 945 "https://www.shakalar.org.lab2454.com/whsy.php?p=%2Fproc%2F15780" "Mozilla/5.0 AppleWebKit/537.36 (KHTML, like Gecko; compatible; GPTBot/1.3; +https://openai.com/gptbot)"
74.7.243.196 - - [13/Apr/2026:12:26:11 +0000] "GET /whsy.php?e=route&p=%2Fproc%2F13619%2Fnet HTTP/2.0" 200 2637 "https://shakalar.org.lab2454.com/whsy.php?p=%2Fproc%2F13619%2Fnet" "Mozilla/5.0 AppleWebKit/537.36 (KHTML, like Gecko; compatible; GPTBot/1.3; +https://openai.com/gptbot)"
54.159.18.27 - - [13/Apr/2026:12:26:12 +0000] "GET /whsy.php?e=fib_trie&p=/proc/5800/task/11179/net HTTP/1.1" 200 2717 "-" "Mozilla/5.0 AppleWebKit/537.36 (KHTML, like Gecko; compatible; Amazonbot/0.1; +https://developer.amazon.com/support/amazonbot) Chrome/119.0.6045.214 Safari/537.36"
74.7.242.2 - - [13/Apr/2026:12:26:12 +0000] "GET /whsy.php?e=cmdline&p=%2Fproc%2F15724 HTTP/2.0" 200 2004 "https://www.shakalar.org.lab2454.com/whsy.php?p=%2Fproc%2F15724" "Mozilla/5.0 AppleWebKit/537.36 (KHTML, like Gecko; compatible; GPTBot/1.3; +https://openai.com/gptbot)"
144.76.32.120 - - [13/Apr/2026:12:26:14 +0000] "GET /whsy.php?e=teql0&p=/proc/31032/task/31032/net/dev_snmp6 HTTP/1.1" 200 945 "-" "Mozilla/5.0 (compatible; SERankingBacklinksBot/1.0; +https://seranking.com/backlinks-crawler)"
74.7.243.196 - - [13/Apr/2026:12:26:14 +0000] "GET /whsy.php?e=exec&p=%2Fproc%2F13619%2Fattr HTTP/2.0" 200 859 "https://shakalar.org.lab2454.com/whsy.php?p=%2Fproc%2F13619%2Fattr" "Mozilla/5.0 AppleWebKit/537.36 (KHTML, like Gecko; compatible; GPTBot/1.3; +https://openai.com/gptbot)"
74.7.242.2 - - [13/Apr/2026:12:26:15 +0000] "GET /whsy.php?e=cmdline&p=%2Fproc%2F20893 HTTP/2.0" 200 945 "https://www.shakalar.org.lab2454.com/whsy.php?p=%2Fproc%2F20893" "Mozilla/5.0 AppleWebKit/537.36 (KHTML, like Gecko; compatible; GPTBot/1.3; +https://openai.com/gptbot)"
54.83.23.103 - - [13/Apr/2026:12:26:16 +0000] "GET /whsy.php?e=installed_by&p=/var/lib/yum/yumdb/a/9278ed8ed1593325171670315fb3e04691fc4493-alt-libidn2-2.3.0-2.el7-x86_64 HTTP/1.1" 200 1261 "-" "Mozilla/5.0 AppleWebKit/537.36 (KHTML, like Gecko; compatible; Amazonbot/0.1; +https://developer.amazon.com/support/amazonbot) Chrome/119.0.6045.214 Safari/537.36"
74.7.243.196 - - [13/Apr/2026:12:26:17 +0000] "GET /whsy.php?e=pfkey&p=%2Fproc%2F13619%2Fnet HTTP/2.0" 200 2534 "https://shakalar.org.lab2454.com/whsy.php?p=%2Fproc%2F13619%2Fnet" "Mozilla/5.0 AppleWebKit/537.36 (KHTML, like Gecko; compatible; GPTBot/1.3; +https://openai.com/gptbot)"
144.76.32.120 - - [13/Apr/2026:12:26:17 +0000] "GET /whsy.php?p=/opt/bitninja-dispatcher/node_modules/ws/lib HTTP/1.1" 200 1074 "-" "Mozilla/5.0 (compatible; SERankingBacklinksBot/1.0; +https://seranking.com/backlinks-crawler)"
74.7.242.2 - - [13/Apr/2026:12:26:18 +0000] "GET /whsy.php?e=smaps_rollup&p=%2Fproc%2F15780 HTTP/2.0" 200 945 "https://www.shakalar.org.lab2454.com/whsy.php?p=%2Fproc%2F15780" "Mozilla/5.0 AppleWebKit/537.36 (KHTML, like Gecko; compatible; GPTBot/1.3; +https://openai.com/gptbot)"
44.212.131.50 - - [13/Apr/2026:12:26:19 +0000] "GET /whsy.php?p=/proc/5800/task/11180/attr HTTP/1.1" 200 817 "-" "Mozilla/5.0 AppleWebKit/537.36 (KHTML, like Gecko; compatible; Amazonbot/0.1; +https://developer.amazon.com/support/amazonbot) Chrome/119.0.6045.214 Safari/537.36"
74.7.243.196 - - [13/Apr/2026:12:26:20 +0000] "GET /whsy.php?e=exec&p=%2Fproc%2F11033%2Fattr HTTP/2.0" 200 859 "https://shakalar.org.lab2454.com/whsy.php?p=%2Fproc%2F11033%2Fattr" "Mozilla/5.0 AppleWebKit/537.36 (KHTML, like Gecko; compatible; GPTBot/1.3; +https://openai.com/gptbot)"
144.76.32.120 - - [13/Apr/2026:12:26:21 +0000] "GET /whsy.php?e=teql0&p=/proc/31038/task/31038/net/dev_snmp6 HTTP/1.1" 200 945 "-" "Mozilla/5.0 (compatible; SERankingBacklinksBot/1.0; +https://seranking.com/backlinks-crawler)"
74.7.242.2 - - [13/Apr/2026:12:26:21 +0000] "GET /whsy.php?e=timens_offsets&p=%2Fproc%2F21190 HTTP/2.0" 200 945 "https://www.shakalar.org.lab2454.com/whsy.php?p=%2Fproc%2F21190" "Mozilla/5.0 AppleWebKit/537.36 (KHTML, like Gecko; compatible; GPTBot/1.3; +https://openai.com/gptbot)"
74.7.243.196 - - [13/Apr/2026:12:26:23 +0000] "GET /whsy.php?e=arch_status&p=%2Fproc%2F13619 HTTP/2.0" 200 2006 "https://shakalar.org.lab2454.com/whsy.php?p=%2Fproc%2F13619" "Mozilla/5.0 AppleWebKit/537.36 (KHTML, like Gecko; compatible; GPTBot/1.3; +https://openai.com/gptbot)"
50.16.248.61 - - [13/Apr/2026:12:26:23 +0000] "GET /whsy.php?e=ip_vs_conn&p=/proc/5800/task/11179/net HTTP/1.1" 200 2585 "-" "Mozilla/5.0 AppleWebKit/537.36 (KHTML, like Gecko; compatible; Amazonbot/0.1; +https://developer.amazon.com/support/amazonbot) Chrome/119.0.6045.214 Safari/537.36"
74.7.242.2 - - [13/Apr/2026:12:26:24 +0000] "GET /whsy.php?e=io&p=%2Fproc%2F21642 HTTP/2.0" 200 1935 "https://www.shakalar.org.lab2454.com/whsy.php?p=%2Fproc%2F21642" "Mozilla/5.0 AppleWebKit/537.36 (KHTML, like Gecko; compatible; GPTBot/1.3; +https://openai.com/gptbot)"
144.76.32.120 - - [13/Apr/2026:12:26:24 +0000] "GET /whsy.php?p=/opt/bitninja-node-dojo/include/node/openssl HTTP/1.1" 200 3464 "-" "Mozilla/5.0 (compatible; SERankingBacklinksBot/1.0; +https://seranking.com/backlinks-crawler)"
74.7.243.196 - - [13/Apr/2026:12:26:26 +0000] "GET /whsy.php?e=arch_status&p=%2Fproc%2F12475 HTTP/2.0" 200 945 "https://shakalar.org.lab2454.com/whsy.php?p=%2Fproc%2F12475" "Mozilla/5.0 AppleWebKit/537.36 (KHTML, like Gecko; compatible; GPTBot/1.3; +https://openai.com/gptbot)"
74.7.242.2 - - [13/Apr/2026:12:26:27 +0000] "GET /whsy.php?e=io&p=%2Fproc%2F21190 HTTP/2.0" 200 945 "https://www.shakalar.org.lab2454.com/whsy.php?p=%2Fproc%2F21190" "Mozilla/5.0 AppleWebKit/537.36 (KHTML, like Gecko; compatible; GPTBot/1.3; +https://openai.com/gptbot)"
44.223.193.255 - - [13/Apr/2026:12:26:28 +0000] "GET /whsy.php?p=/proc/146/task/146/net/rpc/auth.unix.ip/.. HTTP/1.1" 200 872 "-" "Mozilla/5.0 AppleWebKit/537.36 (KHTML, like Gecko; compatible; Amazonbot/0.1; +https://developer.amazon.com/support/amazonbot) Chrome/119.0.6045.214 Safari/537.36"
74.7.243.196 - - [13/Apr/2026:12:26:29 +0000] "GET /whsy.php?p=%2Fproc%2F26683%2Ftask%2F26686 HTTP/2.0" 200 1799 "https://shakalar.org.lab2454.com/whsy.php?p=%2Fproc%2F26683%2Ftask" "Mozilla/5.0 AppleWebKit/537.36 (KHTML, like Gecko; compatible; GPTBot/1.3; +https://openai.com/gptbot)"
144.76.32.120 - - [13/Apr/2026:12:26:29 +0000] "GET /whsy.php?e=teql0&p=/proc/31060/task/31060/net/dev_snmp6 HTTP/1.1" 200 945 "-" "Mozilla/5.0 (compatible; SERankingBacklinksBot/1.0; +https://seranking.com/backlinks-crawler)"
74.7.242.2 - - [13/Apr/2026:12:26:30 +0000] "GET /whsy.php?e=personality&p=%2Fproc%2F15780 HTTP/2.0" 200 945 "https://www.shakalar.org.lab2454.com/whsy.php?p=%2Fproc%2F15780" "Mozilla/5.0 AppleWebKit/537.36 (KHTML, like Gecko; compatible; GPTBot/1.3; +https://openai.com/gptbot)"
74.7.243.196 - - [13/Apr/2026:12:26:31 +0000] "GET /whsy.php?e=igmp&p=%2Fproc%2F13619%2Fnet HTTP/2.0" 200 2591 "https://shakalar.org.lab2454.com/whsy.php?p=%2Fproc%2F13619%2Fnet" "Mozilla/5.0 AppleWebKit/537.36 (KHTML, like Gecko; compatible; GPTBot/1.3; +https://openai.com/gptbot)"
54.204.62.163 - - [13/Apr/2026:12:26:32 +0000] "GET /whsy.php?e=ip_vs_app&p=/proc/17304/task/17304/net HTTP/1.1" 200 2540 "-" "Mozilla/5.0 AppleWebKit/537.36 (KHTML, like Gecko; compatible; Amazonbot/0.1; +https://developer.amazon.com/support/amazonbot) Chrome/119.0.6045.214 Safari/537.36"
74.7.242.2 - - [13/Apr/2026:12:26:32 +0000] "GET /whsy.php?e=cwd&p=%2Fproc%2F20893 HTTP/2.0" 200 945 "https://www.shakalar.org.lab2454.com/whsy.php?p=%2Fproc%2F20893" "Mozilla/5.0 AppleWebKit/537.36 (KHTML, like Gecko; compatible; GPTBot/1.3; +https://openai.com/gptbot)"
74.7.243.196 - - [13/Apr/2026:12:26:34 +0000] "GET /whsy.php?e=cpuset&p=%2Fproc%2F13619 HTTP/2.0" 200 2005 "https://shakalar.org.lab2454.com/whsy.php?p=%2Fproc%2F13619" "Mozilla/5.0 AppleWebKit/537.36 (KHTML, like Gecko; compatible; GPTBot/1.3; +https://openai.com/gptbot)"
144.76.32.120 - - [13/Apr/2026:12:26:35 +0000] "GET /whsy.php?p=/opt/bitninja-node-dojo/lib/node_modules/npm HTTP/1.1" 200 1198 "-" "Mozilla/5.0 (compatible; SERankingBacklinksBot/1.0; +https://seranking.com/backlinks-crawler)"
3.231.193.38 - - [13/Apr/2026:12:26:35 +0000] "GET /whsy.php?e=numa_maps&p=/proc/131/task/131 HTTP/1.1" 200 1861 "-" "Mozilla/5.0 AppleWebKit/537.36 (KHTML, like Gecko; compatible; Amazonbot/0.1; +https://developer.amazon.com/support/amazonbot) Chrome/119.0.6045.214 Safari/537.36"
74.7.242.2 - - [13/Apr/2026:12:26:35 +0000] "GET /whsy.php?e=mem&p=%2Fproc%2F13619 HTTP/2.0" 200 1935 "https://www.shakalar.org.lab2454.com/whsy.php?p=%2Fproc%2F13619" "Mozilla/5.0 AppleWebKit/537.36 (KHTML, like Gecko; compatible; GPTBot/1.3; +https://openai.com/gptbot)"
74.7.243.196 - - [13/Apr/2026:12:26:37 +0000] "GET /whsy.php?e=cpuset&p=%2Fproc%2F10407 HTTP/2.0" 200 945 "https://shakalar.org.lab2454.com/whsy.php?p=%2Fproc%2F10407" "Mozilla/5.0 AppleWebKit/537.36 (KHTML, like Gecko; compatible; GPTBot/1.3; +https://openai.com/gptbot)"
144.76.32.120 - - [13/Apr/2026:12:26:38 +0000] "GET /whsy.php?e=teql0&p=/proc/31066/task/31066/net/dev_snmp6 HTTP/1.1" 200 945 "-" "Mozilla/5.0 (compatible; SERankingBacklinksBot/1.0; +https://seranking.com/backlinks-crawler)"
74.7.242.2 - - [13/Apr/2026:12:26:38 +0000] "GET /whsy.php?e=mem&p=%2Fproc%2F20893 HTTP/2.0" 200 945 "https://www.shakalar.org.lab2454.com/whsy.php?p=%2Fproc%2F20893" "Mozilla/5.0 AppleWebKit/537.36 (KHTML, like Gecko; compatible; GPTBot/1.3; +https://openai.com/gptbot)"
98.82.38.120 - - [13/Apr/2026:12:26:39 +0000] "GET /whsy.php?e=pagemap&p=/proc/3201/task/3201 HTTP/1.1" 200 1789 "-" "Mozilla/5.0 AppleWebKit/537.36 (KHTML, like Gecko; compatible; Amazonbot/0.1; +https://developer.amazon.com/support/amazonbot) Chrome/119.0.6045.214 Safari/537.36"
74.7.243.196 - - [13/Apr/2026:12:26:40 +0000] "GET /whsy.php?e=cgroup&p=%2Fproc%2F10407 HTTP/2.0" 200 945 "https://shakalar.org.lab2454.com/whsy.php?p=%2Fproc%2F10407" "Mozilla/5.0 AppleWebKit/537.36 (KHTML, like Gecko; compatible; GPTBot/1.3; +https://openai.com/gptbot)"
74.7.242.2 - - [13/Apr/2026:12:26:41 +0000] "GET /whsy.php?e=cwd&p=%2Fproc%2F13619 HTTP/2.0" 200 1935 "https://www.shakalar.org.lab2454.com/whsy.php?p=%2Fproc%2F13619" "Mozilla/5.0 AppleWebKit/537.36 (KHTML, like Gecko; compatible; GPTBot/1.3; +https://openai.com/gptbot)"
74.7.243.196 - - [13/Apr/2026:12:26:43 +0000] "GET /whsy.php?e=cpuset&p=%2Fproc%2F12475 HTTP/2.0" 200 945 "https://shakalar.org.lab2454.com/whsy.php?p=%2Fproc%2F12475" "Mozilla/5.0 AppleWebKit/537.36 (KHTML, like Gecko; compatible; GPTBot/1.3; +https://openai.com/gptbot)"
74.7.242.2 - - [13/Apr/2026:12:26:44 +0000] "GET /whsy.php?e=mem&p=%2Fproc%2F15724 HTTP/2.0" 200 1938 "https://www.shakalar.org.lab2454.com/whsy.php?p=%2Fproc%2F15724" "Mozilla/5.0 AppleWebKit/537.36 (KHTML, like Gecko; compatible; GPTBot/1.3; +https://openai.com/gptbot)"
144.76.32.120 - - [13/Apr/2026:12:26:45 +0000] "GET /whsy.php?e=CHANGELOG.md&p=/usr/share/doc/nodejs-16.20.2 HTTP/1.1" 200 6760 "-" "Mozilla/5.0 (compatible; SERankingBacklinksBot/1.0; +https://seranking.com/backlinks-crawler)"
74.7.243.196 - - [13/Apr/2026:12:26:46 +0000] "GET /whsy.php?e=cpuset&p=%2Fproc%2F11748 HTTP/2.0" 200 945 "https://shakalar.org.lab2454.com/whsy.php?p=%2Fproc%2F11748" "Mozilla/5.0 AppleWebKit/537.36 (KHTML, like Gecko; compatible; GPTBot/1.3; +https://openai.com/gptbot)"
74.7.242.2 - - [13/Apr/2026:12:26:47 +0000] "GET /whsy.php?e=exe&p=%2Fproc%2F13619 HTTP/2.0" 200 1935 "https://www.shakalar.org.lab2454.com/whsy.php?p=%2Fproc%2F13619" "Mozilla/5.0 AppleWebKit/537.36 (KHTML, like Gecko; compatible; GPTBot/1.3; +https://openai.com/gptbot)"
52.71.218.25 - - [13/Apr/2026:12:26:48 +0000] "GET /whsy.php?e=assocs&p=/proc/5800/task/5800/net/sctp HTTP/1.1" 200 953 "-" "Mozilla/5.0 AppleWebKit/537.36 (KHTML, like Gecko; compatible; Amazonbot/0.1; +https://developer.amazon.com/support/amazonbot) Chrome/119.0.6045.214 Safari/537.36"
74.7.243.196 - - [13/Apr/2026:12:26:49 +0000] "GET /whsy.php?e=cgroup&p=%2Fproc%2F13619 HTTP/2.0" 200 2115 "https://shakalar.org.lab2454.com/whsy.php?p=%2Fproc%2F13619" "Mozilla/5.0 AppleWebKit/537.36 (KHTML, like Gecko; compatible; GPTBot/1.3; +https://openai.com/gptbot)"
74.7.242.2 - - [13/Apr/2026:12:26:50 +0000] "GET /whsy.php?e=cwd&p=%2Fproc%2F15724 HTTP/2.0" 200 1938 "https://www.shakalar.org.lab2454.com/whsy.php?p=%2Fproc%2F15724" "Mozilla/5.0 AppleWebKit/537.36 (KHTML, like Gecko; compatible; GPTBot/1.3; +https://openai.com/gptbot)"
34.193.2.57 - - [13/Apr/2026:12:26:51 +0000] "GET /whsy.php?e=cmdline&p=/proc/13196/task/13196 HTTP/1.1" 200 1874 "-" "Mozilla/5.0 AppleWebKit/537.36 (KHTML, like Gecko; compatible; Amazonbot/0.1; +https://developer.amazon.com/support/amazonbot) Chrome/119.0.6045.214 Safari/537.36"
74.7.243.196 - - [13/Apr/2026:12:26:52 +0000] "GET /whsy.php?e=cgroup&p=%2Fproc%2F12034 HTTP/2.0" 200 945 "https://shakalar.org.lab2454.com/whsy.php?p=%2Fproc%2F12034" "Mozilla/5.0 AppleWebKit/537.36 (KHTML, like Gecko; compatible; GPTBot/1.3; +https://openai.com/gptbot)"
144.76.32.120 - - [13/Apr/2026:12:26:52 +0000] "GET /whsy.php?e=teql0&p=/proc/31067/task/31067/net/dev_snmp6 HTTP/1.1" 200 945 "-" "Mozilla/5.0 (compatible; SERankingBacklinksBot/1.0; +https://seranking.com/backlinks-crawler)"
74.7.242.2 - - [13/Apr/2026:12:26:53 +0000] "GET /whsy.php?e=personality&p=%2Fproc%2F15724 HTTP/2.0" 200 1938 "https://www.shakalar.org.lab2454.com/whsy.php?p=%2Fproc%2F15724" "Mozilla/5.0 AppleWebKit/537.36 (KHTML, like Gecko; compatible; GPTBot/1.3; +https://openai.com/gptbot)"
74.7.243.196 - - [13/Apr/2026:12:26:54 +0000] "GET /whsy.php?e=cgroup&p=%2Fproc%2F12475 HTTP/2.0" 200 945 "https://shakalar.org.lab2454.com/whsy.php?p=%2Fproc%2F12475" "Mozilla/5.0 AppleWebKit/537.36 (KHTML, like Gecko; compatible; GPTBot/1.3; +https://openai.com/gptbot)"
52.202.233.37 - - [13/Apr/2026:12:26:55 +0000] "GET /whsy.php?p=/proc/17235/task/17235/net/xt_recent HTTP/1.1" 200 513 "-" "Mozilla/5.0 AppleWebKit/537.36 (KHTML, like Gecko; compatible; Amazonbot/0.1; +https://developer.amazon.com/support/amazonbot) Chrome/119.0.6045.214 Safari/537.36"
74.7.242.2 - - [13/Apr/2026:12:26:56 +0000] "GET /whsy.php?e=personality&p=%2Fproc%2F20893 HTTP/2.0" 200 945 "https://www.shakalar.org.lab2454.com/whsy.php?p=%2Fproc%2F20893" "Mozilla/5.0 AppleWebKit/537.36 (KHTML, like Gecko; compatible; GPTBot/1.3; +https://openai.com/gptbot)"
74.7.243.196 - - [13/Apr/2026:12:26:58 +0000] "GET /whsy.php?e=cpuset&p=%2Fproc%2F12034 HTTP/2.0" 200 945 "https://shakalar.org.lab2454.com/whsy.php?p=%2Fproc%2F12034" "Mozilla/5.0 AppleWebKit/537.36 (KHTML, like Gecko; compatible; GPTBot/1.3; +https://openai.com/gptbot)"
144.76.32.120 - - [13/Apr/2026:12:26:58 +0000] "GET /whsy.php?e=COPYING&p=/usr/share/doc/initscripts-9.49.53 HTTP/1.1" 200 7861 "-" "Mozilla/5.0 (compatible; SERankingBacklinksBot/1.0; +https://seranking.com/backlinks-crawler)"
74.7.242.2 - - [13/Apr/2026:12:26:59 +0000] "GET /whsy.php?e=personality&p=%2Fproc%2F13619 HTTP/2.0" 200 1935 "https://www.shakalar.org.lab2454.com/whsy.php?p=%2Fproc%2F13619" "Mozilla/5.0 AppleWebKit/537.36 (KHTML, like Gecko; compatible; GPTBot/1.3; +https://openai.com/gptbot)"
52.203.152.231 - - [13/Apr/2026:12:26:59 +0000] "GET /whsy.php?e=children&p=/proc/69/task/69 HTTP/1.1" 200 1858 "-" "Mozilla/5.0 AppleWebKit/537.36 (KHTML, like Gecko; compatible; Amazonbot/0.1; +https://developer.amazon.com/support/amazonbot) Chrome/119.0.6045.214 Safari/537.36"
74.7.243.196 - - [13/Apr/2026:12:27:00 +0000] "GET /whsy.php?e=cgroup&p=%2Fproc%2F26584 HTTP/2.0" 200 945 "https://shakalar.org.lab2454.com/whsy.php?p=%2Fproc%2F26584" "Mozilla/5.0 AppleWebKit/537.36 (KHTML, like Gecko; compatible; GPTBot/1.3; +https://openai.com/gptbot)"
74.7.242.2 - - [13/Apr/2026:12:27:02 +0000] "GET /whsy.php?e=clear_refs&p=%2Fproc%2F15780 HTTP/2.0" 200 945 "https://www.shakalar.org.lab2454.com/whsy.php?p=%2Fproc%2F15780" "Mozilla/5.0 AppleWebKit/537.36 (KHTML, like Gecko; compatible; GPTBot/1.3; +https://openai.com/gptbot)"
3.232.82.72 - - [13/Apr/2026:12:27:03 +0000] "GET /whsy.php?p=/proc/124/task/124/net/rpc/nfs4.idtoname/.. HTTP/1.1" 200 872 "-" "Mozilla/5.0 AppleWebKit/537.36 (KHTML, like Gecko; compatible; Amazonbot/0.1; +https://developer.amazon.com/support/amazonbot) Chrome/119.0.6045.214 Safari/537.36"
74.7.243.196 - - [13/Apr/2026:12:27:03 +0000] "GET /whsy.php?e=cpuset&p=%2Fproc%2F26584 HTTP/2.0" 200 945 "https://shakalar.org.lab2454.com/whsy.php?p=%2Fproc%2F26584" "Mozilla/5.0 AppleWebKit/537.36 (KHTML, like Gecko; compatible; GPTBot/1.3; +https://openai.com/gptbot)"
74.7.242.2 - - [13/Apr/2026:12:27:05 +0000] "GET /whsy.php?e=ksm_stat&p=%2Fproc%2F21642 HTTP/2.0" 200 1935 "https://www.shakalar.org.lab2454.com/whsy.php?p=%2Fproc%2F21642" "Mozilla/5.0 AppleWebKit/537.36 (KHTML, like Gecko; compatible; GPTBot/1.3; +https://openai.com/gptbot)"
74.7.243.196 - - [13/Apr/2026:12:27:07 +0000] "GET /whsy.php?e=cgroup&p=%2Fproc%2F11748 HTTP/2.0" 200 945 "https://shakalar.org.lab2454.com/whsy.php?p=%2Fproc%2F11748" "Mozilla/5.0 AppleWebKit/537.36 (KHTML, like Gecko; compatible; GPTBot/1.3; +https://openai.com/gptbot)"
52.0.63.151 - - [13/Apr/2026:12:27:07 +0000] "GET /whsy.php?p=/proc/79/task/79/net/rpc/.. HTTP/1.1" 200 2457 "-" "Mozilla/5.0 AppleWebKit/537.36 (KHTML, like Gecko; compatible; Amazonbot/0.1; +https://developer.amazon.com/support/amazonbot) Chrome/119.0.6045.214 Safari/537.36"
74.7.242.2 - - [13/Apr/2026:12:27:08 +0000] "GET /whsy.php?e=sched&p=%2Fproc%2F13619 HTTP/2.0" 200 2456 "https://www.shakalar.org.lab2454.com/whsy.php?p=%2Fproc%2F13619" "Mozilla/5.0 AppleWebKit/537.36 (KHTML, like Gecko; compatible; GPTBot/1.3; +https://openai.com/gptbot)"
74.7.243.196 - - [13/Apr/2026:12:27:09 +0000] "GET /whsy.php?e=status&p=%2Fproc%2F26683 HTTP/2.0" 200 2579 "https://shakalar.org.lab2454.com/whsy.php?p=%2Fproc%2F26683" "Mozilla/5.0 AppleWebKit/537.36 (KHTML, like Gecko; compatible; GPTBot/1.3; +https://openai.com/gptbot)"
74.7.242.2 - - [13/Apr/2026:12:27:11 +0000] "GET /whsy.php?e=smaps&p=%2Fproc%2F20893 HTTP/2.0" 200 945 "https://www.shakalar.org.lab2454.com/whsy.php?p=%2Fproc%2F20893" "Mozilla/5.0 AppleWebKit/537.36 (KHTML, like Gecko; compatible; GPTBot/1.3; +https://openai.com/gptbot)"
52.204.37.237 - - [13/Apr/2026:12:27:11 +0000] "GET /whsy.php?e=dev_mcast&p=/proc/17187/task/17187/net HTTP/1.1" 200 2597 "-" "Mozilla/5.0 AppleWebKit/537.36 (KHTML, like Gecko; compatible; Amazonbot/0.1; +https://developer.amazon.com/support/amazonbot) Chrome/119.0.6045.214 Safari/537.36"
74.7.243.196 - - [13/Apr/2026:12:27:12 +0000] "GET /whsy.php?e=numa_maps&p=%2Fproc%2F26683 HTTP/2.0" 200 2123 "https://shakalar.org.lab2454.com/whsy.php?p=%2Fproc%2F26683" "Mozilla/5.0 AppleWebKit/537.36 (KHTML, like Gecko; compatible; GPTBot/1.3; +https://openai.com/gptbot)"
74.7.242.2 - - [13/Apr/2026:12:27:13 +0000] "GET /whsy.php?e=sched&p=%2Fproc%2F20893 HTTP/2.0" 200 945 "https://www.shakalar.org.lab2454.com/whsy.php?p=%2Fproc%2F20893" "Mozilla/5.0 AppleWebKit/537.36 (KHTML, like Gecko; compatible; GPTBot/1.3; +https://openai.com/gptbot)"
44.221.37.41 - - [13/Apr/2026:12:27:15 +0000] "GET /whsy.php?e=checksum_type&p=/var/lib/yum/yumdb/a/e86cd17217a9f9774f9f12631d790fc15964e3ef-alt-python38-pycares-4.1.2-2.el7-x86_64 HTTP/1.1" 200 1239 "-" "Mozilla/5.0 AppleWebKit/537.36 (KHTML, like Gecko; compatible; Amazonbot/0.1; +https://developer.amazon.com/support/amazonbot) Chrome/119.0.6045.214 Safari/537.36"
74.7.243.196 - - [13/Apr/2026:12:27:15 +0000] "GET /whsy.php?e=icmp&p=%2Fproc%2F11033%2Fnet HTTP/2.0" 200 2579 "https://shakalar.org.lab2454.com/whsy.php?p=%2Fproc%2F11033%2Fnet" "Mozilla/5.0 AppleWebKit/537.36 (KHTML, like Gecko; compatible; GPTBot/1.3; +https://openai.com/gptbot)"
74.7.242.2 - - [13/Apr/2026:12:27:16 +0000] "GET /whsy.php?e=wchan&p=%2Fproc%2F21190 HTTP/2.0" 200 945 "https://www.shakalar.org.lab2454.com/whsy.php?p=%2Fproc%2F21190" "Mozilla/5.0 AppleWebKit/537.36 (KHTML, like Gecko; compatible; GPTBot/1.3; +https://openai.com/gptbot)"
74.7.243.196 - - [13/Apr/2026:12:27:18 +0000] "GET /whsy.php?e=snmp&p=%2Fproc%2F13619%2Fnet HTTP/2.0" 200 3236 "https://shakalar.org.lab2454.com/whsy.php?p=%2Fproc%2F13619%2Fnet" "Mozilla/5.0 AppleWebKit/537.36 (KHTML, like Gecko; compatible; GPTBot/1.3; +https://openai.com/gptbot)"
74.7.242.2 - - [13/Apr/2026:12:27:19 +0000] "GET /whsy.php?e=sched&p=%2Fproc%2F15724 HTTP/2.0" 200 945 "https://www.shakalar.org.lab2454.com/whsy.php?p=%2Fproc%2F15724" "Mozilla/5.0 AppleWebKit/537.36 (KHTML, like Gecko; compatible; GPTBot/1.3; +https://openai.com/gptbot)"
54.91.122.193 - - [13/Apr/2026:12:27:20 +0000] "GET /whsy.php?e=dev&p=/proc/5800/task/11179/net HTTP/1.1" 200 2768 "-" "Mozilla/5.0 AppleWebKit/537.36 (KHTML, like Gecko; compatible; Amazonbot/0.1; +https://developer.amazon.com/support/amazonbot) Chrome/119.0.6045.214 Safari/537.36"
74.7.243.196 - - [13/Apr/2026:12:27:21 +0000] "GET /whsy.php?e=root&p=%2Fproc%2F4968 HTTP/2.0" 200 1934 "https://shakalar.org.lab2454.com/whsy.php?p=%2Fproc%2F4968" "Mozilla/5.0 AppleWebKit/537.36 (KHTML, like Gecko; compatible; GPTBot/1.3; +https://openai.com/gptbot)"
74.7.242.2 - - [13/Apr/2026:12:27:22 +0000] "GET /whsy.php?e=smaps&p=%2Fproc%2F15724 HTTP/2.0" 200 945 "https://www.shakalar.org.lab2454.com/whsy.php?p=%2Fproc%2F15724" "Mozilla/5.0 AppleWebKit/537.36 (KHTML, like Gecko; compatible; GPTBot/1.3; +https://openai.com/gptbot)"
34.194.226.74 - - [13/Apr/2026:12:27:23 +0000] "GET /whsy.php?e=ip_vs_conn&p=/proc/17235/task/17235/net HTTP/1.1" 200 2582 "-" "Mozilla/5.0 AppleWebKit/537.36 (KHTML, like Gecko; compatible; Amazonbot/0.1; +https://developer.amazon.com/support/amazonbot) Chrome/119.0.6045.214 Safari/537.36"
144.76.32.120 - - [13/Apr/2026:12:27:24 +0000] "GET /whsy.php?e=teql0&p=/proc/32096/task/32096/net/dev_snmp6 HTTP/1.1" 200 945 "-" "Mozilla/5.0 (compatible; SERankingBacklinksBot/1.0; +https://seranking.com/backlinks-crawler)"
74.7.243.196 - - [13/Apr/2026:12:27:24 +0000] "GET /whsy.php?e=comm&p=%2Fproc%2F4968 HTTP/2.0" 200 2025 "https://shakalar.org.lab2454.com/whsy.php?p=%2Fproc%2F4968" "Mozilla/5.0 AppleWebKit/537.36 (KHTML, like Gecko; compatible; GPTBot/1.3; +https://openai.com/gptbot)"
74.7.242.2 - - [13/Apr/2026:12:27:25 +0000] "GET /whsy.php?e=environ&p=%2Fproc%2F21190 HTTP/2.0" 200 945 "https://www.shakalar.org.lab2454.com/whsy.php?p=%2Fproc%2F21190" "Mozilla/5.0 AppleWebKit/537.36 (KHTML, like Gecko; compatible; GPTBot/1.3; +https://openai.com/gptbot)"
74.7.243.196 - - [13/Apr/2026:12:27:27 +0000] "GET /whsy.php?e=unix&p=%2Fproc%2F13619%2Fnet HTTP/2.0" 200 5089 "https://shakalar.org.lab2454.com/whsy.php?p=%2Fproc%2F13619%2Fnet" "Mozilla/5.0 AppleWebKit/537.36 (KHTML, like Gecko; compatible; GPTBot/1.3; +https://openai.com/gptbot)"
44.215.210.112 - - [13/Apr/2026:12:27:27 +0000] "GET /whsy.php?e=wchan&p=/proc/5800/task/16001 HTTP/1.1" 200 1865 "-" "Mozilla/5.0 AppleWebKit/537.36 (KHTML, like Gecko; compatible; Amazonbot/0.1; +https://developer.amazon.com/support/amazonbot) Chrome/119.0.6045.214 Safari/537.36"
74.7.242.2 - - [13/Apr/2026:12:27:28 +0000] "GET /whsy.php?e=syscall&p=%2Fproc%2F13619 HTTP/2.0" 200 1935 "https://www.shakalar.org.lab2454.com/whsy.php?p=%2Fproc%2F13619" "Mozilla/5.0 AppleWebKit/537.36 (KHTML, like Gecko; compatible; GPTBot/1.3; +https://openai.com/gptbot)"
74.7.243.196 - - [13/Apr/2026:12:27:30 +0000] "GET /whsy.php?e=oom_score&p=%2Fproc%2F13619 HTTP/2.0" 200 2004 "https://shakalar.org.lab2454.com/whsy.php?p=%2Fproc%2F13619" "Mozilla/5.0 AppleWebKit/537.36 (KHTML, like Gecko; compatible; GPTBot/1.3; +https://openai.com/gptbot)"
74.7.242.2 - - [13/Apr/2026:12:27:31 +0000] "GET /whsy.php?e=oom_score&p=%2Fproc%2F21642 HTTP/2.0" 200 2005 "https://www.shakalar.org.lab2454.com/whsy.php?p=%2Fproc%2F21642" "Mozilla/5.0 AppleWebKit/537.36 (KHTML, like Gecko; compatible; GPTBot/1.3; +https://openai.com/gptbot)"
3.219.80.71 - - [13/Apr/2026:12:27:31 +0000] "GET /whsy.php?e=oom_adj&p=/proc/10692/task/10692 HTTP/1.1" 200 1862 "-" "Mozilla/5.0 AppleWebKit/537.36 (KHTML, like Gecko; compatible; Amazonbot/0.1; +https://developer.amazon.com/support/amazonbot) Chrome/119.0.6045.214 Safari/537.36"
74.7.243.196 - - [13/Apr/2026:12:27:33 +0000] "GET /whsy.php?e=oom_score&p=%2Fproc%2F10407 HTTP/2.0" 200 945 "https://shakalar.org.lab2454.com/whsy.php?p=%2Fproc%2F10407" "Mozilla/5.0 AppleWebKit/537.36 (KHTML, like Gecko; compatible; GPTBot/1.3; +https://openai.com/gptbot)"
34.231.181.240 - - [13/Apr/2026:12:26:44 +0000] "GET /whsy.php?p=/proc/153/task/153/fdinfo HTTP/1.1" 200 1557163 "-" "Mozilla/5.0 AppleWebKit/537.36 (KHTML, like Gecko; compatible; Amazonbot/0.1; +https://developer.amazon.com/support/amazonbot) Chrome/119.0.6045.214 Safari/537.36"
74.7.242.2 - - [13/Apr/2026:12:27:34 +0000] "GET /whsy.php?e=environ&p=%2Fproc%2F13619 HTTP/2.0" 200 1935 "https://www.shakalar.org.lab2454.com/whsy.php?p=%2Fproc%2F13619" "Mozilla/5.0 AppleWebKit/537.36 (KHTML, like Gecko; compatible; GPTBot/1.3; +https://openai.com/gptbot)"
144.76.32.120 - - [13/Apr/2026:12:27:34 +0000] "GET /whsy.php?e=COPYING.FDL&p=/usr/share/doc/flac-libs-1.3.0 HTTP/1.1" 200 8154 "-" "Mozilla/5.0 (compatible; SERankingBacklinksBot/1.0; +https://seranking.com/backlinks-crawler)"
98.84.131.195 - - [13/Apr/2026:12:27:35 +0000] "GET /whsy.php?e=sockstat&p=/proc/187/task/187/net HTTP/1.1" 200 2616 "-" "Mozilla/5.0 AppleWebKit/537.36 (KHTML, like Gecko; compatible; Amazonbot/0.1; +https://developer.amazon.com/support/amazonbot) Chrome/119.0.6045.214 Safari/537.36"
74.7.243.196 - - [13/Apr/2026:12:27:36 +0000] "GET /whsy.php?e=oom_score&p=%2Fproc%2F11748 HTTP/2.0" 200 945 "https://shakalar.org.lab2454.com/whsy.php?p=%2Fproc%2F11748" "Mozilla/5.0 AppleWebKit/537.36 (KHTML, like Gecko; compatible; GPTBot/1.3; +https://openai.com/gptbot)"
74.7.242.2 - - [13/Apr/2026:12:27:37 +0000] "GET /whsy.php?e=syscall&p=%2Fproc%2F15780 HTTP/2.0" 200 945 "https://www.shakalar.org.lab2454.com/whsy.php?p=%2Fproc%2F15780" "Mozilla/5.0 AppleWebKit/537.36 (KHTML, like Gecko; compatible; GPTBot/1.3; +https://openai.com/gptbot)"
74.7.243.196 - - [13/Apr/2026:12:27:39 +0000] "GET /whsy.php?e=arp&p=%2Fproc%2F13619%2Fnet HTTP/2.0" 200 2579 "https://shakalar.org.lab2454.com/whsy.php?p=%2Fproc%2F13619%2Fnet" "Mozilla/5.0 AppleWebKit/537.36 (KHTML, like Gecko; compatible; GPTBot/1.3; +https://openai.com/gptbot)"
184.73.68.20 - - [13/Apr/2026:12:27:39 +0000] "GET /whsy.php?e=AbstractPositioner.php&p=/home/lab2454c/healthvalidate.com/vendor/dompdf/dompdf/src/Positioner HTTP/1.1" 200 1477 "-" "Mozilla/5.0 AppleWebKit/537.36 (KHTML, like Gecko; compatible; Amazonbot/0.1; +https://developer.amazon.com/support/amazonbot) Chrome/119.0.6045.214 Safari/537.36"
144.76.32.120 - - [13/Apr/2026:12:27:40 +0000] "GET /whsy.php?e=teql0&p=/proc/32362/task/32362/net/dev_snmp6 HTTP/1.1" 200 945 "-" "Mozilla/5.0 (compatible; SERankingBacklinksBot/1.0; +https://seranking.com/backlinks-crawler)"
74.7.242.2 - - [13/Apr/2026:12:27:40 +0000] "GET /whsy.php?e=cmdline&p=%2Fproc%2F21642 HTTP/2.0" 200 2002 "https://www.shakalar.org.lab2454.com/whsy.php?p=%2Fproc%2F21642" "Mozilla/5.0 AppleWebKit/537.36 (KHTML, like Gecko; compatible; GPTBot/1.3; +https://openai.com/gptbot)"
74.7.243.196 - - [13/Apr/2026:12:27:42 +0000] "GET /whsy.php?e=raw&p=%2Fproc%2F11033%2Fnet HTTP/2.0" 200 2578 "https://shakalar.org.lab2454.com/whsy.php?p=%2Fproc%2F11033%2Fnet" "Mozilla/5.0 AppleWebKit/537.36 (KHTML, like Gecko; compatible; GPTBot/1.3; +https://openai.com/gptbot)"
74.7.242.2 - - [13/Apr/2026:12:27:43 +0000] "GET /whsy.php?e=pagemap&p=%2Fproc%2F15780 HTTP/2.0" 200 945 "https://www.shakalar.org.lab2454.com/whsy.php?p=%2Fproc%2F15780" "Mozilla/5.0 AppleWebKit/537.36 (KHTML, like Gecko; compatible; GPTBot/1.3; +https://openai.com/gptbot)"
34.235.239.240 - - [13/Apr/2026:12:27:44 +0000] "GET /whsy.php?e=var_infra&p=/var/lib/yum/yumdb/a/d1876e5ec363c76577a0254c3083143e25b14bf7-alt-python311-3.11.9-1.el7-x86_64 HTTP/1.1" 200 1305 "-" "Mozilla/5.0 AppleWebKit/537.36 (KHTML, like Gecko; compatible; Amazonbot/0.1; +https://developer.amazon.com/support/amazonbot) Chrome/119.0.6045.214 Safari/537.36"
74.7.243.196 - - [13/Apr/2026:12:27:45 +0000] "GET /whsy.php?e=udp&p=%2Fproc%2F11033%2Fnet HTTP/2.0" 200 2773 "https://shakalar.org.lab2454.com/whsy.php?p=%2Fproc%2F11033%2Fnet" "Mozilla/5.0 AppleWebKit/537.36 (KHTML, like Gecko; compatible; GPTBot/1.3; +https://openai.com/gptbot)"
144.76.32.120 - - [13/Apr/2026:12:27:46 +0000] "GET /whsy.php?e=COPYING.GPL&p=/usr/share/doc/flac-libs-1.3.0 HTTP/1.1" 200 7776 "-" "Mozilla/5.0 (compatible; SERankingBacklinksBot/1.0; +https://seranking.com/backlinks-crawler)"
74.7.242.2 - - [13/Apr/2026:12:27:46 +0000] "GET /whsy.php?e=environ&p=%2Fproc%2F15724 HTTP/2.0" 200 945 "https://www.shakalar.org.lab2454.com/whsy.php?p=%2Fproc%2F15724" "Mozilla/5.0 AppleWebKit/537.36 (KHTML, like Gecko; compatible; GPTBot/1.3; +https://openai.com/gptbot)"
74.7.243.196 - - [13/Apr/2026:12:27:48 +0000] "GET /whsy.php?e=ptype&p=%2Fproc%2F11033%2Fnet HTTP/2.0" 200 2617 "https://shakalar.org.lab2454.com/whsy.php?p=%2Fproc%2F11033%2Fnet" "Mozilla/5.0 AppleWebKit/537.36 (KHTML, like Gecko; compatible; GPTBot/1.3; +https://openai.com/gptbot)"
3.214.176.44 - - [13/Apr/2026:12:27:49 +0000] "GET /whsy.php?e=rt_acct&p=/proc/5800/task/11179/net HTTP/1.1" 200 2552 "-" "Mozilla/5.0 AppleWebKit/537.36 (KHTML, like Gecko; compatible; Amazonbot/0.1; +https://developer.amazon.com/support/amazonbot) Chrome/119.0.6045.214 Safari/537.36"
74.7.242.2 - - [13/Apr/2026:12:27:49 +0000] "GET /whsy.php?e=environ&p=%2Fproc%2F20893 HTTP/2.0" 200 945 "https://www.shakalar.org.lab2454.com/whsy.php?p=%2Fproc%2F20893" "Mozilla/5.0 AppleWebKit/537.36 (KHTML, like Gecko; compatible; GPTBot/1.3; +https://openai.com/gptbot)"
74.7.243.196 - - [13/Apr/2026:12:27:51 +0000] "GET /whsy.php?e=ptype&p=%2Fproc%2F26683%2Fnet HTTP/2.0" 200 2617 "https://shakalar.org.lab2454.com/whsy.php?p=%2Fproc%2F26683%2Fnet" "Mozilla/5.0 AppleWebKit/537.36 (KHTML, like Gecko; compatible; GPTBot/1.3; +https://openai.com/gptbot)"
144.76.32.120 - - [13/Apr/2026:12:27:51 +0000] "GET /whsy.php?e=test_sa_compiled&p=/usr/local/cpanel/scripts HTTP/1.1" 200 16971 "-" "Mozilla/5.0 (compatible; SERankingBacklinksBot/1.0; +https://seranking.com/backlinks-crawler)"
54.156.124.2 - - [13/Apr/2026:12:27:52 +0000] "GET /whsy.php?e=maps&p=/proc/103/task/103 HTTP/1.1" 200 1857 "-" "Mozilla/5.0 AppleWebKit/537.36 (KHTML, like Gecko; compatible; Amazonbot/0.1; +https://developer.amazon.com/support/amazonbot) Chrome/119.0.6045.214 Safari/537.36"
74.7.242.2 - - [13/Apr/2026:12:27:52 +0000] "GET /whsy.php?e=clear_refs&p=%2Fproc%2F21642 HTTP/2.0" 200 1935 "https://www.shakalar.org.lab2454.com/whsy.php?p=%2Fproc%2F21642" "Mozilla/5.0 AppleWebKit/537.36 (KHTML, like Gecko; compatible; GPTBot/1.3; +https://openai.com/gptbot)"
74.7.243.196 - - [13/Apr/2026:12:27:54 +0000] "GET /whsy.php?e=io&p=%2Fproc%2F4968 HTTP/2.0" 200 1934 "https://shakalar.org.lab2454.com/whsy.php?p=%2Fproc%2F4968" "Mozilla/5.0 AppleWebKit/537.36 (KHTML, like Gecko; compatible; GPTBot/1.3; +https://openai.com/gptbot)"
74.7.242.2 - - [13/Apr/2026:12:27:55 +0000] "GET /whsy.php?p=%2Fproc%2F16982 HTTP/2.0" 200 945 "https://www.shakalar.org.lab2454.com/whsy.php?p=%2Fproc%2F11033%2F.." "Mozilla/5.0 AppleWebKit/537.36 (KHTML, like Gecko; compatible; GPTBot/1.3; +https://openai.com/gptbot)"
144.76.32.120 - - [13/Apr/2026:12:27:55 +0000] "GET /whsy.php?e=COPYING.GPLv2&p=/usr/share/doc/ffmpeg-2.8.15 HTTP/1.1" 200 7808 "-" "Mozilla/5.0 (compatible; SERankingBacklinksBot/1.0; +https://seranking.com/backlinks-crawler)"
3.208.146.193 - - [13/Apr/2026:12:27:55 +0000] "GET /whsy.php?e=maps&p=/proc/116/task/116 HTTP/1.1" 200 1857 "-" "Mozilla/5.0 AppleWebKit/537.36 (KHTML, like Gecko; compatible; Amazonbot/0.1; +https://developer.amazon.com/support/amazonbot) Chrome/119.0.6045.214 Safari/537.36"
74.7.243.196 - - [13/Apr/2026:12:27:57 +0000] "GET /whsy.php?e=oom_score&p=%2Fproc%2F12034 HTTP/2.0" 200 945 "https://shakalar.org.lab2454.com/whsy.php?p=%2Fproc%2F12034" "Mozilla/5.0 AppleWebKit/537.36 (KHTML, like Gecko; compatible; GPTBot/1.3; +https://openai.com/gptbot)"
74.7.242.2 - - [13/Apr/2026:12:27:58 +0000] "GET /whsy.php?p=%2Fproc%2F28084 HTTP/2.0" 200 945 "https://www.shakalar.org.lab2454.com/whsy.php?p=%2Fproc%2F11033%2F.." "Mozilla/5.0 AppleWebKit/537.36 (KHTML, like Gecko; compatible; GPTBot/1.3; +https://openai.com/gptbot)"
23.21.179.27 - - [13/Apr/2026:12:28:00 +0000] "GET /whsy.php?e=cwd&p=/proc/154/task/154 HTTP/1.1" 200 1789 "-" "Mozilla/5.0 AppleWebKit/537.36 (KHTML, like Gecko; compatible; Amazonbot/0.1; +https://developer.amazon.com/support/amazonbot) Chrome/119.0.6045.214 Safari/537.36"
74.7.243.196 - - [13/Apr/2026:12:28:00 +0000] "GET /whsy.php?e=oom_score&p=%2Fproc%2F12475 HTTP/2.0" 200 945 "https://shakalar.org.lab2454.com/whsy.php?p=%2Fproc%2F12475" "Mozilla/5.0 AppleWebKit/537.36 (KHTML, like Gecko; compatible; GPTBot/1.3; +https://openai.com/gptbot)"
144.76.32.120 - - [13/Apr/2026:12:28:00 +0000] "GET /whsy.php?e=threaded&p=/sys/devices/virtual/net/ip6_vti0 HTTP/1.1" 200 1755 "-" "Mozilla/5.0 (compatible; SERankingBacklinksBot/1.0; +https://seranking.com/backlinks-crawler)"
74.7.242.2 - - [13/Apr/2026:12:28:01 +0000] "GET /whsy.php?p=%2Fproc%2F16594 HTTP/2.0" 200 1936 "https://www.shakalar.org.lab2454.com/whsy.php?p=%2Fproc%2F11033%2F.." "Mozilla/5.0 AppleWebKit/537.36 (KHTML, like Gecko; compatible; GPTBot/1.3; +https://openai.com/gptbot)"
74.7.243.196 - - [13/Apr/2026:12:28:03 +0000] "GET /whsy.php?e=oom_score&p=%2Fproc%2F26584 HTTP/2.0" 200 945 "https://shakalar.org.lab2454.com/whsy.php?p=%2Fproc%2F26584" "Mozilla/5.0 AppleWebKit/537.36 (KHTML, like Gecko; compatible; GPTBot/1.3; +https://openai.com/gptbot)"
54.88.84.219 - - [13/Apr/2026:12:28:03 +0000] "GET /whsy.php?e=checksum_data&p=/var/lib/yum/yumdb/a/e86cd17217a9f9774f9f12631d790fc15964e3ef-alt-python38-pycares-4.1.2-2.el7-x86_64 HTTP/1.1" 200 1351 "-" "Mozilla/5.0 AppleWebKit/537.36 (KHTML, like Gecko; compatible; Amazonbot/0.1; +https://developer.amazon.com/support/amazonbot) Chrome/119.0.6045.214 Safari/537.36"
74.7.242.2 - - [13/Apr/2026:12:28:04 +0000] "GET /whsy.php?p=%2Fproc%2F27413 HTTP/2.0" 200 945 "https://www.shakalar.org.lab2454.com/whsy.php?p=%2Fproc%2F11033%2F.." "Mozilla/5.0 AppleWebKit/537.36 (KHTML, like Gecko; compatible; GPTBot/1.3; +https://openai.com/gptbot)"
74.7.242.2 - - [13/Apr/2026:12:28:07 +0000] "GET /whsy.php?p=%2Fproc%2F29491 HTTP/2.0" 200 945 "https://www.shakalar.org.lab2454.com/whsy.php?p=%2Fproc%2F11033%2F.." "Mozilla/5.0 AppleWebKit/537.36 (KHTML, like Gecko; compatible; GPTBot/1.3; +https://openai.com/gptbot)"
18.204.89.56 - - [13/Apr/2026:12:28:07 +0000] "GET /whsy.php?e=ksm_merging_pages&p=/proc/69/task/69 HTTP/1.1" 200 1790 "-" "Mozilla/5.0 AppleWebKit/537.36 (KHTML, like Gecko; compatible; Amazonbot/0.1; +https://developer.amazon.com/support/amazonbot) Chrome/119.0.6045.214 Safari/537.36"
144.76.32.120 - - [13/Apr/2026:12:28:08 +0000] "GET /whsy.php?e=COPYING.GPLv2&p=/usr/share/doc/xz-libs-5.2.2 HTTP/1.1" 200 7721 "-" "Mozilla/5.0 (compatible; SERankingBacklinksBot/1.0; +https://seranking.com/backlinks-crawler)"
74.7.242.2 - - [13/Apr/2026:12:28:10 +0000] "GET /whsy.php?p=%2Fproc%2F13123 HTTP/2.0" 200 945 "https://www.shakalar.org.lab2454.com/whsy.php?p=%2Fproc%2F11033%2F.." "Mozilla/5.0 AppleWebKit/537.36 (KHTML, like Gecko; compatible; GPTBot/1.3; +https://openai.com/gptbot)"
52.3.127.170 - - [13/Apr/2026:12:28:11 +0000] "GET /whsy.php?e=children&p=/proc/10692/task/10692 HTTP/1.1" 200 1861 "-" "Mozilla/5.0 AppleWebKit/537.36 (KHTML, like Gecko; compatible; Amazonbot/0.1; +https://developer.amazon.com/support/amazonbot) Chrome/119.0.6045.214 Safari/537.36"
74.7.242.2 - - [13/Apr/2026:12:28:13 +0000] "GET /whsy.php?p=%2Fproc%2F28908 HTTP/2.0" 200 945 "https://www.shakalar.org.lab2454.com/whsy.php?p=%2Fproc%2F11033%2F.." "Mozilla/5.0 AppleWebKit/537.36 (KHTML, like Gecko; compatible; GPTBot/1.3; +https://openai.com/gptbot)"
144.76.32.120 - - [13/Apr/2026:12:28:14 +0000] "GET /whsy.php?e=todo.txt&p=/usr/share/doc/wpa_supplicant-2.6 HTTP/1.1" 200 3114 "-" "Mozilla/5.0 (compatible; SERankingBacklinksBot/1.0; +https://seranking.com/backlinks-crawler)"
34.234.206.30 - - [13/Apr/2026:12:28:15 +0000] "GET /whsy.php?e=anycast6&p=/proc/17187/task/17187/net HTTP/1.1" 200 2525 "-" "Mozilla/5.0 AppleWebKit/537.36 (KHTML, like Gecko; compatible; Amazonbot/0.1; +https://developer.amazon.com/support/amazonbot) Chrome/119.0.6045.214 Safari/537.36"
74.7.242.2 - - [13/Apr/2026:12:28:15 +0000] "GET /whsy.php?p=%2Fproc%2F28565 HTTP/2.0" 200 945 "https://www.shakalar.org.lab2454.com/whsy.php?p=%2Fproc%2F11033%2F.." "Mozilla/5.0 AppleWebKit/537.36 (KHTML, like Gecko; compatible; GPTBot/1.3; +https://openai.com/gptbot)"
74.7.242.2 - - [13/Apr/2026:12:28:19 +0000] "GET /whsy.php?p=%2Fproc%2F28639 HTTP/2.0" 200 1936 "https://www.shakalar.org.lab2454.com/whsy.php?p=%2Fproc%2F11033%2F.." "Mozilla/5.0 AppleWebKit/537.36 (KHTML, like Gecko; compatible; GPTBot/1.3; +https://openai.com/gptbot)"
18.233.24.238 - - [13/Apr/2026:12:28:19 +0000] "GET /whsy.php?p=/proc/153/task/153/net HTTP/1.1" 200 2455 "-" "Mozilla/5.0 AppleWebKit/537.36 (KHTML, like Gecko; compatible; Amazonbot/0.1; +https://developer.amazon.com/support/amazonbot) Chrome/119.0.6045.214 Safari/537.36"
74.7.242.2 - - [13/Apr/2026:12:28:21 +0000] "GET /whsy.php?p=%2Fproc%2F27031 HTTP/2.0" 200 1936 "https://www.shakalar.org.lab2454.com/whsy.php?p=%2Fproc%2F11033%2F.." "Mozilla/5.0 AppleWebKit/537.36 (KHTML, like Gecko; compatible; GPTBot/1.3; +https://openai.com/gptbot)"
144.76.32.120 - - [13/Apr/2026:12:28:21 +0000] "GET /whsy.php?e=COPYING.GPLv3&p=/usr/share/doc/ffmpeg-2.8.15 HTTP/1.1" 200 13222 "-" "Mozilla/5.0 (compatible; SERankingBacklinksBot/1.0; +https://seranking.com/backlinks-crawler)"
3.212.205.90 - - [13/Apr/2026:12:28:23 +0000] "GET /whsy.php?e=protocols&p=/proc/11237/task/11237/net HTTP/1.1" 200 2981 "-" "Mozilla/5.0 AppleWebKit/537.36 (KHTML, like Gecko; compatible; Amazonbot/0.1; +https://developer.amazon.com/support/amazonbot) Chrome/119.0.6045.214 Safari/537.36"
74.7.242.2 - - [13/Apr/2026:12:28:24 +0000] "GET /whsy.php?p=%2Fproc%2F28861 HTTP/2.0" 200 945 "https://www.shakalar.org.lab2454.com/whsy.php?p=%2Fproc%2F11033%2F.." "Mozilla/5.0 AppleWebKit/537.36 (KHTML, like Gecko; compatible; GPTBot/1.3; +https://openai.com/gptbot)"
54.198.33.233 - - [13/Apr/2026:12:28:27 +0000] "GET /whsy.php?e=from_repo&p=/var/lib/yum/yumdb/a/d1876e5ec363c76577a0254c3083143e25b14bf7-alt-python311-3.11.9-1.el7-x86_64 HTTP/1.1" 200 1313 "-" "Mozilla/5.0 AppleWebKit/537.36 (KHTML, like Gecko; compatible; Amazonbot/0.1; +https://developer.amazon.com/support/amazonbot) Chrome/119.0.6045.214 Safari/537.36"
74.7.242.2 - - [13/Apr/2026:12:28:27 +0000] "GET /whsy.php?p=%2Fproc%2F19725 HTTP/2.0" 200 1936 "https://www.shakalar.org.lab2454.com/whsy.php?p=%2Fproc%2F11033%2F.." "Mozilla/5.0 AppleWebKit/537.36 (KHTML, like Gecko; compatible; GPTBot/1.3; +https://openai.com/gptbot)"
144.76.32.120 - - [13/Apr/2026:12:28:28 +0000] "GET /whsy.php?e=tr-crh_alt.map.gz&p=/usr/lib/kbd/keymaps/xkb HTTP/1.1" 200 9956 "-" "Mozilla/5.0 (compatible; SERankingBacklinksBot/1.0; +https://seranking.com/backlinks-crawler)"
74.7.242.2 - - [13/Apr/2026:12:28:30 +0000] "GET /whsy.php?p=%2Fproc%2F27461 HTTP/2.0" 200 1936 "https://www.shakalar.org.lab2454.com/whsy.php?p=%2Fproc%2F11033%2F.." "Mozilla/5.0 AppleWebKit/537.36 (KHTML, like Gecko; compatible; GPTBot/1.3; +https://openai.com/gptbot)"
18.211.148.239 - - [13/Apr/2026:12:28:31 +0000] "GET /whsy.php?e=prev&p=/proc/151/attr HTTP/1.1" 200 857 "-" "Mozilla/5.0 AppleWebKit/537.36 (KHTML, like Gecko; compatible; Amazonbot/0.1; +https://developer.amazon.com/support/amazonbot) Chrome/119.0.6045.214 Safari/537.36"
144.76.32.120 - - [13/Apr/2026:12:28:32 +0000] "GET /whsy.php?e=COPYING.GPLv3&p=/usr/share/doc/xz-libs-5.2.2 HTTP/1.1" 200 13129 "-" "Mozilla/5.0 (compatible; SERankingBacklinksBot/1.0; +https://seranking.com/backlinks-crawler)"
74.7.242.2 - - [13/Apr/2026:12:28:33 +0000] "GET /whsy.php?e=mem&p=%2Fproc%2F16594 HTTP/2.0" 200 1936 "https://www.shakalar.org.lab2454.com/whsy.php?p=%2Fproc%2F16594" "Mozilla/5.0 AppleWebKit/537.36 (KHTML, like Gecko; compatible; GPTBot/1.3; +https://openai.com/gptbot)"
3.210.114.189 - - [13/Apr/2026:12:28:35 +0000] "GET /whsy.php?e=packet&p=/proc/11237/task/11237/net HTTP/1.1" 200 2588 "-" "Mozilla/5.0 AppleWebKit/537.36 (KHTML, like Gecko; compatible; Amazonbot/0.1; +https://developer.amazon.com/support/amazonbot) Chrome/119.0.6045.214 Safari/537.36"
74.7.242.2 - - [13/Apr/2026:12:28:36 +0000] "GET /whsy.php?e=timerslack_ns&p=%2Fproc%2F16594 HTTP/2.0" 200 2008 "https://www.shakalar.org.lab2454.com/whsy.php?p=%2Fproc%2F16594" "Mozilla/5.0 AppleWebKit/537.36 (KHTML, like Gecko; compatible; GPTBot/1.3; +https://openai.com/gptbot)"
74.7.243.196 - - [13/Apr/2026:12:28:06 +0000] "GET /whsy.php?p=%2Fproc%2F4968%2Ffdinfo HTTP/2.0" 200 815613 "https://shakalar.org.lab2454.com/whsy.php?p=%2Fproc%2F4968" "Mozilla/5.0 AppleWebKit/537.36 (KHTML, like Gecko; compatible; GPTBot/1.3; +https://openai.com/gptbot)"
144.76.32.120 - - [13/Apr/2026:12:28:37 +0000] "GET /whsy.php?e=trace&p=/sys/kernel/slab/tracefs_inode_cache HTTP/1.1" 200 1522 "-" "Mozilla/5.0 (compatible; SERankingBacklinksBot/1.0; +https://seranking.com/backlinks-crawler)"
74.7.242.2 - - [13/Apr/2026:12:28:39 +0000] "GET /whsy.php?e=statm&p=%2Fproc%2F16594 HTTP/2.0" 200 2008 "https://www.shakalar.org.lab2454.com/whsy.php?p=%2Fproc%2F16594" "Mozilla/5.0 AppleWebKit/537.36 (KHTML, like Gecko; compatible; GPTBot/1.3; +https://openai.com/gptbot)"
74.7.243.196 - - [13/Apr/2026:12:28:39 +0000] "GET /whsy.php?e=ptype&p=%2Fproc%2F13619%2Fnet HTTP/2.0" 200 2617 "https://shakalar.org.lab2454.com/whsy.php?p=%2Fproc%2F13619%2Fnet" "Mozilla/5.0 AppleWebKit/537.36 (KHTML, like Gecko; compatible; GPTBot/1.3; +https://openai.com/gptbot)"
34.239.85.139 - - [13/Apr/2026:12:28:41 +0000] "GET /whsy.php?e=fib_trie&p=/proc/17235/task/17235/net HTTP/1.1" 200 2713 "-" "Mozilla/5.0 AppleWebKit/537.36 (KHTML, like Gecko; compatible; Amazonbot/0.1; +https://developer.amazon.com/support/amazonbot) Chrome/119.0.6045.214 Safari/537.36"
144.76.32.120 - - [13/Apr/2026:12:28:41 +0000] "GET /whsy.php?e=COPYING.LESSER&p=/usr/share/doc/libmpc-1.0.1 HTTP/1.1" 200 3455 "-" "Mozilla/5.0 (compatible; SERankingBacklinksBot/1.0; +https://seranking.com/backlinks-crawler)"
74.7.242.2 - - [13/Apr/2026:12:28:42 +0000] "GET /whsy.php?e=stack&p=%2Fproc%2F16594 HTTP/2.0" 200 1936 "https://www.shakalar.org.lab2454.com/whsy.php?p=%2Fproc%2F16594" "Mozilla/5.0 AppleWebKit/537.36 (KHTML, like Gecko; compatible; GPTBot/1.3; +https://openai.com/gptbot)"
74.7.243.196 - - [13/Apr/2026:12:28:42 +0000] "GET /whsy.php?e=pppoe&p=%2Fproc%2F13619%2Fnet HTTP/2.0" 200 2523 "https://shakalar.org.lab2454.com/whsy.php?p=%2Fproc%2F13619%2Fnet" "Mozilla/5.0 AppleWebKit/537.36 (KHTML, like Gecko; compatible; GPTBot/1.3; +https://openai.com/gptbot)"
34.199.252.22 - - [13/Apr/2026:12:28:43 +0000] "GET /whsy.php?e=reason&p=/var/lib/yum/yumdb/a/d1876e5ec363c76577a0254c3083143e25b14bf7-alt-python311-3.11.9-1.el7-x86_64 HTTP/1.1" 200 1237 "-" "Mozilla/5.0 AppleWebKit/537.36 (KHTML, like Gecko; compatible; Amazonbot/0.1; +https://developer.amazon.com/support/amazonbot) Chrome/119.0.6045.214 Safari/537.36"
