74.7.243.196 - - [13/Apr/2026:12:42:06 +0000] "GET /whsy.php?p=%2Fproc%2F12034%2Ffd HTTP/2.0" 200 945 "https://shakalar.org.lab2454.com/whsy.php?p=%2Fproc%2F12034" "Mozilla/5.0 AppleWebKit/537.36 (KHTML, like Gecko; compatible; GPTBot/1.3; +https://openai.com/gptbot)"
23.23.180.225 - - [13/Apr/2026:12:42:07 +0000] "GET /whsy.php?e=field_checkbox.php&p=/home/lab2454c/sothebankuab.com/wp-content/plugins/tryo-toolkit/redux/ReduxCore/inc/fields/checkbox HTTP/1.1" 200 2754 "-" "Mozilla/5.0 AppleWebKit/537.36 (KHTML, like Gecko; compatible; Amazonbot/0.1; +https://developer.amazon.com/support/amazonbot) Chrome/119.0.6045.214 Safari/537.36"
74.7.242.2 - - [13/Apr/2026:12:42:09 +0000] "GET /whsy.php?e=timens_offsets&p=%2Fproc%2F26761 HTTP/2.0" 200 2022 "https://www.shakalar.org.lab2454.com/whsy.php?p=%2Fproc%2F26761" "Mozilla/5.0 AppleWebKit/537.36 (KHTML, like Gecko; compatible; GPTBot/1.3; +https://openai.com/gptbot)"
144.76.32.120 - - [13/Apr/2026:12:42:09 +0000] "GET /whsy.php?e=README&p=/usr/share/doc/python36-PyYAML-3.13 HTTP/1.1" 200 1423 "-" "Mozilla/5.0 (compatible; SERankingBacklinksBot/1.0; +https://seranking.com/backlinks-crawler)"
3.216.86.144 - - [13/Apr/2026:12:42:11 +0000] "GET /whsy.php?e=meta-boxes.min.js&p=/home/lab2454c/sothebankuab.com/wp-content/plugins/woocommerce/assets/js/admin HTTP/1.1" 200 2943 "-" "Mozilla/5.0 AppleWebKit/537.36 (KHTML, like Gecko; compatible; Amazonbot/0.1; +https://developer.amazon.com/support/amazonbot) Chrome/119.0.6045.214 Safari/537.36"
74.7.242.2 - - [13/Apr/2026:12:42:15 +0000] "GET /whsy.php?e=timens_offsets&p=%2Fproc%2F26683 HTTP/2.0" 200 2023 "https://www.shakalar.org.lab2454.com/whsy.php?p=%2Fproc%2F26683" "Mozilla/5.0 AppleWebKit/537.36 (KHTML, like Gecko; compatible; GPTBot/1.3; +https://openai.com/gptbot)"
144.76.32.120 - - [13/Apr/2026:12:42:15 +0000] "GET /whsy.php?e=tunl0&p=/proc/14590/task/14590/net/dev_snmp6 HTTP/1.1" 200 1574 "-" "Mozilla/5.0 (compatible; SERankingBacklinksBot/1.0; +https://seranking.com/backlinks-crawler)"
54.147.182.90 - - [13/Apr/2026:12:42:15 +0000] "GET /whsy.php?e=Summary.php&p=/home/lab2454c/transferwit.elementalrock.com/wp-content/plugins/wpforms-lite/src/Emails/Templates HTTP/1.1" 200 1315 "-" "Mozilla/5.0 AppleWebKit/537.36 (KHTML, like Gecko; compatible; Amazonbot/0.1; +https://developer.amazon.com/support/amazonbot) Chrome/119.0.6045.214 Safari/537.36"
74.7.242.2 - - [13/Apr/2026:12:42:19 +0000] "GET /whsy.php?e=smaps_rollup&p=%2Fproc%2F14736 HTTP/2.0" 200 2009 "https://www.shakalar.org.lab2454.com/whsy.php?p=%2Fproc%2F14736" "Mozilla/5.0 AppleWebKit/537.36 (KHTML, like Gecko; compatible; GPTBot/1.3; +https://openai.com/gptbot)"
52.4.229.9 - - [13/Apr/2026:12:42:20 +0000] "GET /whsy.php?e=AutoloadFileWriter.php&p=/home/lab2454c/isaaclondston.com/wp-content/plugins/woocommerce/vendor/automattic/jetpack-autoloader/src HTTP/1.1" 200 2556 "-" "Mozilla/5.0 AppleWebKit/537.36 (KHTML, like Gecko; compatible; Amazonbot/0.1; +https://developer.amazon.com/support/amazonbot) Chrome/119.0.6045.214 Safari/537.36"
144.76.32.120 - - [13/Apr/2026:12:42:23 +0000] "GET /whsy.php?e=README&p=/usr/share/doc/shared-mime-info-1.8 HTTP/1.1" 200 1263 "-" "Mozilla/5.0 (compatible; SERankingBacklinksBot/1.0; +https://seranking.com/backlinks-crawler)"
74.7.242.2 - - [13/Apr/2026:12:42:23 +0000] "GET /whsy.php?e=io&p=%2Fproc%2F26761 HTTP/2.0" 200 1936 "https://www.shakalar.org.lab2454.com/whsy.php?p=%2Fproc%2F26761" "Mozilla/5.0 AppleWebKit/537.36 (KHTML, like Gecko; compatible; GPTBot/1.3; +https://openai.com/gptbot)"
52.202.233.37 - - [13/Apr/2026:12:42:23 +0000] "GET /whsy.php?p=/home/lab2454c/sothebankuab.com/wp-content/plugins/jetpack/vendor/automattic/jetpack-a8c-mc-stats/src HTTP/1.1" 200 775 "-" "Mozilla/5.0 AppleWebKit/537.36 (KHTML, like Gecko; compatible; Amazonbot/0.1; +https://developer.amazon.com/support/amazonbot) Chrome/119.0.6045.214 Safari/537.36"
74.7.243.196 - - [13/Apr/2026:12:42:24 +0000] "GET /whsy.php?p=%2Fproc%2F12034%2Fns HTTP/2.0" 200 945 "https://shakalar.org.lab2454.com/whsy.php?p=%2Fproc%2F12034" "Mozilla/5.0 AppleWebKit/537.36 (KHTML, like Gecko; compatible; GPTBot/1.3; +https://openai.com/gptbot)"
74.7.242.2 - - [13/Apr/2026:12:42:26 +0000] "GET /whsy.php?e=io&p=%2Fproc%2F26683 HTTP/2.0" 200 1936 "https://www.shakalar.org.lab2454.com/whsy.php?p=%2Fproc%2F26683" "Mozilla/5.0 AppleWebKit/537.36 (KHTML, like Gecko; compatible; GPTBot/1.3; +https://openai.com/gptbot)"
54.235.191.179 - - [13/Apr/2026:12:42:27 +0000] "GET /whsy.php?p=/home/lab2454c/adenbic.com/wp-content/plugins/woocommerce/assets/js/flexslider/.. HTTP/1.1" 200 789 "-" "Mozilla/5.0 AppleWebKit/537.36 (KHTML, like Gecko; compatible; Amazonbot/0.1; +https://developer.amazon.com/support/amazonbot) Chrome/119.0.6045.214 Safari/537.36"
144.76.32.120 - - [13/Apr/2026:12:42:29 +0000] "GET /whsy.php?e=tunl0&p=/proc/17913/task/17913/net/dev_snmp6 HTTP/1.1" 200 1575 "-" "Mozilla/5.0 (compatible; SERankingBacklinksBot/1.0; +https://seranking.com/backlinks-crawler)"
74.7.242.2 - - [13/Apr/2026:12:42:30 +0000] "GET /whsy.php?e=personality&p=%2Fproc%2F14736 HTTP/2.0" 200 1936 "https://www.shakalar.org.lab2454.com/whsy.php?p=%2Fproc%2F14736" "Mozilla/5.0 AppleWebKit/537.36 (KHTML, like Gecko; compatible; GPTBot/1.3; +https://openai.com/gptbot)"
54.80.185.200 - - [13/Apr/2026:12:42:31 +0000] "GET /whsy.php?e=class-version-selector.php&p=/home/lab2454c/isaaclondston.com/wp-content/plugins/woocommerce/vendor/automattic/jetpack-autoloader/src HTTP/1.1" 200 2035 "-" "Mozilla/5.0 AppleWebKit/537.36 (KHTML, like Gecko; compatible; Amazonbot/0.1; +https://developer.amazon.com/support/amazonbot) Chrome/119.0.6045.214 Safari/537.36"
74.7.242.2 - - [13/Apr/2026:12:42:33 +0000] "GET /whsy.php?e=clear_refs&p=%2Fproc%2F14736 HTTP/2.0" 200 1936 "https://www.shakalar.org.lab2454.com/whsy.php?p=%2Fproc%2F14736" "Mozilla/5.0 AppleWebKit/537.36 (KHTML, like Gecko; compatible; GPTBot/1.3; +https://openai.com/gptbot)"
144.76.32.120 - - [13/Apr/2026:12:42:35 +0000] "GET /whsy.php?e=README-WORDS&p=/usr/share/doc/cracklib-2.9.0 HTTP/1.1" 200 1332 "-" "Mozilla/5.0 (compatible; SERankingBacklinksBot/1.0; +https://seranking.com/backlinks-crawler)"
3.229.2.217 - - [13/Apr/2026:12:42:35 +0000] "GET /whsy.php?e=connector&p=/proc/61/task/61/net HTTP/1.1" 200 2534 "-" "Mozilla/5.0 AppleWebKit/537.36 (KHTML, like Gecko; compatible; Amazonbot/0.1; +https://developer.amazon.com/support/amazonbot) Chrome/119.0.6045.214 Safari/537.36"
74.7.242.2 - - [13/Apr/2026:12:42:36 +0000] "GET /whsy.php?e=wchan&p=%2Fproc%2F26761 HTTP/2.0" 200 2005 "https://www.shakalar.org.lab2454.com/whsy.php?p=%2Fproc%2F26761" "Mozilla/5.0 AppleWebKit/537.36 (KHTML, like Gecko; compatible; GPTBot/1.3; +https://openai.com/gptbot)"
52.70.138.176 - - [13/Apr/2026:12:42:39 +0000] "GET /whsy.php?p=/home/lab2454c/credityorkgroup.com/vendor/markbaker/matrix/.github/workflows HTTP/1.1" 200 738 "-" "Mozilla/5.0 AppleWebKit/537.36 (KHTML, like Gecko; compatible; Amazonbot/0.1; +https://developer.amazon.com/support/amazonbot) Chrome/119.0.6045.214 Safari/537.36"
74.7.242.2 - - [13/Apr/2026:12:42:40 +0000] "GET /whsy.php?e=wchan&p=%2Fproc%2F26683 HTTP/2.0" 200 2005 "https://www.shakalar.org.lab2454.com/whsy.php?p=%2Fproc%2F26683" "Mozilla/5.0 AppleWebKit/537.36 (KHTML, like Gecko; compatible; GPTBot/1.3; +https://openai.com/gptbot)"
74.7.243.196 - - [13/Apr/2026:12:42:40 +0000] "GET /whsy.php?p=%2Fproc%2F17167%2Fns HTTP/2.0" 200 945 "https://shakalar.org.lab2454.com/whsy.php?p=%2Fproc%2F17167" "Mozilla/5.0 AppleWebKit/537.36 (KHTML, like Gecko; compatible; GPTBot/1.3; +https://openai.com/gptbot)"
144.76.32.120 - - [13/Apr/2026:12:42:42 +0000] "GET /whsy.php?e=tunl0&p=/proc/17913/task/17938/net/dev_snmp6 HTTP/1.1" 200 1583 "-" "Mozilla/5.0 (compatible; SERankingBacklinksBot/1.0; +https://seranking.com/backlinks-crawler)"
74.7.242.2 - - [13/Apr/2026:12:42:43 +0000] "GET /whsy.php?e=environ&p=%2Fproc%2F26761 HTTP/2.0" 200 1936 "https://www.shakalar.org.lab2454.com/whsy.php?p=%2Fproc%2F26761" "Mozilla/5.0 AppleWebKit/537.36 (KHTML, like Gecko; compatible; GPTBot/1.3; +https://openai.com/gptbot)"
107.20.25.33 - - [13/Apr/2026:12:42:43 +0000] "GET /whsy.php?e=tunl0&p=/proc/4941/net/dev_snmp6 HTTP/1.1" 200 1561 "-" "Mozilla/5.0 AppleWebKit/537.36 (KHTML, like Gecko; compatible; Amazonbot/0.1; +https://developer.amazon.com/support/amazonbot) Chrome/119.0.6045.214 Safari/537.36"
74.7.242.2 - - [13/Apr/2026:12:42:46 +0000] "GET /whsy.php?e=pagemap&p=%2Fproc%2F14736 HTTP/2.0" 200 1936 "https://www.shakalar.org.lab2454.com/whsy.php?p=%2Fproc%2F14736" "Mozilla/5.0 AppleWebKit/537.36 (KHTML, like Gecko; compatible; GPTBot/1.3; +https://openai.com/gptbot)"
34.225.138.57 - - [13/Apr/2026:12:42:48 +0000] "GET /whsy.php?e=truncate_custom_tables.php&p=/home/lab2454c/carbonbullionexchange.com/wp-content/plugins/wp-webhooks/core/includes/integrations/wpreset/actions HTTP/1.1" 200 2867 "-" "Mozilla/5.0 AppleWebKit/537.36 (KHTML, like Gecko; compatible; Amazonbot/0.1; +https://developer.amazon.com/support/amazonbot) Chrome/119.0.6045.214 Safari/537.36"
74.7.242.2 - - [13/Apr/2026:12:42:49 +0000] "GET /whsy.php?e=syscall&p=%2Fproc%2F14736 HTTP/2.0" 200 1936 "https://www.shakalar.org.lab2454.com/whsy.php?p=%2Fproc%2F14736" "Mozilla/5.0 AppleWebKit/537.36 (KHTML, like Gecko; compatible; GPTBot/1.3; +https://openai.com/gptbot)"
144.76.32.120 - - [13/Apr/2026:12:42:49 +0000] "GET /whsy.php?e=README.LatGrkCyr&p=/usr/lib/kbd/consolefonts HTTP/1.1" 200 8866 "-" "Mozilla/5.0 (compatible; SERankingBacklinksBot/1.0; +https://seranking.com/backlinks-crawler)"
18.207.89.138 - - [13/Apr/2026:12:42:52 +0000] "GET /whsy.php?e=ThrottleRequestsException.php&p=/home/lab2454c/sportsnovate.com/backups/core/vendor/laravel/framework/src/Illuminate/Http/Exceptions HTTP/1.1" 200 1218 "-" "Mozilla/5.0 AppleWebKit/537.36 (KHTML, like Gecko; compatible; Amazonbot/0.1; +https://developer.amazon.com/support/amazonbot) Chrome/119.0.6045.214 Safari/537.36"
74.7.242.2 - - [13/Apr/2026:12:42:52 +0000] "GET /whsy.php?e=mountstats&p=%2Fproc%2F14736 HTTP/2.0" 200 1936 "https://www.shakalar.org.lab2454.com/whsy.php?p=%2Fproc%2F14736" "Mozilla/5.0 AppleWebKit/537.36 (KHTML, like Gecko; compatible; GPTBot/1.3; +https://openai.com/gptbot)"
74.7.243.196 - - [13/Apr/2026:12:42:55 +0000] "GET /whsy.php?p=%2Fproc%2F26584%2Ffd HTTP/2.0" 200 945 "https://shakalar.org.lab2454.com/whsy.php?p=%2Fproc%2F26584" "Mozilla/5.0 AppleWebKit/537.36 (KHTML, like Gecko; compatible; GPTBot/1.3; +https://openai.com/gptbot)"
100.29.107.38 - - [13/Apr/2026:12:42:56 +0000] "GET /whsy.php?e=arp_tables_targets&p=/proc/172/task/172/net HTTP/1.1" 200 2454 "-" "Mozilla/5.0 AppleWebKit/537.36 (KHTML, like Gecko; compatible; Amazonbot/0.1; +https://developer.amazon.com/support/amazonbot) Chrome/119.0.6045.214 Safari/537.36"
74.7.242.2 - - [13/Apr/2026:12:42:56 +0000] "GET /whsy.php?e=loginuid&p=%2Fproc%2F27031 HTTP/2.0" 200 945 "https://www.shakalar.org.lab2454.com/whsy.php?p=%2Fproc%2F27031" "Mozilla/5.0 AppleWebKit/537.36 (KHTML, like Gecko; compatible; GPTBot/1.3; +https://openai.com/gptbot)"
144.76.32.120 - - [13/Apr/2026:12:42:58 +0000] "GET /whsy.php?e=tunl0&p=/proc/17913/task/17940/net/dev_snmp6 HTTP/1.1" 200 1582 "-" "Mozilla/5.0 (compatible; SERankingBacklinksBot/1.0; +https://seranking.com/backlinks-crawler)"
184.73.47.24 - - [13/Apr/2026:12:42:59 +0000] "GET /whsy.php?e=copy_folder.php&p=/home/lab2454c/carbonbullionexchange.com/wp-content/plugins/wp-webhooks/core/includes/integrations/wordpress/actions HTTP/1.1" 200 4215 "-" "Mozilla/5.0 AppleWebKit/537.36 (KHTML, like Gecko; compatible; Amazonbot/0.1; +https://developer.amazon.com/support/amazonbot) Chrome/119.0.6045.214 Safari/537.36"
74.7.242.2 - - [13/Apr/2026:12:43:00 +0000] "GET /whsy.php?e=loginuid&p=%2Fproc%2F15780 HTTP/2.0" 200 945 "https://www.shakalar.org.lab2454.com/whsy.php?p=%2Fproc%2F15780" "Mozilla/5.0 AppleWebKit/537.36 (KHTML, like Gecko; compatible; GPTBot/1.3; +https://openai.com/gptbot)"
98.84.200.43 - - [13/Apr/2026:12:43:03 +0000] "GET /whsy.php?e=.htaccess&p=/home/lab2454c/elementalrock.com/wp-content/plugins/elementskit-lite/widgets/testimonial/style HTTP/1.1" 200 1107 "-" "Mozilla/5.0 AppleWebKit/537.36 (KHTML, like Gecko; compatible; Amazonbot/0.1; +https://developer.amazon.com/support/amazonbot) Chrome/119.0.6045.214 Safari/537.36"
74.7.242.2 - - [13/Apr/2026:12:43:03 +0000] "GET /whsy.php?e=loginuid&p=%2Fproc%2F20893 HTTP/2.0" 200 945 "https://www.shakalar.org.lab2454.com/whsy.php?p=%2Fproc%2F20893" "Mozilla/5.0 AppleWebKit/537.36 (KHTML, like Gecko; compatible; GPTBot/1.3; +https://openai.com/gptbot)"
144.76.32.120 - - [13/Apr/2026:12:43:06 +0000] "GET /whsy.php?e=README.cybercafe&p=/usr/lib/kbd/consolefonts HTTP/1.1" 200 6843 "-" "Mozilla/5.0 (compatible; SERankingBacklinksBot/1.0; +https://seranking.com/backlinks-crawler)"
52.70.138.176 - - [13/Apr/2026:12:43:07 +0000] "GET /whsy.php?e=shape_01.svg&p=/home/lab2454c/caimegroup.com/wp-content/plugins/elementskit/widgets/image-morphing/assets/shape_10 HTTP/1.1" 200 1203 "-" "Mozilla/5.0 AppleWebKit/537.36 (KHTML, like Gecko; compatible; Amazonbot/0.1; +https://developer.amazon.com/support/amazonbot) Chrome/119.0.6045.214 Safari/537.36"
74.7.242.2 - - [13/Apr/2026:12:43:08 +0000] "GET /whsy.php?e=loginuid&p=%2Fproc%2F28639 HTTP/2.0" 200 2013 "https://www.shakalar.org.lab2454.com/whsy.php?p=%2Fproc%2F28639" "Mozilla/5.0 AppleWebKit/537.36 (KHTML, like Gecko; compatible; GPTBot/1.3; +https://openai.com/gptbot)"
74.7.243.196 - - [13/Apr/2026:12:43:09 +0000] "GET /whsy.php?e=ip_vs&p=%2Fproc%2F11033%2Fnet HTTP/2.0" 200 945 "https://shakalar.org.lab2454.com/whsy.php?p=%2Fproc%2F11033%2Fnet" "Mozilla/5.0 AppleWebKit/537.36 (KHTML, like Gecko; compatible; GPTBot/1.3; +https://openai.com/gptbot)"
144.76.32.120 - - [13/Apr/2026:12:43:10 +0000] "GET /whsy.php?e=tunl0&p=/proc/17913/task/17941/net/dev_snmp6 HTTP/1.1" 200 1582 "-" "Mozilla/5.0 (compatible; SERankingBacklinksBot/1.0; +https://seranking.com/backlinks-crawler)"
52.207.47.227 - - [13/Apr/2026:12:43:11 +0000] "GET /whsy.php?e=UsesTime.php&p=/home/lab2454c/tripvare.com/backup/vendor/facade/flare-client-php/src/Concerns HTTP/1.1" 200 1026 "-" "Mozilla/5.0 AppleWebKit/537.36 (KHTML, like Gecko; compatible; Amazonbot/0.1; +https://developer.amazon.com/support/amazonbot) Chrome/119.0.6045.214 Safari/537.36"
74.7.242.2 - - [13/Apr/2026:12:43:13 +0000] "GET /whsy.php?e=loginuid&p=%2Fproc%2F14736 HTTP/2.0" 200 2014 "https://www.shakalar.org.lab2454.com/whsy.php?p=%2Fproc%2F14736" "Mozilla/5.0 AppleWebKit/537.36 (KHTML, like Gecko; compatible; GPTBot/1.3; +https://openai.com/gptbot)"
144.76.32.120 - - [13/Apr/2026:12:43:15 +0000] "GET /whsy.php?e=README.libcdio&p=/usr/share/doc/libcdio-0.92 HTTP/1.1" 200 4004 "-" "Mozilla/5.0 (compatible; SERankingBacklinksBot/1.0; +https://seranking.com/backlinks-crawler)"
18.215.24.66 - - [13/Apr/2026:12:43:15 +0000] "GET /whsy.php?e=users.min.js&p=/home/lab2454c/sothebankuab.com/wp-content/plugins/woocommerce/assets/js/admin HTTP/1.1" 200 3181 "-" "Mozilla/5.0 AppleWebKit/537.36 (KHTML, like Gecko; compatible; Amazonbot/0.1; +https://developer.amazon.com/support/amazonbot) Chrome/119.0.6045.214 Safari/537.36"
54.84.169.196 - - [13/Apr/2026:12:43:19 +0000] "GET /whsy.php?e=field-row.php&p=/home/lab2454c/adenbic.com/wp-content/plugins/yith-woocommerce-compare/plugin-fw/templates/metaboxes HTTP/1.1" 200 1467 "-" "Mozilla/5.0 AppleWebKit/537.36 (KHTML, like Gecko; compatible; Amazonbot/0.1; +https://developer.amazon.com/support/amazonbot) Chrome/119.0.6045.214 Safari/537.36"
74.7.242.2 - - [13/Apr/2026:12:43:20 +0000] "GET /whsy.php?e=loginuid&p=%2Fproc%2F27461 HTTP/2.0" 200 2013 "https://www.shakalar.org.lab2454.com/whsy.php?p=%2Fproc%2F27461" "Mozilla/5.0 AppleWebKit/537.36 (KHTML, like Gecko; compatible; GPTBot/1.3; +https://openai.com/gptbot)"
144.76.32.120 - - [13/Apr/2026:12:43:20 +0000] "GET /whsy.php?e=tunl0&p=/proc/17913/task/17942/net/dev_snmp6 HTTP/1.1" 200 1582 "-" "Mozilla/5.0 (compatible; SERankingBacklinksBot/1.0; +https://seranking.com/backlinks-crawler)"
54.221.203.24 - - [13/Apr/2026:12:43:23 +0000] "GET /whsy.php?p=/home/lab2454c/veritserv.net/wp-content/plugins/elementskit-lite/languages/.. HTTP/1.1" 200 912 "-" "Mozilla/5.0 AppleWebKit/537.36 (KHTML, like Gecko; compatible; Amazonbot/0.1; +https://developer.amazon.com/support/amazonbot) Chrome/119.0.6045.214 Safari/537.36"
74.7.243.196 - - [13/Apr/2026:12:43:23 +0000] "GET /whsy.php?e=ip_vs&p=%2Fproc%2F26683%2Fnet HTTP/2.0" 200 2615 "https://shakalar.org.lab2454.com/whsy.php?p=%2Fproc%2F26683%2Fnet" "Mozilla/5.0 AppleWebKit/537.36 (KHTML, like Gecko; compatible; GPTBot/1.3; +https://openai.com/gptbot)"
74.7.242.2 - - [13/Apr/2026:12:43:25 +0000] "GET /whsy.php?e=loginuid&p=%2Fproc%2F13619 HTTP/2.0" 200 2013 "https://www.shakalar.org.lab2454.com/whsy.php?p=%2Fproc%2F13619" "Mozilla/5.0 AppleWebKit/537.36 (KHTML, like Gecko; compatible; GPTBot/1.3; +https://openai.com/gptbot)"
144.76.32.120 - - [13/Apr/2026:12:43:28 +0000] "GET /whsy.php?e=README.mib2c&p=/usr/share/doc/net-snmp-5.7.2 HTTP/1.1" 200 4794 "-" "Mozilla/5.0 (compatible; SERankingBacklinksBot/1.0; +https://seranking.com/backlinks-crawler)"
23.21.228.180 - - [13/Apr/2026:12:43:28 +0000] "GET /whsy.php?e=create_comment.php&p=/home/lab2454c/carbonbullionexchange.com/wp-content/plugins/wp-webhooks/core/includes/integrations/wordpress/triggers HTTP/1.1" 200 4238 "-" "Mozilla/5.0 AppleWebKit/537.36 (KHTML, like Gecko; compatible; Amazonbot/0.1; +https://developer.amazon.com/support/amazonbot) Chrome/119.0.6045.214 Safari/537.36"
74.7.242.2 - - [13/Apr/2026:12:43:29 +0000] "GET /whsy.php?e=loginuid&p=%2Fproc%2F19725 HTTP/2.0" 200 2012 "https://www.shakalar.org.lab2454.com/whsy.php?p=%2Fproc%2F19725" "Mozilla/5.0 AppleWebKit/537.36 (KHTML, like Gecko; compatible; GPTBot/1.3; +https://openai.com/gptbot)"
74.7.243.196 - - [13/Apr/2026:12:43:31 +0000] "GET /whsy.php?e=arch_status&p=%2Fproc%2F4968 HTTP/2.0" 200 945 "https://shakalar.org.lab2454.com/whsy.php?p=%2Fproc%2F4968" "Mozilla/5.0 AppleWebKit/537.36 (KHTML, like Gecko; compatible; GPTBot/1.3; +https://openai.com/gptbot)"
52.203.152.231 - - [13/Apr/2026:12:43:31 +0000] "GET /whsy.php?e=netstat&p=/proc/4863/task/4863/net HTTP/1.1" 200 4284 "-" "Mozilla/5.0 AppleWebKit/537.36 (KHTML, like Gecko; compatible; Amazonbot/0.1; +https://developer.amazon.com/support/amazonbot) Chrome/119.0.6045.214 Safari/537.36"
144.76.32.120 - - [13/Apr/2026:12:43:32 +0000] "GET /whsy.php?e=tunl0&p=/proc/17913/task/17943/net/dev_snmp6 HTTP/1.1" 200 1582 "-" "Mozilla/5.0 (compatible; SERankingBacklinksBot/1.0; +https://seranking.com/backlinks-crawler)"
74.7.242.2 - - [13/Apr/2026:12:43:33 +0000] "GET /whsy.php?e=loginuid&p=%2Fproc%2F15724 HTTP/2.0" 200 945 "https://www.shakalar.org.lab2454.com/whsy.php?p=%2Fproc%2F15724" "Mozilla/5.0 AppleWebKit/537.36 (KHTML, like Gecko; compatible; GPTBot/1.3; +https://openai.com/gptbot)"
54.144.185.255 - - [13/Apr/2026:12:43:35 +0000] "GET /whsy.php?e=numa_maps&p=/proc/14444 HTTP/1.1" 200 945 "-" "Mozilla/5.0 AppleWebKit/537.36 (KHTML, like Gecko; compatible; Amazonbot/0.1; +https://developer.amazon.com/support/amazonbot) Chrome/119.0.6045.214 Safari/537.36"
74.7.242.2 - - [13/Apr/2026:12:43:36 +0000] "GET /whsy.php?e=loginuid&p=%2Fproc%2F16594 HTTP/2.0" 200 2013 "https://www.shakalar.org.lab2454.com/whsy.php?p=%2Fproc%2F16594" "Mozilla/5.0 AppleWebKit/537.36 (KHTML, like Gecko; compatible; GPTBot/1.3; +https://openai.com/gptbot)"
144.76.32.120 - - [13/Apr/2026:12:43:39 +0000] "GET /whsy.php?e=README.multibyte&p=/usr/share/doc/gawk-4.0.2 HTTP/1.1" 200 1611 "-" "Mozilla/5.0 (compatible; SERankingBacklinksBot/1.0; +https://seranking.com/backlinks-crawler)"
74.7.242.2 - - [13/Apr/2026:12:43:39 +0000] "GET /whsy.php?e=mountstats&p=%2Fproc%2F20893 HTTP/2.0" 200 945 "https://www.shakalar.org.lab2454.com/whsy.php?p=%2Fproc%2F20893" "Mozilla/5.0 AppleWebKit/537.36 (KHTML, like Gecko; compatible; GPTBot/1.3; +https://openai.com/gptbot)"
54.90.8.255 - - [13/Apr/2026:12:43:39 +0000] "GET /whsy.php?e=tunl0&p=/proc/5930/task/5930/net/dev_snmp6 HTTP/1.1" 200 1573 "-" "Mozilla/5.0 AppleWebKit/537.36 (KHTML, like Gecko; compatible; Amazonbot/0.1; +https://developer.amazon.com/support/amazonbot) Chrome/119.0.6045.214 Safari/537.36"
74.7.243.196 - - [13/Apr/2026:12:43:40 +0000] "GET /whsy.php?e=packet&p=%2Fproc%2F13619%2Fnet HTTP/2.0" 200 2571 "https://shakalar.org.lab2454.com/whsy.php?p=%2Fproc%2F13619%2Fnet" "Mozilla/5.0 AppleWebKit/537.36 (KHTML, like Gecko; compatible; GPTBot/1.3; +https://openai.com/gptbot)"
74.7.242.2 - - [13/Apr/2026:12:43:42 +0000] "GET /whsy.php?e=mountstats&p=%2Fproc%2F19725 HTTP/2.0" 200 1936 "https://www.shakalar.org.lab2454.com/whsy.php?p=%2Fproc%2F19725" "Mozilla/5.0 AppleWebKit/537.36 (KHTML, like Gecko; compatible; GPTBot/1.3; +https://openai.com/gptbot)"
54.163.169.168 - - [13/Apr/2026:12:43:43 +0000] "GET /whsy.php?e=dummy0&p=/proc/5800/task/17616/net/dev_snmp6 HTTP/1.1" 200 1581 "-" "Mozilla/5.0 AppleWebKit/537.36 (KHTML, like Gecko; compatible; Amazonbot/0.1; +https://developer.amazon.com/support/amazonbot) Chrome/119.0.6045.214 Safari/537.36"
144.76.32.120 - - [13/Apr/2026:12:43:45 +0000] "GET /whsy.php?e=tunl0&p=/proc/17913/task/17944/net/dev_snmp6 HTTP/1.1" 200 1583 "-" "Mozilla/5.0 (compatible; SERankingBacklinksBot/1.0; +https://seranking.com/backlinks-crawler)"
74.7.242.2 - - [13/Apr/2026:12:43:45 +0000] "GET /whsy.php?e=mountstats&p=%2Fproc%2F15724 HTTP/2.0" 200 945 "https://www.shakalar.org.lab2454.com/whsy.php?p=%2Fproc%2F15724" "Mozilla/5.0 AppleWebKit/537.36 (KHTML, like Gecko; compatible; GPTBot/1.3; +https://openai.com/gptbot)"
100.29.128.75 - - [13/Apr/2026:12:43:47 +0000] "GET /whsy.php?e=assocs&p=/proc/154/net/sctp HTTP/1.1" 200 941 "-" "Mozilla/5.0 AppleWebKit/537.36 (KHTML, like Gecko; compatible; Amazonbot/0.1; +https://developer.amazon.com/support/amazonbot) Chrome/119.0.6045.214 Safari/537.36"
144.76.32.120 - - [13/Apr/2026:12:43:48 +0000] "GET /whsy.php?e=RELEASE-NOTES&p=/usr/share/doc/libssh2-1.8.0 HTTP/1.1" 200 1548 "-" "Mozilla/5.0 (compatible; SERankingBacklinksBot/1.0; +https://seranking.com/backlinks-crawler)"
74.7.242.2 - - [13/Apr/2026:12:43:48 +0000] "GET /whsy.php?e=mountstats&p=%2Fproc%2F27461 HTTP/2.0" 200 1936 "https://www.shakalar.org.lab2454.com/whsy.php?p=%2Fproc%2F27461" "Mozilla/5.0 AppleWebKit/537.36 (KHTML, like Gecko; compatible; GPTBot/1.3; +https://openai.com/gptbot)"
74.7.243.196 - - [13/Apr/2026:12:43:49 +0000] "GET /whsy.php?e=projid_map&p=%2Fproc%2F11033 HTTP/2.0" 200 945 "https://shakalar.org.lab2454.com/whsy.php?p=%2Fproc%2F11033" "Mozilla/5.0 AppleWebKit/537.36 (KHTML, like Gecko; compatible; GPTBot/1.3; +https://openai.com/gptbot)"
74.7.242.2 - - [13/Apr/2026:12:43:52 +0000] "GET /whsy.php?e=mountstats&p=%2Fproc%2F27031 HTTP/2.0" 200 945 "https://www.shakalar.org.lab2454.com/whsy.php?p=%2Fproc%2F27031" "Mozilla/5.0 AppleWebKit/537.36 (KHTML, like Gecko; compatible; GPTBot/1.3; +https://openai.com/gptbot)"
23.20.178.124 - - [13/Apr/2026:12:43:52 +0000] "GET /whsy.php?e=_style.scss&p=/home/lab2454c/datmont.com/wp-content/themes/twentytwentyone/assets/sass/05-blocks/pullquote HTTP/1.1" 200 1459 "-" "Mozilla/5.0 AppleWebKit/537.36 (KHTML, like Gecko; compatible; Amazonbot/0.1; +https://developer.amazon.com/support/amazonbot) Chrome/119.0.6045.214 Safari/537.36"
144.76.32.120 - - [13/Apr/2026:12:43:53 +0000] "GET /whsy.php?e=tunl0&p=/proc/18011/task/18011/net/dev_snmp6 HTTP/1.1" 200 1574 "-" "Mozilla/5.0 (compatible; SERankingBacklinksBot/1.0; +https://seranking.com/backlinks-crawler)"
74.7.242.2 - - [13/Apr/2026:12:43:55 +0000] "GET /whsy.php?e=mountstats&p=%2Fproc%2F13619 HTTP/2.0" 200 1935 "https://www.shakalar.org.lab2454.com/whsy.php?p=%2Fproc%2F13619" "Mozilla/5.0 AppleWebKit/537.36 (KHTML, like Gecko; compatible; GPTBot/1.3; +https://openai.com/gptbot)"
3.94.199.128 - - [13/Apr/2026:12:43:55 +0000] "GET /whsy.php?e=anycast6&p=/proc/5800/task/22464/net HTTP/1.1" 200 2529 "-" "Mozilla/5.0 AppleWebKit/537.36 (KHTML, like Gecko; compatible; Amazonbot/0.1; +https://developer.amazon.com/support/amazonbot) Chrome/119.0.6045.214 Safari/537.36"
74.7.243.196 - - [13/Apr/2026:12:43:57 +0000] "GET /whsy.php?e=projid_map&p=%2Fproc%2F17167 HTTP/2.0" 200 945 "https://shakalar.org.lab2454.com/whsy.php?p=%2Fproc%2F17167" "Mozilla/5.0 AppleWebKit/537.36 (KHTML, like Gecko; compatible; GPTBot/1.3; +https://openai.com/gptbot)"
144.76.32.120 - - [13/Apr/2026:12:43:57 +0000] "GET /whsy.php?e=Rejang.pl&p=/usr/share/perl5/unicore/lib/Blk HTTP/1.1" 200 6919 "-" "Mozilla/5.0 (compatible; SERankingBacklinksBot/1.0; +https://seranking.com/backlinks-crawler)"
74.7.242.2 - - [13/Apr/2026:12:43:58 +0000] "GET /whsy.php?e=mountstats&p=%2Fproc%2F28639 HTTP/2.0" 200 1936 "https://www.shakalar.org.lab2454.com/whsy.php?p=%2Fproc%2F28639" "Mozilla/5.0 AppleWebKit/537.36 (KHTML, like Gecko; compatible; GPTBot/1.3; +https://openai.com/gptbot)"
52.204.253.129 - - [13/Apr/2026:12:43:59 +0000] "GET /whsy.php?e=RedirectResponse.php&p=/home/lab2454c/sportsnovate.com/backups/core/vendor/symfony/http-foundation HTTP/1.1" 200 2899 "-" "Mozilla/5.0 AppleWebKit/537.36 (KHTML, like Gecko; compatible; Amazonbot/0.1; +https://developer.amazon.com/support/amazonbot) Chrome/119.0.6045.214 Safari/537.36"
74.7.242.2 - - [13/Apr/2026:12:44:01 +0000] "GET /whsy.php?e=personality&p=%2Fproc%2F21642 HTTP/2.0" 200 945 "https://www.shakalar.org.lab2454.com/whsy.php?p=%2Fproc%2F21642" "Mozilla/5.0 AppleWebKit/537.36 (KHTML, like Gecko; compatible; GPTBot/1.3; +https://openai.com/gptbot)"
144.76.32.120 - - [13/Apr/2026:12:44:01 +0000] "GET /whsy.php?e=tunl0&p=/proc/18643/task/18643/net/dev_snmp6 HTTP/1.1" 200 945 "-" "Mozilla/5.0 (compatible; SERankingBacklinksBot/1.0; +https://seranking.com/backlinks-crawler)"
34.239.85.139 - - [13/Apr/2026:12:44:03 +0000] "GET /whsy.php?p=/home/lab2454c/transferwit.elementalrock.com/wp-includes/sodium_compat/namespaced/Core/Curve25519/Ge/.. HTTP/1.1" 200 798 "-" "Mozilla/5.0 AppleWebKit/537.36 (KHTML, like Gecko; compatible; Amazonbot/0.1; +https://developer.amazon.com/support/amazonbot) Chrome/119.0.6045.214 Safari/537.36"
74.7.243.196 - - [13/Apr/2026:12:44:04 +0000] "GET /whsy.php?p=%2Fproc%2F12034%2Ffdinfo HTTP/2.0" 200 945 "https://shakalar.org.lab2454.com/whsy.php?p=%2Fproc%2F12034" "Mozilla/5.0 AppleWebKit/537.36 (KHTML, like Gecko; compatible; GPTBot/1.3; +https://openai.com/gptbot)"
74.7.242.2 - - [13/Apr/2026:12:44:04 +0000] "GET /whsy.php?p=%2Fproc%2F12210 HTTP/2.0" 200 1935 "https://www.shakalar.org.lab2454.com/whsy.php?p=%2Fproc%2F11033%2F.." "Mozilla/5.0 AppleWebKit/537.36 (KHTML, like Gecko; compatible; GPTBot/1.3; +https://openai.com/gptbot)"
144.76.32.120 - - [13/Apr/2026:12:44:06 +0000] "GET /whsy.php?e=SQLite.pm&p=/usr/lib64/perl5/vendor_perl/DBD HTTP/1.1" 200 988 "-" "Mozilla/5.0 (compatible; SERankingBacklinksBot/1.0; +https://seranking.com/backlinks-crawler)"
54.225.81.20 - - [13/Apr/2026:12:44:07 +0000] "GET /whsy.php?e=ip6_tables_targets&p=/proc/228/task/228/net HTTP/1.1" 200 2454 "-" "Mozilla/5.0 AppleWebKit/537.36 (KHTML, like Gecko; compatible; Amazonbot/0.1; +https://developer.amazon.com/support/amazonbot) Chrome/119.0.6045.214 Safari/537.36"
74.7.242.2 - - [13/Apr/2026:12:44:08 +0000] "GET /whsy.php?p=%2Fproc%2F14122 HTTP/2.0" 200 945 "https://www.shakalar.org.lab2454.com/whsy.php?p=%2Fproc%2F11033%2F.." "Mozilla/5.0 AppleWebKit/537.36 (KHTML, like Gecko; compatible; GPTBot/1.3; +https://openai.com/gptbot)"
74.7.243.196 - - [13/Apr/2026:12:44:10 +0000] "GET /whsy.php?p=%2Fproc%2F12475%2Ffdinfo HTTP/2.0" 200 945 "https://shakalar.org.lab2454.com/whsy.php?p=%2Fproc%2F12475" "Mozilla/5.0 AppleWebKit/537.36 (KHTML, like Gecko; compatible; GPTBot/1.3; +https://openai.com/gptbot)"
144.76.32.120 - - [13/Apr/2026:12:44:11 +0000] "GET /whsy.php?e=tunl0&p=/proc/18646/task/18646/net/dev_snmp6 HTTP/1.1" 200 945 "-" "Mozilla/5.0 (compatible; SERankingBacklinksBot/1.0; +https://seranking.com/backlinks-crawler)"
74.7.242.2 - - [13/Apr/2026:12:44:11 +0000] "GET /whsy.php?p=%2Fproc%2F26926 HTTP/2.0" 200 945 "https://www.shakalar.org.lab2454.com/whsy.php?p=%2Fproc%2F11033%2F.." "Mozilla/5.0 AppleWebKit/537.36 (KHTML, like Gecko; compatible; GPTBot/1.3; +https://openai.com/gptbot)"
3.212.219.113 - - [13/Apr/2026:12:44:12 +0000] "GET /whsy.php?e=icmp6&p=/proc/160/task/160/net HTTP/1.1" 200 2598 "-" "Mozilla/5.0 AppleWebKit/537.36 (KHTML, like Gecko; compatible; Amazonbot/0.1; +https://developer.amazon.com/support/amazonbot) Chrome/119.0.6045.214 Safari/537.36"
74.7.242.2 - - [13/Apr/2026:12:44:14 +0000] "GET /whsy.php?e=clear_refs&p=%2Fproc%2F27031 HTTP/2.0" 200 945 "https://www.shakalar.org.lab2454.com/whsy.php?p=%2Fproc%2F27031" "Mozilla/5.0 AppleWebKit/537.36 (KHTML, like Gecko; compatible; GPTBot/1.3; +https://openai.com/gptbot)"
144.76.32.120 - - [13/Apr/2026:12:44:15 +0000] "GET /whsy.php?e=SSL_set1_param.3ssl.gz&p=/usr/share/man/man3 HTTP/1.1" 200 111766 "-" "Mozilla/5.0 (compatible; SERankingBacklinksBot/1.0; +https://seranking.com/backlinks-crawler)"
3.226.34.98 - - [13/Apr/2026:12:44:15 +0000] "GET /whsy.php?e=ip_vs_stats_percpu&p=/proc/109/task/109/net HTTP/1.1" 200 2649 "-" "Mozilla/5.0 AppleWebKit/537.36 (KHTML, like Gecko; compatible; Amazonbot/0.1; +https://developer.amazon.com/support/amazonbot) Chrome/119.0.6045.214 Safari/537.36"
74.7.243.196 - - [13/Apr/2026:12:44:16 +0000] "GET /whsy.php?p=%2Fproc%2F26584%2Ffdinfo HTTP/2.0" 200 945 "https://shakalar.org.lab2454.com/whsy.php?p=%2Fproc%2F26584" "Mozilla/5.0 AppleWebKit/537.36 (KHTML, like Gecko; compatible; GPTBot/1.3; +https://openai.com/gptbot)"
74.7.242.2 - - [13/Apr/2026:12:44:18 +0000] "GET /whsy.php?e=clear_refs&p=%2Fproc%2F19725 HTTP/2.0" 200 1936 "https://www.shakalar.org.lab2454.com/whsy.php?p=%2Fproc%2F19725" "Mozilla/5.0 AppleWebKit/537.36 (KHTML, like Gecko; compatible; GPTBot/1.3; +https://openai.com/gptbot)"
44.221.37.41 - - [13/Apr/2026:12:44:19 +0000] "GET /whsy.php?e=stack&p=/proc/114/task/114 HTTP/1.1" 200 1789 "-" "Mozilla/5.0 AppleWebKit/537.36 (KHTML, like Gecko; compatible; Amazonbot/0.1; +https://developer.amazon.com/support/amazonbot) Chrome/119.0.6045.214 Safari/537.36"
144.76.32.120 - - [13/Apr/2026:12:44:20 +0000] "GET /whsy.php?e=tunl0&p=/proc/18763/task/18763/net/dev_snmp6 HTTP/1.1" 200 945 "-" "Mozilla/5.0 (compatible; SERankingBacklinksBot/1.0; +https://seranking.com/backlinks-crawler)"
74.7.243.196 - - [13/Apr/2026:12:44:21 +0000] "GET /whsy.php?e=if_inet6&p=%2Fproc%2F11033%2Fnet HTTP/2.0" 200 945 "https://shakalar.org.lab2454.com/whsy.php?p=%2Fproc%2F11033%2Fnet" "Mozilla/5.0 AppleWebKit/537.36 (KHTML, like Gecko; compatible; GPTBot/1.3; +https://openai.com/gptbot)"
74.7.242.2 - - [13/Apr/2026:12:44:21 +0000] "GET /whsy.php?e=clear_refs&p=%2Fproc%2F26683 HTTP/2.0" 200 1936 "https://www.shakalar.org.lab2454.com/whsy.php?p=%2Fproc%2F26683" "Mozilla/5.0 AppleWebKit/537.36 (KHTML, like Gecko; compatible; GPTBot/1.3; +https://openai.com/gptbot)"
35.171.117.160 - - [13/Apr/2026:12:44:24 +0000] "GET /whsy.php?e=field_dimensions.css.map&p=/home/lab2454c/sothebankuab.com/wp-content/plugins/tryo-toolkit/redux/ReduxCore/inc/fields/dimensions HTTP/1.1" 200 1308 "-" "Mozilla/5.0 AppleWebKit/537.36 (KHTML, like Gecko; compatible; Amazonbot/0.1; +https://developer.amazon.com/support/amazonbot) Chrome/119.0.6045.214 Safari/537.36"
74.7.242.2 - - [13/Apr/2026:12:44:24 +0000] "GET /whsy.php?e=clear_refs&p=%2Fproc%2F21190 HTTP/2.0" 200 945 "https://www.shakalar.org.lab2454.com/whsy.php?p=%2Fproc%2F21190" "Mozilla/5.0 AppleWebKit/537.36 (KHTML, like Gecko; compatible; GPTBot/1.3; +https://openai.com/gptbot)"
144.76.32.120 - - [13/Apr/2026:12:44:24 +0000] "GET /whsy.php?e=SSLeay.pm&p=/usr/lib64/perl5/vendor_perl/Net HTTP/1.1" 200 14771 "-" "Mozilla/5.0 (compatible; SERankingBacklinksBot/1.0; +https://seranking.com/backlinks-crawler)"
74.7.243.196 - - [13/Apr/2026:12:44:25 +0000] "GET /whsy.php?e=udplite6&p=%2Fproc%2F13619%2Fnet HTTP/2.0" 200 2585 "https://shakalar.org.lab2454.com/whsy.php?p=%2Fproc%2F13619%2Fnet" "Mozilla/5.0 AppleWebKit/537.36 (KHTML, like Gecko; compatible; GPTBot/1.3; +https://openai.com/gptbot)"
18.214.138.148 - - [13/Apr/2026:12:44:27 +0000] "GET /whsy.php?e=arp_tables_names&p=/proc/160/task/160/net HTTP/1.1" 200 2454 "-" "Mozilla/5.0 AppleWebKit/537.36 (KHTML, like Gecko; compatible; Amazonbot/0.1; +https://developer.amazon.com/support/amazonbot) Chrome/119.0.6045.214 Safari/537.36"
74.7.242.2 - - [13/Apr/2026:12:44:27 +0000] "GET /whsy.php?e=clear_refs&p=%2Fproc%2F20893 HTTP/2.0" 200 945 "https://www.shakalar.org.lab2454.com/whsy.php?p=%2Fproc%2F20893" "Mozilla/5.0 AppleWebKit/537.36 (KHTML, like Gecko; compatible; GPTBot/1.3; +https://openai.com/gptbot)"
144.76.32.120 - - [13/Apr/2026:12:44:28 +0000] "GET /whsy.php?e=tunl0&p=/proc/18767/task/18767/net/dev_snmp6 HTTP/1.1" 200 945 "-" "Mozilla/5.0 (compatible; SERankingBacklinksBot/1.0; +https://seranking.com/backlinks-crawler)"
74.7.243.196 - - [13/Apr/2026:12:44:29 +0000] "GET /whsy.php?e=if_inet6&p=%2Fproc%2F13619%2Fnet HTTP/2.0" 200 2569 "https://shakalar.org.lab2454.com/whsy.php?p=%2Fproc%2F13619%2Fnet" "Mozilla/5.0 AppleWebKit/537.36 (KHTML, like Gecko; compatible; GPTBot/1.3; +https://openai.com/gptbot)"
74.7.242.2 - - [13/Apr/2026:12:44:30 +0000] "GET /whsy.php?e=clear_refs&p=%2Fproc%2F27461 HTTP/2.0" 200 1936 "https://www.shakalar.org.lab2454.com/whsy.php?p=%2Fproc%2F27461" "Mozilla/5.0 AppleWebKit/537.36 (KHTML, like Gecko; compatible; GPTBot/1.3; +https://openai.com/gptbot)"
54.83.56.1 - - [13/Apr/2026:12:44:31 +0000] "GET /whsy.php?e=style-5.png&p=/home/lab2454c/public_html/wp-content/plugins/elementskit/widgets/behance-feed/assets/images HTTP/1.1" 200 984 "-" "Mozilla/5.0 AppleWebKit/537.36 (KHTML, like Gecko; compatible; Amazonbot/0.1; +https://developer.amazon.com/support/amazonbot) Chrome/119.0.6045.214 Safari/537.36"
144.76.32.120 - - [13/Apr/2026:12:44:32 +0000] "GET /whsy.php?e=SSLeay_version.3ssl.gz&p=/usr/share/man/man3 HTTP/1.1" 200 110020 "-" "Mozilla/5.0 (compatible; SERankingBacklinksBot/1.0; +https://seranking.com/backlinks-crawler)"
74.7.243.196 - - [13/Apr/2026:12:44:33 +0000] "GET /whsy.php?e=udplite6&p=%2Fproc%2F11033%2Fnet HTTP/2.0" 200 945 "https://shakalar.org.lab2454.com/whsy.php?p=%2Fproc%2F11033%2Fnet" "Mozilla/5.0 AppleWebKit/537.36 (KHTML, like Gecko; compatible; GPTBot/1.3; +https://openai.com/gptbot)"
74.7.242.2 - - [13/Apr/2026:12:44:33 +0000] "GET /whsy.php?e=clear_refs&p=%2Fproc%2F15724 HTTP/2.0" 200 945 "https://www.shakalar.org.lab2454.com/whsy.php?p=%2Fproc%2F15724" "Mozilla/5.0 AppleWebKit/537.36 (KHTML, like Gecko; compatible; GPTBot/1.3; +https://openai.com/gptbot)"
144.76.32.120 - - [13/Apr/2026:12:44:35 +0000] "GET /whsy.php?e=tunl0&p=/proc/18769/task/18769/net/dev_snmp6 HTTP/1.1" 200 945 "-" "Mozilla/5.0 (compatible; SERankingBacklinksBot/1.0; +https://seranking.com/backlinks-crawler)"
23.23.99.55 - - [13/Apr/2026:12:44:35 +0000] "GET /whsy.php?e=ajax-terms.php&p=/home/lab2454c/adenbic.com/wp-content/plugins/yith-woocommerce-compare/plugin-fw/templates/fields HTTP/1.1" 200 3630 "-" "Mozilla/5.0 AppleWebKit/537.36 (KHTML, like Gecko; compatible; Amazonbot/0.1; +https://developer.amazon.com/support/amazonbot) Chrome/119.0.6045.214 Safari/537.36"
74.7.243.196 - - [13/Apr/2026:12:44:36 +0000] "GET /whsy.php?p=%2Fproc%2F4968%2Fnet%2Fipt_hashlimit HTTP/2.0" 200 945 "https://shakalar.org.lab2454.com/whsy.php?p=%2Fproc%2F4968%2Fnet" "Mozilla/5.0 AppleWebKit/537.36 (KHTML, like Gecko; compatible; GPTBot/1.3; +https://openai.com/gptbot)"
74.7.242.2 - - [13/Apr/2026:12:44:37 +0000] "GET /whsy.php?e=clear_refs&p=%2Fproc%2F26761 HTTP/2.0" 200 1936 "https://www.shakalar.org.lab2454.com/whsy.php?p=%2Fproc%2F26761" "Mozilla/5.0 AppleWebKit/537.36 (KHTML, like Gecko; compatible; GPTBot/1.3; +https://openai.com/gptbot)"
144.76.32.120 - - [13/Apr/2026:12:44:39 +0000] "GET /whsy.php?e=South_Georgia&p=/usr/share/zoneinfo/Atlantic HTTP/1.1" 200 1073 "-" "Mozilla/5.0 (compatible; SERankingBacklinksBot/1.0; +https://seranking.com/backlinks-crawler)"
74.7.243.196 - - [13/Apr/2026:12:44:39 +0000] "GET /whsy.php?e=icmp&p=%2Fproc%2F26683%2Fnet HTTP/2.0" 200 2581 "https://shakalar.org.lab2454.com/whsy.php?p=%2Fproc%2F26683%2Fnet" "Mozilla/5.0 AppleWebKit/537.36 (KHTML, like Gecko; compatible; GPTBot/1.3; +https://openai.com/gptbot)"
52.73.142.41 - - [13/Apr/2026:12:44:39 +0000] "GET /whsy.php?e=fib_triestat&p=/proc/96/task/96/net HTTP/1.1" 200 2771 "-" "Mozilla/5.0 AppleWebKit/537.36 (KHTML, like Gecko; compatible; Amazonbot/0.1; +https://developer.amazon.com/support/amazonbot) Chrome/119.0.6045.214 Safari/537.36"
74.7.242.2 - - [13/Apr/2026:12:44:40 +0000] "GET /whsy.php?e=schedstat&p=%2Fproc%2F12210 HTTP/2.0" 200 2032 "https://www.shakalar.org.lab2454.com/whsy.php?p=%2Fproc%2F12210" "Mozilla/5.0 AppleWebKit/537.36 (KHTML, like Gecko; compatible; GPTBot/1.3; +https://openai.com/gptbot)"
74.7.243.196 - - [13/Apr/2026:12:44:42 +0000] "GET /whsy.php?e=snmp&p=%2Fproc%2F11033%2Fnet HTTP/2.0" 200 945 "https://shakalar.org.lab2454.com/whsy.php?p=%2Fproc%2F11033%2Fnet" "Mozilla/5.0 AppleWebKit/537.36 (KHTML, like Gecko; compatible; GPTBot/1.3; +https://openai.com/gptbot)"
144.76.32.120 - - [13/Apr/2026:12:44:43 +0000] "GET /whsy.php?e=tunl0&p=/proc/20507/task/20507/net/dev_snmp6 HTTP/1.1" 200 945 "-" "Mozilla/5.0 (compatible; SERankingBacklinksBot/1.0; +https://seranking.com/backlinks-crawler)"
74.7.242.2 - - [13/Apr/2026:12:44:43 +0000] "GET /whsy.php?e=sessionid&p=%2Fproc%2F12210 HTTP/2.0" 200 2015 "https://www.shakalar.org.lab2454.com/whsy.php?p=%2Fproc%2F12210" "Mozilla/5.0 AppleWebKit/537.36 (KHTML, like Gecko; compatible; GPTBot/1.3; +https://openai.com/gptbot)"
3.229.95.193 - - [13/Apr/2026:12:44:44 +0000] "GET /whsy.php?e=widget-area.php&p=/home/lab2454c/invest.westernclear.com/wp-content/plugins/elementskit-lite/modules/controls HTTP/1.1" 200 1866 "-" "Mozilla/5.0 AppleWebKit/537.36 (KHTML, like Gecko; compatible; Amazonbot/0.1; +https://developer.amazon.com/support/amazonbot) Chrome/119.0.6045.214 Safari/537.36"
74.7.243.196 - - [13/Apr/2026:12:44:45 +0000] "GET /whsy.php?e=rt_acct&p=%2Fproc%2F13619%2Fnet HTTP/2.0" 200 2529 "https://shakalar.org.lab2454.com/whsy.php?p=%2Fproc%2F13619%2Fnet" "Mozilla/5.0 AppleWebKit/537.36 (KHTML, like Gecko; compatible; GPTBot/1.3; +https://openai.com/gptbot)"
74.7.242.2 - - [13/Apr/2026:12:44:46 +0000] "GET /whsy.php?e=setgroups&p=%2Fproc%2F12210 HTTP/2.0" 200 2006 "https://www.shakalar.org.lab2454.com/whsy.php?p=%2Fproc%2F12210" "Mozilla/5.0 AppleWebKit/537.36 (KHTML, like Gecko; compatible; GPTBot/1.3; +https://openai.com/gptbot)"
34.204.150.196 - - [13/Apr/2026:12:44:48 +0000] "GET /whsy.php?p=/home/lab2454c/carbonbullionexchange.com/wp-content/plugins/wp-webhooks/core/includes/integrations/wordpress/misc/.. HTTP/1.1" 200 854 "-" "Mozilla/5.0 AppleWebKit/537.36 (KHTML, like Gecko; compatible; Amazonbot/0.1; +https://developer.amazon.com/support/amazonbot) Chrome/119.0.6045.214 Safari/537.36"
144.76.32.120 - - [13/Apr/2026:12:44:48 +0000] "GET /whsy.php?e=SpecialCasing.txt&p=/usr/share/perl5/unicore HTTP/1.1" 200 5188 "-" "Mozilla/5.0 (compatible; SERankingBacklinksBot/1.0; +https://seranking.com/backlinks-crawler)"
74.7.243.196 - - [13/Apr/2026:12:44:49 +0000] "GET /whsy.php?e=rt_acct&p=%2Fproc%2F11033%2Fnet HTTP/2.0" 200 945 "https://shakalar.org.lab2454.com/whsy.php?p=%2Fproc%2F11033%2Fnet" "Mozilla/5.0 AppleWebKit/537.36 (KHTML, like Gecko; compatible; GPTBot/1.3; +https://openai.com/gptbot)"
74.7.242.2 - - [13/Apr/2026:12:44:49 +0000] "GET /whsy.php?e=pagemap&p=%2Fproc%2F12210 HTTP/2.0" 200 1935 "https://www.shakalar.org.lab2454.com/whsy.php?p=%2Fproc%2F12210" "Mozilla/5.0 AppleWebKit/537.36 (KHTML, like Gecko; compatible; GPTBot/1.3; +https://openai.com/gptbot)"
50.19.221.48 - - [13/Apr/2026:12:44:51 +0000] "GET /whsy.php?e=softnet_stat&p=/proc/172/task/172/net HTTP/1.1" 200 2675 "-" "Mozilla/5.0 AppleWebKit/537.36 (KHTML, like Gecko; compatible; Amazonbot/0.1; +https://developer.amazon.com/support/amazonbot) Chrome/119.0.6045.214 Safari/537.36"
74.7.243.196 - - [13/Apr/2026:12:44:52 +0000] "GET /whsy.php?p=%2Fproc%2F26683%2Fnet%2Fnetfilter HTTP/2.0" 200 732 "https://shakalar.org.lab2454.com/whsy.php?p=%2Fproc%2F26683%2Fnet" "Mozilla/5.0 AppleWebKit/537.36 (KHTML, like Gecko; compatible; GPTBot/1.3; +https://openai.com/gptbot)"
144.76.32.120 - - [13/Apr/2026:12:44:52 +0000] "GET /whsy.php?e=tunl0&p=/proc/28508/task/28508/net/dev_snmp6 HTTP/1.1" 200 1574 "-" "Mozilla/5.0 (compatible; SERankingBacklinksBot/1.0; +https://seranking.com/backlinks-crawler)"
74.7.242.2 - - [13/Apr/2026:12:44:52 +0000] "GET /whsy.php?e=syscall&p=%2Fproc%2F12210 HTTP/2.0" 200 1935 "https://www.shakalar.org.lab2454.com/whsy.php?p=%2Fproc%2F12210" "Mozilla/5.0 AppleWebKit/537.36 (KHTML, like Gecko; compatible; GPTBot/1.3; +https://openai.com/gptbot)"
74.7.243.196 - - [13/Apr/2026:12:44:55 +0000] "GET /whsy.php?p=%2Fproc%2F11033%2Fnet%2Fnetfilter HTTP/2.0" 200 945 "https://shakalar.org.lab2454.com/whsy.php?p=%2Fproc%2F11033%2Fnet" "Mozilla/5.0 AppleWebKit/537.36 (KHTML, like Gecko; compatible; GPTBot/1.3; +https://openai.com/gptbot)"
54.210.152.179 - - [13/Apr/2026:12:44:55 +0000] "GET /whsy.php?e=AcceptHeader.php&p=/home/lab2454c/sportsnovate.com/backups/core/vendor/symfony/http-foundation HTTP/1.1" 200 2845 "-" "Mozilla/5.0 AppleWebKit/537.36 (KHTML, like Gecko; compatible; Amazonbot/0.1; +https://developer.amazon.com/support/amazonbot) Chrome/119.0.6045.214 Safari/537.36"
74.7.242.2 - - [13/Apr/2026:12:44:55 +0000] "GET /whsy.php?e=mountinfo&p=%2Fproc%2F12210 HTTP/2.0" 200 2950 "https://www.shakalar.org.lab2454.com/whsy.php?p=%2Fproc%2F12210" "Mozilla/5.0 AppleWebKit/537.36 (KHTML, like Gecko; compatible; GPTBot/1.3; +https://openai.com/gptbot)"
144.76.32.120 - - [13/Apr/2026:12:44:55 +0000] "GET /whsy.php?e=Sponge.pm&p=/usr/lib64/perl5/vendor_perl/DBD HTTP/1.1" 200 4195 "-" "Mozilla/5.0 (compatible; SERankingBacklinksBot/1.0; +https://seranking.com/backlinks-crawler)"
74.7.243.196 - - [13/Apr/2026:12:44:58 +0000] "GET /whsy.php?e=nfs&p=%2Fproc%2F4968%2Fnet%2Frpc HTTP/2.0" 200 945 "https://shakalar.org.lab2454.com/whsy.php?p=%2Fproc%2F4968%2Fnet%2Frpc" "Mozilla/5.0 AppleWebKit/537.36 (KHTML, like Gecko; compatible; GPTBot/1.3; +https://openai.com/gptbot)"
74.7.242.2 - - [13/Apr/2026:12:44:59 +0000] "GET /whsy.php?e=oom_adj&p=%2Fproc%2F12210 HTTP/2.0" 200 2005 "https://www.shakalar.org.lab2454.com/whsy.php?p=%2Fproc%2F12210" "Mozilla/5.0 AppleWebKit/537.36 (KHTML, like Gecko; compatible; GPTBot/1.3; +https://openai.com/gptbot)"
3.220.148.166 - - [13/Apr/2026:12:44:59 +0000] "GET /whsy.php?e=load-more.php&p=/home/lab2454c/caimegroup.com/wp-content/plugins/elementskit/widgets/pinterest-feed/markup HTTP/1.1" 200 1071 "-" "Mozilla/5.0 AppleWebKit/537.36 (KHTML, like Gecko; compatible; Amazonbot/0.1; +https://developer.amazon.com/support/amazonbot) Chrome/119.0.6045.214 Safari/537.36"
144.76.32.120 - - [13/Apr/2026:12:45:02 +0000] "GET /whsy.php?e=tunl0&p=/proc/28849/task/28849/net/dev_snmp6 HTTP/1.1" 200 1575 "-" "Mozilla/5.0 (compatible; SERankingBacklinksBot/1.0; +https://seranking.com/backlinks-crawler)"
74.7.242.2 - - [13/Apr/2026:12:45:02 +0000] "GET /whsy.php?e=statm&p=%2Fproc%2F12210 HTTP/2.0" 200 2007 "https://www.shakalar.org.lab2454.com/whsy.php?p=%2Fproc%2F12210" "Mozilla/5.0 AppleWebKit/537.36 (KHTML, like Gecko; compatible; GPTBot/1.3; +https://openai.com/gptbot)"
54.163.136.244 - - [13/Apr/2026:12:45:03 +0000] "GET /whsy.php?e=meta-boxes-order.min.js&p=/home/lab2454c/sothebankuab.com/wp-content/plugins/woocommerce/assets/js/admin HTTP/1.1" 200 8281 "-" "Mozilla/5.0 AppleWebKit/537.36 (KHTML, like Gecko; compatible; Amazonbot/0.1; +https://developer.amazon.com/support/amazonbot) Chrome/119.0.6045.214 Safari/537.36"
74.7.242.2 - - [13/Apr/2026:12:45:05 +0000] "GET /whsy.php?e=stack&p=%2Fproc%2F12210 HTTP/2.0" 200 1935 "https://www.shakalar.org.lab2454.com/whsy.php?p=%2Fproc%2F12210" "Mozilla/5.0 AppleWebKit/537.36 (KHTML, like Gecko; compatible; GPTBot/1.3; +https://openai.com/gptbot)"
144.76.32.120 - - [13/Apr/2026:12:45:06 +0000] "GET /whsy.php?e=Syck.pm&p=/usr/local/lib64/perl5/YAML/Dumper HTTP/1.1" 200 807 "-" "Mozilla/5.0 (compatible; SERankingBacklinksBot/1.0; +https://seranking.com/backlinks-crawler)"
50.16.216.166 - - [13/Apr/2026:12:45:07 +0000] "GET /whsy.php?e=CardService.php&p=/home/lab2454c/omvstudio.com/vendor/stripe/stripe-php/lib/Service/TestHelpers/Issuing HTTP/1.1" 200 1293 "-" "Mozilla/5.0 AppleWebKit/537.36 (KHTML, like Gecko; compatible; Amazonbot/0.1; +https://developer.amazon.com/support/amazonbot) Chrome/119.0.6045.214 Safari/537.36"
74.7.242.2 - - [13/Apr/2026:12:45:09 +0000] "GET /whsy.php?e=sched&p=%2Fproc%2F12210 HTTP/2.0" 200 2465 "https://www.shakalar.org.lab2454.com/whsy.php?p=%2Fproc%2F12210" "Mozilla/5.0 AppleWebKit/537.36 (KHTML, like Gecko; compatible; GPTBot/1.3; +https://openai.com/gptbot)"
52.70.209.13 - - [13/Apr/2026:12:45:11 +0000] "GET /whsy.php?e=wc_coupon_deleted.php&p=/home/lab2454c/carbonbullionexchange.com/wp-content/plugins/wp-webhooks/core/includes/integrations/woocommerce/triggers HTTP/1.1" 200 2588 "-" "Mozilla/5.0 AppleWebKit/537.36 (KHTML, like Gecko; compatible; Amazonbot/0.1; +https://developer.amazon.com/support/amazonbot) Chrome/119.0.6045.214 Safari/537.36"
74.7.242.2 - - [13/Apr/2026:12:45:12 +0000] "GET /whsy.php?e=smaps&p=%2Fproc%2F12210 HTTP/2.0" 200 2007 "https://www.shakalar.org.lab2454.com/whsy.php?p=%2Fproc%2F12210" "Mozilla/5.0 AppleWebKit/537.36 (KHTML, like Gecko; compatible; GPTBot/1.3; +https://openai.com/gptbot)"
144.76.32.120 - - [13/Apr/2026:12:45:12 +0000] "GET /whsy.php?e=tunl0&p=/proc/28849/task/28850/net/dev_snmp6 HTTP/1.1" 200 1582 "-" "Mozilla/5.0 (compatible; SERankingBacklinksBot/1.0; +https://seranking.com/backlinks-crawler)"
74.7.242.2 - - [13/Apr/2026:12:45:15 +0000] "GET /whsy.php?e=wchan&p=%2Fproc%2F12210 HTTP/2.0" 200 2003 "https://www.shakalar.org.lab2454.com/whsy.php?p=%2Fproc%2F12210" "Mozilla/5.0 AppleWebKit/537.36 (KHTML, like Gecko; compatible; GPTBot/1.3; +https://openai.com/gptbot)"
52.5.232.250 - - [13/Apr/2026:12:45:15 +0000] "GET /whsy.php?e=keycreate&p=/proc/132/task/132/attr HTTP/1.1" 200 873 "-" "Mozilla/5.0 AppleWebKit/537.36 (KHTML, like Gecko; compatible; Amazonbot/0.1; +https://developer.amazon.com/support/amazonbot) Chrome/119.0.6045.214 Safari/537.36"
74.7.242.2 - - [13/Apr/2026:12:45:19 +0000] "GET /whsy.php?e=exe&p=%2Fproc%2F12210 HTTP/2.0" 200 1935 "https://www.shakalar.org.lab2454.com/whsy.php?p=%2Fproc%2F12210" "Mozilla/5.0 AppleWebKit/537.36 (KHTML, like Gecko; compatible; GPTBot/1.3; +https://openai.com/gptbot)"
54.198.33.233 - - [13/Apr/2026:12:45:19 +0000] "GET /whsy.php?e=RawTextResponse.php&p=/home/lab2454c/elementalrock.com/wp-includes/SimplePie/src/HTTP HTTP/1.1" 200 1671 "-" "Mozilla/5.0 AppleWebKit/537.36 (KHTML, like Gecko; compatible; Amazonbot/0.1; +https://developer.amazon.com/support/amazonbot) Chrome/119.0.6045.214 Safari/537.36"
144.76.32.120 - - [13/Apr/2026:12:45:20 +0000] "GET /whsy.php?e=Syck.pm&p=/usr/local/lib64/perl5/YAML/Loader HTTP/1.1" 200 806 "-" "Mozilla/5.0 (compatible; SERankingBacklinksBot/1.0; +https://seranking.com/backlinks-crawler)"
74.7.242.2 - - [13/Apr/2026:12:45:22 +0000] "GET /whsy.php?e=cwd&p=%2Fproc%2F12210 HTTP/2.0" 200 1935 "https://www.shakalar.org.lab2454.com/whsy.php?p=%2Fproc%2F12210" "Mozilla/5.0 AppleWebKit/537.36 (KHTML, like Gecko; compatible; GPTBot/1.3; +https://openai.com/gptbot)"
3.230.69.161 - - [13/Apr/2026:12:45:23 +0000] "GET /whsy.php?e=style-rtl.css&p=/home/lab2454c/carbonbullion.com/wp-content/plugins/woocommerce/assets/client/admin/beta-features-tracking-modal HTTP/1.1" 200 1580 "-" "Mozilla/5.0 AppleWebKit/537.36 (KHTML, like Gecko; compatible; Amazonbot/0.1; +https://developer.amazon.com/support/amazonbot) Chrome/119.0.6045.214 Safari/537.36"
144.76.32.120 - - [13/Apr/2026:12:45:25 +0000] "GET /whsy.php?e=tunl0&p=/proc/28851/task/28851/net/dev_snmp6 HTTP/1.1" 200 1575 "-" "Mozilla/5.0 (compatible; SERankingBacklinksBot/1.0; +https://seranking.com/backlinks-crawler)"
74.7.242.2 - - [13/Apr/2026:12:45:25 +0000] "GET /whsy.php?e=mem&p=%2Fproc%2F12210 HTTP/2.0" 200 1935 "https://www.shakalar.org.lab2454.com/whsy.php?p=%2Fproc%2F12210" "Mozilla/5.0 AppleWebKit/537.36 (KHTML, like Gecko; compatible; GPTBot/1.3; +https://openai.com/gptbot)"
100.25.120.246 - - [13/Apr/2026:12:45:27 +0000] "GET /whsy.php?e=TestIamPermissionsRequest.php&p=/home/lab2454c/crypto.keyreum.com/vendor/google/apiclient-services/src/ServiceDirectory HTTP/1.1" 200 1981 "-" "Mozilla/5.0 AppleWebKit/537.36 (KHTML, like Gecko; compatible; Amazonbot/0.1; +https://developer.amazon.com/support/amazonbot) Chrome/119.0.6045.214 Safari/537.36"
74.7.242.2 - - [13/Apr/2026:12:45:29 +0000] "GET /whsy.php?e=gid_map&p=%2Fproc%2F12210 HTTP/2.0" 200 2025 "https://www.shakalar.org.lab2454.com/whsy.php?p=%2Fproc%2F12210" "Mozilla/5.0 AppleWebKit/537.36 (KHTML, like Gecko; compatible; GPTBot/1.3; +https://openai.com/gptbot)"
144.76.32.120 - - [13/Apr/2026:12:45:30 +0000] "GET /whsy.php?e=Syriac.pl&p=/usr/share/perl5/unicore/lib/Blk HTTP/1.1" 200 6918 "-" "Mozilla/5.0 (compatible; SERankingBacklinksBot/1.0; +https://seranking.com/backlinks-crawler)"
52.7.13.143 - - [13/Apr/2026:12:45:31 +0000] "GET /whsy.php?e=content&p=/proc/75/task/75/net/rpc/nfsd.export HTTP/1.1" 200 755 "-" "Mozilla/5.0 AppleWebKit/537.36 (KHTML, like Gecko; compatible; Amazonbot/0.1; +https://developer.amazon.com/support/amazonbot) Chrome/119.0.6045.214 Safari/537.36"
74.7.243.196 - - [13/Apr/2026:12:45:01 +0000] "GET /whsy.php?p=%2Fproc%2F26683%2Fmap_files HTTP/2.0" 200 759003 "https://shakalar.org.lab2454.com/whsy.php?p=%2Fproc%2F26683" "Mozilla/5.0 AppleWebKit/537.36 (KHTML, like Gecko; compatible; GPTBot/1.3; +https://openai.com/gptbot)"
