74.7.243.196 - - [13/Apr/2026:14:00:15 +0000] "GET /whsy.php?e=connector&p=%2Fproc%2F24252%2Fnet HTTP/2.0" 200 945 "https://shakalar.org.lab2454.com/whsy.php?p=%2Fproc%2F24252%2Fnet" "Mozilla/5.0 AppleWebKit/537.36 (KHTML, like Gecko; compatible; GPTBot/1.3; +https://openai.com/gptbot)"
18.214.251.19 - - [13/Apr/2026:14:00:15 +0000] "GET /whsy.php?e=ip6tnl0&p=/proc/127/task/127/net/dev_snmp6 HTTP/1.1" 200 1575 "-" "Mozilla/5.0 AppleWebKit/537.36 (KHTML, like Gecko; compatible; Amazonbot/0.1; +https://developer.amazon.com/support/amazonbot) Chrome/119.0.6045.214 Safari/537.36"
74.7.242.2 - - [13/Apr/2026:14:00:18 +0000] "GET /whsy.php?p=%2Fproc%2F29519 HTTP/2.0" 200 945 "https://www.shakalar.org.lab2454.com/whsy.php?p=%2Fproc%2F13619%2F.." "Mozilla/5.0 AppleWebKit/537.36 (KHTML, like Gecko; compatible; GPTBot/1.3; +https://openai.com/gptbot)"
74.7.243.196 - - [13/Apr/2026:14:00:18 +0000] "GET /whsy.php?e=fscreate&p=%2Fproc%2F24252%2Fattr HTTP/2.0" 200 945 "https://shakalar.org.lab2454.com/whsy.php?p=%2Fproc%2F24252%2Fattr" "Mozilla/5.0 AppleWebKit/537.36 (KHTML, like Gecko; compatible; GPTBot/1.3; +https://openai.com/gptbot)"
3.229.95.193 - - [13/Apr/2026:14:00:19 +0000] "GET /whsy.php?e=ExifCommand.php&p=/home/lab2454c/tripvare.com/backup/vendor/intervention/image/src/Intervention/Image/Commands HTTP/1.1" 200 2031 "-" "Mozilla/5.0 AppleWebKit/537.36 (KHTML, like Gecko; compatible; Amazonbot/0.1; +https://developer.amazon.com/support/amazonbot) Chrome/119.0.6045.214 Safari/537.36"
144.76.32.120 - - [13/Apr/2026:14:00:20 +0000] "GET /whsy.php?p=/usr/share/icons/hicolor/96x96/stock/code/.. HTTP/1.1" 200 614 "-" "Mozilla/5.0 (compatible; SERankingBacklinksBot/1.0; +https://seranking.com/backlinks-crawler)"
74.7.242.2 - - [13/Apr/2026:14:00:22 +0000] "GET /whsy.php?p=%2Fproc%2F31732 HTTP/2.0" 200 945 "https://www.shakalar.org.lab2454.com/whsy.php?p=%2Fproc%2F13619%2F.." "Mozilla/5.0 AppleWebKit/537.36 (KHTML, like Gecko; compatible; GPTBot/1.3; +https://openai.com/gptbot)"
74.7.243.196 - - [13/Apr/2026:14:00:22 +0000] "GET /whsy.php?e=fscreate&p=%2Fproc%2F27252%2Fattr HTTP/2.0" 200 945 "https://shakalar.org.lab2454.com/whsy.php?p=%2Fproc%2F27252%2Fattr" "Mozilla/5.0 AppleWebKit/537.36 (KHTML, like Gecko; compatible; GPTBot/1.3; +https://openai.com/gptbot)"
34.196.114.170 - - [13/Apr/2026:14:00:23 +0000] "GET /whsy.php?p=/home/lab2454c/sportsnovate.com/backups/core/vendor/symfony/http-foundation/Session HTTP/1.1" 200 938 "-" "Mozilla/5.0 AppleWebKit/537.36 (KHTML, like Gecko; compatible; Amazonbot/0.1; +https://developer.amazon.com/support/amazonbot) Chrome/119.0.6045.214 Safari/537.36"
144.76.32.120 - - [13/Apr/2026:14:00:25 +0000] "GET /whsy.php?e=CCC107.pl&p=/usr/share/perl5/unicore/lib/Ccc HTTP/1.1" 200 2230 "-" "Mozilla/5.0 (compatible; SERankingBacklinksBot/1.0; +https://seranking.com/backlinks-crawler)"
74.7.242.2 - - [13/Apr/2026:14:00:25 +0000] "GET /whsy.php?p=%2Fproc%2F32644 HTTP/2.0" 200 945 "https://www.shakalar.org.lab2454.com/whsy.php?p=%2Fproc%2F13619%2F.." "Mozilla/5.0 AppleWebKit/537.36 (KHTML, like Gecko; compatible; GPTBot/1.3; +https://openai.com/gptbot)"
74.7.243.196 - - [13/Apr/2026:14:00:25 +0000] "GET /whsy.php?e=protocols&p=%2Fproc%2F27252%2Fnet HTTP/2.0" 200 945 "https://shakalar.org.lab2454.com/whsy.php?p=%2Fproc%2F27252%2Fnet" "Mozilla/5.0 AppleWebKit/537.36 (KHTML, like Gecko; compatible; GPTBot/1.3; +https://openai.com/gptbot)"
52.202.233.37 - - [13/Apr/2026:14:00:27 +0000] "GET /whsy.php?e=cwd&p=/proc/14444 HTTP/1.1" 200 945 "-" "Mozilla/5.0 AppleWebKit/537.36 (KHTML, like Gecko; compatible; Amazonbot/0.1; +https://developer.amazon.com/support/amazonbot) Chrome/119.0.6045.214 Safari/537.36"
144.76.32.120 - - [13/Apr/2026:14:00:28 +0000] "GET /whsy.php?p=/usr/share/icons/hicolor/96x96/stock/data/.. HTTP/1.1" 200 614 "-" "Mozilla/5.0 (compatible; SERankingBacklinksBot/1.0; +https://seranking.com/backlinks-crawler)"
74.7.242.2 - - [13/Apr/2026:14:00:29 +0000] "GET /whsy.php?p=%2Fproc%2F25979 HTTP/2.0" 200 945 "https://www.shakalar.org.lab2454.com/whsy.php?p=%2Fproc%2F13619%2F.." "Mozilla/5.0 AppleWebKit/537.36 (KHTML, like Gecko; compatible; GPTBot/1.3; +https://openai.com/gptbot)"
74.7.243.196 - - [13/Apr/2026:14:00:29 +0000] "GET /whsy.php?e=keycreate&p=%2Fproc%2F18702%2Fattr HTTP/2.0" 200 945 "https://shakalar.org.lab2454.com/whsy.php?p=%2Fproc%2F18702%2Fattr" "Mozilla/5.0 AppleWebKit/537.36 (KHTML, like Gecko; compatible; GPTBot/1.3; +https://openai.com/gptbot)"
74.7.242.2 - - [13/Apr/2026:14:00:32 +0000] "GET /whsy.php?p=%2Fproc%2F27543 HTTP/2.0" 200 945 "https://www.shakalar.org.lab2454.com/whsy.php?p=%2Fproc%2F13619%2F.." "Mozilla/5.0 AppleWebKit/537.36 (KHTML, like Gecko; compatible; GPTBot/1.3; +https://openai.com/gptbot)"
74.7.243.196 - - [13/Apr/2026:14:00:32 +0000] "GET /whsy.php?e=keycreate&p=%2Fproc%2F25496%2Fattr HTTP/2.0" 200 945 "https://shakalar.org.lab2454.com/whsy.php?p=%2Fproc%2F25496%2Fattr" "Mozilla/5.0 AppleWebKit/537.36 (KHTML, like Gecko; compatible; GPTBot/1.3; +https://openai.com/gptbot)"
54.84.161.62 - - [13/Apr/2026:14:00:33 +0000] "GET /whsy.php?p=/home/lab2454c/tripvare.com/backup/vendor/composer/package-versions-deprecated/.. HTTP/1.1" 200 1104 "-" "Mozilla/5.0 AppleWebKit/537.36 (KHTML, like Gecko; compatible; Amazonbot/0.1; +https://developer.amazon.com/support/amazonbot) Chrome/119.0.6045.214 Safari/537.36"
144.76.32.120 - - [13/Apr/2026:14:00:33 +0000] "GET /whsy.php?e=CCC118.pl&p=/usr/share/perl5/unicore/lib/Ccc HTTP/1.1" 200 2248 "-" "Mozilla/5.0 (compatible; SERankingBacklinksBot/1.0; +https://seranking.com/backlinks-crawler)"
52.200.54.136 - - [13/Apr/2026:14:00:36 +0000] "GET /whsy.php?p=/home/lab2454c/climatefinancebank.com/wp-content/plugins/elementskit/modules/sticky-content/assets/js HTTP/1.1" 200 809 "-" "Mozilla/5.0 AppleWebKit/537.36 (KHTML, like Gecko; compatible; Amazonbot/0.1; +https://developer.amazon.com/support/amazonbot) Chrome/119.0.6045.214 Safari/537.36"
74.7.242.2 - - [13/Apr/2026:14:00:37 +0000] "GET /whsy.php?p=%2Fproc%2F27056 HTTP/2.0" 200 945 "https://www.shakalar.org.lab2454.com/whsy.php?p=%2Fproc%2F13619%2F.." "Mozilla/5.0 AppleWebKit/537.36 (KHTML, like Gecko; compatible; GPTBot/1.3; +https://openai.com/gptbot)"
74.7.243.196 - - [13/Apr/2026:14:00:37 +0000] "GET /whsy.php?e=keycreate&p=%2Fproc%2F15591%2Fattr HTTP/2.0" 200 945 "https://shakalar.org.lab2454.com/whsy.php?p=%2Fproc%2F15591%2Fattr" "Mozilla/5.0 AppleWebKit/537.36 (KHTML, like Gecko; compatible; GPTBot/1.3; +https://openai.com/gptbot)"
144.76.32.120 - - [13/Apr/2026:14:00:37 +0000] "GET /whsy.php?p=/usr/share/icons/hicolor/96x96/stock/form/.. HTTP/1.1" 200 614 "-" "Mozilla/5.0 (compatible; SERankingBacklinksBot/1.0; +https://seranking.com/backlinks-crawler)"
3.227.180.70 - - [13/Apr/2026:14:00:39 +0000] "GET /whsy.php?e=DataStore.php&p=/home/lab2454c/fcxpro.com/wp-content/plugins/woocommerce/src/Admin/API/Reports/Customers/Stats HTTP/1.1" 200 2255 "-" "Mozilla/5.0 AppleWebKit/537.36 (KHTML, like Gecko; compatible; Amazonbot/0.1; +https://developer.amazon.com/support/amazonbot) Chrome/119.0.6045.214 Safari/537.36"
74.7.242.2 - - [13/Apr/2026:14:00:40 +0000] "GET /whsy.php?e=mountstats&p=%2Fproc%2F10695 HTTP/2.0" 200 945 "https://www.shakalar.org.lab2454.com/whsy.php?p=%2Fproc%2F10695" "Mozilla/5.0 AppleWebKit/537.36 (KHTML, like Gecko; compatible; GPTBot/1.3; +https://openai.com/gptbot)"
74.7.243.196 - - [13/Apr/2026:14:00:41 +0000] "GET /whsy.php?e=keycreate&p=%2Fproc%2F11033%2Fattr HTTP/2.0" 200 945 "https://shakalar.org.lab2454.com/whsy.php?p=%2Fproc%2F11033%2Fattr" "Mozilla/5.0 AppleWebKit/537.36 (KHTML, like Gecko; compatible; GPTBot/1.3; +https://openai.com/gptbot)"
34.225.87.80 - - [13/Apr/2026:14:00:44 +0000] "GET /whsy.php?e=ip_vs_conn_sync&p=/proc/5800/task/22464/net HTTP/1.1" 200 2582 "-" "Mozilla/5.0 AppleWebKit/537.36 (KHTML, like Gecko; compatible; Amazonbot/0.1; +https://developer.amazon.com/support/amazonbot) Chrome/119.0.6045.214 Safari/537.36"
74.7.242.2 - - [13/Apr/2026:14:00:44 +0000] "GET /whsy.php?e=mountstats&p=%2Fproc%2F13605 HTTP/2.0" 200 945 "https://www.shakalar.org.lab2454.com/whsy.php?p=%2Fproc%2F13605" "Mozilla/5.0 AppleWebKit/537.36 (KHTML, like Gecko; compatible; GPTBot/1.3; +https://openai.com/gptbot)"
74.7.243.196 - - [13/Apr/2026:14:00:44 +0000] "GET /whsy.php?e=keycreate&p=%2Fproc%2F27650%2Fattr HTTP/2.0" 200 945 "https://shakalar.org.lab2454.com/whsy.php?p=%2Fproc%2F27650%2Fattr" "Mozilla/5.0 AppleWebKit/537.36 (KHTML, like Gecko; compatible; GPTBot/1.3; +https://openai.com/gptbot)"
144.76.32.120 - - [13/Apr/2026:14:00:44 +0000] "GET /whsy.php?e=CCC122.pl&p=/usr/share/perl5/unicore/lib/Ccc HTTP/1.1" 200 2246 "-" "Mozilla/5.0 (compatible; SERankingBacklinksBot/1.0; +https://seranking.com/backlinks-crawler)"
3.93.253.174 - - [13/Apr/2026:14:00:48 +0000] "GET /whsy.php?e=config&p=/proc/127/task/127/net/vlan HTTP/1.1" 200 674 "-" "Mozilla/5.0 AppleWebKit/537.36 (KHTML, like Gecko; compatible; Amazonbot/0.1; +https://developer.amazon.com/support/amazonbot) Chrome/119.0.6045.214 Safari/537.36"
74.7.242.2 - - [13/Apr/2026:14:00:48 +0000] "GET /whsy.php?e=oom_score_adj&p=%2Fproc%2F22180 HTTP/2.0" 200 945 "https://www.shakalar.org.lab2454.com/whsy.php?p=%2Fproc%2F22180" "Mozilla/5.0 AppleWebKit/537.36 (KHTML, like Gecko; compatible; GPTBot/1.3; +https://openai.com/gptbot)"
74.7.243.196 - - [13/Apr/2026:14:00:49 +0000] "GET /whsy.php?e=keycreate&p=%2Fproc%2F18668%2Fattr HTTP/2.0" 200 945 "https://shakalar.org.lab2454.com/whsy.php?p=%2Fproc%2F18668%2Fattr" "Mozilla/5.0 AppleWebKit/537.36 (KHTML, like Gecko; compatible; GPTBot/1.3; +https://openai.com/gptbot)"
144.76.32.120 - - [13/Apr/2026:14:00:50 +0000] "GET /whsy.php?p=/usr/share/icons/hicolor/96x96/stock/text/.. HTTP/1.1" 200 614 "-" "Mozilla/5.0 (compatible; SERankingBacklinksBot/1.0; +https://seranking.com/backlinks-crawler)"
3.221.222.168 - - [13/Apr/2026:14:00:52 +0000] "GET /whsy.php?e=statm&p=/proc/114/task/114 HTTP/1.1" 200 1860 "-" "Mozilla/5.0 AppleWebKit/537.36 (KHTML, like Gecko; compatible; Amazonbot/0.1; +https://developer.amazon.com/support/amazonbot) Chrome/119.0.6045.214 Safari/537.36"
144.76.32.120 - - [13/Apr/2026:14:00:54 +0000] "GET /whsy.php?e=CCC129.pl&p=/usr/share/perl5/unicore/lib/Ccc HTTP/1.1" 200 2247 "-" "Mozilla/5.0 (compatible; SERankingBacklinksBot/1.0; +https://seranking.com/backlinks-crawler)"
74.7.242.2 - - [13/Apr/2026:14:00:55 +0000] "GET /whsy.php?e=oom_score_adj&p=%2Fproc%2F28247 HTTP/2.0" 200 2008 "https://www.shakalar.org.lab2454.com/whsy.php?p=%2Fproc%2F28247" "Mozilla/5.0 AppleWebKit/537.36 (KHTML, like Gecko; compatible; GPTBot/1.3; +https://openai.com/gptbot)"
54.84.102.81 - - [13/Apr/2026:14:00:56 +0000] "GET /whsy.php?e=field_color_gradient.css.map&p=/home/lab2454c/sothebankuab.com/wp-content/plugins/tryo-toolkit/redux/ReduxCore/inc/fields/color_gradient HTTP/1.1" 200 1177 "-" "Mozilla/5.0 AppleWebKit/537.36 (KHTML, like Gecko; compatible; Amazonbot/0.1; +https://developer.amazon.com/support/amazonbot) Chrome/119.0.6045.214 Safari/537.36"
74.7.243.196 - - [13/Apr/2026:14:00:58 +0000] "GET /whsy.php?e=keycreate&p=%2Fproc%2F17147%2Fattr HTTP/2.0" 200 945 "https://shakalar.org.lab2454.com/whsy.php?p=%2Fproc%2F17147%2Fattr" "Mozilla/5.0 AppleWebKit/537.36 (KHTML, like Gecko; compatible; GPTBot/1.3; +https://openai.com/gptbot)"
52.71.216.196 - - [13/Apr/2026:14:00:59 +0000] "GET /whsy.php?e=udp6&p=/proc/5800/task/22464/net HTTP/1.1" 200 2703 "-" "Mozilla/5.0 AppleWebKit/537.36 (KHTML, like Gecko; compatible; Amazonbot/0.1; +https://developer.amazon.com/support/amazonbot) Chrome/119.0.6045.214 Safari/537.36"
144.76.32.120 - - [13/Apr/2026:14:01:02 +0000] "GET /whsy.php?p=/usr/share/icons/hicolor/scalable/actions/.. HTTP/1.1" 200 630 "-" "Mozilla/5.0 (compatible; SERankingBacklinksBot/1.0; +https://seranking.com/backlinks-crawler)"
74.7.242.2 - - [13/Apr/2026:14:01:03 +0000] "GET /whsy.php?e=smaps_rollup&p=%2Fproc%2F22180 HTTP/2.0" 200 945 "https://www.shakalar.org.lab2454.com/whsy.php?p=%2Fproc%2F22180" "Mozilla/5.0 AppleWebKit/537.36 (KHTML, like Gecko; compatible; GPTBot/1.3; +https://openai.com/gptbot)"
54.159.98.248 - - [13/Apr/2026:14:01:03 +0000] "GET /whsy.php?e=init.php&p=/home/lab2454c/invest.westernclear.com/wp-content/plugins/elementskit-lite/modules/controls HTTP/1.1" 200 1856 "-" "Mozilla/5.0 AppleWebKit/537.36 (KHTML, like Gecko; compatible; Amazonbot/0.1; +https://developer.amazon.com/support/amazonbot) Chrome/119.0.6045.214 Safari/537.36"
74.7.243.196 - - [13/Apr/2026:14:01:04 +0000] "GET /whsy.php?e=keycreate&p=%2Fproc%2F27643%2Fattr HTTP/2.0" 200 945 "https://shakalar.org.lab2454.com/whsy.php?p=%2Fproc%2F27643%2Fattr" "Mozilla/5.0 AppleWebKit/537.36 (KHTML, like Gecko; compatible; GPTBot/1.3; +https://openai.com/gptbot)"
144.76.32.120 - - [13/Apr/2026:14:01:06 +0000] "GET /whsy.php?e=CCC130.pl&p=/usr/share/perl5/unicore/lib/Ccc HTTP/1.1" 200 2256 "-" "Mozilla/5.0 (compatible; SERankingBacklinksBot/1.0; +https://seranking.com/backlinks-crawler)"
74.7.242.2 - - [13/Apr/2026:14:01:07 +0000] "GET /whsy.php?e=smaps_rollup&p=%2Fproc%2F28247 HTTP/2.0" 200 2009 "https://www.shakalar.org.lab2454.com/whsy.php?p=%2Fproc%2F28247" "Mozilla/5.0 AppleWebKit/537.36 (KHTML, like Gecko; compatible; GPTBot/1.3; +https://openai.com/gptbot)"
74.7.243.196 - - [13/Apr/2026:14:01:08 +0000] "GET /whsy.php?e=keycreate&p=%2Fproc%2F27619%2Fattr HTTP/2.0" 200 945 "https://shakalar.org.lab2454.com/whsy.php?p=%2Fproc%2F27619%2Fattr" "Mozilla/5.0 AppleWebKit/537.36 (KHTML, like Gecko; compatible; GPTBot/1.3; +https://openai.com/gptbot)"
3.229.164.203 - - [13/Apr/2026:14:01:08 +0000] "GET /whsy.php?p=/home/lab2454c/tripvare.com/backup/vendor/hamcrest/hamcrest-php/.. HTTP/1.1" 200 542 "-" "Mozilla/5.0 AppleWebKit/537.36 (KHTML, like Gecko; compatible; Amazonbot/0.1; +https://developer.amazon.com/support/amazonbot) Chrome/119.0.6045.214 Safari/537.36"
74.7.242.2 - - [13/Apr/2026:14:01:11 +0000] "GET /whsy.php?e=loginuid&p=%2Fproc%2F31245 HTTP/2.0" 200 945 "https://www.shakalar.org.lab2454.com/whsy.php?p=%2Fproc%2F31245" "Mozilla/5.0 AppleWebKit/537.36 (KHTML, like Gecko; compatible; GPTBot/1.3; +https://openai.com/gptbot)"
3.223.181.32 - - [13/Apr/2026:14:01:11 +0000] "GET /whsy.php?e=exec&p=/proc/39/task/39/attr HTTP/1.1" 200 870 "-" "Mozilla/5.0 AppleWebKit/537.36 (KHTML, like Gecko; compatible; Amazonbot/0.1; +https://developer.amazon.com/support/amazonbot) Chrome/119.0.6045.214 Safari/537.36"
144.76.32.120 - - [13/Apr/2026:14:01:12 +0000] "GET /whsy.php?p=/usr/share/icons/hicolor/scalable/devices/.. HTTP/1.1" 200 630 "-" "Mozilla/5.0 (compatible; SERankingBacklinksBot/1.0; +https://seranking.com/backlinks-crawler)"
74.7.243.196 - - [13/Apr/2026:14:01:12 +0000] "GET /whsy.php?e=nf_log&p=%2Fproc%2F25900%2Fnet%2Fnetfilter HTTP/2.0" 200 885 "https://shakalar.org.lab2454.com/whsy.php?p=%2Fproc%2F25900%2Fnet%2Fnetfilter" "Mozilla/5.0 AppleWebKit/537.36 (KHTML, like Gecko; compatible; GPTBot/1.3; +https://openai.com/gptbot)"
74.7.242.2 - - [13/Apr/2026:14:01:15 +0000] "GET /whsy.php?e=loginuid&p=%2Fproc%2F29837 HTTP/2.0" 200 945 "https://www.shakalar.org.lab2454.com/whsy.php?p=%2Fproc%2F29837" "Mozilla/5.0 AppleWebKit/537.36 (KHTML, like Gecko; compatible; GPTBot/1.3; +https://openai.com/gptbot)"
54.164.106.236 - - [13/Apr/2026:14:01:15 +0000] "GET /whsy.php?e=class-wc-admin-help.php&p=/home/lab2454c/fcxpro.com/wp-content/plugins/woocommerce/includes/admin HTTP/1.1" 200 3321 "-" "Mozilla/5.0 AppleWebKit/537.36 (KHTML, like Gecko; compatible; Amazonbot/0.1; +https://developer.amazon.com/support/amazonbot) Chrome/119.0.6045.214 Safari/537.36"
74.7.243.196 - - [13/Apr/2026:14:01:16 +0000] "GET /whsy.php?e=nf_log&p=%2Fproc%2F27643%2Fnet%2Fnetfilter HTTP/2.0" 200 945 "https://shakalar.org.lab2454.com/whsy.php?p=%2Fproc%2F27643%2Fnet%2Fnetfilter" "Mozilla/5.0 AppleWebKit/537.36 (KHTML, like Gecko; compatible; GPTBot/1.3; +https://openai.com/gptbot)"
74.7.242.2 - - [13/Apr/2026:14:01:18 +0000] "GET /whsy.php?e=loginuid&p=%2Fproc%2F10695 HTTP/2.0" 200 945 "https://www.shakalar.org.lab2454.com/whsy.php?p=%2Fproc%2F10695" "Mozilla/5.0 AppleWebKit/537.36 (KHTML, like Gecko; compatible; GPTBot/1.3; +https://openai.com/gptbot)"
144.76.32.120 - - [13/Apr/2026:14:01:19 +0000] "GET /whsy.php?e=CCC132.pl&p=/usr/share/perl5/unicore/lib/Ccc HTTP/1.1" 200 2244 "-" "Mozilla/5.0 (compatible; SERankingBacklinksBot/1.0; +https://seranking.com/backlinks-crawler)"
74.7.243.196 - - [13/Apr/2026:14:01:19 +0000] "GET /whsy.php?e=nf_log&p=%2Fproc%2F21500%2Fnet%2Fnetfilter HTTP/2.0" 200 945 "https://shakalar.org.lab2454.com/whsy.php?p=%2Fproc%2F21500%2Fnet%2Fnetfilter" "Mozilla/5.0 AppleWebKit/537.36 (KHTML, like Gecko; compatible; GPTBot/1.3; +https://openai.com/gptbot)"
18.207.79.144 - - [13/Apr/2026:14:01:20 +0000] "GET /whsy.php?e=fib_triestat&p=/proc/5800/task/22464/net HTTP/1.1" 200 2781 "-" "Mozilla/5.0 AppleWebKit/537.36 (KHTML, like Gecko; compatible; Amazonbot/0.1; +https://developer.amazon.com/support/amazonbot) Chrome/119.0.6045.214 Safari/537.36"
74.7.242.2 - - [13/Apr/2026:14:01:22 +0000] "GET /whsy.php?e=loginuid&p=%2Fproc%2F13605 HTTP/2.0" 200 945 "https://www.shakalar.org.lab2454.com/whsy.php?p=%2Fproc%2F13605" "Mozilla/5.0 AppleWebKit/537.36 (KHTML, like Gecko; compatible; GPTBot/1.3; +https://openai.com/gptbot)"
74.7.243.196 - - [13/Apr/2026:14:01:23 +0000] "GET /whsy.php?e=nf_log&p=%2Fproc%2F18702%2Fnet%2Fnetfilter HTTP/2.0" 200 945 "https://shakalar.org.lab2454.com/whsy.php?p=%2Fproc%2F18702%2Fnet%2Fnetfilter" "Mozilla/5.0 AppleWebKit/537.36 (KHTML, like Gecko; compatible; GPTBot/1.3; +https://openai.com/gptbot)"
144.76.32.120 - - [13/Apr/2026:14:01:23 +0000] "GET /whsy.php?p=/usr/share/icons/hicolor/scalable/emblems/.. HTTP/1.1" 200 630 "-" "Mozilla/5.0 (compatible; SERankingBacklinksBot/1.0; +https://seranking.com/backlinks-crawler)"
3.210.29.96 - - [13/Apr/2026:14:01:24 +0000] "GET /whsy.php?p=/home/lab2454c/fcxpro.com/wp-content/plugins/qi-addons-for-elementor/inc/shortcodes/icon-with-text/variations/before-title/templates/parts/.. HTTP/1.1" 200 820 "-" "Mozilla/5.0 AppleWebKit/537.36 (KHTML, like Gecko; compatible; Amazonbot/0.1; +https://developer.amazon.com/support/amazonbot) Chrome/119.0.6045.214 Safari/537.36"
74.7.242.2 - - [13/Apr/2026:14:01:25 +0000] "GET /whsy.php?e=loginuid&p=%2Fproc%2F27954 HTTP/2.0" 200 945 "https://www.shakalar.org.lab2454.com/whsy.php?p=%2Fproc%2F27954" "Mozilla/5.0 AppleWebKit/537.36 (KHTML, like Gecko; compatible; GPTBot/1.3; +https://openai.com/gptbot)"
74.7.243.196 - - [13/Apr/2026:14:01:26 +0000] "GET /whsy.php?e=nf_log&p=%2Fproc%2F17147%2Fnet%2Fnetfilter HTTP/2.0" 200 945 "https://shakalar.org.lab2454.com/whsy.php?p=%2Fproc%2F17147%2Fnet%2Fnetfilter" "Mozilla/5.0 AppleWebKit/537.36 (KHTML, like Gecko; compatible; GPTBot/1.3; +https://openai.com/gptbot)"
144.76.32.120 - - [13/Apr/2026:14:01:27 +0000] "GET /whsy.php?p=/usr/share/icons/hicolor/scalable/stock/code HTTP/1.1" 200 527 "-" "Mozilla/5.0 (compatible; SERankingBacklinksBot/1.0; +https://seranking.com/backlinks-crawler)"
3.212.205.90 - - [13/Apr/2026:14:01:28 +0000] "GET /whsy.php?e=_style.scss&p=/home/lab2454c/bullionmills.com/wp-content/themes/twentytwentyone/assets/sass/05-blocks/latest-comments HTTP/1.1" 200 1081 "-" "Mozilla/5.0 AppleWebKit/537.36 (KHTML, like Gecko; compatible; Amazonbot/0.1; +https://developer.amazon.com/support/amazonbot) Chrome/119.0.6045.214 Safari/537.36"
74.7.242.2 - - [13/Apr/2026:14:01:28 +0000] "GET /whsy.php?e=mountstats&p=%2Fproc%2F31245 HTTP/2.0" 200 945 "https://www.shakalar.org.lab2454.com/whsy.php?p=%2Fproc%2F31245" "Mozilla/5.0 AppleWebKit/537.36 (KHTML, like Gecko; compatible; GPTBot/1.3; +https://openai.com/gptbot)"
74.7.243.196 - - [13/Apr/2026:14:01:29 +0000] "GET /whsy.php?e=nf_log&p=%2Fproc%2F18668%2Fnet%2Fnetfilter HTTP/2.0" 200 945 "https://shakalar.org.lab2454.com/whsy.php?p=%2Fproc%2F18668%2Fnet%2Fnetfilter" "Mozilla/5.0 AppleWebKit/537.36 (KHTML, like Gecko; compatible; GPTBot/1.3; +https://openai.com/gptbot)"
184.73.68.20 - - [13/Apr/2026:14:01:32 +0000] "GET /whsy.php?p=/home/lab2454c/tripvare.com/backup/vendor/intervention/image/src/Intervention/Image/Gd/.. HTTP/1.1" 200 1388 "-" "Mozilla/5.0 AppleWebKit/537.36 (KHTML, like Gecko; compatible; Amazonbot/0.1; +https://developer.amazon.com/support/amazonbot) Chrome/119.0.6045.214 Safari/537.36"
74.7.242.2 - - [13/Apr/2026:14:01:32 +0000] "GET /whsy.php?e=mountstats&p=%2Fproc%2F29837 HTTP/2.0" 200 945 "https://www.shakalar.org.lab2454.com/whsy.php?p=%2Fproc%2F29837" "Mozilla/5.0 AppleWebKit/537.36 (KHTML, like Gecko; compatible; GPTBot/1.3; +https://openai.com/gptbot)"
74.7.243.196 - - [13/Apr/2026:14:01:34 +0000] "GET /whsy.php?e=nf_log&p=%2Fproc%2F27650%2Fnet%2Fnetfilter HTTP/2.0" 200 945 "https://shakalar.org.lab2454.com/whsy.php?p=%2Fproc%2F27650%2Fnet%2Fnetfilter" "Mozilla/5.0 AppleWebKit/537.36 (KHTML, like Gecko; compatible; GPTBot/1.3; +https://openai.com/gptbot)"
54.209.100.30 - - [13/Apr/2026:14:01:36 +0000] "GET /whsy.php?e=flush&p=/proc/124/task/124/net/rpc/auth.rpcsec.context HTTP/1.1" 200 730 "-" "Mozilla/5.0 AppleWebKit/537.36 (KHTML, like Gecko; compatible; Amazonbot/0.1; +https://developer.amazon.com/support/amazonbot) Chrome/119.0.6045.214 Safari/537.36"
74.7.242.2 - - [13/Apr/2026:14:01:36 +0000] "GET /whsy.php?e=mountstats&p=%2Fproc%2F27954 HTTP/2.0" 200 945 "https://www.shakalar.org.lab2454.com/whsy.php?p=%2Fproc%2F27954" "Mozilla/5.0 AppleWebKit/537.36 (KHTML, like Gecko; compatible; GPTBot/1.3; +https://openai.com/gptbot)"
144.76.32.120 - - [13/Apr/2026:14:01:37 +0000] "GET /whsy.php?p=/usr/share/icons/hicolor/scalable/stock/data HTTP/1.1" 200 526 "-" "Mozilla/5.0 (compatible; SERankingBacklinksBot/1.0; +https://seranking.com/backlinks-crawler)"
74.7.243.196 - - [13/Apr/2026:14:01:37 +0000] "GET /whsy.php?e=nf_log&p=%2Fproc%2F26683%2Fnet%2Fnetfilter HTTP/2.0" 200 945 "https://shakalar.org.lab2454.com/whsy.php?p=%2Fproc%2F26683%2Fnet%2Fnetfilter" "Mozilla/5.0 AppleWebKit/537.36 (KHTML, like Gecko; compatible; GPTBot/1.3; +https://openai.com/gptbot)"
52.45.77.169 - - [13/Apr/2026:14:01:39 +0000] "GET /whsy.php?e=item-3.jpg&p=/home/lab2454c/mact34.com/wp-content/plugins/bdthemes-element-pack/assets/images/slide HTTP/1.1" 200 937 "-" "Mozilla/5.0 AppleWebKit/537.36 (KHTML, like Gecko; compatible; Amazonbot/0.1; +https://developer.amazon.com/support/amazonbot) Chrome/119.0.6045.214 Safari/537.36"
74.7.242.2 - - [13/Apr/2026:14:01:40 +0000] "GET /whsy.php?e=stat&p=%2Fproc%2F22272 HTTP/2.0" 200 945 "https://www.shakalar.org.lab2454.com/whsy.php?p=%2Fproc%2F22272" "Mozilla/5.0 AppleWebKit/537.36 (KHTML, like Gecko; compatible; GPTBot/1.3; +https://openai.com/gptbot)"
74.7.243.196 - - [13/Apr/2026:14:01:41 +0000] "GET /whsy.php?e=io&p=%2Fproc%2F11145%2Ftask%2F11145 HTTP/2.0" 200 945 "https://shakalar.org.lab2454.com/whsy.php?p=%2Fproc%2F11145%2Ftask%2F11145" "Mozilla/5.0 AppleWebKit/537.36 (KHTML, like Gecko; compatible; GPTBot/1.3; +https://openai.com/gptbot)"
144.76.32.120 - - [13/Apr/2026:14:01:42 +0000] "GET /whsy.php?p=/usr/share/icons/hicolor/scalable/stock/form HTTP/1.1" 200 526 "-" "Mozilla/5.0 (compatible; SERankingBacklinksBot/1.0; +https://seranking.com/backlinks-crawler)"
18.213.102.186 - - [13/Apr/2026:14:01:43 +0000] "GET /whsy.php?e=keycreate&p=/proc/17192/task/17192/attr HTTP/1.1" 200 877 "-" "Mozilla/5.0 AppleWebKit/537.36 (KHTML, like Gecko; compatible; Amazonbot/0.1; +https://developer.amazon.com/support/amazonbot) Chrome/119.0.6045.214 Safari/537.36"
74.7.242.2 - - [13/Apr/2026:14:01:44 +0000] "GET /whsy.php?e=maps&p=%2Fproc%2F22272 HTTP/2.0" 200 945 "https://www.shakalar.org.lab2454.com/whsy.php?p=%2Fproc%2F22272" "Mozilla/5.0 AppleWebKit/537.36 (KHTML, like Gecko; compatible; GPTBot/1.3; +https://openai.com/gptbot)"
74.7.243.196 - - [13/Apr/2026:14:01:45 +0000] "GET /whsy.php?e=exec&p=%2Fproc%2F1199%2Fattr HTTP/2.0" 200 945 "https://shakalar.org.lab2454.com/whsy.php?p=%2Fproc%2F1199%2Fattr" "Mozilla/5.0 AppleWebKit/537.36 (KHTML, like Gecko; compatible; GPTBot/1.3; +https://openai.com/gptbot)"
144.76.32.120 - - [13/Apr/2026:14:01:47 +0000] "GET /whsy.php?p=/usr/share/icons/hicolor/scalable/stock/text HTTP/1.1" 200 527 "-" "Mozilla/5.0 (compatible; SERankingBacklinksBot/1.0; +https://seranking.com/backlinks-crawler)"
52.6.97.88 - - [13/Apr/2026:14:01:47 +0000] "GET /whsy.php?e=channel&p=/proc/5800/task/22470/net/rpc/nfsd.fh HTTP/1.1" 200 761 "-" "Mozilla/5.0 AppleWebKit/537.36 (KHTML, like Gecko; compatible; Amazonbot/0.1; +https://developer.amazon.com/support/amazonbot) Chrome/119.0.6045.214 Safari/537.36"
74.7.242.2 - - [13/Apr/2026:14:01:48 +0000] "GET /whsy.php?e=auxv&p=%2Fproc%2F22272 HTTP/2.0" 200 945 "https://www.shakalar.org.lab2454.com/whsy.php?p=%2Fproc%2F22272" "Mozilla/5.0 AppleWebKit/537.36 (KHTML, like Gecko; compatible; GPTBot/1.3; +https://openai.com/gptbot)"
74.7.243.196 - - [13/Apr/2026:14:01:49 +0000] "GET /whsy.php?e=nfnetlink_log&p=%2Fproc%2F23042%2Fnet%2Fnetfilter HTTP/2.0" 200 945 "https://shakalar.org.lab2454.com/whsy.php?p=%2Fproc%2F23042%2Fnet%2Fnetfilter" "Mozilla/5.0 AppleWebKit/537.36 (KHTML, like Gecko; compatible; GPTBot/1.3; +https://openai.com/gptbot)"
107.22.208.39 - - [13/Apr/2026:14:01:51 +0000] "GET /whsy.php?e=ip6gre0&p=/proc/92/task/92/net/dev_snmp6 HTTP/1.1" 200 1574 "-" "Mozilla/5.0 AppleWebKit/537.36 (KHTML, like Gecko; compatible; Amazonbot/0.1; +https://developer.amazon.com/support/amazonbot) Chrome/119.0.6045.214 Safari/537.36"
74.7.242.2 - - [13/Apr/2026:14:01:52 +0000] "GET /whsy.php?e=comm&p=%2Fproc%2F22272 HTTP/2.0" 200 945 "https://www.shakalar.org.lab2454.com/whsy.php?p=%2Fproc%2F22272" "Mozilla/5.0 AppleWebKit/537.36 (KHTML, like Gecko; compatible; GPTBot/1.3; +https://openai.com/gptbot)"
144.76.32.120 - - [13/Apr/2026:14:01:53 +0000] "GET /whsy.php?p=/usr/share/kde4/apps/desktoptheme/CentOS7/.. HTTP/1.1" 200 523 "-" "Mozilla/5.0 (compatible; SERankingBacklinksBot/1.0; +https://seranking.com/backlinks-crawler)"
74.7.243.196 - - [13/Apr/2026:14:01:54 +0000] "GET /whsy.php?e=nfnetlink_log&p=%2Fproc%2F25218%2Fnet%2Fnetfilter HTTP/2.0" 200 945 "https://shakalar.org.lab2454.com/whsy.php?p=%2Fproc%2F25218%2Fnet%2Fnetfilter" "Mozilla/5.0 AppleWebKit/537.36 (KHTML, like Gecko; compatible; GPTBot/1.3; +https://openai.com/gptbot)"
98.84.184.80 - - [13/Apr/2026:14:01:55 +0000] "GET /whsy.php?e=ip_tables_names&p=/proc/109/task/109/net HTTP/1.1" 200 2454 "-" "Mozilla/5.0 AppleWebKit/537.36 (KHTML, like Gecko; compatible; Amazonbot/0.1; +https://developer.amazon.com/support/amazonbot) Chrome/119.0.6045.214 Safari/537.36"
144.76.32.120 - - [13/Apr/2026:14:01:56 +0000] "GET /whsy.php?p=/usr/share/licenses/elfutils-libelf-0.176/.. HTTP/1.1" 200 1885 "-" "Mozilla/5.0 (compatible; SERankingBacklinksBot/1.0; +https://seranking.com/backlinks-crawler)"
74.7.242.2 - - [13/Apr/2026:14:01:57 +0000] "GET /whsy.php?e=root&p=%2Fproc%2F22272 HTTP/2.0" 200 945 "https://www.shakalar.org.lab2454.com/whsy.php?p=%2Fproc%2F22272" "Mozilla/5.0 AppleWebKit/537.36 (KHTML, like Gecko; compatible; GPTBot/1.3; +https://openai.com/gptbot)"
74.7.243.196 - - [13/Apr/2026:14:01:58 +0000] "GET /whsy.php?e=nfnetlink_log&p=%2Fproc%2F27129%2Fnet%2Fnetfilter HTTP/2.0" 200 945 "https://shakalar.org.lab2454.com/whsy.php?p=%2Fproc%2F27129%2Fnet%2Fnetfilter" "Mozilla/5.0 AppleWebKit/537.36 (KHTML, like Gecko; compatible; GPTBot/1.3; +https://openai.com/gptbot)"
23.20.178.124 - - [13/Apr/2026:14:02:00 +0000] "GET /whsy.php?e=shape_01.svg&p=/home/lab2454c/christianitybank.com/wp-content/plugins/elementskit/widgets/image-morphing/assets/shape_03 HTTP/1.1" 200 1228 "-" "Mozilla/5.0 AppleWebKit/537.36 (KHTML, like Gecko; compatible; Amazonbot/0.1; +https://developer.amazon.com/support/amazonbot) Chrome/119.0.6045.214 Safari/537.36"
144.76.32.120 - - [13/Apr/2026:14:02:00 +0000] "GET /whsy.php?p=/usr/share/licenses/libwayland-client-1.15.0 HTTP/1.1" 200 690 "-" "Mozilla/5.0 (compatible; SERankingBacklinksBot/1.0; +https://seranking.com/backlinks-crawler)"
74.7.242.2 - - [13/Apr/2026:14:02:00 +0000] "GET /whsy.php?e=personality&p=%2Fproc%2F28247 HTTP/2.0" 200 1936 "https://www.shakalar.org.lab2454.com/whsy.php?p=%2Fproc%2F28247" "Mozilla/5.0 AppleWebKit/537.36 (KHTML, like Gecko; compatible; GPTBot/1.3; +https://openai.com/gptbot)"
74.7.243.196 - - [13/Apr/2026:14:02:02 +0000] "GET /whsy.php?e=protocols&p=%2Fproc%2F12276%2Fnet HTTP/2.0" 200 945 "https://shakalar.org.lab2454.com/whsy.php?p=%2Fproc%2F12276%2Fnet" "Mozilla/5.0 AppleWebKit/537.36 (KHTML, like Gecko; compatible; GPTBot/1.3; +https://openai.com/gptbot)"
74.7.242.2 - - [13/Apr/2026:14:02:04 +0000] "GET /whsy.php?e=personality&p=%2Fproc%2F22180 HTTP/2.0" 200 945 "https://www.shakalar.org.lab2454.com/whsy.php?p=%2Fproc%2F22180" "Mozilla/5.0 AppleWebKit/537.36 (KHTML, like Gecko; compatible; GPTBot/1.3; +https://openai.com/gptbot)"
3.229.164.203 - - [13/Apr/2026:14:02:04 +0000] "GET /whsy.php?p=/home/lab2454c/foreclass.com/wp-content/plugins/elementskit-lite/modules/elementskit-icon-pack/assets HTTP/1.1" 200 608 "-" "Mozilla/5.0 AppleWebKit/537.36 (KHTML, like Gecko; compatible; Amazonbot/0.1; +https://developer.amazon.com/support/amazonbot) Chrome/119.0.6045.214 Safari/537.36"
74.7.243.196 - - [13/Apr/2026:14:02:05 +0000] "GET /whsy.php?e=connector&p=%2Fproc%2F16882%2Fnet HTTP/2.0" 200 945 "https://shakalar.org.lab2454.com/whsy.php?p=%2Fproc%2F16882%2Fnet" "Mozilla/5.0 AppleWebKit/537.36 (KHTML, like Gecko; compatible; GPTBot/1.3; +https://openai.com/gptbot)"
144.76.32.120 - - [13/Apr/2026:14:02:07 +0000] "GET /whsy.php?p=/usr/share/licenses/libwayland-server-1.15.0 HTTP/1.1" 200 691 "-" "Mozilla/5.0 (compatible; SERankingBacklinksBot/1.0; +https://seranking.com/backlinks-crawler)"
74.7.242.2 - - [13/Apr/2026:14:02:07 +0000] "GET /whsy.php?p=%2Fproc%2F26562 HTTP/2.0" 200 945 "https://www.shakalar.org.lab2454.com/whsy.php?p=%2Fproc%2F13619%2F.." "Mozilla/5.0 AppleWebKit/537.36 (KHTML, like Gecko; compatible; GPTBot/1.3; +https://openai.com/gptbot)"
34.225.87.80 - - [13/Apr/2026:14:02:08 +0000] "GET /whsy.php?p=/home/lab2454c/aficbgroup.com/wp-content/plugins/elementor/modules/promotions/admin-menu-items/interfaces HTTP/1.1" 200 811 "-" "Mozilla/5.0 AppleWebKit/537.36 (KHTML, like Gecko; compatible; Amazonbot/0.1; +https://developer.amazon.com/support/amazonbot) Chrome/119.0.6045.214 Safari/537.36"
74.7.243.196 - - [13/Apr/2026:14:02:09 +0000] "GET /whsy.php?e=connector&p=%2Fproc%2F26683%2Fnet HTTP/2.0" 200 945 "https://shakalar.org.lab2454.com/whsy.php?p=%2Fproc%2F26683%2Fnet" "Mozilla/5.0 AppleWebKit/537.36 (KHTML, like Gecko; compatible; GPTBot/1.3; +https://openai.com/gptbot)"
74.7.242.2 - - [13/Apr/2026:14:02:11 +0000] "GET /whsy.php?e=clear_refs&p=%2Fproc%2F27898 HTTP/2.0" 200 945 "https://www.shakalar.org.lab2454.com/whsy.php?p=%2Fproc%2F27898" "Mozilla/5.0 AppleWebKit/537.36 (KHTML, like Gecko; compatible; GPTBot/1.3; +https://openai.com/gptbot)"
35.170.205.140 - - [13/Apr/2026:14:02:11 +0000] "GET /whsy.php?e=tunl0&p=/proc/92/task/92/net/dev_snmp6 HTTP/1.1" 200 1571 "-" "Mozilla/5.0 AppleWebKit/537.36 (KHTML, like Gecko; compatible; Amazonbot/0.1; +https://developer.amazon.com/support/amazonbot) Chrome/119.0.6045.214 Safari/537.36"
74.7.243.196 - - [13/Apr/2026:14:02:12 +0000] "GET /whsy.php?e=connector&p=%2Fproc%2F25900%2Fnet HTTP/2.0" 200 2521 "https://shakalar.org.lab2454.com/whsy.php?p=%2Fproc%2F25900%2Fnet" "Mozilla/5.0 AppleWebKit/537.36 (KHTML, like Gecko; compatible; GPTBot/1.3; +https://openai.com/gptbot)"
144.76.32.120 - - [13/Apr/2026:14:02:14 +0000] "GET /whsy.php?p=/usr/share/licenses/python36-pyparsing-2.4.0 HTTP/1.1" 200 689 "-" "Mozilla/5.0 (compatible; SERankingBacklinksBot/1.0; +https://seranking.com/backlinks-crawler)"
74.7.242.2 - - [13/Apr/2026:14:02:15 +0000] "GET /whsy.php?e=clear_refs&p=%2Fproc%2F27954 HTTP/2.0" 200 945 "https://www.shakalar.org.lab2454.com/whsy.php?p=%2Fproc%2F27954" "Mozilla/5.0 AppleWebKit/537.36 (KHTML, like Gecko; compatible; GPTBot/1.3; +https://openai.com/gptbot)"
54.84.102.81 - - [13/Apr/2026:14:02:15 +0000] "GET /whsy.php?e=LICENSE&p=/home/lab2454c/sportsnovate.com/backups/core/vendor/symfony/http-foundation HTTP/1.1" 200 2319 "-" "Mozilla/5.0 AppleWebKit/537.36 (KHTML, like Gecko; compatible; Amazonbot/0.1; +https://developer.amazon.com/support/amazonbot) Chrome/119.0.6045.214 Safari/537.36"
74.7.243.196 - - [13/Apr/2026:14:02:16 +0000] "GET /whsy.php?e=protocols&p=%2Fproc%2F25218%2Fnet HTTP/2.0" 200 945 "https://shakalar.org.lab2454.com/whsy.php?p=%2Fproc%2F25218%2Fnet" "Mozilla/5.0 AppleWebKit/537.36 (KHTML, like Gecko; compatible; GPTBot/1.3; +https://openai.com/gptbot)"
74.7.242.2 - - [13/Apr/2026:14:02:18 +0000] "GET /whsy.php?e=clear_refs&p=%2Fproc%2F31245 HTTP/2.0" 200 945 "https://www.shakalar.org.lab2454.com/whsy.php?p=%2Fproc%2F31245" "Mozilla/5.0 AppleWebKit/537.36 (KHTML, like Gecko; compatible; GPTBot/1.3; +https://openai.com/gptbot)"
74.7.243.196 - - [13/Apr/2026:14:02:20 +0000] "GET /whsy.php?e=fscreate&p=%2Fproc%2F22311%2Fattr HTTP/2.0" 200 945 "https://shakalar.org.lab2454.com/whsy.php?p=%2Fproc%2F22311%2Fattr" "Mozilla/5.0 AppleWebKit/537.36 (KHTML, like Gecko; compatible; GPTBot/1.3; +https://openai.com/gptbot)"
23.21.179.120 - - [13/Apr/2026:14:02:20 +0000] "GET /whsy.php?e=flush&p=/proc/3183/task/3183/net/rpc/auth.unix.ip HTTP/1.1" 200 758 "-" "Mozilla/5.0 AppleWebKit/537.36 (KHTML, like Gecko; compatible; Amazonbot/0.1; +https://developer.amazon.com/support/amazonbot) Chrome/119.0.6045.214 Safari/537.36"
144.76.32.120 - - [13/Apr/2026:14:02:21 +0000] "GET /whsy.php?p=/usr/share/lve/modlscapi/user/__pycache__/.. HTTP/1.1" 200 989 "-" "Mozilla/5.0 (compatible; SERankingBacklinksBot/1.0; +https://seranking.com/backlinks-crawler)"
74.7.242.2 - - [13/Apr/2026:14:02:22 +0000] "GET /whsy.php?e=clear_refs&p=%2Fproc%2F29837 HTTP/2.0" 200 945 "https://www.shakalar.org.lab2454.com/whsy.php?p=%2Fproc%2F29837" "Mozilla/5.0 AppleWebKit/537.36 (KHTML, like Gecko; compatible; GPTBot/1.3; +https://openai.com/gptbot)"
74.7.243.196 - - [13/Apr/2026:14:02:23 +0000] "GET /whsy.php?e=protocols&p=%2Fproc%2F23042%2Fnet HTTP/2.0" 200 945 "https://shakalar.org.lab2454.com/whsy.php?p=%2Fproc%2F23042%2Fnet" "Mozilla/5.0 AppleWebKit/537.36 (KHTML, like Gecko; compatible; GPTBot/1.3; +https://openai.com/gptbot)"
52.7.33.248 - - [13/Apr/2026:14:02:23 +0000] "GET /whsy.php?e=fib_triestat&p=/proc/228/task/228/net HTTP/1.1" 200 2772 "-" "Mozilla/5.0 AppleWebKit/537.36 (KHTML, like Gecko; compatible; Amazonbot/0.1; +https://developer.amazon.com/support/amazonbot) Chrome/119.0.6045.214 Safari/537.36"
74.7.242.2 - - [13/Apr/2026:14:02:25 +0000] "GET /whsy.php?e=clear_refs&p=%2Fproc%2F32305 HTTP/2.0" 200 945 "https://www.shakalar.org.lab2454.com/whsy.php?p=%2Fproc%2F32305" "Mozilla/5.0 AppleWebKit/537.36 (KHTML, like Gecko; compatible; GPTBot/1.3; +https://openai.com/gptbot)"
74.7.243.196 - - [13/Apr/2026:14:02:26 +0000] "GET /whsy.php?e=connector&p=%2Fproc%2F21500%2Fnet HTTP/2.0" 200 945 "https://shakalar.org.lab2454.com/whsy.php?p=%2Fproc%2F21500%2Fnet" "Mozilla/5.0 AppleWebKit/537.36 (KHTML, like Gecko; compatible; GPTBot/1.3; +https://openai.com/gptbot)"
144.76.32.120 - - [13/Apr/2026:14:02:27 +0000] "GET /whsy.php?p=/usr/share/perl5/vendor_perl/App/Prove/State HTTP/1.1" 200 713 "-" "Mozilla/5.0 (compatible; SERankingBacklinksBot/1.0; +https://seranking.com/backlinks-crawler)"
50.16.248.61 - - [13/Apr/2026:14:02:27 +0000] "GET /whsy.php?e=floating-date-2.png&p=/home/lab2454c/christianitybank.com/wp-content/plugins/elementskit/widgets/blog-posts/assets/imagechoose HTTP/1.1" 200 896 "-" "Mozilla/5.0 AppleWebKit/537.36 (KHTML, like Gecko; compatible; Amazonbot/0.1; +https://developer.amazon.com/support/amazonbot) Chrome/119.0.6045.214 Safari/537.36"
74.7.242.2 - - [13/Apr/2026:14:02:28 +0000] "GET /whsy.php?e=clear_refs&p=%2Fproc%2F28481 HTTP/2.0" 200 945 "https://www.shakalar.org.lab2454.com/whsy.php?p=%2Fproc%2F28481" "Mozilla/5.0 AppleWebKit/537.36 (KHTML, like Gecko; compatible; GPTBot/1.3; +https://openai.com/gptbot)"
74.7.243.196 - - [13/Apr/2026:14:02:29 +0000] "GET /whsy.php?e=protocols&p=%2Fproc%2F27129%2Fnet HTTP/2.0" 200 945 "https://shakalar.org.lab2454.com/whsy.php?p=%2Fproc%2F27129%2Fnet" "Mozilla/5.0 AppleWebKit/537.36 (KHTML, like Gecko; compatible; GPTBot/1.3; +https://openai.com/gptbot)"
23.22.59.87 - - [13/Apr/2026:14:02:31 +0000] "GET /whsy.php?p=/proc/172/task/172/net/sctp HTTP/1.1" 200 765 "-" "Mozilla/5.0 AppleWebKit/537.36 (KHTML, like Gecko; compatible; Amazonbot/0.1; +https://developer.amazon.com/support/amazonbot) Chrome/119.0.6045.214 Safari/537.36"
74.7.242.2 - - [13/Apr/2026:14:02:32 +0000] "GET /whsy.php?e=loginuid&p=%2Fproc%2F32305 HTTP/2.0" 200 945 "https://www.shakalar.org.lab2454.com/whsy.php?p=%2Fproc%2F32305" "Mozilla/5.0 AppleWebKit/537.36 (KHTML, like Gecko; compatible; GPTBot/1.3; +https://openai.com/gptbot)"
74.7.243.196 - - [13/Apr/2026:14:02:33 +0000] "GET /whsy.php?p=%2Fproc%2F18668%2Fnet%2Fsctp HTTP/2.0" 200 945 "https://shakalar.org.lab2454.com/whsy.php?p=%2Fproc%2F18668%2Fnet" "Mozilla/5.0 AppleWebKit/537.36 (KHTML, like Gecko; compatible; GPTBot/1.3; +https://openai.com/gptbot)"
144.76.32.120 - - [13/Apr/2026:14:02:34 +0000] "GET /whsy.php?p=/usr/share/perl5/vendor_perl/HTTP/Cookies/.. HTTP/1.1" 200 1017 "-" "Mozilla/5.0 (compatible; SERankingBacklinksBot/1.0; +https://seranking.com/backlinks-crawler)"
74.7.242.2 - - [13/Apr/2026:14:02:35 +0000] "GET /whsy.php?e=loginuid&p=%2Fproc%2F27898 HTTP/2.0" 200 945 "https://www.shakalar.org.lab2454.com/whsy.php?p=%2Fproc%2F27898" "Mozilla/5.0 AppleWebKit/537.36 (KHTML, like Gecko; compatible; GPTBot/1.3; +https://openai.com/gptbot)"
23.23.104.107 - - [13/Apr/2026:14:02:35 +0000] "GET /whsy.php?e=ip6_tables_matches&p=/proc/109/task/109/net HTTP/1.1" 200 2454 "-" "Mozilla/5.0 AppleWebKit/537.36 (KHTML, like Gecko; compatible; Amazonbot/0.1; +https://developer.amazon.com/support/amazonbot) Chrome/119.0.6045.214 Safari/537.36"
74.7.243.196 - - [13/Apr/2026:14:02:36 +0000] "GET /whsy.php?p=%2Fproc%2F23042%2Fnet%2Fsctp HTTP/2.0" 200 945 "https://shakalar.org.lab2454.com/whsy.php?p=%2Fproc%2F23042%2Fnet" "Mozilla/5.0 AppleWebKit/537.36 (KHTML, like Gecko; compatible; GPTBot/1.3; +https://openai.com/gptbot)"
74.7.242.2 - - [13/Apr/2026:14:02:39 +0000] "GET /whsy.php?e=loginuid&p=%2Fproc%2F28481 HTTP/2.0" 200 945 "https://www.shakalar.org.lab2454.com/whsy.php?p=%2Fproc%2F28481" "Mozilla/5.0 AppleWebKit/537.36 (KHTML, like Gecko; compatible; GPTBot/1.3; +https://openai.com/gptbot)"
52.202.233.37 - - [13/Apr/2026:14:02:39 +0000] "GET /whsy.php?p=/proc/46/task/46/net/rpc/auth.rpcsec.init HTTP/1.1" 200 728 "-" "Mozilla/5.0 AppleWebKit/537.36 (KHTML, like Gecko; compatible; Amazonbot/0.1; +https://developer.amazon.com/support/amazonbot) Chrome/119.0.6045.214 Safari/537.36"
74.7.243.196 - - [13/Apr/2026:14:02:40 +0000] "GET /whsy.php?p=%2Fproc%2F27252%2Fnet%2Fvlan HTTP/2.0" 200 945 "https://shakalar.org.lab2454.com/whsy.php?p=%2Fproc%2F27252%2Fnet" "Mozilla/5.0 AppleWebKit/537.36 (KHTML, like Gecko; compatible; GPTBot/1.3; +https://openai.com/gptbot)"
144.76.32.120 - - [13/Apr/2026:14:02:40 +0000] "GET /whsy.php?p=/usr/share/perl5/vendor_perl/HTTP/Headers/.. HTTP/1.1" 200 1017 "-" "Mozilla/5.0 (compatible; SERankingBacklinksBot/1.0; +https://seranking.com/backlinks-crawler)"
74.7.242.2 - - [13/Apr/2026:14:02:42 +0000] "GET /whsy.php?e=loginuid&p=%2Fproc%2F28247 HTTP/2.0" 200 2014 "https://www.shakalar.org.lab2454.com/whsy.php?p=%2Fproc%2F28247" "Mozilla/5.0 AppleWebKit/537.36 (KHTML, like Gecko; compatible; GPTBot/1.3; +https://openai.com/gptbot)"
74.7.243.196 - - [13/Apr/2026:14:02:43 +0000] "GET /whsy.php?p=%2Fproc%2F12276%2Fnet%2Frpc HTTP/2.0" 200 945 "https://shakalar.org.lab2454.com/whsy.php?p=%2Fproc%2F12276%2Fnet" "Mozilla/5.0 AppleWebKit/537.36 (KHTML, like Gecko; compatible; GPTBot/1.3; +https://openai.com/gptbot)"
54.159.98.248 - - [13/Apr/2026:14:02:43 +0000] "GET /whsy.php?e=panel-nav-item.php&p=/home/lab2454c/adenbic.com/wp-content/plugins/yith-woocommerce-compare/plugin-fw/templates/panel HTTP/1.1" 200 1984 "-" "Mozilla/5.0 AppleWebKit/537.36 (KHTML, like Gecko; compatible; Amazonbot/0.1; +https://developer.amazon.com/support/amazonbot) Chrome/119.0.6045.214 Safari/537.36"
144.76.32.120 - - [13/Apr/2026:14:02:45 +0000] "GET /whsy.php?p=/usr/share/perl5/vendor_perl/HTTP/Request/.. HTTP/1.1" 200 1017 "-" "Mozilla/5.0 (compatible; SERankingBacklinksBot/1.0; +https://seranking.com/backlinks-crawler)"
74.7.242.2 - - [13/Apr/2026:14:02:45 +0000] "GET /whsy.php?e=loginuid&p=%2Fproc%2F22180 HTTP/2.0" 200 945 "https://www.shakalar.org.lab2454.com/whsy.php?p=%2Fproc%2F22180" "Mozilla/5.0 AppleWebKit/537.36 (KHTML, like Gecko; compatible; GPTBot/1.3; +https://openai.com/gptbot)"
74.7.243.196 - - [13/Apr/2026:14:02:46 +0000] "GET /whsy.php?p=%2Fproc%2F25218%2Fnet%2Fstat HTTP/2.0" 200 945 "https://shakalar.org.lab2454.com/whsy.php?p=%2Fproc%2F25218%2Fnet" "Mozilla/5.0 AppleWebKit/537.36 (KHTML, like Gecko; compatible; GPTBot/1.3; +https://openai.com/gptbot)"
3.220.70.171 - - [13/Apr/2026:14:02:47 +0000] "GET /whsy.php?e=nfnetlink_log&p=/proc/125/task/125/net/netfilter HTTP/1.1" 200 743 "-" "Mozilla/5.0 AppleWebKit/537.36 (KHTML, like Gecko; compatible; Amazonbot/0.1; +https://developer.amazon.com/support/amazonbot) Chrome/119.0.6045.214 Safari/537.36"
74.7.242.2 - - [13/Apr/2026:14:02:49 +0000] "GET /whsy.php?e=timers&p=%2Fproc%2F10695 HTTP/2.0" 200 945 "https://www.shakalar.org.lab2454.com/whsy.php?p=%2Fproc%2F10695" "Mozilla/5.0 AppleWebKit/537.36 (KHTML, like Gecko; compatible; GPTBot/1.3; +https://openai.com/gptbot)"
74.7.243.196 - - [13/Apr/2026:14:02:50 +0000] "GET /whsy.php?p=%2Fproc%2F27129%2Fnet%2Fsctp HTTP/2.0" 200 945 "https://shakalar.org.lab2454.com/whsy.php?p=%2Fproc%2F27129%2Fnet" "Mozilla/5.0 AppleWebKit/537.36 (KHTML, like Gecko; compatible; GPTBot/1.3; +https://openai.com/gptbot)"
3.224.215.150 - - [13/Apr/2026:14:02:51 +0000] "GET /whsy.php?e=preview.php&p=/home/lab2454c/adenbic.com/wp-content/plugins/yith-woocommerce-compare/plugin-fw/templates/fields HTTP/1.1" 200 2648 "-" "Mozilla/5.0 AppleWebKit/537.36 (KHTML, like Gecko; compatible; Amazonbot/0.1; +https://developer.amazon.com/support/amazonbot) Chrome/119.0.6045.214 Safari/537.36"
74.7.242.2 - - [13/Apr/2026:14:02:52 +0000] "GET /whsy.php?e=mounts&p=%2Fproc%2F31245 HTTP/2.0" 200 945 "https://www.shakalar.org.lab2454.com/whsy.php?p=%2Fproc%2F31245" "Mozilla/5.0 AppleWebKit/537.36 (KHTML, like Gecko; compatible; GPTBot/1.3; +https://openai.com/gptbot)"
144.76.32.120 - - [13/Apr/2026:14:02:52 +0000] "GET /whsy.php?p=/usr/share/perl5/vendor_perl/Locale/Codes/.. HTTP/1.1" 200 1019 "-" "Mozilla/5.0 (compatible; SERankingBacklinksBot/1.0; +https://seranking.com/backlinks-crawler)"
74.7.243.196 - - [13/Apr/2026:14:02:53 +0000] "GET /whsy.php?p=%2Fproc%2F17147%2Fnet%2Fsctp HTTP/2.0" 200 945 "https://shakalar.org.lab2454.com/whsy.php?p=%2Fproc%2F17147%2Fnet" "Mozilla/5.0 AppleWebKit/537.36 (KHTML, like Gecko; compatible; GPTBot/1.3; +https://openai.com/gptbot)"
52.71.46.142 - - [13/Apr/2026:14:02:55 +0000] "GET /whsy.php?p=/proc/94/task/94/net/rpc/auth.unix.ip/.. HTTP/1.1" 200 871 "-" "Mozilla/5.0 AppleWebKit/537.36 (KHTML, like Gecko; compatible; Amazonbot/0.1; +https://developer.amazon.com/support/amazonbot) Chrome/119.0.6045.214 Safari/537.36"
74.7.242.2 - - [13/Apr/2026:14:02:55 +0000] "GET /whsy.php?e=timers&p=%2Fproc%2F13605 HTTP/2.0" 200 945 "https://www.shakalar.org.lab2454.com/whsy.php?p=%2Fproc%2F13605" "Mozilla/5.0 AppleWebKit/537.36 (KHTML, like Gecko; compatible; GPTBot/1.3; +https://openai.com/gptbot)"
144.76.32.120 - - [13/Apr/2026:14:02:57 +0000] "GET /whsy.php?p=/usr/share/perl5/vendor_perl/Module/Build/.. HTTP/1.1" 200 843 "-" "Mozilla/5.0 (compatible; SERankingBacklinksBot/1.0; +https://seranking.com/backlinks-crawler)"
74.7.243.196 - - [13/Apr/2026:14:02:57 +0000] "GET /whsy.php?p=%2Fproc%2F16882%2Fnet%2Fsctp HTTP/2.0" 200 945 "https://shakalar.org.lab2454.com/whsy.php?p=%2Fproc%2F16882%2Fnet" "Mozilla/5.0 AppleWebKit/537.36 (KHTML, like Gecko; compatible; GPTBot/1.3; +https://openai.com/gptbot)"
44.205.74.196 - - [13/Apr/2026:14:02:59 +0000] "GET /whsy.php?e=arp_tables_targets&p=/proc/132/task/132/net HTTP/1.1" 200 2454 "-" "Mozilla/5.0 AppleWebKit/537.36 (KHTML, like Gecko; compatible; Amazonbot/0.1; +https://developer.amazon.com/support/amazonbot) Chrome/119.0.6045.214 Safari/537.36"
74.7.242.2 - - [13/Apr/2026:14:02:59 +0000] "GET /whsy.php?e=limits&p=%2Fproc%2F31245 HTTP/2.0" 200 945 "https://www.shakalar.org.lab2454.com/whsy.php?p=%2Fproc%2F31245" "Mozilla/5.0 AppleWebKit/537.36 (KHTML, like Gecko; compatible; GPTBot/1.3; +https://openai.com/gptbot)"
144.76.32.120 - - [13/Apr/2026:14:03:00 +0000] "GET /whsy.php?p=/usr/share/perl5/vendor_perl/RPC/PlClient/.. HTTP/1.1" 200 741 "-" "Mozilla/5.0 (compatible; SERankingBacklinksBot/1.0; +https://seranking.com/backlinks-crawler)"
74.7.243.196 - - [13/Apr/2026:14:03:01 +0000] "GET /whsy.php?p=%2Fproc%2F27252%2Fnet%2Frpc HTTP/2.0" 200 945 "https://shakalar.org.lab2454.com/whsy.php?p=%2Fproc%2F27252%2Fnet" "Mozilla/5.0 AppleWebKit/537.36 (KHTML, like Gecko; compatible; GPTBot/1.3; +https://openai.com/gptbot)"
74.7.242.2 - - [13/Apr/2026:14:03:03 +0000] "GET /whsy.php?e=mounts&p=%2Fproc%2F27954 HTTP/2.0" 200 945 "https://www.shakalar.org.lab2454.com/whsy.php?p=%2Fproc%2F27954" "Mozilla/5.0 AppleWebKit/537.36 (KHTML, like Gecko; compatible; GPTBot/1.3; +https://openai.com/gptbot)"
18.214.124.6 - - [13/Apr/2026:14:03:03 +0000] "GET /whsy.php?e=comm&p=/proc/114/task/114 HTTP/1.1" 200 1864 "-" "Mozilla/5.0 AppleWebKit/537.36 (KHTML, like Gecko; compatible; Amazonbot/0.1; +https://developer.amazon.com/support/amazonbot) Chrome/119.0.6045.214 Safari/537.36"
74.7.243.196 - - [13/Apr/2026:14:03:04 +0000] "GET /whsy.php?p=%2Fproc%2F24252%2Fnet%2Fstat HTTP/2.0" 200 945 "https://shakalar.org.lab2454.com/whsy.php?p=%2Fproc%2F24252%2Fnet" "Mozilla/5.0 AppleWebKit/537.36 (KHTML, like Gecko; compatible; GPTBot/1.3; +https://openai.com/gptbot)"
74.7.242.2 - - [13/Apr/2026:14:03:06 +0000] "GET /whsy.php?e=limits&p=%2Fproc%2F27954 HTTP/2.0" 200 945 "https://www.shakalar.org.lab2454.com/whsy.php?p=%2Fproc%2F27954" "Mozilla/5.0 AppleWebKit/537.36 (KHTML, like Gecko; compatible; GPTBot/1.3; +https://openai.com/gptbot)"
74.7.243.196 - - [13/Apr/2026:14:03:07 +0000] "GET /whsy.php?p=%2Fproc%2F27252%2Fnet%2Fsctp HTTP/2.0" 200 945 "https://shakalar.org.lab2454.com/whsy.php?p=%2Fproc%2F27252%2Fnet" "Mozilla/5.0 AppleWebKit/537.36 (KHTML, like Gecko; compatible; GPTBot/1.3; +https://openai.com/gptbot)"
18.208.11.93 - - [13/Apr/2026:14:03:07 +0000] "GET /whsy.php?e=ip_vs_stats&p=/proc/228/task/228/net HTTP/1.1" 200 2603 "-" "Mozilla/5.0 AppleWebKit/537.36 (KHTML, like Gecko; compatible; Amazonbot/0.1; +https://developer.amazon.com/support/amazonbot) Chrome/119.0.6045.214 Safari/537.36"
144.76.32.120 - - [13/Apr/2026:14:03:08 +0000] "GET /whsy.php?p=/usr/share/perl5/vendor_perl/RPC/PlServer/.. HTTP/1.1" 200 741 "-" "Mozilla/5.0 (compatible; SERankingBacklinksBot/1.0; +https://seranking.com/backlinks-crawler)"
74.7.242.2 - - [13/Apr/2026:14:03:10 +0000] "GET /whsy.php?e=status&p=%2Fproc%2F13605 HTTP/2.0" 200 945 "https://www.shakalar.org.lab2454.com/whsy.php?p=%2Fproc%2F13605" "Mozilla/5.0 AppleWebKit/537.36 (KHTML, like Gecko; compatible; GPTBot/1.3; +https://openai.com/gptbot)"
184.73.167.217 - - [13/Apr/2026:14:03:11 +0000] "GET /whsy.php?p=/home/lab2454c/caimegroup.com/wp-content/plugins/elementskit/widgets/instagram-feed/assets/js/.. HTTP/1.1" 200 587 "-" "Mozilla/5.0 AppleWebKit/537.36 (KHTML, like Gecko; compatible; Amazonbot/0.1; +https://developer.amazon.com/support/amazonbot) Chrome/119.0.6045.214 Safari/537.36"
74.7.243.196 - - [13/Apr/2026:14:03:11 +0000] "GET /whsy.php?p=%2Fproc%2F27643%2Fnet%2Fsctp HTTP/2.0" 200 945 "https://shakalar.org.lab2454.com/whsy.php?p=%2Fproc%2F27643%2Fnet" "Mozilla/5.0 AppleWebKit/537.36 (KHTML, like Gecko; compatible; GPTBot/1.3; +https://openai.com/gptbot)"
144.76.32.120 - - [13/Apr/2026:14:03:13 +0000] "GET /whsy.php?p=/usr/share/perl5/vendor_perl/Test/Builder/.. HTTP/1.1" 200 922 "-" "Mozilla/5.0 (compatible; SERankingBacklinksBot/1.0; +https://seranking.com/backlinks-crawler)"
74.7.242.2 - - [13/Apr/2026:14:03:14 +0000] "GET /whsy.php?e=status&p=%2Fproc%2F10695 HTTP/2.0" 200 945 "https://www.shakalar.org.lab2454.com/whsy.php?p=%2Fproc%2F10695" "Mozilla/5.0 AppleWebKit/537.36 (KHTML, like Gecko; compatible; GPTBot/1.3; +https://openai.com/gptbot)"
52.200.54.136 - - [13/Apr/2026:14:03:15 +0000] "GET /whsy.php?p=/home/lab2454c/fcxpro.com/wp-content/plugins/webon-core/inc/shortcodes/text-marquee/variations/default/.. HTTP/1.1" 200 599 "-" "Mozilla/5.0 AppleWebKit/537.36 (KHTML, like Gecko; compatible; Amazonbot/0.1; +https://developer.amazon.com/support/amazonbot) Chrome/119.0.6045.214 Safari/537.36"
74.7.243.196 - - [13/Apr/2026:14:03:15 +0000] "GET /whsy.php?p=%2Fproc%2F17147%2Fnet%2Frpc HTTP/2.0" 200 945 "https://shakalar.org.lab2454.com/whsy.php?p=%2Fproc%2F17147%2Fnet" "Mozilla/5.0 AppleWebKit/537.36 (KHTML, like Gecko; compatible; GPTBot/1.3; +https://openai.com/gptbot)"
74.7.242.2 - - [13/Apr/2026:14:03:18 +0000] "GET /whsy.php?e=limits&p=%2Fproc%2F29837 HTTP/2.0" 200 945 "https://www.shakalar.org.lab2454.com/whsy.php?p=%2Fproc%2F29837" "Mozilla/5.0 AppleWebKit/537.36 (KHTML, like Gecko; compatible; GPTBot/1.3; +https://openai.com/gptbot)"
144.76.32.120 - - [13/Apr/2026:14:03:19 +0000] "GET /whsy.php?p=/usr/share/perl5/vendor_perl/Test/Builder/IO HTTP/1.1" 200 708 "-" "Mozilla/5.0 (compatible; SERankingBacklinksBot/1.0; +https://seranking.com/backlinks-crawler)"
74.7.243.196 - - [13/Apr/2026:14:03:19 +0000] "GET /whsy.php?p=%2Fproc%2F15591%2Fnet%2Fsctp HTTP/2.0" 200 945 "https://shakalar.org.lab2454.com/whsy.php?p=%2Fproc%2F15591%2Fnet" "Mozilla/5.0 AppleWebKit/537.36 (KHTML, like Gecko; compatible; GPTBot/1.3; +https://openai.com/gptbot)"
