74.7.243.196 - - [13/Apr/2026:13:29:40 +0000] "GET /whsy.php?e=maps&p=%2Fproc%2F19725 HTTP/2.0" 200 945 "https://shakalar.org.lab2454.com/whsy.php?p=%2Fproc%2F19725" "Mozilla/5.0 AppleWebKit/537.36 (KHTML, like Gecko; compatible; GPTBot/1.3; +https://openai.com/gptbot)"
144.76.32.120 - - [13/Apr/2026:13:29:42 +0000] "GET /whsy.php?p=/sys/devices/virtual/block/nbd7/mq/0/cpu2/.. HTTP/1.1" 200 820 "-" "Mozilla/5.0 (compatible; SERankingBacklinksBot/1.0; +https://seranking.com/backlinks-crawler)"
74.7.242.2 - - [13/Apr/2026:13:29:43 +0000] "GET /whsy.php?e=projid_map&p=%2Fproc%2F12210 HTTP/2.0" 200 945 "https://www.shakalar.org.lab2454.com/whsy.php?p=%2Fproc%2F12210" "Mozilla/5.0 AppleWebKit/537.36 (KHTML, like Gecko; compatible; GPTBot/1.3; +https://openai.com/gptbot)"
3.209.174.110 - - [13/Apr/2026:13:29:43 +0000] "GET /whsy.php?p=/home/lab2454c/foreclass.com/wp-content/plugins/elementskit-lite/libs/xs-migration/.. HTTP/1.1" 200 655 "-" "Mozilla/5.0 AppleWebKit/537.36 (KHTML, like Gecko; compatible; Amazonbot/0.1; +https://developer.amazon.com/support/amazonbot) Chrome/119.0.6045.214 Safari/537.36"
74.7.243.196 - - [13/Apr/2026:13:29:43 +0000] "GET /whsy.php?e=root&p=%2Fproc%2F14945 HTTP/2.0" 200 945 "https://shakalar.org.lab2454.com/whsy.php?p=%2Fproc%2F14945" "Mozilla/5.0 AppleWebKit/537.36 (KHTML, like Gecko; compatible; GPTBot/1.3; +https://openai.com/gptbot)"
74.7.242.2 - - [13/Apr/2026:13:29:46 +0000] "GET /whsy.php?p=%2Fproc%2F14736%2Ffdinfo HTTP/2.0" 200 945 "https://www.shakalar.org.lab2454.com/whsy.php?p=%2Fproc%2F14736" "Mozilla/5.0 AppleWebKit/537.36 (KHTML, like Gecko; compatible; GPTBot/1.3; +https://openai.com/gptbot)"
144.76.32.120 - - [13/Apr/2026:13:29:46 +0000] "GET /whsy.php?p=/opt/cpanel/ea-php73/root/usr/share/doc/pear HTTP/1.1" 200 597 "-" "Mozilla/5.0 (compatible; SERankingBacklinksBot/1.0; +https://seranking.com/backlinks-crawler)"
74.7.243.196 - - [13/Apr/2026:13:29:47 +0000] "GET /whsy.php?e=mountstats&p=%2Fproc%2F27009 HTTP/2.0" 200 945 "https://shakalar.org.lab2454.com/whsy.php?p=%2Fproc%2F27009" "Mozilla/5.0 AppleWebKit/537.36 (KHTML, like Gecko; compatible; GPTBot/1.3; +https://openai.com/gptbot)"
35.171.117.160 - - [13/Apr/2026:13:29:47 +0000] "GET /whsy.php?p=/home/lab2454c/veritserv.net/wp-content/plugins/popup-maker/includes/functions/utils/.. HTTP/1.1" 200 882 "-" "Mozilla/5.0 AppleWebKit/537.36 (KHTML, like Gecko; compatible; Amazonbot/0.1; +https://developer.amazon.com/support/amazonbot) Chrome/119.0.6045.214 Safari/537.36"
74.7.242.2 - - [13/Apr/2026:13:29:50 +0000] "GET /whsy.php?p=%2Fproc%2F15780%2Ffdinfo HTTP/2.0" 200 945 "https://www.shakalar.org.lab2454.com/whsy.php?p=%2Fproc%2F15780" "Mozilla/5.0 AppleWebKit/537.36 (KHTML, like Gecko; compatible; GPTBot/1.3; +https://openai.com/gptbot)"
74.7.243.196 - - [13/Apr/2026:13:29:50 +0000] "GET /whsy.php?e=mountstats&p=%2Fproc%2F28618 HTTP/2.0" 200 945 "https://shakalar.org.lab2454.com/whsy.php?p=%2Fproc%2F28618" "Mozilla/5.0 AppleWebKit/537.36 (KHTML, like Gecko; compatible; GPTBot/1.3; +https://openai.com/gptbot)"
144.76.32.120 - - [13/Apr/2026:13:29:51 +0000] "GET /whsy.php?p=/sys/devices/virtual/block/nbd7/mq/0/cpu3/.. HTTP/1.1" 200 820 "-" "Mozilla/5.0 (compatible; SERankingBacklinksBot/1.0; +https://seranking.com/backlinks-crawler)"
52.203.65.83 - - [13/Apr/2026:13:29:51 +0000] "GET /whsy.php?e=rt6_stats&p=/proc/123/task/123/net HTTP/1.1" 200 2541 "-" "Mozilla/5.0 AppleWebKit/537.36 (KHTML, like Gecko; compatible; Amazonbot/0.1; +https://developer.amazon.com/support/amazonbot) Chrome/119.0.6045.214 Safari/537.36"
74.7.242.2 - - [13/Apr/2026:13:29:53 +0000] "GET /whsy.php?p=%2Fproc%2F16594%2Ffdinfo HTTP/2.0" 200 945 "https://www.shakalar.org.lab2454.com/whsy.php?p=%2Fproc%2F16594" "Mozilla/5.0 AppleWebKit/537.36 (KHTML, like Gecko; compatible; GPTBot/1.3; +https://openai.com/gptbot)"
74.7.243.196 - - [13/Apr/2026:13:29:54 +0000] "GET /whsy.php?e=mountstats&p=%2Fproc%2F17626 HTTP/2.0" 200 945 "https://shakalar.org.lab2454.com/whsy.php?p=%2Fproc%2F17626" "Mozilla/5.0 AppleWebKit/537.36 (KHTML, like Gecko; compatible; GPTBot/1.3; +https://openai.com/gptbot)"
144.76.32.120 - - [13/Apr/2026:13:29:55 +0000] "GET /whsy.php?p=/opt/cpanel/ea-php73/root/usr/share/doc/pecl HTTP/1.1" 200 566 "-" "Mozilla/5.0 (compatible; SERankingBacklinksBot/1.0; +https://seranking.com/backlinks-crawler)"
34.225.87.80 - - [13/Apr/2026:13:29:56 +0000] "GET /whsy.php?e=about.php&p=/home/lab2454c/christianitybank.com/wp-content/plugins/elementskit/widgets/yelp/assets/images HTTP/1.1" 200 1093 "-" "Mozilla/5.0 AppleWebKit/537.36 (KHTML, like Gecko; compatible; Amazonbot/0.1; +https://developer.amazon.com/support/amazonbot) Chrome/119.0.6045.214 Safari/537.36"
74.7.242.2 - - [13/Apr/2026:13:29:56 +0000] "GET /whsy.php?p=%2Fproc%2F13619%2Fnet%2Fip6t_hashlimit HTTP/2.0" 200 501 "https://www.shakalar.org.lab2454.com/whsy.php?p=%2Fproc%2F13619%2Fnet" "Mozilla/5.0 AppleWebKit/537.36 (KHTML, like Gecko; compatible; GPTBot/1.3; +https://openai.com/gptbot)"
74.7.243.196 - - [13/Apr/2026:13:29:57 +0000] "GET /whsy.php?e=mountstats&p=%2Fproc%2F26077 HTTP/2.0" 200 1936 "https://shakalar.org.lab2454.com/whsy.php?p=%2Fproc%2F26077" "Mozilla/5.0 AppleWebKit/537.36 (KHTML, like Gecko; compatible; GPTBot/1.3; +https://openai.com/gptbot)"
52.4.238.8 - - [13/Apr/2026:13:29:59 +0000] "GET /whsy.php?e=volumes&p=/proc/164/task/164/net/nfsfs HTTP/1.1" 200 805 "-" "Mozilla/5.0 AppleWebKit/537.36 (KHTML, like Gecko; compatible; Amazonbot/0.1; +https://developer.amazon.com/support/amazonbot) Chrome/119.0.6045.214 Safari/537.36"
74.7.242.2 - - [13/Apr/2026:13:30:00 +0000] "GET /whsy.php?e=udplite6&p=%2Fproc%2F12210%2Fnet HTTP/2.0" 200 945 "https://www.shakalar.org.lab2454.com/whsy.php?p=%2Fproc%2F12210%2Fnet" "Mozilla/5.0 AppleWebKit/537.36 (KHTML, like Gecko; compatible; GPTBot/1.3; +https://openai.com/gptbot)"
74.7.243.196 - - [13/Apr/2026:13:30:00 +0000] "GET /whsy.php?e=mountstats&p=%2Fproc%2F10402 HTTP/2.0" 200 945 "https://shakalar.org.lab2454.com/whsy.php?p=%2Fproc%2F10402" "Mozilla/5.0 AppleWebKit/537.36 (KHTML, like Gecko; compatible; GPTBot/1.3; +https://openai.com/gptbot)"
144.76.32.120 - - [13/Apr/2026:13:30:01 +0000] "GET /whsy.php?p=/sys/devices/virtual/block/nbd7/mq/0/cpu4/.. HTTP/1.1" 200 820 "-" "Mozilla/5.0 (compatible; SERankingBacklinksBot/1.0; +https://seranking.com/backlinks-crawler)"
74.7.242.2 - - [13/Apr/2026:13:30:03 +0000] "GET /whsy.php?e=udplite6&p=%2Fproc%2F26761%2Fnet HTTP/2.0" 200 945 "https://www.shakalar.org.lab2454.com/whsy.php?p=%2Fproc%2F26761%2Fnet" "Mozilla/5.0 AppleWebKit/537.36 (KHTML, like Gecko; compatible; GPTBot/1.3; +https://openai.com/gptbot)"
3.90.73.206 - - [13/Apr/2026:13:30:03 +0000] "GET /whsy.php?e=config&p=/proc/136/task/136/net/vlan HTTP/1.1" 200 675 "-" "Mozilla/5.0 AppleWebKit/537.36 (KHTML, like Gecko; compatible; Amazonbot/0.1; +https://developer.amazon.com/support/amazonbot) Chrome/119.0.6045.214 Safari/537.36"
74.7.243.196 - - [13/Apr/2026:13:30:04 +0000] "GET /whsy.php?e=mountstats&p=%2Fproc%2F26761 HTTP/2.0" 200 945 "https://shakalar.org.lab2454.com/whsy.php?p=%2Fproc%2F26761" "Mozilla/5.0 AppleWebKit/537.36 (KHTML, like Gecko; compatible; GPTBot/1.3; +https://openai.com/gptbot)"
144.76.32.120 - - [13/Apr/2026:13:30:06 +0000] "GET /whsy.php?p=/opt/cpanel/ea-php73/root/usr/share/empty/.. HTTP/1.1" 200 785 "-" "Mozilla/5.0 (compatible; SERankingBacklinksBot/1.0; +https://seranking.com/backlinks-crawler)"
74.7.242.2 - - [13/Apr/2026:13:30:06 +0000] "GET /whsy.php?e=if_inet6&p=%2Fproc%2F26761%2Fnet HTTP/2.0" 200 945 "https://www.shakalar.org.lab2454.com/whsy.php?p=%2Fproc%2F26761%2Fnet" "Mozilla/5.0 AppleWebKit/537.36 (KHTML, like Gecko; compatible; GPTBot/1.3; +https://openai.com/gptbot)"
74.7.243.196 - - [13/Apr/2026:13:30:07 +0000] "GET /whsy.php?e=mountstats&p=%2Fproc%2F30888 HTTP/2.0" 200 945 "https://shakalar.org.lab2454.com/whsy.php?p=%2Fproc%2F30888" "Mozilla/5.0 AppleWebKit/537.36 (KHTML, like Gecko; compatible; GPTBot/1.3; +https://openai.com/gptbot)"
3.223.134.5 - - [13/Apr/2026:13:30:07 +0000] "GET /whsy.php?p=/proc/4942/task/4942/net/rpc/nfs4.nametoid/.. HTTP/1.1" 200 874 "-" "Mozilla/5.0 AppleWebKit/537.36 (KHTML, like Gecko; compatible; Amazonbot/0.1; +https://developer.amazon.com/support/amazonbot) Chrome/119.0.6045.214 Safari/537.36"
74.7.242.2 - - [13/Apr/2026:13:30:10 +0000] "GET /whsy.php?e=if_inet6&p=%2Fproc%2F12210%2Fnet HTTP/2.0" 200 945 "https://www.shakalar.org.lab2454.com/whsy.php?p=%2Fproc%2F12210%2Fnet" "Mozilla/5.0 AppleWebKit/537.36 (KHTML, like Gecko; compatible; GPTBot/1.3; +https://openai.com/gptbot)"
74.7.243.196 - - [13/Apr/2026:13:30:10 +0000] "GET /whsy.php?e=status&p=%2Fproc%2F19096 HTTP/2.0" 200 945 "https://shakalar.org.lab2454.com/whsy.php?p=%2Fproc%2F19096" "Mozilla/5.0 AppleWebKit/537.36 (KHTML, like Gecko; compatible; GPTBot/1.3; +https://openai.com/gptbot)"
144.76.32.120 - - [13/Apr/2026:13:30:10 +0000] "GET /whsy.php?p=/sys/devices/virtual/block/nbd7/mq/0/cpu5/.. HTTP/1.1" 200 820 "-" "Mozilla/5.0 (compatible; SERankingBacklinksBot/1.0; +https://seranking.com/backlinks-crawler)"
34.192.125.239 - - [13/Apr/2026:13:30:11 +0000] "GET /whsy.php?p=/home/lab2454c/igpma.com/wp-content/plugins/woocommerce/legacy/css/photoswipe/default-skin HTTP/1.1" 200 858 "-" "Mozilla/5.0 AppleWebKit/537.36 (KHTML, like Gecko; compatible; Amazonbot/0.1; +https://developer.amazon.com/support/amazonbot) Chrome/119.0.6045.214 Safari/537.36"
74.7.242.2 - - [13/Apr/2026:13:30:13 +0000] "GET /whsy.php?e=sockcreate&p=%2Fproc%2F19725%2Fattr HTTP/2.0" 200 945 "https://www.shakalar.org.lab2454.com/whsy.php?p=%2Fproc%2F19725%2Fattr" "Mozilla/5.0 AppleWebKit/537.36 (KHTML, like Gecko; compatible; GPTBot/1.3; +https://openai.com/gptbot)"
74.7.243.196 - - [13/Apr/2026:13:30:14 +0000] "GET /whsy.php?e=mounts&p=%2Fproc%2F27009 HTTP/2.0" 200 945 "https://shakalar.org.lab2454.com/whsy.php?p=%2Fproc%2F27009" "Mozilla/5.0 AppleWebKit/537.36 (KHTML, like Gecko; compatible; GPTBot/1.3; +https://openai.com/gptbot)"
144.76.32.120 - - [13/Apr/2026:13:30:15 +0000] "GET /whsy.php?p=/opt/cpanel/ea-php73/root/usr/share/games/.. HTTP/1.1" 200 785 "-" "Mozilla/5.0 (compatible; SERankingBacklinksBot/1.0; +https://seranking.com/backlinks-crawler)"
44.209.89.189 - - [13/Apr/2026:13:30:16 +0000] "GET /whsy.php?e=volumes&p=/proc/74/task/74/net/nfsfs HTTP/1.1" 200 806 "-" "Mozilla/5.0 AppleWebKit/537.36 (KHTML, like Gecko; compatible; Amazonbot/0.1; +https://developer.amazon.com/support/amazonbot) Chrome/119.0.6045.214 Safari/537.36"
74.7.242.2 - - [13/Apr/2026:13:30:17 +0000] "GET /whsy.php?p=%2Fproc%2F16594%2Fmap_files HTTP/2.0" 200 945 "https://www.shakalar.org.lab2454.com/whsy.php?p=%2Fproc%2F16594" "Mozilla/5.0 AppleWebKit/537.36 (KHTML, like Gecko; compatible; GPTBot/1.3; +https://openai.com/gptbot)"
74.7.243.196 - - [13/Apr/2026:13:30:17 +0000] "GET /whsy.php?e=timers&p=%2Fproc%2F27543 HTTP/2.0" 200 2006 "https://shakalar.org.lab2454.com/whsy.php?p=%2Fproc%2F27543" "Mozilla/5.0 AppleWebKit/537.36 (KHTML, like Gecko; compatible; GPTBot/1.3; +https://openai.com/gptbot)"
44.223.232.55 - - [13/Apr/2026:13:30:20 +0000] "GET /whsy.php?e=channel&p=/proc/23605/task/23605/net/rpc/auth.unix.ip HTTP/1.1" 200 759 "-" "Mozilla/5.0 AppleWebKit/537.36 (KHTML, like Gecko; compatible; Amazonbot/0.1; +https://developer.amazon.com/support/amazonbot) Chrome/119.0.6045.214 Safari/537.36"
144.76.32.120 - - [13/Apr/2026:13:30:20 +0000] "GET /whsy.php?p=/sys/devices/virtual/block/nbd7/mq/0/cpu6/.. HTTP/1.1" 200 820 "-" "Mozilla/5.0 (compatible; SERankingBacklinksBot/1.0; +https://seranking.com/backlinks-crawler)"
74.7.242.2 - - [13/Apr/2026:13:30:20 +0000] "GET /whsy.php?p=%2Fproc%2F15780%2Fmap_files HTTP/2.0" 200 945 "https://www.shakalar.org.lab2454.com/whsy.php?p=%2Fproc%2F15780" "Mozilla/5.0 AppleWebKit/537.36 (KHTML, like Gecko; compatible; GPTBot/1.3; +https://openai.com/gptbot)"
74.7.243.196 - - [13/Apr/2026:13:30:21 +0000] "GET /whsy.php?e=limits&p=%2Fproc%2F17626 HTTP/2.0" 200 945 "https://shakalar.org.lab2454.com/whsy.php?p=%2Fproc%2F17626" "Mozilla/5.0 AppleWebKit/537.36 (KHTML, like Gecko; compatible; GPTBot/1.3; +https://openai.com/gptbot)"
54.86.59.155 - - [13/Apr/2026:13:30:23 +0000] "GET /whsy.php?p=/proc/51/task/51/net/dev_snmp6 HTTP/1.1" 200 993 "-" "Mozilla/5.0 AppleWebKit/537.36 (KHTML, like Gecko; compatible; Amazonbot/0.1; +https://developer.amazon.com/support/amazonbot) Chrome/119.0.6045.214 Safari/537.36"
74.7.242.2 - - [13/Apr/2026:13:30:23 +0000] "GET /whsy.php?p=%2Fproc%2F14736%2Fmap_files HTTP/2.0" 200 945 "https://www.shakalar.org.lab2454.com/whsy.php?p=%2Fproc%2F14736" "Mozilla/5.0 AppleWebKit/537.36 (KHTML, like Gecko; compatible; GPTBot/1.3; +https://openai.com/gptbot)"
74.7.243.196 - - [13/Apr/2026:13:30:24 +0000] "GET /whsy.php?e=cgroup&p=%2Fproc%2F13605 HTTP/2.0" 200 2138 "https://shakalar.org.lab2454.com/whsy.php?p=%2Fproc%2F13605" "Mozilla/5.0 AppleWebKit/537.36 (KHTML, like Gecko; compatible; GPTBot/1.3; +https://openai.com/gptbot)"
144.76.32.120 - - [13/Apr/2026:13:30:25 +0000] "GET /whsy.php?p=/opt/cpanel/ea-php73/root/usr/share/gnome/.. HTTP/1.1" 200 785 "-" "Mozilla/5.0 (compatible; SERankingBacklinksBot/1.0; +https://seranking.com/backlinks-crawler)"
44.223.116.149 - - [13/Apr/2026:13:30:27 +0000] "GET /whsy.php?e=category-image.php&p=/home/lab2454c/archswipe.com/wp-content/plugins/elementor-pro/modules/woocommerce/tags HTTP/1.1" 200 1748 "-" "Mozilla/5.0 AppleWebKit/537.36 (KHTML, like Gecko; compatible; Amazonbot/0.1; +https://developer.amazon.com/support/amazonbot) Chrome/119.0.6045.214 Safari/537.36"
74.7.243.196 - - [13/Apr/2026:13:30:28 +0000] "GET /whsy.php?e=mounts&p=%2Fproc%2F26077 HTTP/2.0" 200 2677 "https://shakalar.org.lab2454.com/whsy.php?p=%2Fproc%2F26077" "Mozilla/5.0 AppleWebKit/537.36 (KHTML, like Gecko; compatible; GPTBot/1.3; +https://openai.com/gptbot)"
144.76.32.120 - - [13/Apr/2026:13:30:29 +0000] "GET /whsy.php?p=/sys/devices/virtual/block/nbd7/mq/0/cpu7/.. HTTP/1.1" 200 820 "-" "Mozilla/5.0 (compatible; SERankingBacklinksBot/1.0; +https://seranking.com/backlinks-crawler)"
74.7.243.196 - - [13/Apr/2026:13:30:31 +0000] "GET /whsy.php?e=limits&p=%2Fproc%2F26761 HTTP/2.0" 200 945 "https://shakalar.org.lab2454.com/whsy.php?p=%2Fproc%2F26761" "Mozilla/5.0 AppleWebKit/537.36 (KHTML, like Gecko; compatible; GPTBot/1.3; +https://openai.com/gptbot)"
107.23.62.75 - - [13/Apr/2026:13:30:31 +0000] "GET /whsy.php?p=/home/lab2454c/archfort.com/wp-content/plugins/wp-user-frontend-pro/vendor/squizlabs/php_codesniffer/src/Standards/Generic/Docs/ControlStructures HTTP/1.1" 200 888 "-" "Mozilla/5.0 AppleWebKit/537.36 (KHTML, like Gecko; compatible; Amazonbot/0.1; +https://developer.amazon.com/support/amazonbot) Chrome/119.0.6045.214 Safari/537.36"
144.76.32.120 - - [13/Apr/2026:13:30:33 +0000] "GET /whsy.php?p=/opt/cpanel/ea-php73/root/usr/share/icons/.. HTTP/1.1" 200 785 "-" "Mozilla/5.0 (compatible; SERankingBacklinksBot/1.0; +https://seranking.com/backlinks-crawler)"
74.7.243.196 - - [13/Apr/2026:13:30:34 +0000] "GET /whsy.php?e=limits&p=%2Fproc%2F10402 HTTP/2.0" 200 945 "https://shakalar.org.lab2454.com/whsy.php?p=%2Fproc%2F10402" "Mozilla/5.0 AppleWebKit/537.36 (KHTML, like Gecko; compatible; GPTBot/1.3; +https://openai.com/gptbot)"
52.22.87.224 - - [13/Apr/2026:13:30:35 +0000] "GET /whsy.php?p=/home/lab2454c/dansact.com/wp-includes/sodium_compat/src/Core/Curve25519/Ge/.. HTTP/1.1" 200 847 "-" "Mozilla/5.0 AppleWebKit/537.36 (KHTML, like Gecko; compatible; Amazonbot/0.1; +https://developer.amazon.com/support/amazonbot) Chrome/119.0.6045.214 Safari/537.36"
74.7.243.196 - - [13/Apr/2026:13:30:38 +0000] "GET /whsy.php?e=timers&p=%2Fproc%2F19096 HTTP/2.0" 200 945 "https://shakalar.org.lab2454.com/whsy.php?p=%2Fproc%2F19096" "Mozilla/5.0 AppleWebKit/537.36 (KHTML, like Gecko; compatible; GPTBot/1.3; +https://openai.com/gptbot)"
144.76.32.120 - - [13/Apr/2026:13:30:39 +0000] "GET /whsy.php?p=/sys/devices/virtual/block/nbd8/integrity/.. HTTP/1.1" 200 1257 "-" "Mozilla/5.0 (compatible; SERankingBacklinksBot/1.0; +https://seranking.com/backlinks-crawler)"
52.205.222.214 - - [13/Apr/2026:13:30:39 +0000] "GET /whsy.php?e=RuntimeException.php&p=/home/lab2454c/tripvare.com/backup/vendor/intervention/image/src/Intervention/Image/Exception HTTP/1.1" 200 1132 "-" "Mozilla/5.0 AppleWebKit/537.36 (KHTML, like Gecko; compatible; Amazonbot/0.1; +https://developer.amazon.com/support/amazonbot) Chrome/119.0.6045.214 Safari/537.36"
74.7.243.196 - - [13/Apr/2026:13:30:41 +0000] "GET /whsy.php?e=status&p=%2Fproc%2F14945 HTTP/2.0" 200 945 "https://shakalar.org.lab2454.com/whsy.php?p=%2Fproc%2F14945" "Mozilla/5.0 AppleWebKit/537.36 (KHTML, like Gecko; compatible; GPTBot/1.3; +https://openai.com/gptbot)"
144.76.32.120 - - [13/Apr/2026:13:30:43 +0000] "GET /whsy.php?p=/opt/cpanel/ea-php73/root/usr/share/licenses HTTP/1.1" 200 581 "-" "Mozilla/5.0 (compatible; SERankingBacklinksBot/1.0; +https://seranking.com/backlinks-crawler)"
34.205.163.103 - - [13/Apr/2026:13:30:43 +0000] "GET /whsy.php?e=InvalidArgumentException.php&p=/home/lab2454c/tripvare.com/backup/vendor/intervention/image/src/Intervention/Image/Exception HTTP/1.1" 200 1140 "-" "Mozilla/5.0 AppleWebKit/537.36 (KHTML, like Gecko; compatible; Amazonbot/0.1; +https://developer.amazon.com/support/amazonbot) Chrome/119.0.6045.214 Safari/537.36"
74.7.243.196 - - [13/Apr/2026:13:30:44 +0000] "GET /whsy.php?e=cpuset&p=%2Fproc%2F13605 HTTP/2.0" 200 2005 "https://shakalar.org.lab2454.com/whsy.php?p=%2Fproc%2F13605" "Mozilla/5.0 AppleWebKit/537.36 (KHTML, like Gecko; compatible; GPTBot/1.3; +https://openai.com/gptbot)"
144.76.32.120 - - [13/Apr/2026:13:30:46 +0000] "GET /whsy.php?p=/sys/devices/virtual/block/nbd8/mq/0/cpu0/.. HTTP/1.1" 200 820 "-" "Mozilla/5.0 (compatible; SERankingBacklinksBot/1.0; +https://seranking.com/backlinks-crawler)"
74.7.243.196 - - [13/Apr/2026:13:30:48 +0000] "GET /whsy.php?e=timers&p=%2Fproc%2F14945 HTTP/2.0" 200 945 "https://shakalar.org.lab2454.com/whsy.php?p=%2Fproc%2F14945" "Mozilla/5.0 AppleWebKit/537.36 (KHTML, like Gecko; compatible; GPTBot/1.3; +https://openai.com/gptbot)"
100.28.49.152 - - [13/Apr/2026:13:30:48 +0000] "GET /whsy.php?p=/proc/164/task/164/net/netfilter/.. HTTP/1.1" 200 2454 "-" "Mozilla/5.0 AppleWebKit/537.36 (KHTML, like Gecko; compatible; Amazonbot/0.1; +https://developer.amazon.com/support/amazonbot) Chrome/119.0.6045.214 Safari/537.36"
144.76.32.120 - - [13/Apr/2026:13:30:50 +0000] "GET /whsy.php?p=/opt/cpanel/ea-php73/root/usr/share/man/man1 HTTP/1.1" 200 837 "-" "Mozilla/5.0 (compatible; SERankingBacklinksBot/1.0; +https://seranking.com/backlinks-crawler)"
52.200.54.136 - - [13/Apr/2026:13:30:51 +0000] "GET /whsy.php?e=ip_tables_matches&p=/proc/162/task/162/net HTTP/1.1" 200 2454 "-" "Mozilla/5.0 AppleWebKit/537.36 (KHTML, like Gecko; compatible; Amazonbot/0.1; +https://developer.amazon.com/support/amazonbot) Chrome/119.0.6045.214 Safari/537.36"
74.7.243.196 - - [13/Apr/2026:13:30:51 +0000] "GET /whsy.php?e=mounts&p=%2Fproc%2F10402 HTTP/2.0" 200 945 "https://shakalar.org.lab2454.com/whsy.php?p=%2Fproc%2F10402" "Mozilla/5.0 AppleWebKit/537.36 (KHTML, like Gecko; compatible; GPTBot/1.3; +https://openai.com/gptbot)"
74.7.243.196 - - [13/Apr/2026:13:30:55 +0000] "GET /whsy.php?e=status&p=%2Fproc%2F19725 HTTP/2.0" 200 945 "https://shakalar.org.lab2454.com/whsy.php?p=%2Fproc%2F19725" "Mozilla/5.0 AppleWebKit/537.36 (KHTML, like Gecko; compatible; GPTBot/1.3; +https://openai.com/gptbot)"
52.204.89.12 - - [13/Apr/2026:13:30:56 +0000] "GET /whsy.php?e=text-title-left-image-right.php&p=/home/lab2454c/spaxtac.com/wp-content/themes/twentytwentyfour/patterns HTTP/1.1" 200 3827 "-" "Mozilla/5.0 AppleWebKit/537.36 (KHTML, like Gecko; compatible; Amazonbot/0.1; +https://developer.amazon.com/support/amazonbot) Chrome/119.0.6045.214 Safari/537.36"
144.76.32.120 - - [13/Apr/2026:13:30:57 +0000] "GET /whsy.php?p=/sys/devices/virtual/block/nbd8/mq/0/cpu1/.. HTTP/1.1" 200 820 "-" "Mozilla/5.0 (compatible; SERankingBacklinksBot/1.0; +https://seranking.com/backlinks-crawler)"
74.7.242.2 - - [13/Apr/2026:13:30:27 +0000] "GET /whsy.php?p=%2Fproc%2F13619%2Ffdinfo HTTP/2.0" 200 844085 "https://www.shakalar.org.lab2454.com/whsy.php?p=%2Fproc%2F13619" "Mozilla/5.0 AppleWebKit/537.36 (KHTML, like Gecko; compatible; GPTBot/1.3; +https://openai.com/gptbot)"
74.7.243.196 - - [13/Apr/2026:13:30:58 +0000] "GET /whsy.php?e=limits&p=%2Fproc%2F27009 HTTP/2.0" 200 945 "https://shakalar.org.lab2454.com/whsy.php?p=%2Fproc%2F27009" "Mozilla/5.0 AppleWebKit/537.36 (KHTML, like Gecko; compatible; GPTBot/1.3; +https://openai.com/gptbot)"
52.204.81.148 - - [13/Apr/2026:13:31:00 +0000] "GET /whsy.php?e=ndisc_cache&p=/proc/74/task/74/net/stat HTTP/1.1" 200 1137 "-" "Mozilla/5.0 AppleWebKit/537.36 (KHTML, like Gecko; compatible; Amazonbot/0.1; +https://developer.amazon.com/support/amazonbot) Chrome/119.0.6045.214 Safari/537.36"
74.7.242.2 - - [13/Apr/2026:13:31:00 +0000] "GET /whsy.php?e=projid_map&p=%2Fproc%2F26761 HTTP/2.0" 200 945 "https://www.shakalar.org.lab2454.com/whsy.php?p=%2Fproc%2F26761" "Mozilla/5.0 AppleWebKit/537.36 (KHTML, like Gecko; compatible; GPTBot/1.3; +https://openai.com/gptbot)"
144.76.32.120 - - [13/Apr/2026:13:31:00 +0000] "GET /whsy.php?p=/opt/cpanel/ea-php73/root/usr/share/man/man7 HTTP/1.1" 200 710 "-" "Mozilla/5.0 (compatible; SERankingBacklinksBot/1.0; +https://seranking.com/backlinks-crawler)"
74.7.243.196 - - [13/Apr/2026:13:31:02 +0000] "GET /whsy.php?e=timers&p=%2Fproc%2F19725 HTTP/2.0" 200 945 "https://shakalar.org.lab2454.com/whsy.php?p=%2Fproc%2F19725" "Mozilla/5.0 AppleWebKit/537.36 (KHTML, like Gecko; compatible; GPTBot/1.3; +https://openai.com/gptbot)"
74.7.175.165 - - [13/Apr/2026:13:31:02 +0000] "GET /robots.txt HTTP/2.0" 404 - "-" "Mozilla/5.0 (Macintosh; Intel Mac OS X 10_15_7) AppleWebKit/537.36 (KHTML, like Gecko) Chrome/131.0.0.0 Safari/537.36; compatible; OAI-SearchBot/1.3; robots.txt; +https://openai.com/searchbot"
100.28.118.16 - - [13/Apr/2026:13:31:04 +0000] "GET /whsy.php?p=/home/lab2454c/climatefinancebank.com/wp-content/plugins/elementskit/modules/facebook-messenger/.. HTTP/1.1" 200 910 "-" "Mozilla/5.0 AppleWebKit/537.36 (KHTML, like Gecko; compatible; Amazonbot/0.1; +https://developer.amazon.com/support/amazonbot) Chrome/119.0.6045.214 Safari/537.36"
74.7.242.2 - - [13/Apr/2026:13:31:04 +0000] "GET /whsy.php?e=projid_map&p=%2Fproc%2F21642 HTTP/2.0" 200 945 "https://www.shakalar.org.lab2454.com/whsy.php?p=%2Fproc%2F21642" "Mozilla/5.0 AppleWebKit/537.36 (KHTML, like Gecko; compatible; GPTBot/1.3; +https://openai.com/gptbot)"
144.76.32.120 - - [13/Apr/2026:13:31:05 +0000] "GET /whsy.php?p=/sys/devices/virtual/block/nbd8/mq/0/cpu2/.. HTTP/1.1" 200 820 "-" "Mozilla/5.0 (compatible; SERankingBacklinksBot/1.0; +https://seranking.com/backlinks-crawler)"
74.7.243.196 - - [13/Apr/2026:13:31:05 +0000] "GET /whsy.php?e=mounts&p=%2Fproc%2F17626 HTTP/2.0" 200 945 "https://shakalar.org.lab2454.com/whsy.php?p=%2Fproc%2F17626" "Mozilla/5.0 AppleWebKit/537.36 (KHTML, like Gecko; compatible; GPTBot/1.3; +https://openai.com/gptbot)"
3.208.146.193 - - [13/Apr/2026:13:31:07 +0000] "GET /whsy.php?e=cmdline&p=/proc/141/task/141 HTTP/1.1" 200 1855 "-" "Mozilla/5.0 AppleWebKit/537.36 (KHTML, like Gecko; compatible; Amazonbot/0.1; +https://developer.amazon.com/support/amazonbot) Chrome/119.0.6045.214 Safari/537.36"
74.7.242.2 - - [13/Apr/2026:13:31:07 +0000] "GET /whsy.php?e=projid_map&p=%2Fproc%2F26683 HTTP/2.0" 200 945 "https://www.shakalar.org.lab2454.com/whsy.php?p=%2Fproc%2F26683" "Mozilla/5.0 AppleWebKit/537.36 (KHTML, like Gecko; compatible; GPTBot/1.3; +https://openai.com/gptbot)"
74.7.243.196 - - [13/Apr/2026:13:31:09 +0000] "GET /whsy.php?e=limits&p=%2Fproc%2F28618 HTTP/2.0" 200 945 "https://shakalar.org.lab2454.com/whsy.php?p=%2Fproc%2F28618" "Mozilla/5.0 AppleWebKit/537.36 (KHTML, like Gecko; compatible; GPTBot/1.3; +https://openai.com/gptbot)"
144.76.32.120 - - [13/Apr/2026:13:31:10 +0000] "GET /whsy.php?p=/opt/cpanel/ea-php73/root/usr/share/man/man8 HTTP/1.1" 200 712 "-" "Mozilla/5.0 (compatible; SERankingBacklinksBot/1.0; +https://seranking.com/backlinks-crawler)"
74.7.242.2 - - [13/Apr/2026:13:31:11 +0000] "GET /whsy.php?e=projid_map&p=%2Fproc%2F21190 HTTP/2.0" 200 2026 "https://www.shakalar.org.lab2454.com/whsy.php?p=%2Fproc%2F21190" "Mozilla/5.0 AppleWebKit/537.36 (KHTML, like Gecko; compatible; GPTBot/1.3; +https://openai.com/gptbot)"
54.163.169.168 - - [13/Apr/2026:13:31:11 +0000] "GET /whsy.php?e=field_background.scss&p=/home/lab2454c/sothebankuab.com/wp-content/plugins/tryo-toolkit/redux/ReduxCore/inc/fields/background HTTP/1.1" 200 1301 "-" "Mozilla/5.0 AppleWebKit/537.36 (KHTML, like Gecko; compatible; Amazonbot/0.1; +https://developer.amazon.com/support/amazonbot) Chrome/119.0.6045.214 Safari/537.36"
74.7.243.196 - - [13/Apr/2026:13:31:12 +0000] "GET /whsy.php?e=timers&p=%2Fproc%2F19379 HTTP/2.0" 200 945 "https://shakalar.org.lab2454.com/whsy.php?p=%2Fproc%2F19379" "Mozilla/5.0 AppleWebKit/537.36 (KHTML, like Gecko; compatible; GPTBot/1.3; +https://openai.com/gptbot)"
74.7.242.2 - - [13/Apr/2026:13:31:14 +0000] "GET /whsy.php?e=ksm_merging_pages&p=%2Fproc%2F15780 HTTP/2.0" 200 945 "https://www.shakalar.org.lab2454.com/whsy.php?p=%2Fproc%2F15780" "Mozilla/5.0 AppleWebKit/537.36 (KHTML, like Gecko; compatible; GPTBot/1.3; +https://openai.com/gptbot)"
144.76.32.120 - - [13/Apr/2026:13:31:15 +0000] "GET /whsy.php?p=/sys/devices/virtual/block/nbd8/mq/0/cpu3/.. HTTP/1.1" 200 820 "-" "Mozilla/5.0 (compatible; SERankingBacklinksBot/1.0; +https://seranking.com/backlinks-crawler)"
74.7.243.196 - - [13/Apr/2026:13:31:16 +0000] "GET /whsy.php?e=status&p=%2Fproc%2F19379 HTTP/2.0" 200 945 "https://shakalar.org.lab2454.com/whsy.php?p=%2Fproc%2F19379" "Mozilla/5.0 AppleWebKit/537.36 (KHTML, like Gecko; compatible; GPTBot/1.3; +https://openai.com/gptbot)"
52.44.229.124 - - [13/Apr/2026:13:31:16 +0000] "GET /whsy.php?p=/proc/5930/task/5930/net/rpc/auth.unix.ip HTTP/1.1" 200 758 "-" "Mozilla/5.0 AppleWebKit/537.36 (KHTML, like Gecko; compatible; Amazonbot/0.1; +https://developer.amazon.com/support/amazonbot) Chrome/119.0.6045.214 Safari/537.36"
74.7.242.2 - - [13/Apr/2026:13:31:18 +0000] "GET /whsy.php?e=ksm_merging_pages&p=%2Fproc%2F14736 HTTP/2.0" 200 945 "https://www.shakalar.org.lab2454.com/whsy.php?p=%2Fproc%2F14736" "Mozilla/5.0 AppleWebKit/537.36 (KHTML, like Gecko; compatible; GPTBot/1.3; +https://openai.com/gptbot)"
52.70.138.176 - - [13/Apr/2026:13:31:19 +0000] "GET /whsy.php?e=logging.cpython-35.pyc&p=/opt/alt/python35/lib/python3.5/site-packages/sentry_sdk/integrations/__pycache__ HTTP/1.1" 200 1960 "-" "Mozilla/5.0 AppleWebKit/537.36 (KHTML, like Gecko; compatible; Amazonbot/0.1; +https://developer.amazon.com/support/amazonbot) Chrome/119.0.6045.214 Safari/537.36"
74.7.243.196 - - [13/Apr/2026:13:31:19 +0000] "GET /whsy.php?e=status&p=%2Fproc%2F27543 HTTP/2.0" 200 2582 "https://shakalar.org.lab2454.com/whsy.php?p=%2Fproc%2F27543" "Mozilla/5.0 AppleWebKit/537.36 (KHTML, like Gecko; compatible; GPTBot/1.3; +https://openai.com/gptbot)"
144.76.32.120 - - [13/Apr/2026:13:31:20 +0000] "GET /whsy.php?p=/opt/cpanel/ea-php73/root/usr/share/pear/XML HTTP/1.1" 200 712 "-" "Mozilla/5.0 (compatible; SERankingBacklinksBot/1.0; +https://seranking.com/backlinks-crawler)"
74.7.242.2 - - [13/Apr/2026:13:31:21 +0000] "GET /whsy.php?e=ksm_merging_pages&p=%2Fproc%2F16594 HTTP/2.0" 200 945 "https://www.shakalar.org.lab2454.com/whsy.php?p=%2Fproc%2F16594" "Mozilla/5.0 AppleWebKit/537.36 (KHTML, like Gecko; compatible; GPTBot/1.3; +https://openai.com/gptbot)"
74.7.243.196 - - [13/Apr/2026:13:31:23 +0000] "GET /whsy.php?e=mounts&p=%2Fproc%2F28618 HTTP/2.0" 200 945 "https://shakalar.org.lab2454.com/whsy.php?p=%2Fproc%2F28618" "Mozilla/5.0 AppleWebKit/537.36 (KHTML, like Gecko; compatible; GPTBot/1.3; +https://openai.com/gptbot)"
74.7.242.2 - - [13/Apr/2026:13:31:25 +0000] "GET /whsy.php?e=sockcreate&p=%2Fproc%2F26761%2Fattr HTTP/2.0" 200 945 "https://www.shakalar.org.lab2454.com/whsy.php?p=%2Fproc%2F26761%2Fattr" "Mozilla/5.0 AppleWebKit/537.36 (KHTML, like Gecko; compatible; GPTBot/1.3; +https://openai.com/gptbot)"
144.76.32.120 - - [13/Apr/2026:13:31:26 +0000] "GET /whsy.php?p=/sys/devices/virtual/block/nbd8/mq/0/cpu4/.. HTTP/1.1" 200 820 "-" "Mozilla/5.0 (compatible; SERankingBacklinksBot/1.0; +https://seranking.com/backlinks-crawler)"
74.7.243.196 - - [13/Apr/2026:13:31:27 +0000] "GET /whsy.php?e=mounts&p=%2Fproc%2F26761 HTTP/2.0" 200 945 "https://shakalar.org.lab2454.com/whsy.php?p=%2Fproc%2F26761" "Mozilla/5.0 AppleWebKit/537.36 (KHTML, like Gecko; compatible; GPTBot/1.3; +https://openai.com/gptbot)"
3.229.164.203 - - [13/Apr/2026:13:31:27 +0000] "GET /whsy.php?e=if_inet6&p=/proc/5004/net HTTP/1.1" 200 2570 "-" "Mozilla/5.0 AppleWebKit/537.36 (KHTML, like Gecko; compatible; Amazonbot/0.1; +https://developer.amazon.com/support/amazonbot) Chrome/119.0.6045.214 Safari/537.36"
3.211.181.86 - - [13/Apr/2026:13:31:27 +0000] "GET /whsy.php?p=/proc/51/task/51/net/.. HTTP/1.1" 200 1790 "-" "Mozilla/5.0 AppleWebKit/537.36 (KHTML, like Gecko; compatible; Amazonbot/0.1; +https://developer.amazon.com/support/amazonbot) Chrome/119.0.6045.214 Safari/537.36"
74.7.242.2 - - [13/Apr/2026:13:31:28 +0000] "GET /whsy.php?p=%2Fproc%2F27031%2Fmap_files HTTP/2.0" 200 945 "https://www.shakalar.org.lab2454.com/whsy.php?p=%2Fproc%2F27031" "Mozilla/5.0 AppleWebKit/537.36 (KHTML, like Gecko; compatible; GPTBot/1.3; +https://openai.com/gptbot)"
74.7.243.196 - - [13/Apr/2026:13:31:31 +0000] "GET /whsy.php?e=mounts&p=%2Fproc%2F30888 HTTP/2.0" 200 945 "https://shakalar.org.lab2454.com/whsy.php?p=%2Fproc%2F30888" "Mozilla/5.0 AppleWebKit/537.36 (KHTML, like Gecko; compatible; GPTBot/1.3; +https://openai.com/gptbot)"
144.76.32.120 - - [13/Apr/2026:13:31:31 +0000] "GET /whsy.php?p=/opt/cpanel/ea-php73/root/usr/share/tests/.. HTTP/1.1" 200 785 "-" "Mozilla/5.0 (compatible; SERankingBacklinksBot/1.0; +https://seranking.com/backlinks-crawler)"
3.232.39.98 - - [13/Apr/2026:13:31:31 +0000] "GET /whsy.php?e=fib_trie&p=/proc/123/task/123/net HTTP/1.1" 200 2709 "-" "Mozilla/5.0 AppleWebKit/537.36 (KHTML, like Gecko; compatible; Amazonbot/0.1; +https://developer.amazon.com/support/amazonbot) Chrome/119.0.6045.214 Safari/537.36"
74.7.242.2 - - [13/Apr/2026:13:31:32 +0000] "GET /whsy.php?p=%2Fproc%2F19725%2Fmap_files HTTP/2.0" 200 945 "https://www.shakalar.org.lab2454.com/whsy.php?p=%2Fproc%2F19725" "Mozilla/5.0 AppleWebKit/537.36 (KHTML, like Gecko; compatible; GPTBot/1.3; +https://openai.com/gptbot)"
74.7.243.196 - - [13/Apr/2026:13:31:34 +0000] "GET /whsy.php?e=limits&p=%2Fproc%2F30888 HTTP/2.0" 200 945 "https://shakalar.org.lab2454.com/whsy.php?p=%2Fproc%2F30888" "Mozilla/5.0 AppleWebKit/537.36 (KHTML, like Gecko; compatible; GPTBot/1.3; +https://openai.com/gptbot)"
35.171.141.42 - - [13/Apr/2026:13:31:36 +0000] "GET /whsy.php?e=rt_cache&p=/proc/4941/net/stat HTTP/1.1" 200 1102 "-" "Mozilla/5.0 AppleWebKit/537.36 (KHTML, like Gecko; compatible; Amazonbot/0.1; +https://developer.amazon.com/support/amazonbot) Chrome/119.0.6045.214 Safari/537.36"
74.7.242.2 - - [13/Apr/2026:13:31:36 +0000] "GET /whsy.php?p=%2Fproc%2F15724%2Fmap_files HTTP/2.0" 200 945 "https://www.shakalar.org.lab2454.com/whsy.php?p=%2Fproc%2F15724" "Mozilla/5.0 AppleWebKit/537.36 (KHTML, like Gecko; compatible; GPTBot/1.3; +https://openai.com/gptbot)"
144.76.32.120 - - [13/Apr/2026:13:31:38 +0000] "GET /whsy.php?p=/sys/devices/virtual/block/nbd8/mq/0/cpu5/.. HTTP/1.1" 200 820 "-" "Mozilla/5.0 (compatible; SERankingBacklinksBot/1.0; +https://seranking.com/backlinks-crawler)"
74.7.243.196 - - [13/Apr/2026:13:31:38 +0000] "GET /whsy.php?e=numa_maps&p=%2Fproc%2F13605 HTTP/2.0" 200 2123 "https://shakalar.org.lab2454.com/whsy.php?p=%2Fproc%2F13605" "Mozilla/5.0 AppleWebKit/537.36 (KHTML, like Gecko; compatible; GPTBot/1.3; +https://openai.com/gptbot)"
34.233.219.155 - - [13/Apr/2026:13:31:39 +0000] "GET /whsy.php?e=ip6_mr_cache&p=/proc/5004/net HTTP/1.1" 200 2550 "-" "Mozilla/5.0 AppleWebKit/537.36 (KHTML, like Gecko; compatible; Amazonbot/0.1; +https://developer.amazon.com/support/amazonbot) Chrome/119.0.6045.214 Safari/537.36"
74.7.242.2 - - [13/Apr/2026:13:31:40 +0000] "GET /whsy.php?p=%2Fproc%2F27461%2Fmap_files HTTP/2.0" 200 945 "https://www.shakalar.org.lab2454.com/whsy.php?p=%2Fproc%2F27461" "Mozilla/5.0 AppleWebKit/537.36 (KHTML, like Gecko; compatible; GPTBot/1.3; +https://openai.com/gptbot)"
74.7.243.196 - - [13/Apr/2026:13:31:41 +0000] "GET /whsy.php?e=numa_maps&p=%2Fproc%2F19725 HTTP/2.0" 200 945 "https://shakalar.org.lab2454.com/whsy.php?p=%2Fproc%2F19725" "Mozilla/5.0 AppleWebKit/537.36 (KHTML, like Gecko; compatible; GPTBot/1.3; +https://openai.com/gptbot)"
144.76.32.120 - - [13/Apr/2026:13:31:43 +0000] "GET /whsy.php?e=git-repo-config.txt&p=/usr/share/doc/git-1.8.3.1 HTTP/1.1" 200 11956 "-" "Mozilla/5.0 (compatible; SERankingBacklinksBot/1.0; +https://seranking.com/backlinks-crawler)"
74.7.242.2 - - [13/Apr/2026:13:31:43 +0000] "GET /whsy.php?p=%2Fproc%2F20893%2Fmap_files HTTP/2.0" 200 945 "https://www.shakalar.org.lab2454.com/whsy.php?p=%2Fproc%2F20893" "Mozilla/5.0 AppleWebKit/537.36 (KHTML, like Gecko; compatible; GPTBot/1.3; +https://openai.com/gptbot)"
54.84.169.196 - - [13/Apr/2026:13:31:43 +0000] "GET /whsy.php?e=rt_cache&p=/proc/132/task/132/net HTTP/1.1" 200 2611 "-" "Mozilla/5.0 AppleWebKit/537.36 (KHTML, like Gecko; compatible; Amazonbot/0.1; +https://developer.amazon.com/support/amazonbot) Chrome/119.0.6045.214 Safari/537.36"
74.7.243.196 - - [13/Apr/2026:13:31:45 +0000] "GET /whsy.php?e=numa_maps&p=%2Fproc%2F19096 HTTP/2.0" 200 945 "https://shakalar.org.lab2454.com/whsy.php?p=%2Fproc%2F19096" "Mozilla/5.0 AppleWebKit/537.36 (KHTML, like Gecko; compatible; GPTBot/1.3; +https://openai.com/gptbot)"
74.7.242.2 - - [13/Apr/2026:13:31:47 +0000] "GET /whsy.php?p=%2Fproc%2F28639%2Fmap_files HTTP/2.0" 200 945 "https://www.shakalar.org.lab2454.com/whsy.php?p=%2Fproc%2F28639" "Mozilla/5.0 AppleWebKit/537.36 (KHTML, like Gecko; compatible; GPTBot/1.3; +https://openai.com/gptbot)"
144.76.32.120 - - [13/Apr/2026:13:31:47 +0000] "GET /whsy.php?p=/opt/cpanel/ea-php73/root/usr/src/kernels/.. HTTP/1.1" 200 535 "-" "Mozilla/5.0 (compatible; SERankingBacklinksBot/1.0; +https://seranking.com/backlinks-crawler)"
34.194.165.45 - - [13/Apr/2026:13:31:47 +0000] "GET /whsy.php?e=NotReadableException.php&p=/home/lab2454c/tripvare.com/backup/vendor/intervention/image/src/Intervention/Image/Exception HTTP/1.1" 200 1148 "-" "Mozilla/5.0 AppleWebKit/537.36 (KHTML, like Gecko; compatible; Amazonbot/0.1; +https://developer.amazon.com/support/amazonbot) Chrome/119.0.6045.214 Safari/537.36"
74.7.243.196 - - [13/Apr/2026:13:31:49 +0000] "GET /whsy.php?e=numa_maps&p=%2Fproc%2F19379 HTTP/2.0" 200 945 "https://shakalar.org.lab2454.com/whsy.php?p=%2Fproc%2F19379" "Mozilla/5.0 AppleWebKit/537.36 (KHTML, like Gecko; compatible; GPTBot/1.3; +https://openai.com/gptbot)"
74.7.242.2 - - [13/Apr/2026:13:31:51 +0000] "GET /whsy.php?e=coredump_filter&p=%2Fproc%2F20893 HTTP/2.0" 200 945 "https://www.shakalar.org.lab2454.com/whsy.php?p=%2Fproc%2F20893" "Mozilla/5.0 AppleWebKit/537.36 (KHTML, like Gecko; compatible; GPTBot/1.3; +https://openai.com/gptbot)"
34.194.165.45 - - [13/Apr/2026:13:31:52 +0000] "GET /whsy.php?p=/home/lab2454c/bullionmills.com/wp-content/plugins/wpforms-lite/libs/sodium_compat/src/Core/Curve25519/.. HTTP/1.1" 200 1165 "-" "Mozilla/5.0 AppleWebKit/537.36 (KHTML, like Gecko; compatible; Amazonbot/0.1; +https://developer.amazon.com/support/amazonbot) Chrome/119.0.6045.214 Safari/537.36"
144.76.32.120 - - [13/Apr/2026:13:31:52 +0000] "GET /whsy.php?p=/sys/devices/virtual/block/nbd8/mq/0/cpu6/.. HTTP/1.1" 200 820 "-" "Mozilla/5.0 (compatible; SERankingBacklinksBot/1.0; +https://seranking.com/backlinks-crawler)"
74.7.243.196 - - [13/Apr/2026:13:31:53 +0000] "GET /whsy.php?e=numa_maps&p=%2Fproc%2F14945 HTTP/2.0" 200 945 "https://shakalar.org.lab2454.com/whsy.php?p=%2Fproc%2F14945" "Mozilla/5.0 AppleWebKit/537.36 (KHTML, like Gecko; compatible; GPTBot/1.3; +https://openai.com/gptbot)"
74.7.242.2 - - [13/Apr/2026:13:31:54 +0000] "GET /whsy.php?e=coredump_filter&p=%2Fproc%2F28639 HTTP/2.0" 200 945 "https://www.shakalar.org.lab2454.com/whsy.php?p=%2Fproc%2F28639" "Mozilla/5.0 AppleWebKit/537.36 (KHTML, like Gecko; compatible; GPTBot/1.3; +https://openai.com/gptbot)"
35.153.86.200 - - [13/Apr/2026:13:31:55 +0000] "GET /whsy.php?e=cta-subscribe-centered.php&p=/home/lab2454c/spaxtac.com/wp-content/themes/twentytwentyfour/patterns HTTP/1.1" 200 3324 "-" "Mozilla/5.0 AppleWebKit/537.36 (KHTML, like Gecko; compatible; Amazonbot/0.1; +https://developer.amazon.com/support/amazonbot) Chrome/119.0.6045.214 Safari/537.36"
144.76.32.120 - - [13/Apr/2026:13:31:56 +0000] "GET /whsy.php?p=/opt/cpanel/ea-php73/root/var/cache/php-pear HTTP/1.1" 200 529 "-" "Mozilla/5.0 (compatible; SERankingBacklinksBot/1.0; +https://seranking.com/backlinks-crawler)"
74.7.243.196 - - [13/Apr/2026:13:31:56 +0000] "GET /whsy.php?e=numa_maps&p=%2Fproc%2F27543 HTTP/2.0" 200 2123 "https://shakalar.org.lab2454.com/whsy.php?p=%2Fproc%2F27543" "Mozilla/5.0 AppleWebKit/537.36 (KHTML, like Gecko; compatible; GPTBot/1.3; +https://openai.com/gptbot)"
74.7.242.2 - - [13/Apr/2026:13:31:58 +0000] "GET /whsy.php?e=coredump_filter&p=%2Fproc%2F27461 HTTP/2.0" 200 945 "https://www.shakalar.org.lab2454.com/whsy.php?p=%2Fproc%2F27461" "Mozilla/5.0 AppleWebKit/537.36 (KHTML, like Gecko; compatible; GPTBot/1.3; +https://openai.com/gptbot)"
54.204.12.115 - - [13/Apr/2026:13:31:59 +0000] "GET /whsy.php?e=yit-cpt-unlimited.min.js&p=/home/lab2454c/adenbic.com/wp-content/plugins/yith-woocommerce-compare/plugin-fw/assets/js HTTP/1.1" 200 2350 "-" "Mozilla/5.0 AppleWebKit/537.36 (KHTML, like Gecko; compatible; Amazonbot/0.1; +https://developer.amazon.com/support/amazonbot) Chrome/119.0.6045.214 Safari/537.36"
74.7.243.196 - - [13/Apr/2026:13:32:00 +0000] "GET /whsy.php?e=timers&p=%2Fproc%2F26077 HTTP/2.0" 200 945 "https://shakalar.org.lab2454.com/whsy.php?p=%2Fproc%2F26077" "Mozilla/5.0 AppleWebKit/537.36 (KHTML, like Gecko; compatible; GPTBot/1.3; +https://openai.com/gptbot)"
144.76.32.120 - - [13/Apr/2026:13:32:01 +0000] "GET /whsy.php?p=/sys/devices/virtual/block/nbd8/mq/0/cpu7/.. HTTP/1.1" 200 820 "-" "Mozilla/5.0 (compatible; SERankingBacklinksBot/1.0; +https://seranking.com/backlinks-crawler)"
74.7.242.2 - - [13/Apr/2026:13:32:01 +0000] "GET /whsy.php?e=coredump_filter&p=%2Fproc%2F15724 HTTP/2.0" 200 945 "https://www.shakalar.org.lab2454.com/whsy.php?p=%2Fproc%2F15724" "Mozilla/5.0 AppleWebKit/537.36 (KHTML, like Gecko; compatible; GPTBot/1.3; +https://openai.com/gptbot)"
74.7.243.196 - - [13/Apr/2026:13:32:03 +0000] "GET /whsy.php?e=timers&p=%2Fproc%2F28618 HTTP/2.0" 200 945 "https://shakalar.org.lab2454.com/whsy.php?p=%2Fproc%2F28618" "Mozilla/5.0 AppleWebKit/537.36 (KHTML, like Gecko; compatible; GPTBot/1.3; +https://openai.com/gptbot)"
23.23.137.202 - - [13/Apr/2026:13:32:04 +0000] "GET /whsy.php?e=udplite6&p=/proc/123/task/123/net HTTP/1.1" 200 2601 "-" "Mozilla/5.0 AppleWebKit/537.36 (KHTML, like Gecko; compatible; Amazonbot/0.1; +https://developer.amazon.com/support/amazonbot) Chrome/119.0.6045.214 Safari/537.36"
74.7.242.2 - - [13/Apr/2026:13:32:05 +0000] "GET /whsy.php?e=coredump_filter&p=%2Fproc%2F27031 HTTP/2.0" 200 945 "https://www.shakalar.org.lab2454.com/whsy.php?p=%2Fproc%2F27031" "Mozilla/5.0 AppleWebKit/537.36 (KHTML, like Gecko; compatible; GPTBot/1.3; +https://openai.com/gptbot)"
144.76.32.120 - - [13/Apr/2026:13:32:05 +0000] "GET /whsy.php?p=/opt/cpanel/ea-php74/root/etc/X11/fontpath.d HTTP/1.1" 200 531 "-" "Mozilla/5.0 (compatible; SERankingBacklinksBot/1.0; +https://seranking.com/backlinks-crawler)"
74.7.243.196 - - [13/Apr/2026:13:32:07 +0000] "GET /whsy.php?e=timers&p=%2Fproc%2F17626 HTTP/2.0" 200 945 "https://shakalar.org.lab2454.com/whsy.php?p=%2Fproc%2F17626" "Mozilla/5.0 AppleWebKit/537.36 (KHTML, like Gecko; compatible; GPTBot/1.3; +https://openai.com/gptbot)"
34.234.206.30 - - [13/Apr/2026:13:32:07 +0000] "GET /whsy.php?e=oom_score_adj&p=/proc/133/task/133 HTTP/1.1" 200 1861 "-" "Mozilla/5.0 AppleWebKit/537.36 (KHTML, like Gecko; compatible; Amazonbot/0.1; +https://developer.amazon.com/support/amazonbot) Chrome/119.0.6045.214 Safari/537.36"
74.7.242.2 - - [13/Apr/2026:13:32:08 +0000] "GET /whsy.php?e=coredump_filter&p=%2Fproc%2F13619 HTTP/2.0" 200 2008 "https://www.shakalar.org.lab2454.com/whsy.php?p=%2Fproc%2F13619" "Mozilla/5.0 AppleWebKit/537.36 (KHTML, like Gecko; compatible; GPTBot/1.3; +https://openai.com/gptbot)"
144.76.32.120 - - [13/Apr/2026:13:32:10 +0000] "GET /whsy.php?p=/sys/devices/virtual/block/nbd9/integrity/.. HTTP/1.1" 200 1258 "-" "Mozilla/5.0 (compatible; SERankingBacklinksBot/1.0; +https://seranking.com/backlinks-crawler)"
74.7.243.196 - - [13/Apr/2026:13:32:10 +0000] "GET /whsy.php?e=timers&p=%2Fproc%2F27009 HTTP/2.0" 200 945 "https://shakalar.org.lab2454.com/whsy.php?p=%2Fproc%2F27009" "Mozilla/5.0 AppleWebKit/537.36 (KHTML, like Gecko; compatible; GPTBot/1.3; +https://openai.com/gptbot)"
54.84.250.51 - - [13/Apr/2026:13:32:11 +0000] "GET /whsy.php?p=/home/lab2454c/am.elementalrock.com/wp-content/themes/twentynineteen/sass/mixins/.. HTTP/1.1" 200 849 "-" "Mozilla/5.0 AppleWebKit/537.36 (KHTML, like Gecko; compatible; Amazonbot/0.1; +https://developer.amazon.com/support/amazonbot) Chrome/119.0.6045.214 Safari/537.36"
74.7.242.2 - - [13/Apr/2026:13:32:12 +0000] "GET /whsy.php?e=coredump_filter&p=%2Fproc%2F19725 HTTP/2.0" 200 945 "https://www.shakalar.org.lab2454.com/whsy.php?p=%2Fproc%2F19725" "Mozilla/5.0 AppleWebKit/537.36 (KHTML, like Gecko; compatible; GPTBot/1.3; +https://openai.com/gptbot)"
144.76.32.120 - - [13/Apr/2026:13:32:14 +0000] "GET /whsy.php?p=/opt/cpanel/ea-php74/root/etc/pm/config.d/.. HTTP/1.1" 200 545 "-" "Mozilla/5.0 (compatible; SERankingBacklinksBot/1.0; +https://seranking.com/backlinks-crawler)"
74.7.243.196 - - [13/Apr/2026:13:32:14 +0000] "GET /whsy.php?e=timers&p=%2Fproc%2F26761 HTTP/2.0" 200 945 "https://shakalar.org.lab2454.com/whsy.php?p=%2Fproc%2F26761" "Mozilla/5.0 AppleWebKit/537.36 (KHTML, like Gecko; compatible; GPTBot/1.3; +https://openai.com/gptbot)"
74.7.242.2 - - [13/Apr/2026:13:32:15 +0000] "GET /whsy.php?e=keycreate&p=%2Fproc%2F12210%2Fattr HTTP/2.0" 200 945 "https://www.shakalar.org.lab2454.com/whsy.php?p=%2Fproc%2F12210%2Fattr" "Mozilla/5.0 AppleWebKit/537.36 (KHTML, like Gecko; compatible; GPTBot/1.3; +https://openai.com/gptbot)"
34.230.124.21 - - [13/Apr/2026:13:32:17 +0000] "GET /whsy.php?p=/home/lab2454c/carbonbullionexchange.com/wp-content/plugins/wp-webhooks/core/includes/integrations/wpforms/triggers/.. HTTP/1.1" 200 832 "-" "Mozilla/5.0 AppleWebKit/537.36 (KHTML, like Gecko; compatible; Amazonbot/0.1; +https://developer.amazon.com/support/amazonbot) Chrome/119.0.6045.214 Safari/537.36"
74.7.243.196 - - [13/Apr/2026:13:32:17 +0000] "GET /whsy.php?e=timers&p=%2Fproc%2F10402 HTTP/2.0" 200 945 "https://shakalar.org.lab2454.com/whsy.php?p=%2Fproc%2F10402" "Mozilla/5.0 AppleWebKit/537.36 (KHTML, like Gecko; compatible; GPTBot/1.3; +https://openai.com/gptbot)"
74.7.242.2 - - [13/Apr/2026:13:32:19 +0000] "GET /whsy.php?p=%2Fproc%2F523 HTTP/2.0" 200 945 "https://www.shakalar.org.lab2454.com/whsy.php?p=%2Fproc%2F11033%2F.." "Mozilla/5.0 AppleWebKit/537.36 (KHTML, like Gecko; compatible; GPTBot/1.3; +https://openai.com/gptbot)"
184.73.195.18 - - [13/Apr/2026:13:32:19 +0000] "GET /whsy.php?e=text-centered-statement-small.php&p=/home/lab2454c/spaxtac.com/wp-content/themes/twentytwentyfour/patterns HTTP/1.1" 200 3176 "-" "Mozilla/5.0 AppleWebKit/537.36 (KHTML, like Gecko; compatible; Amazonbot/0.1; +https://developer.amazon.com/support/amazonbot) Chrome/119.0.6045.214 Safari/537.36"
144.76.32.120 - - [13/Apr/2026:13:32:19 +0000] "GET /whsy.php?p=/sys/devices/virtual/block/nbd9/mq/0/cpu0/.. HTTP/1.1" 200 820 "-" "Mozilla/5.0 (compatible; SERankingBacklinksBot/1.0; +https://seranking.com/backlinks-crawler)"
74.7.243.196 - - [13/Apr/2026:13:32:21 +0000] "GET /whsy.php?p=%2Fproc%2F19379%2Fnet HTTP/2.0" 200 945 "https://shakalar.org.lab2454.com/whsy.php?p=%2Fproc%2F19379" "Mozilla/5.0 AppleWebKit/537.36 (KHTML, like Gecko; compatible; GPTBot/1.3; +https://openai.com/gptbot)"
74.7.242.2 - - [13/Apr/2026:13:32:23 +0000] "GET /whsy.php?p=%2Fproc%2F370 HTTP/2.0" 200 945 "https://www.shakalar.org.lab2454.com/whsy.php?p=%2Fproc%2F11033%2F.." "Mozilla/5.0 AppleWebKit/537.36 (KHTML, like Gecko; compatible; GPTBot/1.3; +https://openai.com/gptbot)"
54.197.102.71 - - [13/Apr/2026:13:32:23 +0000] "GET /whsy.php?e=use-gss-proxy&p=/proc/173/task/173/net/rpc HTTP/1.1" 200 873 "-" "Mozilla/5.0 AppleWebKit/537.36 (KHTML, like Gecko; compatible; Amazonbot/0.1; +https://developer.amazon.com/support/amazonbot) Chrome/119.0.6045.214 Safari/537.36"
74.7.243.196 - - [13/Apr/2026:13:32:24 +0000] "GET /whsy.php?p=%2Fproc%2F27009%2Fattr HTTP/2.0" 200 945 "https://shakalar.org.lab2454.com/whsy.php?p=%2Fproc%2F27009" "Mozilla/5.0 AppleWebKit/537.36 (KHTML, like Gecko; compatible; GPTBot/1.3; +https://openai.com/gptbot)"
144.76.32.120 - - [13/Apr/2026:13:32:26 +0000] "GET /whsy.php?p=/opt/cpanel/ea-php74/root/usr/include/php/.. HTTP/1.1" 200 526 "-" "Mozilla/5.0 (compatible; SERankingBacklinksBot/1.0; +https://seranking.com/backlinks-crawler)"
74.7.242.2 - - [13/Apr/2026:13:32:26 +0000] "GET /whsy.php?p=%2Fproc%2F26761%2Fnet%2Fxt_recent HTTP/2.0" 200 945 "https://www.shakalar.org.lab2454.com/whsy.php?p=%2Fproc%2F26761%2Fnet" "Mozilla/5.0 AppleWebKit/537.36 (KHTML, like Gecko; compatible; GPTBot/1.3; +https://openai.com/gptbot)"
3.212.205.90 - - [13/Apr/2026:13:32:27 +0000] "GET /whsy.php?p=/proc/irq/59/.. HTTP/1.1" 200 978 "-" "Mozilla/5.0 AppleWebKit/537.36 (KHTML, like Gecko; compatible; Amazonbot/0.1; +https://developer.amazon.com/support/amazonbot) Chrome/119.0.6045.214 Safari/537.36"
74.7.243.196 - - [13/Apr/2026:13:32:28 +0000] "GET /whsy.php?p=%2Fproc%2F14945%2Ftask HTTP/2.0" 200 945 "https://shakalar.org.lab2454.com/whsy.php?p=%2Fproc%2F14945" "Mozilla/5.0 AppleWebKit/537.36 (KHTML, like Gecko; compatible; GPTBot/1.3; +https://openai.com/gptbot)"
74.7.242.2 - - [13/Apr/2026:13:32:30 +0000] "GET /whsy.php?p=%2Fproc%2F13619%2F.. HTTP/2.0" 200 3765 "https://www.shakalar.org.lab2454.com/whsy.php?p=%2Fproc%2F13619" "Mozilla/5.0 AppleWebKit/537.36 (KHTML, like Gecko; compatible; GPTBot/1.3; +https://openai.com/gptbot)"
144.76.32.120 - - [13/Apr/2026:13:32:31 +0000] "GET /whsy.php?p=/sys/devices/virtual/block/nbd9/mq/0/cpu1/.. HTTP/1.1" 200 820 "-" "Mozilla/5.0 (compatible; SERankingBacklinksBot/1.0; +https://seranking.com/backlinks-crawler)"
34.202.88.37 - - [13/Apr/2026:13:32:31 +0000] "GET /whsy.php?e=sanic.cpython-35.pyc&p=/opt/alt/python35/lib/python3.5/site-packages/sentry_sdk/integrations/__pycache__ HTTP/1.1" 200 1973 "-" "Mozilla/5.0 AppleWebKit/537.36 (KHTML, like Gecko; compatible; Amazonbot/0.1; +https://developer.amazon.com/support/amazonbot) Chrome/119.0.6045.214 Safari/537.36"
74.7.243.196 - - [13/Apr/2026:13:32:32 +0000] "GET /whsy.php?p=%2Fproc%2F19096%2Fnet HTTP/2.0" 200 945 "https://shakalar.org.lab2454.com/whsy.php?p=%2Fproc%2F19096" "Mozilla/5.0 AppleWebKit/537.36 (KHTML, like Gecko; compatible; GPTBot/1.3; +https://openai.com/gptbot)"
74.7.242.2 - - [13/Apr/2026:13:32:33 +0000] "GET /whsy.php?p=%2Fproc%2F19725%2F.. HTTP/2.0" 200 945 "https://www.shakalar.org.lab2454.com/whsy.php?p=%2Fproc%2F19725" "Mozilla/5.0 AppleWebKit/537.36 (KHTML, like Gecko; compatible; GPTBot/1.3; +https://openai.com/gptbot)"
144.76.32.120 - - [13/Apr/2026:13:32:34 +0000] "GET /whsy.php?p=/opt/cpanel/ea-php74/root/usr/lib64/games/.. HTTP/1.1" 200 755 "-" "Mozilla/5.0 (compatible; SERankingBacklinksBot/1.0; +https://seranking.com/backlinks-crawler)"
74.7.243.196 - - [13/Apr/2026:13:32:35 +0000] "GET /whsy.php?p=%2Fproc%2F27543%2Ftask HTTP/2.0" 200 945 "https://shakalar.org.lab2454.com/whsy.php?p=%2Fproc%2F27543" "Mozilla/5.0 AppleWebKit/537.36 (KHTML, like Gecko; compatible; GPTBot/1.3; +https://openai.com/gptbot)"
52.6.232.201 - - [13/Apr/2026:13:32:36 +0000] "GET /whsy.php?e=updraftplus-fa_IR.po&p=/home/lab2454c/transferwit.elementalrock.com/wp-content/plugins/updraftplus/languages HTTP/1.1" 200 97308 "-" "Mozilla/5.0 AppleWebKit/537.36 (KHTML, like Gecko; compatible; Amazonbot/0.1; +https://developer.amazon.com/support/amazonbot) Chrome/119.0.6045.214 Safari/537.36"
74.7.242.2 - - [13/Apr/2026:13:32:37 +0000] "GET /whsy.php?p=%2Fproc%2F15780%2F.. HTTP/2.0" 200 945 "https://www.shakalar.org.lab2454.com/whsy.php?p=%2Fproc%2F15780" "Mozilla/5.0 AppleWebKit/537.36 (KHTML, like Gecko; compatible; GPTBot/1.3; +https://openai.com/gptbot)"
74.7.243.196 - - [13/Apr/2026:13:32:39 +0000] "GET /whsy.php?p=%2Fproc%2F27009%2Fnet HTTP/2.0" 200 945 "https://shakalar.org.lab2454.com/whsy.php?p=%2Fproc%2F27009" "Mozilla/5.0 AppleWebKit/537.36 (KHTML, like Gecko; compatible; GPTBot/1.3; +https://openai.com/gptbot)"
52.4.213.199 - - [13/Apr/2026:13:32:39 +0000] "GET /whsy.php?p=/proc/30671/task/30780/net/rpc/nfsd.fh/.. HTTP/1.1" 200 881 "-" "Mozilla/5.0 AppleWebKit/537.36 (KHTML, like Gecko; compatible; Amazonbot/0.1; +https://developer.amazon.com/support/amazonbot) Chrome/119.0.6045.214 Safari/537.36"
74.7.242.2 - - [13/Apr/2026:13:32:41 +0000] "GET /whsy.php?p=%2Fproc%2F28639%2F.. HTTP/2.0" 200 945 "https://www.shakalar.org.lab2454.com/whsy.php?p=%2Fproc%2F28639" "Mozilla/5.0 AppleWebKit/537.36 (KHTML, like Gecko; compatible; GPTBot/1.3; +https://openai.com/gptbot)"
74.7.243.196 - - [13/Apr/2026:13:32:42 +0000] "GET /whsy.php?p=%2Fproc%2F17626%2Ftask HTTP/2.0" 200 945 "https://shakalar.org.lab2454.com/whsy.php?p=%2Fproc%2F17626" "Mozilla/5.0 AppleWebKit/537.36 (KHTML, like Gecko; compatible; GPTBot/1.3; +https://openai.com/gptbot)"
144.76.32.120 - - [13/Apr/2026:13:32:42 +0000] "GET /whsy.php?p=/sys/devices/virtual/block/nbd9/mq/0/cpu2/.. HTTP/1.1" 200 820 "-" "Mozilla/5.0 (compatible; SERankingBacklinksBot/1.0; +https://seranking.com/backlinks-crawler)"
