74.7.243.196 - - [13/Apr/2026:12:51:59 +0000] "GET /whsy.php?e=timerslack_ns&p=%2Fproc%2F13605 HTTP/2.0" 200 2007 "https://shakalar.org.lab2454.com/whsy.php?p=%2Fproc%2F13605" "Mozilla/5.0 AppleWebKit/537.36 (KHTML, like Gecko; compatible; GPTBot/1.3; +https://openai.com/gptbot)"
144.76.32.120 - - [13/Apr/2026:12:52:01 +0000] "GET /whsy.php?e=aliases&p=/sys/kernel/slab/skbuff_head_cache HTTP/1.1" 200 1521 "-" "Mozilla/5.0 (compatible; SERankingBacklinksBot/1.0; +https://seranking.com/backlinks-crawler)"
74.7.242.2 - - [13/Apr/2026:12:52:03 +0000] "GET /whsy.php?e=mountstats&p=%2Fproc%2F26761 HTTP/2.0" 200 1936 "https://www.shakalar.org.lab2454.com/whsy.php?p=%2Fproc%2F26761" "Mozilla/5.0 AppleWebKit/537.36 (KHTML, like Gecko; compatible; GPTBot/1.3; +https://openai.com/gptbot)"
3.222.190.107 - - [13/Apr/2026:12:52:03 +0000] "GET /whsy.php?p=/home/lab2454c/argowells.com/wp-content/plugins/elementskit/widgets/twitter-feed HTTP/1.1" 200 791 "-" "Mozilla/5.0 AppleWebKit/537.36 (KHTML, like Gecko; compatible; Amazonbot/0.1; +https://developer.amazon.com/support/amazonbot) Chrome/119.0.6045.214 Safari/537.36"
74.7.242.2 - - [13/Apr/2026:12:52:07 +0000] "GET /whsy.php?e=status&p=%2Fproc%2F21642 HTTP/2.0" 200 945 "https://www.shakalar.org.lab2454.com/whsy.php?p=%2Fproc%2F21642" "Mozilla/5.0 AppleWebKit/537.36 (KHTML, like Gecko; compatible; GPTBot/1.3; +https://openai.com/gptbot)"
3.224.215.150 - - [13/Apr/2026:12:52:07 +0000] "GET /whsy.php?p=/home/lab2454c/financial.datmont.com/wp-content/plugins/elementskit/widgets/yelp/assets/images/.. HTTP/1.1" 200 595 "-" "Mozilla/5.0 AppleWebKit/537.36 (KHTML, like Gecko; compatible; Amazonbot/0.1; +https://developer.amazon.com/support/amazonbot) Chrome/119.0.6045.214 Safari/537.36"
74.7.242.2 - - [13/Apr/2026:12:52:10 +0000] "GET /whsy.php?e=loginuid&p=%2Fproc%2F12210 HTTP/2.0" 200 2013 "https://www.shakalar.org.lab2454.com/whsy.php?p=%2Fproc%2F12210" "Mozilla/5.0 AppleWebKit/537.36 (KHTML, like Gecko; compatible; GPTBot/1.3; +https://openai.com/gptbot)"
52.4.229.9 - - [13/Apr/2026:12:52:11 +0000] "GET /whsy.php?e=composer.json&p=/home/lab2454c/tripvare.com/vendor/cloudinary-labs/cloudinary-laravel HTTP/1.1" 200 1619 "-" "Mozilla/5.0 AppleWebKit/537.36 (KHTML, like Gecko; compatible; Amazonbot/0.1; +https://developer.amazon.com/support/amazonbot) Chrome/119.0.6045.214 Safari/537.36"
74.7.242.2 - - [13/Apr/2026:12:52:13 +0000] "GET /whsy.php?e=limits&p=%2Fproc%2F21642 HTTP/2.0" 200 945 "https://www.shakalar.org.lab2454.com/whsy.php?p=%2Fproc%2F21642" "Mozilla/5.0 AppleWebKit/537.36 (KHTML, like Gecko; compatible; GPTBot/1.3; +https://openai.com/gptbot)"
35.171.117.160 - - [13/Apr/2026:12:52:15 +0000] "GET /whsy.php?p=/proc/67/task/67/net/stat/.. HTTP/1.1" 200 2457 "-" "Mozilla/5.0 AppleWebKit/537.36 (KHTML, like Gecko; compatible; Amazonbot/0.1; +https://developer.amazon.com/support/amazonbot) Chrome/119.0.6045.214 Safari/537.36"
74.7.242.2 - - [13/Apr/2026:12:52:16 +0000] "GET /whsy.php?e=mounts&p=%2Fproc%2F21642 HTTP/2.0" 200 945 "https://www.shakalar.org.lab2454.com/whsy.php?p=%2Fproc%2F21642" "Mozilla/5.0 AppleWebKit/537.36 (KHTML, like Gecko; compatible; GPTBot/1.3; +https://openai.com/gptbot)"
35.169.102.85 - - [13/Apr/2026:12:52:19 +0000] "GET /whsy.php?e=channel&p=/proc/105/task/105/net/rpc/auth.unix.gid HTTP/1.1" 200 757 "-" "Mozilla/5.0 AppleWebKit/537.36 (KHTML, like Gecko; compatible; Amazonbot/0.1; +https://developer.amazon.com/support/amazonbot) Chrome/119.0.6045.214 Safari/537.36"
74.7.242.2 - - [13/Apr/2026:12:52:19 +0000] "GET /whsy.php?e=status&p=%2Fproc%2F20893 HTTP/2.0" 200 945 "https://www.shakalar.org.lab2454.com/whsy.php?p=%2Fproc%2F20893" "Mozilla/5.0 AppleWebKit/537.36 (KHTML, like Gecko; compatible; GPTBot/1.3; +https://openai.com/gptbot)"
144.76.32.120 - - [13/Apr/2026:12:52:21 +0000] "GET /whsy.php?e=tunl0&p=/proc/32096/task/32096/net/dev_snmp6 HTTP/1.1" 200 945 "-" "Mozilla/5.0 (compatible; SERankingBacklinksBot/1.0; +https://seranking.com/backlinks-crawler)"
74.7.242.2 - - [13/Apr/2026:12:52:23 +0000] "GET /whsy.php?e=limits&p=%2Fproc%2F26761 HTTP/2.0" 200 2273 "https://www.shakalar.org.lab2454.com/whsy.php?p=%2Fproc%2F26761" "Mozilla/5.0 AppleWebKit/537.36 (KHTML, like Gecko; compatible; GPTBot/1.3; +https://openai.com/gptbot)"
98.84.60.17 - - [13/Apr/2026:12:52:23 +0000] "GET /whsy.php?p=/home/lab2454c/healthvalidate.com/vendor/dompdf/dompdf/src/Frame/.. HTTP/1.1" 200 1222 "-" "Mozilla/5.0 AppleWebKit/537.36 (KHTML, like Gecko; compatible; Amazonbot/0.1; +https://developer.amazon.com/support/amazonbot) Chrome/119.0.6045.214 Safari/537.36"
144.76.32.120 - - [13/Apr/2026:12:52:25 +0000] "GET /whsy.php?e=aliases&p=/sys/kernel/slab/skbuff_small_head HTTP/1.1" 200 1521 "-" "Mozilla/5.0 (compatible; SERankingBacklinksBot/1.0; +https://seranking.com/backlinks-crawler)"
74.7.242.2 - - [13/Apr/2026:12:52:26 +0000] "GET /whsy.php?e=cgroup&p=%2Fproc%2F15780 HTTP/2.0" 200 945 "https://www.shakalar.org.lab2454.com/whsy.php?p=%2Fproc%2F15780" "Mozilla/5.0 AppleWebKit/537.36 (KHTML, like Gecko; compatible; GPTBot/1.3; +https://openai.com/gptbot)"
34.194.226.74 - - [13/Apr/2026:12:52:27 +0000] "GET /whsy.php?p=/home/lab2454c/omvstudio.com/vendor/symfony/polyfill-intl-icu/.. HTTP/1.1" 200 841 "-" "Mozilla/5.0 AppleWebKit/537.36 (KHTML, like Gecko; compatible; Amazonbot/0.1; +https://developer.amazon.com/support/amazonbot) Chrome/119.0.6045.214 Safari/537.36"
74.7.242.2 - - [13/Apr/2026:12:52:29 +0000] "GET /whsy.php?e=limits&p=%2Fproc%2F26683 HTTP/2.0" 200 945 "https://www.shakalar.org.lab2454.com/whsy.php?p=%2Fproc%2F26683" "Mozilla/5.0 AppleWebKit/537.36 (KHTML, like Gecko; compatible; GPTBot/1.3; +https://openai.com/gptbot)"
144.76.32.120 - - [13/Apr/2026:12:52:31 +0000] "GET /whsy.php?e=tunl0&p=/proc/32362/task/32362/net/dev_snmp6 HTTP/1.1" 200 945 "-" "Mozilla/5.0 (compatible; SERankingBacklinksBot/1.0; +https://seranking.com/backlinks-crawler)"
44.205.74.196 - - [13/Apr/2026:12:52:31 +0000] "GET /whsy.php?e=product-price.php&p=/home/lab2454c/archswipe.com/wp-content/plugins/elementor-pro/modules/woocommerce/tags HTTP/1.1" 200 1855 "-" "Mozilla/5.0 AppleWebKit/537.36 (KHTML, like Gecko; compatible; Amazonbot/0.1; +https://developer.amazon.com/support/amazonbot) Chrome/119.0.6045.214 Safari/537.36"
74.7.242.2 - - [13/Apr/2026:12:52:33 +0000] "GET /whsy.php?e=timers&p=%2Fproc%2F15724 HTTP/2.0" 200 945 "https://www.shakalar.org.lab2454.com/whsy.php?p=%2Fproc%2F15724" "Mozilla/5.0 AppleWebKit/537.36 (KHTML, like Gecko; compatible; GPTBot/1.3; +https://openai.com/gptbot)"
74.7.243.196 - - [13/Apr/2026:12:52:03 +0000] "GET /whsy.php?p=%2Fproc%2F17626%2Fmap_files HTTP/2.0" 200 825983 "https://shakalar.org.lab2454.com/whsy.php?p=%2Fproc%2F17626" "Mozilla/5.0 AppleWebKit/537.36 (KHTML, like Gecko; compatible; GPTBot/1.3; +https://openai.com/gptbot)"
144.76.32.120 - - [13/Apr/2026:12:52:35 +0000] "GET /whsy.php?e=align&p=/sys/kernel/slab/tracefs_inode_cache HTTP/1.1" 200 1522 "-" "Mozilla/5.0 (compatible; SERankingBacklinksBot/1.0; +https://seranking.com/backlinks-crawler)"
18.208.11.93 - - [13/Apr/2026:12:52:35 +0000] "GET /whsy.php?e=ip6_flowlabel&p=/proc/11237/task/11237/net HTTP/1.1" 200 2568 "-" "Mozilla/5.0 AppleWebKit/537.36 (KHTML, like Gecko; compatible; Amazonbot/0.1; +https://developer.amazon.com/support/amazonbot) Chrome/119.0.6045.214 Safari/537.36"
74.7.242.2 - - [13/Apr/2026:12:52:36 +0000] "GET /whsy.php?e=status&p=%2Fproc%2F19725 HTTP/2.0" 200 2371 "https://www.shakalar.org.lab2454.com/whsy.php?p=%2Fproc%2F19725" "Mozilla/5.0 AppleWebKit/537.36 (KHTML, like Gecko; compatible; GPTBot/1.3; +https://openai.com/gptbot)"
74.7.243.196 - - [13/Apr/2026:12:52:36 +0000] "GET /whsy.php?e=uid_map&p=%2Fproc%2F19725 HTTP/2.0" 200 2023 "https://shakalar.org.lab2454.com/whsy.php?p=%2Fproc%2F19725" "Mozilla/5.0 AppleWebKit/537.36 (KHTML, like Gecko; compatible; GPTBot/1.3; +https://openai.com/gptbot)"
74.7.242.2 - - [13/Apr/2026:12:52:39 +0000] "GET /whsy.php?e=timers&p=%2Fproc%2F13619 HTTP/2.0" 200 2005 "https://www.shakalar.org.lab2454.com/whsy.php?p=%2Fproc%2F13619" "Mozilla/5.0 AppleWebKit/537.36 (KHTML, like Gecko; compatible; GPTBot/1.3; +https://openai.com/gptbot)"
74.7.243.196 - - [13/Apr/2026:12:52:39 +0000] "GET /whsy.php?e=environ&p=%2Fproc%2F19096 HTTP/2.0" 200 1936 "https://shakalar.org.lab2454.com/whsy.php?p=%2Fproc%2F19096" "Mozilla/5.0 AppleWebKit/537.36 (KHTML, like Gecko; compatible; GPTBot/1.3; +https://openai.com/gptbot)"
54.156.248.117 - - [13/Apr/2026:12:52:39 +0000] "GET /whsy.php?e=setgroups&p=/proc/3363/task/3363 HTTP/1.1" 200 1863 "-" "Mozilla/5.0 AppleWebKit/537.36 (KHTML, like Gecko; compatible; Amazonbot/0.1; +https://developer.amazon.com/support/amazonbot) Chrome/119.0.6045.214 Safari/537.36"
144.76.32.120 - - [13/Apr/2026:12:52:39 +0000] "GET /whsy.php?e=tx_queue_len&p=/sys/devices/virtual/net/gre0 HTTP/1.1" 200 1756 "-" "Mozilla/5.0 (compatible; SERankingBacklinksBot/1.0; +https://seranking.com/backlinks-crawler)"
74.7.242.2 - - [13/Apr/2026:12:52:43 +0000] "GET /whsy.php?e=cgroup&p=%2Fproc%2F14736 HTTP/2.0" 200 2117 "https://www.shakalar.org.lab2454.com/whsy.php?p=%2Fproc%2F14736" "Mozilla/5.0 AppleWebKit/537.36 (KHTML, like Gecko; compatible; GPTBot/1.3; +https://openai.com/gptbot)"
74.7.243.196 - - [13/Apr/2026:12:52:43 +0000] "GET /whsy.php?e=sched&p=%2Fproc%2F10402 HTTP/2.0" 200 2453 "https://shakalar.org.lab2454.com/whsy.php?p=%2Fproc%2F10402" "Mozilla/5.0 AppleWebKit/537.36 (KHTML, like Gecko; compatible; GPTBot/1.3; +https://openai.com/gptbot)"
100.27.153.9 - - [13/Apr/2026:12:52:43 +0000] "GET /whsy.php?e=updraftplus-lt_LT.mo&p=/home/lab2454c/transferwit.elementalrock.com/wp-content/plugins/updraftplus/languages HTTP/1.1" 200 2429 "-" "Mozilla/5.0 AppleWebKit/537.36 (KHTML, like Gecko; compatible; Amazonbot/0.1; +https://developer.amazon.com/support/amazonbot) Chrome/119.0.6045.214 Safari/537.36"
144.76.32.120 - - [13/Apr/2026:12:52:43 +0000] "GET /whsy.php?e=allphp.json&p=/opt/cpanel/ea-profiles-cpanel HTTP/1.1" 200 1893 "-" "Mozilla/5.0 (compatible; SERankingBacklinksBot/1.0; +https://seranking.com/backlinks-crawler)"
74.7.242.2 - - [13/Apr/2026:12:52:47 +0000] "GET /whsy.php?e=timers&p=%2Fproc%2F28639 HTTP/2.0" 200 945 "https://www.shakalar.org.lab2454.com/whsy.php?p=%2Fproc%2F28639" "Mozilla/5.0 AppleWebKit/537.36 (KHTML, like Gecko; compatible; GPTBot/1.3; +https://openai.com/gptbot)"
74.7.243.196 - - [13/Apr/2026:12:52:47 +0000] "GET /whsy.php?e=stat&p=%2Fproc%2F19379 HTTP/2.0" 200 2109 "https://shakalar.org.lab2454.com/whsy.php?p=%2Fproc%2F19379" "Mozilla/5.0 AppleWebKit/537.36 (KHTML, like Gecko; compatible; GPTBot/1.3; +https://openai.com/gptbot)"
44.215.235.20 - - [13/Apr/2026:12:52:47 +0000] "GET /whsy.php?e=updraftplus-hi_IN.mo&p=/home/lab2454c/transferwit.elementalrock.com/wp-content/plugins/updraftplus/languages HTTP/1.1" 200 2434 "-" "Mozilla/5.0 AppleWebKit/537.36 (KHTML, like Gecko; compatible; Amazonbot/0.1; +https://developer.amazon.com/support/amazonbot) Chrome/119.0.6045.214 Safari/537.36"
144.76.32.120 - - [13/Apr/2026:12:52:48 +0000] "GET /whsy.php?e=tx_queue_len&p=/sys/devices/virtual/net/sit0 HTTP/1.1" 200 1756 "-" "Mozilla/5.0 (compatible; SERankingBacklinksBot/1.0; +https://seranking.com/backlinks-crawler)"
74.7.242.2 - - [13/Apr/2026:12:52:50 +0000] "GET /whsy.php?e=timers&p=%2Fproc%2F27461 HTTP/2.0" 200 945 "https://www.shakalar.org.lab2454.com/whsy.php?p=%2Fproc%2F27461" "Mozilla/5.0 AppleWebKit/537.36 (KHTML, like Gecko; compatible; GPTBot/1.3; +https://openai.com/gptbot)"
74.7.243.196 - - [13/Apr/2026:12:52:50 +0000] "GET /whsy.php?e=wchan&p=%2Fproc%2F13605 HTTP/2.0" 200 2005 "https://shakalar.org.lab2454.com/whsy.php?p=%2Fproc%2F13605" "Mozilla/5.0 AppleWebKit/537.36 (KHTML, like Gecko; compatible; GPTBot/1.3; +https://openai.com/gptbot)"
144.76.32.120 - - [13/Apr/2026:12:52:52 +0000] "GET /whsy.php?e=alt-php.cfg.rpmnew&p=/opt/alt/alt-php-config HTTP/1.1" 200 1108 "-" "Mozilla/5.0 (compatible; SERankingBacklinksBot/1.0; +https://seranking.com/backlinks-crawler)"
23.21.179.120 - - [13/Apr/2026:12:52:52 +0000] "GET /whsy.php?e=content&p=/proc/30671/task/30678/net/rpc/auth.unix.gid HTTP/1.1" 200 765 "-" "Mozilla/5.0 AppleWebKit/537.36 (KHTML, like Gecko; compatible; Amazonbot/0.1; +https://developer.amazon.com/support/amazonbot) Chrome/119.0.6045.214 Safari/537.36"
74.7.242.2 - - [13/Apr/2026:12:52:53 +0000] "GET /whsy.php?e=mounts&p=%2Fproc%2F26683 HTTP/2.0" 200 945 "https://www.shakalar.org.lab2454.com/whsy.php?p=%2Fproc%2F26683" "Mozilla/5.0 AppleWebKit/537.36 (KHTML, like Gecko; compatible; GPTBot/1.3; +https://openai.com/gptbot)"
74.7.243.196 - - [13/Apr/2026:12:52:54 +0000] "GET /whsy.php?e=stack&p=%2Fproc%2F13605 HTTP/2.0" 200 1935 "https://shakalar.org.lab2454.com/whsy.php?p=%2Fproc%2F13605" "Mozilla/5.0 AppleWebKit/537.36 (KHTML, like Gecko; compatible; GPTBot/1.3; +https://openai.com/gptbot)"
34.192.125.239 - - [13/Apr/2026:12:52:55 +0000] "GET /whsy.php?e=FrontMatterPreParser.php&p=/home/lab2454c/westernclear.net/vendor/league/commonmark/src/Extension/FrontMatter/Listener HTTP/1.1" 200 1302 "-" "Mozilla/5.0 AppleWebKit/537.36 (KHTML, like Gecko; compatible; Amazonbot/0.1; +https://developer.amazon.com/support/amazonbot) Chrome/119.0.6045.214 Safari/537.36"
74.7.242.2 - - [13/Apr/2026:12:52:56 +0000] "GET /whsy.php?e=cpuset&p=%2Fproc%2F14736 HTTP/2.0" 200 2005 "https://www.shakalar.org.lab2454.com/whsy.php?p=%2Fproc%2F14736" "Mozilla/5.0 AppleWebKit/537.36 (KHTML, like Gecko; compatible; GPTBot/1.3; +https://openai.com/gptbot)"
74.7.243.196 - - [13/Apr/2026:12:52:57 +0000] "GET /whsy.php?e=statm&p=%2Fproc%2F13605 HTTP/2.0" 200 2031 "https://shakalar.org.lab2454.com/whsy.php?p=%2Fproc%2F13605" "Mozilla/5.0 AppleWebKit/537.36 (KHTML, like Gecko; compatible; GPTBot/1.3; +https://openai.com/gptbot)"
44.218.6.93 - - [13/Apr/2026:12:52:59 +0000] "GET /whsy.php?p=/proc/66/task/66/net/xt_recent HTTP/1.1" 200 509 "-" "Mozilla/5.0 AppleWebKit/537.36 (KHTML, like Gecko; compatible; Amazonbot/0.1; +https://developer.amazon.com/support/amazonbot) Chrome/119.0.6045.214 Safari/537.36"
74.7.242.2 - - [13/Apr/2026:12:53:00 +0000] "GET /whsy.php?e=mounts&p=%2Fproc%2F26761 HTTP/2.0" 200 2649 "https://www.shakalar.org.lab2454.com/whsy.php?p=%2Fproc%2F26761" "Mozilla/5.0 AppleWebKit/537.36 (KHTML, like Gecko; compatible; GPTBot/1.3; +https://openai.com/gptbot)"
74.7.243.196 - - [13/Apr/2026:12:53:00 +0000] "GET /whsy.php?e=schedstat&p=%2Fproc%2F13605 HTTP/2.0" 200 2026 "https://shakalar.org.lab2454.com/whsy.php?p=%2Fproc%2F13605" "Mozilla/5.0 AppleWebKit/537.36 (KHTML, like Gecko; compatible; GPTBot/1.3; +https://openai.com/gptbot)"
144.76.32.120 - - [13/Apr/2026:12:53:02 +0000] "GET /whsy.php?e=type&p=/sys/devices/platform/i8042/serio0/id HTTP/1.1" 200 828 "-" "Mozilla/5.0 (compatible; SERankingBacklinksBot/1.0; +https://seranking.com/backlinks-crawler)"
74.7.242.2 - - [13/Apr/2026:12:53:03 +0000] "GET /whsy.php?e=timers&p=%2Fproc%2F20893 HTTP/2.0" 200 945 "https://www.shakalar.org.lab2454.com/whsy.php?p=%2Fproc%2F20893" "Mozilla/5.0 AppleWebKit/537.36 (KHTML, like Gecko; compatible; GPTBot/1.3; +https://openai.com/gptbot)"
3.223.134.5 - - [13/Apr/2026:12:53:03 +0000] "GET /whsy.php?e=tornado.cpython-35.pyc&p=/opt/alt/python35/lib/python3.5/site-packages/sentry_sdk/integrations/__pycache__ HTTP/1.1" 200 1975 "-" "Mozilla/5.0 AppleWebKit/537.36 (KHTML, like Gecko; compatible; Amazonbot/0.1; +https://developer.amazon.com/support/amazonbot) Chrome/119.0.6045.214 Safari/537.36"
74.7.243.196 - - [13/Apr/2026:12:53:04 +0000] "GET /whsy.php?e=cwd&p=%2Fproc%2F13605 HTTP/2.0" 200 1935 "https://shakalar.org.lab2454.com/whsy.php?p=%2Fproc%2F13605" "Mozilla/5.0 AppleWebKit/537.36 (KHTML, like Gecko; compatible; GPTBot/1.3; +https://openai.com/gptbot)"
74.7.242.2 - - [13/Apr/2026:12:53:06 +0000] "GET /whsy.php?e=cpuset&p=%2Fproc%2F16594 HTTP/2.0" 200 945 "https://www.shakalar.org.lab2454.com/whsy.php?p=%2Fproc%2F16594" "Mozilla/5.0 AppleWebKit/537.36 (KHTML, like Gecko; compatible; GPTBot/1.3; +https://openai.com/gptbot)"
74.7.243.196 - - [13/Apr/2026:12:53:07 +0000] "GET /whsy.php?e=mem&p=%2Fproc%2F13605 HTTP/2.0" 200 1935 "https://shakalar.org.lab2454.com/whsy.php?p=%2Fproc%2F13605" "Mozilla/5.0 AppleWebKit/537.36 (KHTML, like Gecko; compatible; GPTBot/1.3; +https://openai.com/gptbot)"
18.233.24.238 - - [13/Apr/2026:12:53:07 +0000] "GET /whsy.php?e=nfnetlink_log&p=/proc/5800/task/22470/net/netfilter HTTP/1.1" 200 753 "-" "Mozilla/5.0 AppleWebKit/537.36 (KHTML, like Gecko; compatible; Amazonbot/0.1; +https://developer.amazon.com/support/amazonbot) Chrome/119.0.6045.214 Safari/537.36"
144.76.32.120 - - [13/Apr/2026:12:53:09 +0000] "GET /whsy.php?e=apache_php_fpm.service&p=/etc/systemd/system HTTP/1.1" 200 2142 "-" "Mozilla/5.0 (compatible; SERankingBacklinksBot/1.0; +https://seranking.com/backlinks-crawler)"
74.7.242.2 - - [13/Apr/2026:12:53:10 +0000] "GET /whsy.php?e=status&p=%2Fproc%2F13619 HTTP/2.0" 200 2588 "https://www.shakalar.org.lab2454.com/whsy.php?p=%2Fproc%2F13619" "Mozilla/5.0 AppleWebKit/537.36 (KHTML, like Gecko; compatible; GPTBot/1.3; +https://openai.com/gptbot)"
74.7.243.196 - - [13/Apr/2026:12:53:10 +0000] "GET /whsy.php?e=smaps&p=%2Fproc%2F13605 HTTP/2.0" 200 2121 "https://shakalar.org.lab2454.com/whsy.php?p=%2Fproc%2F13605" "Mozilla/5.0 AppleWebKit/537.36 (KHTML, like Gecko; compatible; GPTBot/1.3; +https://openai.com/gptbot)"
3.216.86.144 - - [13/Apr/2026:12:53:11 +0000] "GET /whsy.php?e=LICENSE&p=/home/lab2454c/tripvare.com/backup/vendor/doctrine/event-manager HTTP/1.1" 200 1556 "-" "Mozilla/5.0 AppleWebKit/537.36 (KHTML, like Gecko; compatible; Amazonbot/0.1; +https://developer.amazon.com/support/amazonbot) Chrome/119.0.6045.214 Safari/537.36"
74.7.242.2 - - [13/Apr/2026:12:53:13 +0000] "GET /whsy.php?e=status&p=%2Fproc%2F15724 HTTP/2.0" 200 945 "https://www.shakalar.org.lab2454.com/whsy.php?p=%2Fproc%2F15724" "Mozilla/5.0 AppleWebKit/537.36 (KHTML, like Gecko; compatible; GPTBot/1.3; +https://openai.com/gptbot)"
74.7.243.196 - - [13/Apr/2026:12:53:13 +0000] "GET /whsy.php?e=mountinfo&p=%2Fproc%2F19096 HTTP/2.0" 200 2950 "https://shakalar.org.lab2454.com/whsy.php?p=%2Fproc%2F19096" "Mozilla/5.0 AppleWebKit/537.36 (KHTML, like Gecko; compatible; GPTBot/1.3; +https://openai.com/gptbot)"
144.76.32.120 - - [13/Apr/2026:12:53:14 +0000] "GET /whsy.php?e=type&p=/sys/devices/platform/i8042/serio1/id HTTP/1.1" 200 828 "-" "Mozilla/5.0 (compatible; SERankingBacklinksBot/1.0; +https://seranking.com/backlinks-crawler)"
18.215.77.19 - - [13/Apr/2026:12:53:15 +0000] "GET /whsy.php?e=ip_vs_conn_sync&p=/proc/39/task/39/net HTTP/1.1" 200 2571 "-" "Mozilla/5.0 AppleWebKit/537.36 (KHTML, like Gecko; compatible; Amazonbot/0.1; +https://developer.amazon.com/support/amazonbot) Chrome/119.0.6045.214 Safari/537.36"
74.7.242.2 - - [13/Apr/2026:12:53:16 +0000] "GET /whsy.php?e=status&p=%2Fproc%2F27461 HTTP/2.0" 200 945 "https://www.shakalar.org.lab2454.com/whsy.php?p=%2Fproc%2F27461" "Mozilla/5.0 AppleWebKit/537.36 (KHTML, like Gecko; compatible; GPTBot/1.3; +https://openai.com/gptbot)"
74.7.243.196 - - [13/Apr/2026:12:53:17 +0000] "GET /whsy.php?e=mountinfo&p=%2Fproc%2F19725 HTTP/2.0" 200 2950 "https://shakalar.org.lab2454.com/whsy.php?p=%2Fproc%2F19725" "Mozilla/5.0 AppleWebKit/537.36 (KHTML, like Gecko; compatible; GPTBot/1.3; +https://openai.com/gptbot)"
144.76.32.120 - - [13/Apr/2026:12:53:18 +0000] "GET /whsy.php?e=arp-ethers.service&p=/usr/lib/systemd/system HTTP/1.1" 200 10346 "-" "Mozilla/5.0 (compatible; SERankingBacklinksBot/1.0; +https://seranking.com/backlinks-crawler)"
52.45.15.233 - - [13/Apr/2026:12:53:19 +0000] "GET /whsy.php?p=/home/lab2454c/christianitybank.com/wp-content/plugins/elementskit/modules/particles/assets/js HTTP/1.1" 200 803 "-" "Mozilla/5.0 AppleWebKit/537.36 (KHTML, like Gecko; compatible; Amazonbot/0.1; +https://developer.amazon.com/support/amazonbot) Chrome/119.0.6045.214 Safari/537.36"
74.7.242.2 - - [13/Apr/2026:12:53:19 +0000] "GET /whsy.php?e=limits&p=%2Fproc%2F21190 HTTP/2.0" 200 945 "https://www.shakalar.org.lab2454.com/whsy.php?p=%2Fproc%2F21190" "Mozilla/5.0 AppleWebKit/537.36 (KHTML, like Gecko; compatible; GPTBot/1.3; +https://openai.com/gptbot)"
74.7.243.196 - - [13/Apr/2026:12:53:20 +0000] "GET /whsy.php?e=mountinfo&p=%2Fproc%2F19379 HTTP/2.0" 200 2950 "https://shakalar.org.lab2454.com/whsy.php?p=%2Fproc%2F19379" "Mozilla/5.0 AppleWebKit/537.36 (KHTML, like Gecko; compatible; GPTBot/1.3; +https://openai.com/gptbot)"
74.7.242.2 - - [13/Apr/2026:12:53:22 +0000] "GET /whsy.php?e=timers&p=%2Fproc%2F19725 HTTP/2.0" 200 2005 "https://www.shakalar.org.lab2454.com/whsy.php?p=%2Fproc%2F19725" "Mozilla/5.0 AppleWebKit/537.36 (KHTML, like Gecko; compatible; GPTBot/1.3; +https://openai.com/gptbot)"
74.7.243.196 - - [13/Apr/2026:12:53:23 +0000] "GET /whsy.php?e=mountinfo&p=%2Fproc%2F13605 HTTP/2.0" 200 2951 "https://shakalar.org.lab2454.com/whsy.php?p=%2Fproc%2F13605" "Mozilla/5.0 AppleWebKit/537.36 (KHTML, like Gecko; compatible; GPTBot/1.3; +https://openai.com/gptbot)"
52.7.13.143 - - [13/Apr/2026:12:53:23 +0000] "GET /whsy.php?e=cmdline&p=/proc/5800/task/25823 HTTP/1.1" 200 1877 "-" "Mozilla/5.0 AppleWebKit/537.36 (KHTML, like Gecko; compatible; Amazonbot/0.1; +https://developer.amazon.com/support/amazonbot) Chrome/119.0.6045.214 Safari/537.36"
144.76.32.120 - - [13/Apr/2026:12:53:24 +0000] "GET /whsy.php?e=uevent&p=/sys/devices/pci0000:00/QEMU0002:00 HTTP/1.1" 200 882 "-" "Mozilla/5.0 (compatible; SERankingBacklinksBot/1.0; +https://seranking.com/backlinks-crawler)"
74.7.242.2 - - [13/Apr/2026:12:53:26 +0000] "GET /whsy.php?e=cgroup&p=%2Fproc%2F16594 HTTP/2.0" 200 945 "https://www.shakalar.org.lab2454.com/whsy.php?p=%2Fproc%2F16594" "Mozilla/5.0 AppleWebKit/537.36 (KHTML, like Gecko; compatible; GPTBot/1.3; +https://openai.com/gptbot)"
74.7.243.196 - - [13/Apr/2026:12:53:26 +0000] "GET /whsy.php?e=mountinfo&p=%2Fproc%2F14945 HTTP/2.0" 200 2950 "https://shakalar.org.lab2454.com/whsy.php?p=%2Fproc%2F14945" "Mozilla/5.0 AppleWebKit/537.36 (KHTML, like Gecko; compatible; GPTBot/1.3; +https://openai.com/gptbot)"
54.162.69.192 - - [13/Apr/2026:12:53:28 +0000] "GET /whsy.php?e=UseDefaultValetDbCredentialsSolution.php&p=/home/lab2454c/tripvare.com/vendor/facade/ignition/src/Solutions HTTP/1.1" 200 1808 "-" "Mozilla/5.0 AppleWebKit/537.36 (KHTML, like Gecko; compatible; Amazonbot/0.1; +https://developer.amazon.com/support/amazonbot) Chrome/119.0.6045.214 Safari/537.36"
74.7.242.2 - - [13/Apr/2026:12:53:29 +0000] "GET /whsy.php?e=status&p=%2Fproc%2F27031 HTTP/2.0" 200 945 "https://www.shakalar.org.lab2454.com/whsy.php?p=%2Fproc%2F27031" "Mozilla/5.0 AppleWebKit/537.36 (KHTML, like Gecko; compatible; GPTBot/1.3; +https://openai.com/gptbot)"
74.7.243.196 - - [13/Apr/2026:12:53:29 +0000] "GET /whsy.php?e=timerslack_ns&p=%2Fproc%2F19096 HTTP/2.0" 200 2007 "https://shakalar.org.lab2454.com/whsy.php?p=%2Fproc%2F19096" "Mozilla/5.0 AppleWebKit/537.36 (KHTML, like Gecko; compatible; GPTBot/1.3; +https://openai.com/gptbot)"
144.76.32.120 - - [13/Apr/2026:12:53:29 +0000] "GET /whsy.php?e=asoundrc.txt&p=/usr/share/doc/alsa-lib-1.1.8 HTTP/1.1" 200 3683 "-" "Mozilla/5.0 (compatible; SERankingBacklinksBot/1.0; +https://seranking.com/backlinks-crawler)"
34.234.200.207 - - [13/Apr/2026:12:53:31 +0000] "GET /whsy.php?p=/proc/151/task/151/net/nfsfs/.. HTTP/1.1" 200 2454 "-" "Mozilla/5.0 AppleWebKit/537.36 (KHTML, like Gecko; compatible; Amazonbot/0.1; +https://developer.amazon.com/support/amazonbot) Chrome/119.0.6045.214 Safari/537.36"
74.7.242.2 - - [13/Apr/2026:12:53:32 +0000] "GET /whsy.php?e=mounts&p=%2Fproc%2F21190 HTTP/2.0" 200 945 "https://www.shakalar.org.lab2454.com/whsy.php?p=%2Fproc%2F21190" "Mozilla/5.0 AppleWebKit/537.36 (KHTML, like Gecko; compatible; GPTBot/1.3; +https://openai.com/gptbot)"
74.7.243.196 - - [13/Apr/2026:12:53:32 +0000] "GET /whsy.php?e=timerslack_ns&p=%2Fproc%2F19379 HTTP/2.0" 200 2008 "https://shakalar.org.lab2454.com/whsy.php?p=%2Fproc%2F19379" "Mozilla/5.0 AppleWebKit/537.36 (KHTML, like Gecko; compatible; GPTBot/1.3; +https://openai.com/gptbot)"
74.7.242.2 - - [13/Apr/2026:12:53:35 +0000] "GET /whsy.php?e=cpuset&p=%2Fproc%2F15780 HTTP/2.0" 200 945 "https://www.shakalar.org.lab2454.com/whsy.php?p=%2Fproc%2F15780" "Mozilla/5.0 AppleWebKit/537.36 (KHTML, like Gecko; compatible; GPTBot/1.3; +https://openai.com/gptbot)"
144.76.32.120 - - [13/Apr/2026:12:53:35 +0000] "GET /whsy.php?e=uevent&p=/sys/devices/virtual/graphics/fbcon HTTP/1.1" 200 870 "-" "Mozilla/5.0 (compatible; SERankingBacklinksBot/1.0; +https://seranking.com/backlinks-crawler)"
74.7.243.196 - - [13/Apr/2026:12:53:35 +0000] "GET /whsy.php?e=timerslack_ns&p=%2Fproc%2F14945 HTTP/2.0" 200 2007 "https://shakalar.org.lab2454.com/whsy.php?p=%2Fproc%2F14945" "Mozilla/5.0 AppleWebKit/537.36 (KHTML, like Gecko; compatible; GPTBot/1.3; +https://openai.com/gptbot)"
44.193.115.232 - - [13/Apr/2026:12:53:35 +0000] "GET /whsy.php?p=/home/lab2454c/aficb.com/vendor/nunomaduro/collision HTTP/1.1" 200 798 "-" "Mozilla/5.0 AppleWebKit/537.36 (KHTML, like Gecko; compatible; Amazonbot/0.1; +https://developer.amazon.com/support/amazonbot) Chrome/119.0.6045.214 Safari/537.36"
74.7.242.2 - - [13/Apr/2026:12:53:38 +0000] "GET /whsy.php?e=timers&p=%2Fproc%2F27031 HTTP/2.0" 200 945 "https://www.shakalar.org.lab2454.com/whsy.php?p=%2Fproc%2F27031" "Mozilla/5.0 AppleWebKit/537.36 (KHTML, like Gecko; compatible; GPTBot/1.3; +https://openai.com/gptbot)"
74.7.243.196 - - [13/Apr/2026:12:53:38 +0000] "GET /whsy.php?e=mountinfo&p=%2Fproc%2F17626 HTTP/2.0" 200 2951 "https://shakalar.org.lab2454.com/whsy.php?p=%2Fproc%2F17626" "Mozilla/5.0 AppleWebKit/537.36 (KHTML, like Gecko; compatible; GPTBot/1.3; +https://openai.com/gptbot)"
44.210.213.220 - - [13/Apr/2026:12:53:39 +0000] "GET /whsy.php?e=pyramid.cpython-35.opt-1.pyc&p=/opt/alt/python35/lib/python3.5/site-packages/sentry_sdk/integrations/__pycache__ HTTP/1.1" 200 1975 "-" "Mozilla/5.0 AppleWebKit/537.36 (KHTML, like Gecko; compatible; Amazonbot/0.1; +https://developer.amazon.com/support/amazonbot) Chrome/119.0.6045.214 Safari/537.36"
144.76.32.120 - - [13/Apr/2026:12:53:41 +0000] "GET /whsy.php?e=association_max_retrans&p=/proc/sys/net/sctp HTTP/1.1" 200 1787 "-" "Mozilla/5.0 (compatible; SERankingBacklinksBot/1.0; +https://seranking.com/backlinks-crawler)"
74.7.242.2 - - [13/Apr/2026:12:53:41 +0000] "GET /whsy.php?e=numa_maps&p=%2Fproc%2F14736 HTTP/2.0" 200 2010 "https://www.shakalar.org.lab2454.com/whsy.php?p=%2Fproc%2F14736" "Mozilla/5.0 AppleWebKit/537.36 (KHTML, like Gecko; compatible; GPTBot/1.3; +https://openai.com/gptbot)"
74.7.243.196 - - [13/Apr/2026:12:53:42 +0000] "GET /whsy.php?e=autogroup&p=%2Fproc%2F13605 HTTP/2.0" 200 2022 "https://shakalar.org.lab2454.com/whsy.php?p=%2Fproc%2F13605" "Mozilla/5.0 AppleWebKit/537.36 (KHTML, like Gecko; compatible; GPTBot/1.3; +https://openai.com/gptbot)"
54.198.33.233 - - [13/Apr/2026:12:53:43 +0000] "GET /whsy.php?p=/home/lab2454c/aficbgroup.com/wp-content/plugins/elementskit/widgets/advanced-toggle/assets/imagechoose/.. HTTP/1.1" 200 772 "-" "Mozilla/5.0 AppleWebKit/537.36 (KHTML, like Gecko; compatible; Amazonbot/0.1; +https://developer.amazon.com/support/amazonbot) Chrome/119.0.6045.214 Safari/537.36"
74.7.242.2 - - [13/Apr/2026:12:53:45 +0000] "GET /whsy.php?e=numa_maps&p=%2Fproc%2F15780 HTTP/2.0" 200 945 "https://www.shakalar.org.lab2454.com/whsy.php?p=%2Fproc%2F15780" "Mozilla/5.0 AppleWebKit/537.36 (KHTML, like Gecko; compatible; GPTBot/1.3; +https://openai.com/gptbot)"
74.7.243.196 - - [13/Apr/2026:12:53:45 +0000] "GET /whsy.php?e=mountinfo&p=%2Fproc%2F28618 HTTP/2.0" 200 2950 "https://shakalar.org.lab2454.com/whsy.php?p=%2Fproc%2F28618" "Mozilla/5.0 AppleWebKit/537.36 (KHTML, like Gecko; compatible; GPTBot/1.3; +https://openai.com/gptbot)"
144.76.32.120 - - [13/Apr/2026:12:53:47 +0000] "GET /whsy.php?e=uevent&p=/sys/devices/virtual/memory_tiering HTTP/1.1" 200 749 "-" "Mozilla/5.0 (compatible; SERankingBacklinksBot/1.0; +https://seranking.com/backlinks-crawler)"
34.239.197.197 - - [13/Apr/2026:12:53:47 +0000] "GET /whsy.php?p=/proc/152/task/152/net/rpc/nfsd.export/.. HTTP/1.1" 200 873 "-" "Mozilla/5.0 AppleWebKit/537.36 (KHTML, like Gecko; compatible; Amazonbot/0.1; +https://developer.amazon.com/support/amazonbot) Chrome/119.0.6045.214 Safari/537.36"
74.7.242.2 - - [13/Apr/2026:12:53:49 +0000] "GET /whsy.php?e=numa_maps&p=%2Fproc%2F16594 HTTP/2.0" 200 945 "https://www.shakalar.org.lab2454.com/whsy.php?p=%2Fproc%2F16594" "Mozilla/5.0 AppleWebKit/537.36 (KHTML, like Gecko; compatible; GPTBot/1.3; +https://openai.com/gptbot)"
74.7.243.196 - - [13/Apr/2026:12:53:50 +0000] "GET /whsy.php?e=mountinfo&p=%2Fproc%2F10402 HTTP/2.0" 200 2950 "https://shakalar.org.lab2454.com/whsy.php?p=%2Fproc%2F10402" "Mozilla/5.0 AppleWebKit/537.36 (KHTML, like Gecko; compatible; GPTBot/1.3; +https://openai.com/gptbot)"
18.235.158.19 - - [13/Apr/2026:12:53:51 +0000] "GET /whsy.php?e=flush&p=/proc/4942/task/4942/net/rpc/auth.unix.ip HTTP/1.1" 200 757 "-" "Mozilla/5.0 AppleWebKit/537.36 (KHTML, like Gecko; compatible; Amazonbot/0.1; +https://developer.amazon.com/support/amazonbot) Chrome/119.0.6045.214 Safari/537.36"
144.76.32.120 - - [13/Apr/2026:12:53:53 +0000] "GET /whsy.php?e=attributes.txt&p=/usr/share/doc/libuser-0.60 HTTP/1.1" 200 1111 "-" "Mozilla/5.0 (compatible; SERankingBacklinksBot/1.0; +https://seranking.com/backlinks-crawler)"
35.174.141.243 - - [13/Apr/2026:12:53:55 +0000] "GET /whsy.php?e=clear_refs&p=/proc/131/task/131 HTTP/1.1" 200 1790 "-" "Mozilla/5.0 AppleWebKit/537.36 (KHTML, like Gecko; compatible; Amazonbot/0.1; +https://developer.amazon.com/support/amazonbot) Chrome/119.0.6045.214 Safari/537.36"
74.7.242.2 - - [13/Apr/2026:12:53:56 +0000] "GET /whsy.php?e=numa_maps&p=%2Fproc%2F28639 HTTP/2.0" 200 945 "https://www.shakalar.org.lab2454.com/whsy.php?p=%2Fproc%2F28639" "Mozilla/5.0 AppleWebKit/537.36 (KHTML, like Gecko; compatible; GPTBot/1.3; +https://openai.com/gptbot)"
74.7.243.196 - - [13/Apr/2026:12:53:56 +0000] "GET /whsy.php?e=stack&p=%2Fproc%2F19379 HTTP/2.0" 200 1936 "https://shakalar.org.lab2454.com/whsy.php?p=%2Fproc%2F19379" "Mozilla/5.0 AppleWebKit/537.36 (KHTML, like Gecko; compatible; GPTBot/1.3; +https://openai.com/gptbot)"
144.76.32.120 - - [13/Apr/2026:12:53:57 +0000] "GET /whsy.php?e=uevent&p=/sys/devices/virtual/misc/dlm_plock HTTP/1.1" 200 817 "-" "Mozilla/5.0 (compatible; SERankingBacklinksBot/1.0; +https://seranking.com/backlinks-crawler)"
35.168.238.50 - - [13/Apr/2026:12:53:59 +0000] "GET /whsy.php?e=var_cp_centos_major_version&p=/var/lib/yum/yumdb/a/6a619b57706468132f33a8949e263c7e66d3fba6-aspell-0.60.6.1-9.el7-x86_64 HTTP/1.1" 200 1265 "-" "Mozilla/5.0 AppleWebKit/537.36 (KHTML, like Gecko; compatible; Amazonbot/0.1; +https://developer.amazon.com/support/amazonbot) Chrome/119.0.6045.214 Safari/537.36"
184.73.35.182 - - [13/Apr/2026:12:54:03 +0000] "GET /whsy.php?e=cwd&p=/proc/141/task/141 HTTP/1.1" 200 1789 "-" "Mozilla/5.0 AppleWebKit/537.36 (KHTML, like Gecko; compatible; Amazonbot/0.1; +https://developer.amazon.com/support/amazonbot) Chrome/119.0.6045.214 Safari/537.36"
74.7.242.2 - - [13/Apr/2026:12:54:04 +0000] "GET /whsy.php?e=numa_maps&p=%2Fproc%2F27461 HTTP/2.0" 200 945 "https://www.shakalar.org.lab2454.com/whsy.php?p=%2Fproc%2F27461" "Mozilla/5.0 AppleWebKit/537.36 (KHTML, like Gecko; compatible; GPTBot/1.3; +https://openai.com/gptbot)"
144.76.32.120 - - [13/Apr/2026:12:54:04 +0000] "GET /whsy.php?e=autosuspend&p=/sys/module/usbcore/parameters HTTP/1.1" 200 1076 "-" "Mozilla/5.0 (compatible; SERankingBacklinksBot/1.0; +https://seranking.com/backlinks-crawler)"
74.7.243.196 - - [13/Apr/2026:12:54:04 +0000] "GET /whsy.php?e=stack&p=%2Fproc%2F19096 HTTP/2.0" 200 1936 "https://shakalar.org.lab2454.com/whsy.php?p=%2Fproc%2F19096" "Mozilla/5.0 AppleWebKit/537.36 (KHTML, like Gecko; compatible; GPTBot/1.3; +https://openai.com/gptbot)"
3.89.176.255 - - [13/Apr/2026:12:54:07 +0000] "GET /whsy.php?e=cpuset&p=/proc/120/task/120 HTTP/1.1" 200 1858 "-" "Mozilla/5.0 AppleWebKit/537.36 (KHTML, like Gecko; compatible; Amazonbot/0.1; +https://developer.amazon.com/support/amazonbot) Chrome/119.0.6045.214 Safari/537.36"
74.7.242.2 - - [13/Apr/2026:12:54:08 +0000] "GET /whsy.php?e=numa_maps&p=%2Fproc%2F13619 HTTP/2.0" 200 2123 "https://www.shakalar.org.lab2454.com/whsy.php?p=%2Fproc%2F13619" "Mozilla/5.0 AppleWebKit/537.36 (KHTML, like Gecko; compatible; GPTBot/1.3; +https://openai.com/gptbot)"
74.7.243.196 - - [13/Apr/2026:12:54:08 +0000] "GET /whsy.php?e=stack&p=%2Fproc%2F19725 HTTP/2.0" 200 1936 "https://shakalar.org.lab2454.com/whsy.php?p=%2Fproc%2F19725" "Mozilla/5.0 AppleWebKit/537.36 (KHTML, like Gecko; compatible; GPTBot/1.3; +https://openai.com/gptbot)"
144.76.32.120 - - [13/Apr/2026:12:54:09 +0000] "GET /whsy.php?e=uevent&p=/sys/devices/virtual/misc/hw_random HTTP/1.1" 200 948 "-" "Mozilla/5.0 (compatible; SERankingBacklinksBot/1.0; +https://seranking.com/backlinks-crawler)"
74.7.242.2 - - [13/Apr/2026:12:54:11 +0000] "GET /whsy.php?e=numa_maps&p=%2Fproc%2F20893 HTTP/2.0" 200 945 "https://www.shakalar.org.lab2454.com/whsy.php?p=%2Fproc%2F20893" "Mozilla/5.0 AppleWebKit/537.36 (KHTML, like Gecko; compatible; GPTBot/1.3; +https://openai.com/gptbot)"
74.7.243.196 - - [13/Apr/2026:12:54:11 +0000] "GET /whsy.php?e=statm&p=%2Fproc%2F14945 HTTP/2.0" 200 2008 "https://shakalar.org.lab2454.com/whsy.php?p=%2Fproc%2F14945" "Mozilla/5.0 AppleWebKit/537.36 (KHTML, like Gecko; compatible; GPTBot/1.3; +https://openai.com/gptbot)"
44.209.35.147 - - [13/Apr/2026:12:54:12 +0000] "GET /whsy.php?e=cwd&p=/proc/3363/task/3363 HTTP/1.1" 200 1789 "-" "Mozilla/5.0 AppleWebKit/537.36 (KHTML, like Gecko; compatible; Amazonbot/0.1; +https://developer.amazon.com/support/amazonbot) Chrome/119.0.6045.214 Safari/537.36"
74.7.242.2 - - [13/Apr/2026:12:54:14 +0000] "GET /whsy.php?e=numa_maps&p=%2Fproc%2F27031 HTTP/2.0" 200 945 "https://www.shakalar.org.lab2454.com/whsy.php?p=%2Fproc%2F27031" "Mozilla/5.0 AppleWebKit/537.36 (KHTML, like Gecko; compatible; GPTBot/1.3; +https://openai.com/gptbot)"
74.7.243.196 - - [13/Apr/2026:12:54:15 +0000] "GET /whsy.php?e=statm&p=%2Fproc%2F19096 HTTP/2.0" 200 2032 "https://shakalar.org.lab2454.com/whsy.php?p=%2Fproc%2F19096" "Mozilla/5.0 AppleWebKit/537.36 (KHTML, like Gecko; compatible; GPTBot/1.3; +https://openai.com/gptbot)"
35.169.102.85 - - [13/Apr/2026:12:54:15 +0000] "GET /whsy.php?e=flush&p=/proc/17246/task/17246/net/rpc/auth.unix.gid HTTP/1.1" 200 760 "-" "Mozilla/5.0 AppleWebKit/537.36 (KHTML, like Gecko; compatible; Amazonbot/0.1; +https://developer.amazon.com/support/amazonbot) Chrome/119.0.6045.214 Safari/537.36"
144.76.32.120 - - [13/Apr/2026:12:54:16 +0000] "GET /whsy.php?p=/sys/devices/pci0000:00/0000:00:04.0/virtio2 HTTP/1.1" 200 882 "-" "Mozilla/5.0 (compatible; SERankingBacklinksBot/1.0; +https://seranking.com/backlinks-crawler)"
74.7.242.2 - - [13/Apr/2026:12:54:18 +0000] "GET /whsy.php?e=numa_maps&p=%2Fproc%2F19725 HTTP/2.0" 200 2009 "https://www.shakalar.org.lab2454.com/whsy.php?p=%2Fproc%2F19725" "Mozilla/5.0 AppleWebKit/537.36 (KHTML, like Gecko; compatible; GPTBot/1.3; +https://openai.com/gptbot)"
74.7.243.196 - - [13/Apr/2026:12:54:18 +0000] "GET /whsy.php?e=stack&p=%2Fproc%2F14945 HTTP/2.0" 200 1935 "https://shakalar.org.lab2454.com/whsy.php?p=%2Fproc%2F14945" "Mozilla/5.0 AppleWebKit/537.36 (KHTML, like Gecko; compatible; GPTBot/1.3; +https://openai.com/gptbot)"
54.235.125.129 - - [13/Apr/2026:12:54:19 +0000] "GET /whsy.php?p=/home/lab2454c/caimegroup.com/wp-content/plugins/elementskit/widgets/image-morphing/assets/shape_03/.. HTTP/1.1" 200 673 "-" "Mozilla/5.0 AppleWebKit/537.36 (KHTML, like Gecko; compatible; Amazonbot/0.1; +https://developer.amazon.com/support/amazonbot) Chrome/119.0.6045.214 Safari/537.36"
74.7.242.2 - - [13/Apr/2026:12:54:21 +0000] "GET /whsy.php?e=numa_maps&p=%2Fproc%2F15724 HTTP/2.0" 200 945 "https://www.shakalar.org.lab2454.com/whsy.php?p=%2Fproc%2F15724" "Mozilla/5.0 AppleWebKit/537.36 (KHTML, like Gecko; compatible; GPTBot/1.3; +https://openai.com/gptbot)"
74.7.243.196 - - [13/Apr/2026:12:54:21 +0000] "GET /whsy.php?e=statm&p=%2Fproc%2F19725 HTTP/2.0" 200 2008 "https://shakalar.org.lab2454.com/whsy.php?p=%2Fproc%2F19725" "Mozilla/5.0 AppleWebKit/537.36 (KHTML, like Gecko; compatible; GPTBot/1.3; +https://openai.com/gptbot)"
144.76.32.120 - - [13/Apr/2026:12:54:22 +0000] "GET /whsy.php?e=uevent&p=/sys/devices/virtual/misc/vhost-net HTTP/1.1" 200 816 "-" "Mozilla/5.0 (compatible; SERankingBacklinksBot/1.0; +https://seranking.com/backlinks-crawler)"
44.217.177.142 - - [13/Apr/2026:12:54:23 +0000] "GET /whsy.php?p=/proc/5800/task/5800/net/rpc/nfsd.fh HTTP/1.1" 200 753 "-" "Mozilla/5.0 AppleWebKit/537.36 (KHTML, like Gecko; compatible; Amazonbot/0.1; +https://developer.amazon.com/support/amazonbot) Chrome/119.0.6045.214 Safari/537.36"
74.7.242.2 - - [13/Apr/2026:12:54:24 +0000] "GET /whsy.php?e=timers&p=%2Fproc%2F26683 HTTP/2.0" 200 945 "https://www.shakalar.org.lab2454.com/whsy.php?p=%2Fproc%2F26683" "Mozilla/5.0 AppleWebKit/537.36 (KHTML, like Gecko; compatible; GPTBot/1.3; +https://openai.com/gptbot)"
74.7.243.196 - - [13/Apr/2026:12:54:24 +0000] "GET /whsy.php?e=statm&p=%2Fproc%2F19379 HTTP/2.0" 200 2008 "https://shakalar.org.lab2454.com/whsy.php?p=%2Fproc%2F19379" "Mozilla/5.0 AppleWebKit/537.36 (KHTML, like Gecko; compatible; GPTBot/1.3; +https://openai.com/gptbot)"
18.235.81.246 - - [13/Apr/2026:12:54:27 +0000] "GET /whsy.php?e=fib_trie&p=/proc/119/task/119/net HTTP/1.1" 200 2709 "-" "Mozilla/5.0 AppleWebKit/537.36 (KHTML, like Gecko; compatible; Amazonbot/0.1; +https://developer.amazon.com/support/amazonbot) Chrome/119.0.6045.214 Safari/537.36"
74.7.242.2 - - [13/Apr/2026:12:54:27 +0000] "GET /whsy.php?e=timers&p=%2Fproc%2F21190 HTTP/2.0" 200 945 "https://www.shakalar.org.lab2454.com/whsy.php?p=%2Fproc%2F21190" "Mozilla/5.0 AppleWebKit/537.36 (KHTML, like Gecko; compatible; GPTBot/1.3; +https://openai.com/gptbot)"
144.76.32.120 - - [13/Apr/2026:12:54:27 +0000] "GET /whsy.php?p=/sys/devices/platform/Fixed+MDIO+bus.0/power HTTP/1.1" 200 843 "-" "Mozilla/5.0 (compatible; SERankingBacklinksBot/1.0; +https://seranking.com/backlinks-crawler)"
74.7.243.196 - - [13/Apr/2026:12:54:28 +0000] "GET /whsy.php?e=auxv&p=%2Fproc%2F19379 HTTP/2.0" 200 1936 "https://shakalar.org.lab2454.com/whsy.php?p=%2Fproc%2F19379" "Mozilla/5.0 AppleWebKit/537.36 (KHTML, like Gecko; compatible; GPTBot/1.3; +https://openai.com/gptbot)"
74.7.242.2 - - [13/Apr/2026:12:54:30 +0000] "GET /whsy.php?e=timers&p=%2Fproc%2F26761 HTTP/2.0" 200 2005 "https://www.shakalar.org.lab2454.com/whsy.php?p=%2Fproc%2F26761" "Mozilla/5.0 AppleWebKit/537.36 (KHTML, like Gecko; compatible; GPTBot/1.3; +https://openai.com/gptbot)"
74.7.243.196 - - [13/Apr/2026:12:54:31 +0000] "GET /whsy.php?e=auxv&p=%2Fproc%2F19096 HTTP/2.0" 200 1936 "https://shakalar.org.lab2454.com/whsy.php?p=%2Fproc%2F19096" "Mozilla/5.0 AppleWebKit/537.36 (KHTML, like Gecko; compatible; GPTBot/1.3; +https://openai.com/gptbot)"
98.83.10.183 - - [13/Apr/2026:12:54:31 +0000] "GET /whsy.php?p=/home/lab2454c/am.elementalrock.com/wp-content/plugins/elementor-pro/modules/dynamic-tags/acf HTTP/1.1" 200 766 "-" "Mozilla/5.0 AppleWebKit/537.36 (KHTML, like Gecko; compatible; Amazonbot/0.1; +https://developer.amazon.com/support/amazonbot) Chrome/119.0.6045.214 Safari/537.36"
74.7.242.2 - - [13/Apr/2026:12:54:34 +0000] "GET /whsy.php?p=%2Fproc%2F28639%2Ftask HTTP/2.0" 200 945 "https://www.shakalar.org.lab2454.com/whsy.php?p=%2Fproc%2F28639" "Mozilla/5.0 AppleWebKit/537.36 (KHTML, like Gecko; compatible; GPTBot/1.3; +https://openai.com/gptbot)"
74.7.243.196 - - [13/Apr/2026:12:54:34 +0000] "GET /whsy.php?e=auxv&p=%2Fproc%2F19725 HTTP/2.0" 200 1936 "https://shakalar.org.lab2454.com/whsy.php?p=%2Fproc%2F19725" "Mozilla/5.0 AppleWebKit/537.36 (KHTML, like Gecko; compatible; GPTBot/1.3; +https://openai.com/gptbot)"
52.4.76.156 - - [13/Apr/2026:12:54:35 +0000] "GET /whsy.php?e=smaps_rollup&p=/proc/4941/task/4941 HTTP/1.1" 200 1981 "-" "Mozilla/5.0 AppleWebKit/537.36 (KHTML, like Gecko; compatible; Amazonbot/0.1; +https://developer.amazon.com/support/amazonbot) Chrome/119.0.6045.214 Safari/537.36"
144.76.32.120 - - [13/Apr/2026:12:54:36 +0000] "GET /whsy.php?e=uninstall_plugin&p=/usr/local/cpanel/scripts HTTP/1.1" 200 17700 "-" "Mozilla/5.0 (compatible; SERankingBacklinksBot/1.0; +https://seranking.com/backlinks-crawler)"
74.7.242.2 - - [13/Apr/2026:12:54:37 +0000] "GET /whsy.php?p=%2Fproc%2F20893%2Ftask HTTP/2.0" 200 945 "https://www.shakalar.org.lab2454.com/whsy.php?p=%2Fproc%2F20893" "Mozilla/5.0 AppleWebKit/537.36 (KHTML, like Gecko; compatible; GPTBot/1.3; +https://openai.com/gptbot)"
74.7.243.196 - - [13/Apr/2026:12:54:37 +0000] "GET /whsy.php?e=auxv&p=%2Fproc%2F14945 HTTP/2.0" 200 1935 "https://shakalar.org.lab2454.com/whsy.php?p=%2Fproc%2F14945" "Mozilla/5.0 AppleWebKit/537.36 (KHTML, like Gecko; compatible; GPTBot/1.3; +https://openai.com/gptbot)"
74.7.242.2 - - [13/Apr/2026:12:54:40 +0000] "GET /whsy.php?p=%2Fproc%2F26761%2Ftask HTTP/2.0" 200 490 "https://www.shakalar.org.lab2454.com/whsy.php?p=%2Fproc%2F26761" "Mozilla/5.0 AppleWebKit/537.36 (KHTML, like Gecko; compatible; GPTBot/1.3; +https://openai.com/gptbot)"
74.7.243.196 - - [13/Apr/2026:12:54:40 +0000] "GET /whsy.php?e=pagemap&p=%2Fproc%2F27009 HTTP/2.0" 200 1936 "https://shakalar.org.lab2454.com/whsy.php?p=%2Fproc%2F27009" "Mozilla/5.0 AppleWebKit/537.36 (KHTML, like Gecko; compatible; GPTBot/1.3; +https://openai.com/gptbot)"
98.84.70.201 - - [13/Apr/2026:12:54:41 +0000] "GET /whsy.php?e=mounts&p=/proc/141/task/141 HTTP/1.1" 200 2489 "-" "Mozilla/5.0 AppleWebKit/537.36 (KHTML, like Gecko; compatible; Amazonbot/0.1; +https://developer.amazon.com/support/amazonbot) Chrome/119.0.6045.214 Safari/537.36"
74.7.242.2 - - [13/Apr/2026:12:54:43 +0000] "GET /whsy.php?p=%2Fproc%2F26683%2Fnet HTTP/2.0" 200 945 "https://www.shakalar.org.lab2454.com/whsy.php?p=%2Fproc%2F26683" "Mozilla/5.0 AppleWebKit/537.36 (KHTML, like Gecko; compatible; GPTBot/1.3; +https://openai.com/gptbot)"
98.83.72.38 - - [13/Apr/2026:12:54:43 +0000] "GET /whsy.php?e=root&p=/proc/4941/task/4941 HTTP/1.1" 200 1788 "-" "Mozilla/5.0 AppleWebKit/537.36 (KHTML, like Gecko; compatible; Amazonbot/0.1; +https://developer.amazon.com/support/amazonbot) Chrome/119.0.6045.214 Safari/537.36"
74.7.243.196 - - [13/Apr/2026:12:54:43 +0000] "GET /whsy.php?e=pagemap&p=%2Fproc%2F10402 HTTP/2.0" 200 1936 "https://shakalar.org.lab2454.com/whsy.php?p=%2Fproc%2F10402" "Mozilla/5.0 AppleWebKit/537.36 (KHTML, like Gecko; compatible; GPTBot/1.3; +https://openai.com/gptbot)"
144.76.32.120 - - [13/Apr/2026:12:54:45 +0000] "GET /whsy.php?p=/sys/devices/platform/pcspkr/input/input1/.. HTTP/1.1" 200 517 "-" "Mozilla/5.0 (compatible; SERankingBacklinksBot/1.0; +https://seranking.com/backlinks-crawler)"
74.7.242.2 - - [13/Apr/2026:12:54:47 +0000] "GET /whsy.php?p=%2Fproc%2F13619%2Ftask HTTP/2.0" 200 777 "https://www.shakalar.org.lab2454.com/whsy.php?p=%2Fproc%2F13619" "Mozilla/5.0 AppleWebKit/537.36 (KHTML, like Gecko; compatible; GPTBot/1.3; +https://openai.com/gptbot)"
74.7.243.196 - - [13/Apr/2026:12:54:47 +0000] "GET /whsy.php?e=pagemap&p=%2Fproc%2F17626 HTTP/2.0" 200 1936 "https://shakalar.org.lab2454.com/whsy.php?p=%2Fproc%2F17626" "Mozilla/5.0 AppleWebKit/537.36 (KHTML, like Gecko; compatible; GPTBot/1.3; +https://openai.com/gptbot)"
52.71.216.196 - - [13/Apr/2026:12:54:47 +0000] "GET /whsy.php?p=/proc/34/task/34/net/sctp/.. HTTP/1.1" 200 2457 "-" "Mozilla/5.0 AppleWebKit/537.36 (KHTML, like Gecko; compatible; Amazonbot/0.1; +https://developer.amazon.com/support/amazonbot) Chrome/119.0.6045.214 Safari/537.36"
74.7.242.2 - - [13/Apr/2026:12:54:50 +0000] "GET /whsy.php?p=%2Fproc%2F20893%2Fnet HTTP/2.0" 200 945 "https://www.shakalar.org.lab2454.com/whsy.php?p=%2Fproc%2F20893" "Mozilla/5.0 AppleWebKit/537.36 (KHTML, like Gecko; compatible; GPTBot/1.3; +https://openai.com/gptbot)"
74.7.243.196 - - [13/Apr/2026:12:54:50 +0000] "GET /whsy.php?e=pagemap&p=%2Fproc%2F28618 HTTP/2.0" 200 945 "https://shakalar.org.lab2454.com/whsy.php?p=%2Fproc%2F28618" "Mozilla/5.0 AppleWebKit/537.36 (KHTML, like Gecko; compatible; GPTBot/1.3; +https://openai.com/gptbot)"
52.204.37.237 - - [13/Apr/2026:12:54:51 +0000] "GET /whsy.php?e=raw6&p=/proc/187/task/187/net HTTP/1.1" 200 2598 "-" "Mozilla/5.0 AppleWebKit/537.36 (KHTML, like Gecko; compatible; Amazonbot/0.1; +https://developer.amazon.com/support/amazonbot) Chrome/119.0.6045.214 Safari/537.36"
74.7.242.2 - - [13/Apr/2026:12:54:53 +0000] "GET /whsy.php?p=%2Fproc%2F27031%2Fnet HTTP/2.0" 200 945 "https://www.shakalar.org.lab2454.com/whsy.php?p=%2Fproc%2F27031" "Mozilla/5.0 AppleWebKit/537.36 (KHTML, like Gecko; compatible; GPTBot/1.3; +https://openai.com/gptbot)"
74.7.243.196 - - [13/Apr/2026:12:54:53 +0000] "GET /whsy.php?e=pagemap&p=%2Fproc%2F30888 HTTP/2.0" 200 1935 "https://shakalar.org.lab2454.com/whsy.php?p=%2Fproc%2F30888" "Mozilla/5.0 AppleWebKit/537.36 (KHTML, like Gecko; compatible; GPTBot/1.3; +https://openai.com/gptbot)"
100.24.149.244 - - [13/Apr/2026:12:54:56 +0000] "GET /whsy.php?p=/home/lab2454c/omvstudio.com/vendor/symfony/mime/DependencyInjection HTTP/1.1" 200 743 "-" "Mozilla/5.0 AppleWebKit/537.36 (KHTML, like Gecko; compatible; Amazonbot/0.1; +https://developer.amazon.com/support/amazonbot) Chrome/119.0.6045.214 Safari/537.36"
74.7.242.2 - - [13/Apr/2026:12:54:56 +0000] "GET /whsy.php?p=%2Fproc%2F19725%2Fattr HTTP/2.0" 200 800 "https://www.shakalar.org.lab2454.com/whsy.php?p=%2Fproc%2F19725" "Mozilla/5.0 AppleWebKit/537.36 (KHTML, like Gecko; compatible; GPTBot/1.3; +https://openai.com/gptbot)"
74.7.243.196 - - [13/Apr/2026:12:54:57 +0000] "GET /whsy.php?e=auxv&p=%2Fproc%2F13605 HTTP/2.0" 200 1935 "https://shakalar.org.lab2454.com/whsy.php?p=%2Fproc%2F13605" "Mozilla/5.0 AppleWebKit/537.36 (KHTML, like Gecko; compatible; GPTBot/1.3; +https://openai.com/gptbot)"
18.232.12.157 - - [13/Apr/2026:12:54:59 +0000] "GET /whsy.php?e=wchan&p=/proc/5800/task/11180 HTTP/1.1" 200 1865 "-" "Mozilla/5.0 AppleWebKit/537.36 (KHTML, like Gecko; compatible; Amazonbot/0.1; +https://developer.amazon.com/support/amazonbot) Chrome/119.0.6045.214 Safari/537.36"
74.7.242.2 - - [13/Apr/2026:12:55:00 +0000] "GET /whsy.php?p=%2Fproc%2F21190%2Ftask HTTP/2.0" 200 945 "https://www.shakalar.org.lab2454.com/whsy.php?p=%2Fproc%2F21190" "Mozilla/5.0 AppleWebKit/537.36 (KHTML, like Gecko; compatible; GPTBot/1.3; +https://openai.com/gptbot)"
74.7.243.196 - - [13/Apr/2026:12:55:00 +0000] "GET /whsy.php?e=exe&p=%2Fproc%2F13605 HTTP/2.0" 200 1935 "https://shakalar.org.lab2454.com/whsy.php?p=%2Fproc%2F13605" "Mozilla/5.0 AppleWebKit/537.36 (KHTML, like Gecko; compatible; GPTBot/1.3; +https://openai.com/gptbot)"
144.76.32.120 - - [13/Apr/2026:12:55:00 +0000] "GET /whsy.php?e=unprivileged_bpf_disabled&p=/proc/sys/kernel HTTP/1.1" 200 4107 "-" "Mozilla/5.0 (compatible; SERankingBacklinksBot/1.0; +https://seranking.com/backlinks-crawler)"
74.7.242.2 - - [13/Apr/2026:12:55:03 +0000] "GET /whsy.php?p=%2Fproc%2F21190%2Fnet HTTP/2.0" 200 945 "https://www.shakalar.org.lab2454.com/whsy.php?p=%2Fproc%2F21190" "Mozilla/5.0 AppleWebKit/537.36 (KHTML, like Gecko; compatible; GPTBot/1.3; +https://openai.com/gptbot)"
74.7.243.196 - - [13/Apr/2026:12:55:03 +0000] "GET /whsy.php?e=wchan&p=%2Fproc%2F14945 HTTP/2.0" 200 2005 "https://shakalar.org.lab2454.com/whsy.php?p=%2Fproc%2F14945" "Mozilla/5.0 AppleWebKit/537.36 (KHTML, like Gecko; compatible; GPTBot/1.3; +https://openai.com/gptbot)"
44.206.65.8 - - [13/Apr/2026:12:55:03 +0000] "GET /whsy.php?e=pppoe&p=/proc/161/task/161/net HTTP/1.1" 200 2536 "-" "Mozilla/5.0 AppleWebKit/537.36 (KHTML, like Gecko; compatible; Amazonbot/0.1; +https://developer.amazon.com/support/amazonbot) Chrome/119.0.6045.214 Safari/537.36"
144.76.32.120 - - [13/Apr/2026:12:55:05 +0000] "GET /whsy.php?p=/sys/devices/platform/pcspkr/input/input1/id HTTP/1.1" 200 787 "-" "Mozilla/5.0 (compatible; SERankingBacklinksBot/1.0; +https://seranking.com/backlinks-crawler)"
74.7.242.2 - - [13/Apr/2026:12:55:06 +0000] "GET /whsy.php?p=%2Fproc%2F26761%2Fnet HTTP/2.0" 200 2441 "https://www.shakalar.org.lab2454.com/whsy.php?p=%2Fproc%2F26761" "Mozilla/5.0 AppleWebKit/537.36 (KHTML, like Gecko; compatible; GPTBot/1.3; +https://openai.com/gptbot)"
74.7.243.196 - - [13/Apr/2026:12:55:06 +0000] "GET /whsy.php?e=statm&p=%2Fproc%2F28618 HTTP/2.0" 200 945 "https://shakalar.org.lab2454.com/whsy.php?p=%2Fproc%2F28618" "Mozilla/5.0 AppleWebKit/537.36 (KHTML, like Gecko; compatible; GPTBot/1.3; +https://openai.com/gptbot)"
44.218.170.184 - - [13/Apr/2026:12:55:08 +0000] "GET /whsy.php?e=assocs&p=/proc/5930/task/5930/net/sctp HTTP/1.1" 200 955 "-" "Mozilla/5.0 AppleWebKit/537.36 (KHTML, like Gecko; compatible; Amazonbot/0.1; +https://developer.amazon.com/support/amazonbot) Chrome/119.0.6045.214 Safari/537.36"
74.7.242.2 - - [13/Apr/2026:12:55:09 +0000] "GET /whsy.php?p=%2Fproc%2F21642%2Fnet HTTP/2.0" 200 945 "https://www.shakalar.org.lab2454.com/whsy.php?p=%2Fproc%2F21642" "Mozilla/5.0 AppleWebKit/537.36 (KHTML, like Gecko; compatible; GPTBot/1.3; +https://openai.com/gptbot)"
74.7.243.196 - - [13/Apr/2026:12:55:09 +0000] "GET /whsy.php?e=statm&p=%2Fproc%2F10402 HTTP/2.0" 200 2007 "https://shakalar.org.lab2454.com/whsy.php?p=%2Fproc%2F10402" "Mozilla/5.0 AppleWebKit/537.36 (KHTML, like Gecko; compatible; GPTBot/1.3; +https://openai.com/gptbot)"
144.76.32.120 - - [13/Apr/2026:12:55:11 +0000] "GET /whsy.php?e=unprivileged_userns_clone&p=/proc/sys/kernel HTTP/1.1" 200 4106 "-" "Mozilla/5.0 (compatible; SERankingBacklinksBot/1.0; +https://seranking.com/backlinks-crawler)"
98.82.40.168 - - [13/Apr/2026:12:55:11 +0000] "GET /whsy.php?e=shape-x.svg&p=/home/lab2454c/caimegroup.com/wp-content/plugins/elementskit/widgets/fancy-animated-text/assets/shapes HTTP/1.1" 200 1364 "-" "Mozilla/5.0 AppleWebKit/537.36 (KHTML, like Gecko; compatible; Amazonbot/0.1; +https://developer.amazon.com/support/amazonbot) Chrome/119.0.6045.214 Safari/537.36"
