52.5.242.243 - - [13/Apr/2026:12:38:23 +0000] "GET /whsy.php?e=Request.php&p=/home/lab2454c/sportsnovate.com/backups/core/vendor/razorpay/razorpay/src HTTP/1.1" 200 3340 "-" "Mozilla/5.0 AppleWebKit/537.36 (KHTML, like Gecko; compatible; Amazonbot/0.1; +https://developer.amazon.com/support/amazonbot) Chrome/119.0.6045.214 Safari/537.36"
74.7.242.2 - - [13/Apr/2026:12:38:24 +0000] "GET /whsy.php?e=sessionid&p=%2Fproc%2F14736 HTTP/2.0" 200 2016 "https://www.shakalar.org.lab2454.com/whsy.php?p=%2Fproc%2F14736" "Mozilla/5.0 AppleWebKit/537.36 (KHTML, like Gecko; compatible; GPTBot/1.3; +https://openai.com/gptbot)"
74.7.243.196 - - [13/Apr/2026:12:38:25 +0000] "GET /whsy.php?e=sockstat&p=%2Fproc%2F13619%2Fnet HTTP/2.0" 200 2605 "https://shakalar.org.lab2454.com/whsy.php?p=%2Fproc%2F13619%2Fnet" "Mozilla/5.0 AppleWebKit/537.36 (KHTML, like Gecko; compatible; GPTBot/1.3; +https://openai.com/gptbot)"
144.76.32.120 - - [13/Apr/2026:12:38:26 +0000] "GET /whsy.php?e=Lycian.pl&p=/usr/share/perl5/unicore/lib/Blk HTTP/1.1" 200 6921 "-" "Mozilla/5.0 (compatible; SERankingBacklinksBot/1.0; +https://seranking.com/backlinks-crawler)"
74.7.242.2 - - [13/Apr/2026:12:38:27 +0000] "GET /whsy.php?e=setgroups&p=%2Fproc%2F14736 HTTP/2.0" 200 2007 "https://www.shakalar.org.lab2454.com/whsy.php?p=%2Fproc%2F14736" "Mozilla/5.0 AppleWebKit/537.36 (KHTML, like Gecko; compatible; GPTBot/1.3; +https://openai.com/gptbot)"
54.235.125.129 - - [13/Apr/2026:12:38:27 +0000] "GET /whsy.php?p=/home/lab2454c/fcxpro.com/wp-content/plugins/woocommerce/legacy/js/.. HTTP/1.1" 200 564 "-" "Mozilla/5.0 AppleWebKit/537.36 (KHTML, like Gecko; compatible; Amazonbot/0.1; +https://developer.amazon.com/support/amazonbot) Chrome/119.0.6045.214 Safari/537.36"
74.7.243.196 - - [13/Apr/2026:12:38:28 +0000] "GET /whsy.php?e=rt_cache&p=%2Fproc%2F13619%2Fnet HTTP/2.0" 200 2598 "https://shakalar.org.lab2454.com/whsy.php?p=%2Fproc%2F13619%2Fnet" "Mozilla/5.0 AppleWebKit/537.36 (KHTML, like Gecko; compatible; GPTBot/1.3; +https://openai.com/gptbot)"
144.76.32.120 - - [13/Apr/2026:12:38:30 +0000] "GET /whsy.php?e=tunl0&p=/proc/13523/task/13523/net/dev_snmp6 HTTP/1.1" 200 1575 "-" "Mozilla/5.0 (compatible; SERankingBacklinksBot/1.0; +https://seranking.com/backlinks-crawler)"
74.7.242.2 - - [13/Apr/2026:12:38:30 +0000] "GET /whsy.php?e=gid_map&p=%2Fproc%2F26761 HTTP/2.0" 200 2026 "https://www.shakalar.org.lab2454.com/whsy.php?p=%2Fproc%2F26761" "Mozilla/5.0 AppleWebKit/537.36 (KHTML, like Gecko; compatible; GPTBot/1.3; +https://openai.com/gptbot)"
74.7.243.196 - - [13/Apr/2026:12:38:31 +0000] "GET /whsy.php?e=rt_cache&p=%2Fproc%2F11033%2Fnet HTTP/2.0" 200 945 "https://shakalar.org.lab2454.com/whsy.php?p=%2Fproc%2F11033%2Fnet" "Mozilla/5.0 AppleWebKit/537.36 (KHTML, like Gecko; compatible; GPTBot/1.3; +https://openai.com/gptbot)"
52.70.123.241 - - [13/Apr/2026:12:38:32 +0000] "GET /whsy.php?e=MonitoringMiddlewareInterface.php&p=/home/lab2454c/bullionmills.com/wp-content/plugins/updraftplus/vendor/aws/aws-sdk-php/src/ClientSideMonitoring HTTP/1.1" 200 1338 "-" "Mozilla/5.0 AppleWebKit/537.36 (KHTML, like Gecko; compatible; Amazonbot/0.1; +https://developer.amazon.com/support/amazonbot) Chrome/119.0.6045.214 Safari/537.36"
74.7.242.2 - - [13/Apr/2026:12:38:34 +0000] "GET /whsy.php?e=uid_map&p=%2Fproc%2F26761 HTTP/2.0" 200 2023 "https://www.shakalar.org.lab2454.com/whsy.php?p=%2Fproc%2F26761" "Mozilla/5.0 AppleWebKit/537.36 (KHTML, like Gecko; compatible; GPTBot/1.3; +https://openai.com/gptbot)"
74.7.243.196 - - [13/Apr/2026:12:38:34 +0000] "GET /whsy.php?e=if_inet6&p=%2Fproc%2F4968%2Fnet HTTP/2.0" 200 2568 "https://shakalar.org.lab2454.com/whsy.php?p=%2Fproc%2F4968%2Fnet" "Mozilla/5.0 AppleWebKit/537.36 (KHTML, like Gecko; compatible; GPTBot/1.3; +https://openai.com/gptbot)"
144.76.32.120 - - [13/Apr/2026:12:38:35 +0000] "GET /whsy.php?e=Lydian.pl&p=/usr/share/perl5/unicore/lib/Blk HTTP/1.1" 200 6921 "-" "Mozilla/5.0 (compatible; SERankingBacklinksBot/1.0; +https://seranking.com/backlinks-crawler)"
44.215.231.15 - - [13/Apr/2026:12:38:35 +0000] "GET /whsy.php?e=ProductsSkus.php&p=/home/lab2454c/vaultchip.com/vendor/google/apiclient-services/src/Cloudchannel/Resource HTTP/1.1" 200 2275 "-" "Mozilla/5.0 AppleWebKit/537.36 (KHTML, like Gecko; compatible; Amazonbot/0.1; +https://developer.amazon.com/support/amazonbot) Chrome/119.0.6045.214 Safari/537.36"
74.7.242.2 - - [13/Apr/2026:12:38:37 +0000] "GET /whsy.php?e=gid_map&p=%2Fproc%2F26683 HTTP/2.0" 200 2025 "https://www.shakalar.org.lab2454.com/whsy.php?p=%2Fproc%2F26683" "Mozilla/5.0 AppleWebKit/537.36 (KHTML, like Gecko; compatible; GPTBot/1.3; +https://openai.com/gptbot)"
74.7.243.196 - - [13/Apr/2026:12:38:38 +0000] "GET /whsy.php?p=%2Fproc%2F13619%2Fnet%2Fipt_hashlimit HTTP/2.0" 200 500 "https://shakalar.org.lab2454.com/whsy.php?p=%2Fproc%2F13619%2Fnet" "Mozilla/5.0 AppleWebKit/537.36 (KHTML, like Gecko; compatible; GPTBot/1.3; +https://openai.com/gptbot)"
144.76.32.120 - - [13/Apr/2026:12:38:39 +0000] "GET /whsy.php?e=tunl0&p=/proc/14225/task/14225/net/dev_snmp6 HTTP/1.1" 200 1574 "-" "Mozilla/5.0 (compatible; SERankingBacklinksBot/1.0; +https://seranking.com/backlinks-crawler)"
184.73.239.35 - - [13/Apr/2026:12:38:40 +0000] "GET /whsy.php?e=filelist.cpython-38.pyc&p=/opt/alt/python38/lib/python3.8/site-packages/setuptools/_distutils/__pycache__ HTTP/1.1" 200 1671 "-" "Mozilla/5.0 AppleWebKit/537.36 (KHTML, like Gecko; compatible; Amazonbot/0.1; +https://developer.amazon.com/support/amazonbot) Chrome/119.0.6045.214 Safari/537.36"
74.7.242.2 - - [13/Apr/2026:12:38:40 +0000] "GET /whsy.php?e=uid_map&p=%2Fproc%2F26683 HTTP/2.0" 200 2022 "https://www.shakalar.org.lab2454.com/whsy.php?p=%2Fproc%2F26683" "Mozilla/5.0 AppleWebKit/537.36 (KHTML, like Gecko; compatible; GPTBot/1.3; +https://openai.com/gptbot)"
74.7.243.196 - - [13/Apr/2026:12:38:41 +0000] "GET /whsy.php?p=%2Fproc%2F4968%2Fnet%2Fip6t_hashlimit HTTP/2.0" 200 499 "https://shakalar.org.lab2454.com/whsy.php?p=%2Fproc%2F4968%2Fnet" "Mozilla/5.0 AppleWebKit/537.36 (KHTML, like Gecko; compatible; GPTBot/1.3; +https://openai.com/gptbot)"
144.76.32.120 - - [13/Apr/2026:12:38:43 +0000] "GET /whsy.php?e=MAINTAINERS.md&p=/usr/share/doc/libuv-1.44.2 HTTP/1.1" 200 2173 "-" "Mozilla/5.0 (compatible; SERankingBacklinksBot/1.0; +https://seranking.com/backlinks-crawler)"
74.7.242.2 - - [13/Apr/2026:12:38:44 +0000] "GET /whsy.php?e=comm&p=%2Fproc%2F14736 HTTP/2.0" 200 2028 "https://www.shakalar.org.lab2454.com/whsy.php?p=%2Fproc%2F14736" "Mozilla/5.0 AppleWebKit/537.36 (KHTML, like Gecko; compatible; GPTBot/1.3; +https://openai.com/gptbot)"
52.3.156.186 - - [13/Apr/2026:12:38:44 +0000] "GET /whsy.php?p=/home/lab2454c/caimegroup.com/wp-content/plugins/woocommerce/assets/images/payment_methods HTTP/1.1" 200 588 "-" "Mozilla/5.0 AppleWebKit/537.36 (KHTML, like Gecko; compatible; Amazonbot/0.1; +https://developer.amazon.com/support/amazonbot) Chrome/119.0.6045.214 Safari/537.36"
74.7.243.196 - - [13/Apr/2026:12:38:45 +0000] "GET /whsy.php?p=%2Fproc%2F11033%2Fnet%2Fipt_hashlimit HTTP/2.0" 200 945 "https://shakalar.org.lab2454.com/whsy.php?p=%2Fproc%2F11033%2Fnet" "Mozilla/5.0 AppleWebKit/537.36 (KHTML, like Gecko; compatible; GPTBot/1.3; +https://openai.com/gptbot)"
144.76.32.120 - - [13/Apr/2026:12:38:46 +0000] "GET /whsy.php?e=tunl0&p=/proc/14225/task/14226/net/dev_snmp6 HTTP/1.1" 200 1579 "-" "Mozilla/5.0 (compatible; SERankingBacklinksBot/1.0; +https://seranking.com/backlinks-crawler)"
54.156.55.147 - - [13/Apr/2026:12:38:47 +0000] "GET /whsy.php?e=Message.php&p=/home/lab2454c/tripvare.com/vendor/nette/schema/src/Schema HTTP/1.1" 200 1806 "-" "Mozilla/5.0 AppleWebKit/537.36 (KHTML, like Gecko; compatible; Amazonbot/0.1; +https://developer.amazon.com/support/amazonbot) Chrome/119.0.6045.214 Safari/537.36"
74.7.242.2 - - [13/Apr/2026:12:38:47 +0000] "GET /whsy.php?e=maps&p=%2Fproc%2F14736 HTTP/2.0" 200 2004 "https://www.shakalar.org.lab2454.com/whsy.php?p=%2Fproc%2F14736" "Mozilla/5.0 AppleWebKit/537.36 (KHTML, like Gecko; compatible; GPTBot/1.3; +https://openai.com/gptbot)"
74.7.243.196 - - [13/Apr/2026:12:38:48 +0000] "GET /whsy.php?p=%2Fproc%2F4968%2Fnet%2Frpc%2Fauth.rpcsec.init HTTP/2.0" 200 715 "https://shakalar.org.lab2454.com/whsy.php?p=%2Fproc%2F4968%2Fnet%2Frpc" "Mozilla/5.0 AppleWebKit/537.36 (KHTML, like Gecko; compatible; GPTBot/1.3; +https://openai.com/gptbot)"
74.7.242.2 - - [13/Apr/2026:12:38:50 +0000] "GET /whsy.php?e=schedstat&p=%2Fproc%2F26683 HTTP/2.0" 200 2024 "https://www.shakalar.org.lab2454.com/whsy.php?p=%2Fproc%2F26683" "Mozilla/5.0 AppleWebKit/537.36 (KHTML, like Gecko; compatible; GPTBot/1.3; +https://openai.com/gptbot)"
144.76.32.120 - - [13/Apr/2026:12:38:51 +0000] "GET /whsy.php?e=MagickWand-config.1.gz&p=/usr/share/man/man1 HTTP/1.1" 200 48198 "-" "Mozilla/5.0 (compatible; SERankingBacklinksBot/1.0; +https://seranking.com/backlinks-crawler)"
74.7.243.196 - - [13/Apr/2026:12:38:51 +0000] "GET /whsy.php?e=ptype&p=%2Fproc%2F4968%2Fnet HTTP/2.0" 200 2615 "https://shakalar.org.lab2454.com/whsy.php?p=%2Fproc%2F4968%2Fnet" "Mozilla/5.0 AppleWebKit/537.36 (KHTML, like Gecko; compatible; GPTBot/1.3; +https://openai.com/gptbot)"
3.229.164.203 - - [13/Apr/2026:12:38:51 +0000] "GET /whsy.php?e=start.php&p=/home/lab2454c/am.elementalrock.com/wp-content/plugins/akismet/views HTTP/1.1" 200 1529 "-" "Mozilla/5.0 AppleWebKit/537.36 (KHTML, like Gecko; compatible; Amazonbot/0.1; +https://developer.amazon.com/support/amazonbot) Chrome/119.0.6045.214 Safari/537.36"
74.7.242.2 - - [13/Apr/2026:12:38:54 +0000] "GET /whsy.php?e=schedstat&p=%2Fproc%2F26761 HTTP/2.0" 200 2033 "https://www.shakalar.org.lab2454.com/whsy.php?p=%2Fproc%2F26761" "Mozilla/5.0 AppleWebKit/537.36 (KHTML, like Gecko; compatible; GPTBot/1.3; +https://openai.com/gptbot)"
74.7.243.196 - - [13/Apr/2026:12:38:55 +0000] "GET /whsy.php?e=pppoe&p=%2Fproc%2F4968%2Fnet HTTP/2.0" 200 2523 "https://shakalar.org.lab2454.com/whsy.php?p=%2Fproc%2F4968%2Fnet" "Mozilla/5.0 AppleWebKit/537.36 (KHTML, like Gecko; compatible; GPTBot/1.3; +https://openai.com/gptbot)"
144.76.32.120 - - [13/Apr/2026:12:38:55 +0000] "GET /whsy.php?e=tunl0&p=/proc/14225/task/14227/net/dev_snmp6 HTTP/1.1" 200 1580 "-" "Mozilla/5.0 (compatible; SERankingBacklinksBot/1.0; +https://seranking.com/backlinks-crawler)"
54.235.125.129 - - [13/Apr/2026:12:38:55 +0000] "GET /whsy.php?e=ExecutionOrderDependency.php&p=/home/lab2454c/healthvalidate.com/vendor/phpunit/phpunit/src/Framework HTTP/1.1" 200 2845 "-" "Mozilla/5.0 AppleWebKit/537.36 (KHTML, like Gecko; compatible; Amazonbot/0.1; +https://developer.amazon.com/support/amazonbot) Chrome/119.0.6045.214 Safari/537.36"
74.7.242.2 - - [13/Apr/2026:12:38:57 +0000] "GET /whsy.php?e=oom_adj&p=%2Fproc%2F14736 HTTP/2.0" 200 2006 "https://www.shakalar.org.lab2454.com/whsy.php?p=%2Fproc%2F14736" "Mozilla/5.0 AppleWebKit/537.36 (KHTML, like Gecko; compatible; GPTBot/1.3; +https://openai.com/gptbot)"
74.7.243.196 - - [13/Apr/2026:12:38:58 +0000] "GET /whsy.php?p=%2Fproc%2F13619%2Fnet%2Fnetfilter HTTP/2.0" 200 731 "https://shakalar.org.lab2454.com/whsy.php?p=%2Fproc%2F13619%2Fnet" "Mozilla/5.0 AppleWebKit/537.36 (KHTML, like Gecko; compatible; GPTBot/1.3; +https://openai.com/gptbot)"
34.236.41.241 - - [13/Apr/2026:12:38:59 +0000] "GET /whsy.php?e=composer.json&p=/home/lab2454c/mact34.com/wp-content/plugins/updraftplus/vendor/symfony/polyfill-intl-normalizer HTTP/1.1" 200 1428 "-" "Mozilla/5.0 AppleWebKit/537.36 (KHTML, like Gecko; compatible; Amazonbot/0.1; +https://developer.amazon.com/support/amazonbot) Chrome/119.0.6045.214 Safari/537.36"
74.7.242.2 - - [13/Apr/2026:12:39:00 +0000] "GET /whsy.php?e=uid_map&p=%2Fproc%2F14736 HTTP/2.0" 200 2022 "https://www.shakalar.org.lab2454.com/whsy.php?p=%2Fproc%2F14736" "Mozilla/5.0 AppleWebKit/537.36 (KHTML, like Gecko; compatible; GPTBot/1.3; +https://openai.com/gptbot)"
144.76.32.120 - - [13/Apr/2026:12:39:01 +0000] "GET /whsy.php?e=P052-Italic.t1&p=/usr/share/fonts/urw-base35 HTTP/1.1" 200 3305 "-" "Mozilla/5.0 (compatible; SERankingBacklinksBot/1.0; +https://seranking.com/backlinks-crawler)"
74.7.243.196 - - [13/Apr/2026:12:39:01 +0000] "GET /whsy.php?e=ip_vs_app&p=%2Fproc%2F4968%2Fnet HTTP/2.0" 200 2521 "https://shakalar.org.lab2454.com/whsy.php?p=%2Fproc%2F4968%2Fnet" "Mozilla/5.0 AppleWebKit/537.36 (KHTML, like Gecko; compatible; GPTBot/1.3; +https://openai.com/gptbot)"
34.196.114.170 - - [13/Apr/2026:12:39:03 +0000] "GET /whsy.php?p=/proc/14288 HTTP/1.1" 200 945 "-" "Mozilla/5.0 AppleWebKit/537.36 (KHTML, like Gecko; compatible; Amazonbot/0.1; +https://developer.amazon.com/support/amazonbot) Chrome/119.0.6045.214 Safari/537.36"
74.7.242.2 - - [13/Apr/2026:12:39:04 +0000] "GET /whsy.php?e=gid_map&p=%2Fproc%2F14736 HTTP/2.0" 200 2025 "https://www.shakalar.org.lab2454.com/whsy.php?p=%2Fproc%2F14736" "Mozilla/5.0 AppleWebKit/537.36 (KHTML, like Gecko; compatible; GPTBot/1.3; +https://openai.com/gptbot)"
144.76.32.120 - - [13/Apr/2026:12:39:04 +0000] "GET /whsy.php?e=tunl0&p=/proc/14225/task/14228/net/dev_snmp6 HTTP/1.1" 200 1580 "-" "Mozilla/5.0 (compatible; SERankingBacklinksBot/1.0; +https://seranking.com/backlinks-crawler)"
74.7.243.196 - - [13/Apr/2026:12:39:05 +0000] "GET /whsy.php?p=%2Fproc%2F26584%2Fns HTTP/2.0" 200 945 "https://shakalar.org.lab2454.com/whsy.php?p=%2Fproc%2F26584" "Mozilla/5.0 AppleWebKit/537.36 (KHTML, like Gecko; compatible; GPTBot/1.3; +https://openai.com/gptbot)"
74.7.242.2 - - [13/Apr/2026:12:39:07 +0000] "GET /whsy.php?e=smaps&p=%2Fproc%2F26683 HTTP/2.0" 200 2121 "https://www.shakalar.org.lab2454.com/whsy.php?p=%2Fproc%2F26683" "Mozilla/5.0 AppleWebKit/537.36 (KHTML, like Gecko; compatible; GPTBot/1.3; +https://openai.com/gptbot)"
35.173.38.202 - - [13/Apr/2026:12:39:07 +0000] "GET /whsy.php?e=Mac.png&p=/home/lab2454c/public_html/wp-content/plugins/contact-form-entries/images HTTP/1.1" 200 1307 "-" "Mozilla/5.0 AppleWebKit/537.36 (KHTML, like Gecko; compatible; Amazonbot/0.1; +https://developer.amazon.com/support/amazonbot) Chrome/119.0.6045.214 Safari/537.36"
74.7.243.196 - - [13/Apr/2026:12:39:08 +0000] "GET /whsy.php?p=%2Fproc%2F10407%2Ffd HTTP/2.0" 200 945 "https://shakalar.org.lab2454.com/whsy.php?p=%2Fproc%2F10407" "Mozilla/5.0 AppleWebKit/537.36 (KHTML, like Gecko; compatible; GPTBot/1.3; +https://openai.com/gptbot)"
74.7.242.2 - - [13/Apr/2026:12:39:11 +0000] "GET /whsy.php?e=sched&p=%2Fproc%2F26761 HTTP/2.0" 200 2454 "https://www.shakalar.org.lab2454.com/whsy.php?p=%2Fproc%2F26761" "Mozilla/5.0 AppleWebKit/537.36 (KHTML, like Gecko; compatible; GPTBot/1.3; +https://openai.com/gptbot)"
54.87.95.7 - - [13/Apr/2026:12:39:12 +0000] "GET /whsy.php?e=SubscriptionSchedule.php&p=/home/lab2454c/omvstudio.com/vendor/stripe/stripe-php/lib HTTP/1.1" 200 4837 "-" "Mozilla/5.0 AppleWebKit/537.36 (KHTML, like Gecko; compatible; Amazonbot/0.1; +https://developer.amazon.com/support/amazonbot) Chrome/119.0.6045.214 Safari/537.36"
74.7.242.2 - - [13/Apr/2026:12:39:14 +0000] "GET /whsy.php?e=sched&p=%2Fproc%2F26683 HTTP/2.0" 200 2479 "https://www.shakalar.org.lab2454.com/whsy.php?p=%2Fproc%2F26683" "Mozilla/5.0 AppleWebKit/537.36 (KHTML, like Gecko; compatible; GPTBot/1.3; +https://openai.com/gptbot)"
98.83.72.38 - - [13/Apr/2026:12:39:15 +0000] "GET /whsy.php?e=pa.png&p=/home/lab2454c/sothebankuab.com/wp-content/plugins/gtranslate/flags/16 HTTP/1.1" 200 3276 "-" "Mozilla/5.0 AppleWebKit/537.36 (KHTML, like Gecko; compatible; Amazonbot/0.1; +https://developer.amazon.com/support/amazonbot) Chrome/119.0.6045.214 Safari/537.36"
144.76.32.120 - - [13/Apr/2026:12:39:15 +0000] "GET /whsy.php?e=P052-Roman.afm&p=/usr/share/fonts/urw-base35 HTTP/1.1" 200 30334 "-" "Mozilla/5.0 (compatible; SERankingBacklinksBot/1.0; +https://seranking.com/backlinks-crawler)"
74.7.242.2 - - [13/Apr/2026:12:39:19 +0000] "GET /whsy.php?e=smaps&p=%2Fproc%2F26761 HTTP/2.0" 200 2007 "https://www.shakalar.org.lab2454.com/whsy.php?p=%2Fproc%2F26761" "Mozilla/5.0 AppleWebKit/537.36 (KHTML, like Gecko; compatible; GPTBot/1.3; +https://openai.com/gptbot)"
34.194.233.48 - - [13/Apr/2026:12:39:19 +0000] "GET /whsy.php?e=ne.png&p=/home/lab2454c/sothebankuab.com/wp-content/plugins/gtranslate/flags/16 HTTP/1.1" 200 3271 "-" "Mozilla/5.0 AppleWebKit/537.36 (KHTML, like Gecko; compatible; Amazonbot/0.1; +https://developer.amazon.com/support/amazonbot) Chrome/119.0.6045.214 Safari/537.36"
74.7.242.2 - - [13/Apr/2026:12:39:22 +0000] "GET /whsy.php?e=auxv&p=%2Fproc%2F26683 HTTP/2.0" 200 1936 "https://www.shakalar.org.lab2454.com/whsy.php?p=%2Fproc%2F26683" "Mozilla/5.0 AppleWebKit/537.36 (KHTML, like Gecko; compatible; GPTBot/1.3; +https://openai.com/gptbot)"
54.87.95.7 - - [13/Apr/2026:12:39:23 +0000] "GET /whsy.php?e=notices.php&p=/home/lab2454c/aficbgroup.com/wp-content/plugins/elementor-pro/modules/woocommerce/widgets HTTP/1.1" 200 2833 "-" "Mozilla/5.0 AppleWebKit/537.36 (KHTML, like Gecko; compatible; Amazonbot/0.1; +https://developer.amazon.com/support/amazonbot) Chrome/119.0.6045.214 Safari/537.36"
74.7.242.2 - - [13/Apr/2026:12:39:25 +0000] "GET /whsy.php?e=auxv&p=%2Fproc%2F26761 HTTP/2.0" 200 1936 "https://www.shakalar.org.lab2454.com/whsy.php?p=%2Fproc%2F26761" "Mozilla/5.0 AppleWebKit/537.36 (KHTML, like Gecko; compatible; GPTBot/1.3; +https://openai.com/gptbot)"
144.76.32.120 - - [13/Apr/2026:12:39:27 +0000] "GET /whsy.php?e=tunl0&p=/proc/14225/task/14229/net/dev_snmp6 HTTP/1.1" 200 1580 "-" "Mozilla/5.0 (compatible; SERankingBacklinksBot/1.0; +https://seranking.com/backlinks-crawler)"
18.214.138.148 - - [13/Apr/2026:12:39:27 +0000] "GET /whsy.php?e=product-related.php&p=/home/lab2454c/aficbgroup.com/wp-content/plugins/elementor-pro/modules/woocommerce/widgets HTTP/1.1" 200 3626 "-" "Mozilla/5.0 AppleWebKit/537.36 (KHTML, like Gecko; compatible; Amazonbot/0.1; +https://developer.amazon.com/support/amazonbot) Chrome/119.0.6045.214 Safari/537.36"
74.7.242.2 - - [13/Apr/2026:12:39:29 +0000] "GET /whsy.php?e=stat&p=%2Fproc%2F14736 HTTP/2.0" 200 2099 "https://www.shakalar.org.lab2454.com/whsy.php?p=%2Fproc%2F14736" "Mozilla/5.0 AppleWebKit/537.36 (KHTML, like Gecko; compatible; GPTBot/1.3; +https://openai.com/gptbot)"
3.232.39.98 - - [13/Apr/2026:12:39:31 +0000] "GET /whsy.php?p=/proc/154/net/xt_recent/.. HTTP/1.1" 200 2441 "-" "Mozilla/5.0 AppleWebKit/537.36 (KHTML, like Gecko; compatible; Amazonbot/0.1; +https://developer.amazon.com/support/amazonbot) Chrome/119.0.6045.214 Safari/537.36"
144.76.32.120 - - [13/Apr/2026:12:39:31 +0000] "GET /whsy.php?e=P052-Roman.otf&p=/usr/share/fonts/urw-base35 HTTP/1.1" 200 3304 "-" "Mozilla/5.0 (compatible; SERankingBacklinksBot/1.0; +https://seranking.com/backlinks-crawler)"
74.7.242.2 - - [13/Apr/2026:12:39:33 +0000] "GET /whsy.php?e=io&p=%2Fproc%2F14736 HTTP/2.0" 200 1936 "https://www.shakalar.org.lab2454.com/whsy.php?p=%2Fproc%2F14736" "Mozilla/5.0 AppleWebKit/537.36 (KHTML, like Gecko; compatible; GPTBot/1.3; +https://openai.com/gptbot)"
44.209.89.189 - - [13/Apr/2026:12:39:35 +0000] "GET /whsy.php?p=/proc/92/task/92/net/rpc/auth.rpcsec.init HTTP/1.1" 200 727 "-" "Mozilla/5.0 AppleWebKit/537.36 (KHTML, like Gecko; compatible; Amazonbot/0.1; +https://developer.amazon.com/support/amazonbot) Chrome/119.0.6045.214 Safari/537.36"
74.7.242.2 - - [13/Apr/2026:12:39:36 +0000] "GET /whsy.php?e=sessionid&p=%2Fproc%2F26761 HTTP/2.0" 200 2016 "https://www.shakalar.org.lab2454.com/whsy.php?p=%2Fproc%2F26761" "Mozilla/5.0 AppleWebKit/537.36 (KHTML, like Gecko; compatible; GPTBot/1.3; +https://openai.com/gptbot)"
144.76.32.120 - - [13/Apr/2026:12:39:38 +0000] "GET /whsy.php?e=tunl0&p=/proc/14225/task/14230/net/dev_snmp6 HTTP/1.1" 200 1581 "-" "Mozilla/5.0 (compatible; SERankingBacklinksBot/1.0; +https://seranking.com/backlinks-crawler)"
74.7.242.2 - - [13/Apr/2026:12:39:39 +0000] "GET /whsy.php?e=sessionid&p=%2Fproc%2F26683 HTTP/2.0" 200 2016 "https://www.shakalar.org.lab2454.com/whsy.php?p=%2Fproc%2F26683" "Mozilla/5.0 AppleWebKit/537.36 (KHTML, like Gecko; compatible; GPTBot/1.3; +https://openai.com/gptbot)"
52.70.209.13 - - [13/Apr/2026:12:39:40 +0000] "GET /whsy.php?p=/home/lab2454c/aficbgroup.com/wp-content/plugins/elementskit/hooks/.. HTTP/1.1" 200 932 "-" "Mozilla/5.0 AppleWebKit/537.36 (KHTML, like Gecko; compatible; Amazonbot/0.1; +https://developer.amazon.com/support/amazonbot) Chrome/119.0.6045.214 Safari/537.36"
74.7.243.196 - - [13/Apr/2026:12:39:11 +0000] "GET /whsy.php?p=%2Fproc%2F13619%2Fns HTTP/2.0" 200 772535 "https://shakalar.org.lab2454.com/whsy.php?p=%2Fproc%2F13619" "Mozilla/5.0 AppleWebKit/537.36 (KHTML, like Gecko; compatible; GPTBot/1.3; +https://openai.com/gptbot)"
144.76.32.120 - - [13/Apr/2026:12:39:43 +0000] "GET /whsy.php?e=Port-au-Prince&p=/usr/share/zoneinfo/America HTTP/1.1" 200 4952 "-" "Mozilla/5.0 (compatible; SERankingBacklinksBot/1.0; +https://seranking.com/backlinks-crawler)"
74.7.242.2 - - [13/Apr/2026:12:39:43 +0000] "GET /whsy.php?e=setgroups&p=%2Fproc%2F26761 HTTP/2.0" 200 2007 "https://www.shakalar.org.lab2454.com/whsy.php?p=%2Fproc%2F26761" "Mozilla/5.0 AppleWebKit/537.36 (KHTML, like Gecko; compatible; GPTBot/1.3; +https://openai.com/gptbot)"
52.202.233.37 - - [13/Apr/2026:12:39:44 +0000] "GET /whsy.php?p=/home/lab2454c/carbonbullion.net/wp-content/plugins/wp-webhooks/core/includes/integrations/wp-webhooks/assets/img/.. HTTP/1.1" 200 606 "-" "Mozilla/5.0 AppleWebKit/537.36 (KHTML, like Gecko; compatible; Amazonbot/0.1; +https://developer.amazon.com/support/amazonbot) Chrome/119.0.6045.214 Safari/537.36"
74.7.242.2 - - [13/Apr/2026:12:39:46 +0000] "GET /whsy.php?e=setgroups&p=%2Fproc%2F26683 HTTP/2.0" 200 2007 "https://www.shakalar.org.lab2454.com/whsy.php?p=%2Fproc%2F26683" "Mozilla/5.0 AppleWebKit/537.36 (KHTML, like Gecko; compatible; GPTBot/1.3; +https://openai.com/gptbot)"
3.217.171.106 - - [13/Apr/2026:12:39:48 +0000] "GET /whsy.php?e=affwp_affiliate_status_change.php&p=/home/lab2454c/carbonbullionexchange.com/wp-content/plugins/wp-webhooks/core/includes/integrations/affiliatewp/triggers HTTP/1.1" 200 3228 "-" "Mozilla/5.0 AppleWebKit/537.36 (KHTML, like Gecko; compatible; Amazonbot/0.1; +https://developer.amazon.com/support/amazonbot) Chrome/119.0.6045.214 Safari/537.36"
144.76.32.120 - - [13/Apr/2026:12:39:48 +0000] "GET /whsy.php?e=git-peek-remote.txt&p=/usr/share/doc/git-1.8.3.1 HTTP/1.1" 200 12388 "-" "Mozilla/5.0 (compatible; SERankingBacklinksBot/1.0; +https://seranking.com/backlinks-crawler)"
74.7.242.2 - - [13/Apr/2026:12:39:50 +0000] "GET /whsy.php?e=cwd&p=%2Fproc%2F26683 HTTP/2.0" 200 1936 "https://www.shakalar.org.lab2454.com/whsy.php?p=%2Fproc%2F26683" "Mozilla/5.0 AppleWebKit/537.36 (KHTML, like Gecko; compatible; GPTBot/1.3; +https://openai.com/gptbot)"
98.82.40.168 - - [13/Apr/2026:12:39:52 +0000] "GET /whsy.php?e=basics-section-illustration.png&p=/home/lab2454c/equitablegold.com/wp-content/plugins/woocommerce/assets/images/task_list HTTP/1.1" 200 1129 "-" "Mozilla/5.0 AppleWebKit/537.36 (KHTML, like Gecko; compatible; Amazonbot/0.1; +https://developer.amazon.com/support/amazonbot) Chrome/119.0.6045.214 Safari/537.36"
74.7.242.2 - - [13/Apr/2026:12:39:53 +0000] "GET /whsy.php?e=cwd&p=%2Fproc%2F26761 HTTP/2.0" 200 1936 "https://www.shakalar.org.lab2454.com/whsy.php?p=%2Fproc%2F26761" "Mozilla/5.0 AppleWebKit/537.36 (KHTML, like Gecko; compatible; GPTBot/1.3; +https://openai.com/gptbot)"
52.44.229.124 - - [13/Apr/2026:12:39:55 +0000] "GET /whsy.php?e=channel&p=/proc/39/net/rpc/auth.unix.gid HTTP/1.1" 200 741 "-" "Mozilla/5.0 AppleWebKit/537.36 (KHTML, like Gecko; compatible; Amazonbot/0.1; +https://developer.amazon.com/support/amazonbot) Chrome/119.0.6045.214 Safari/537.36"
74.7.242.2 - - [13/Apr/2026:12:39:56 +0000] "GET /whsy.php?e=mem&p=%2Fproc%2F26683 HTTP/2.0" 200 1936 "https://www.shakalar.org.lab2454.com/whsy.php?p=%2Fproc%2F26683" "Mozilla/5.0 AppleWebKit/537.36 (KHTML, like Gecko; compatible; GPTBot/1.3; +https://openai.com/gptbot)"
54.197.102.71 - - [13/Apr/2026:12:39:59 +0000] "GET /whsy.php?p=/home/lab2454c/carbonbullion.net/wp-content/plugins/woocommerce/vendor/sabberworm/php-css-parser/src/Value HTTP/1.1" 200 1115 "-" "Mozilla/5.0 AppleWebKit/537.36 (KHTML, like Gecko; compatible; Amazonbot/0.1; +https://developer.amazon.com/support/amazonbot) Chrome/119.0.6045.214 Safari/537.36"
144.76.32.120 - - [13/Apr/2026:12:39:59 +0000] "GET /whsy.php?e=tunl0&p=/proc/14225/task/14231/net/dev_snmp6 HTTP/1.1" 200 1581 "-" "Mozilla/5.0 (compatible; SERankingBacklinksBot/1.0; +https://seranking.com/backlinks-crawler)"
74.7.242.2 - - [13/Apr/2026:12:40:00 +0000] "GET /whsy.php?e=exe&p=%2Fproc%2F26683 HTTP/2.0" 200 1936 "https://www.shakalar.org.lab2454.com/whsy.php?p=%2Fproc%2F26683" "Mozilla/5.0 AppleWebKit/537.36 (KHTML, like Gecko; compatible; GPTBot/1.3; +https://openai.com/gptbot)"
144.76.32.120 - - [13/Apr/2026:12:40:03 +0000] "GET /whsy.php?e=Print.pl&p=/usr/share/perl5/unicore/lib/Perl HTTP/1.1" 200 4549 "-" "Mozilla/5.0 (compatible; SERankingBacklinksBot/1.0; +https://seranking.com/backlinks-crawler)"
74.7.242.2 - - [13/Apr/2026:12:40:03 +0000] "GET /whsy.php?e=exe&p=%2Fproc%2F26761 HTTP/2.0" 200 1936 "https://www.shakalar.org.lab2454.com/whsy.php?p=%2Fproc%2F26761" "Mozilla/5.0 AppleWebKit/537.36 (KHTML, like Gecko; compatible; GPTBot/1.3; +https://openai.com/gptbot)"
54.221.203.24 - - [13/Apr/2026:12:40:04 +0000] "GET /whsy.php?e=extend-controls-pro.php&p=/home/lab2454c/invest.westernclear.com/wp-content/plugins/elementskit-lite/modules/onepage-scroll HTTP/1.1" 200 2568 "-" "Mozilla/5.0 AppleWebKit/537.36 (KHTML, like Gecko; compatible; Amazonbot/0.1; +https://developer.amazon.com/support/amazonbot) Chrome/119.0.6045.214 Safari/537.36"
74.7.242.2 - - [13/Apr/2026:12:40:07 +0000] "GET /whsy.php?e=mem&p=%2Fproc%2F26761 HTTP/2.0" 200 1936 "https://www.shakalar.org.lab2454.com/whsy.php?p=%2Fproc%2F26761" "Mozilla/5.0 AppleWebKit/537.36 (KHTML, like Gecko; compatible; GPTBot/1.3; +https://openai.com/gptbot)"
44.209.187.99 - - [13/Apr/2026:12:40:07 +0000] "GET /whsy.php?p=/home/lab2454c/baas.elementalrock.com/wp-content/plugins/contact-form-7/languages/.. HTTP/1.1" 200 913 "-" "Mozilla/5.0 AppleWebKit/537.36 (KHTML, like Gecko; compatible; Amazonbot/0.1; +https://developer.amazon.com/support/amazonbot) Chrome/119.0.6045.214 Safari/537.36"
74.7.242.2 - - [13/Apr/2026:12:40:11 +0000] "GET /whsy.php?e=root&p=%2Fproc%2F14736 HTTP/2.0" 200 1936 "https://www.shakalar.org.lab2454.com/whsy.php?p=%2Fproc%2F14736" "Mozilla/5.0 AppleWebKit/537.36 (KHTML, like Gecko; compatible; GPTBot/1.3; +https://openai.com/gptbot)"
34.227.156.153 - - [13/Apr/2026:12:40:11 +0000] "GET /whsy.php?p=/home/lab2454c/netxzero.com/carbon-credit/vendor/symfony/polyfill-php72/.. HTTP/1.1" 200 834 "-" "Mozilla/5.0 AppleWebKit/537.36 (KHTML, like Gecko; compatible; Amazonbot/0.1; +https://developer.amazon.com/support/amazonbot) Chrome/119.0.6045.214 Safari/537.36"
144.76.32.120 - - [13/Apr/2026:12:40:13 +0000] "GET /whsy.php?e=tunl0&p=/proc/14225/task/14232/net/dev_snmp6 HTTP/1.1" 200 1581 "-" "Mozilla/5.0 (compatible; SERankingBacklinksBot/1.0; +https://seranking.com/backlinks-crawler)"
74.7.243.196 - - [13/Apr/2026:12:39:45 +0000] "GET /whsy.php?p=%2Fproc%2F26683%2Ffd HTTP/2.0" 200 792308 "https://shakalar.org.lab2454.com/whsy.php?p=%2Fproc%2F26683" "Mozilla/5.0 AppleWebKit/537.36 (KHTML, like Gecko; compatible; GPTBot/1.3; +https://openai.com/gptbot)"
74.7.242.2 - - [13/Apr/2026:12:40:15 +0000] "GET /whsy.php?e=ksm_stat&p=%2Fproc%2F26761 HTTP/2.0" 200 1936 "https://www.shakalar.org.lab2454.com/whsy.php?p=%2Fproc%2F26761" "Mozilla/5.0 AppleWebKit/537.36 (KHTML, like Gecko; compatible; GPTBot/1.3; +https://openai.com/gptbot)"
52.202.52.82 - - [13/Apr/2026:12:40:15 +0000] "GET /whsy.php?p=/home/lab2454c/netxzero.com/wp-content/plugins/elementskit-lite/modules/onepage-scroll/assets/.. HTTP/1.1" 200 839 "-" "Mozilla/5.0 AppleWebKit/537.36 (KHTML, like Gecko; compatible; Amazonbot/0.1; +https://developer.amazon.com/support/amazonbot) Chrome/119.0.6045.214 Safari/537.36"
74.7.243.196 - - [13/Apr/2026:12:40:18 +0000] "GET /whsy.php?p=%2Fproc%2F11033%2Fns HTTP/2.0" 200 945 "https://shakalar.org.lab2454.com/whsy.php?p=%2Fproc%2F11033" "Mozilla/5.0 AppleWebKit/537.36 (KHTML, like Gecko; compatible; GPTBot/1.3; +https://openai.com/gptbot)"
74.7.242.2 - - [13/Apr/2026:12:40:19 +0000] "GET /whsy.php?e=ksm_stat&p=%2Fproc%2F26683 HTTP/2.0" 200 1936 "https://www.shakalar.org.lab2454.com/whsy.php?p=%2Fproc%2F26683" "Mozilla/5.0 AppleWebKit/537.36 (KHTML, like Gecko; compatible; GPTBot/1.3; +https://openai.com/gptbot)"
18.204.89.56 - - [13/Apr/2026:12:40:20 +0000] "GET /whsy.php?p=/home/lab2454c/fcxpro.com/wp-content/plugins/webon-core/inc/shortcodes/icon-with-text/assets/css/.. HTTP/1.1" 200 605 "-" "Mozilla/5.0 AppleWebKit/537.36 (KHTML, like Gecko; compatible; Amazonbot/0.1; +https://developer.amazon.com/support/amazonbot) Chrome/119.0.6045.214 Safari/537.36"
144.76.32.120 - - [13/Apr/2026:12:40:22 +0000] "GET /whsy.php?e=RAND_load_file.3ssl.gz&p=/usr/share/man/man3 HTTP/1.1" 200 100451 "-" "Mozilla/5.0 (compatible; SERankingBacklinksBot/1.0; +https://seranking.com/backlinks-crawler)"
74.7.242.2 - - [13/Apr/2026:12:40:22 +0000] "GET /whsy.php?e=oom_adj&p=%2Fproc%2F26683 HTTP/2.0" 200 2007 "https://www.shakalar.org.lab2454.com/whsy.php?p=%2Fproc%2F26683" "Mozilla/5.0 AppleWebKit/537.36 (KHTML, like Gecko; compatible; GPTBot/1.3; +https://openai.com/gptbot)"
74.7.243.196 - - [13/Apr/2026:12:40:23 +0000] "GET /whsy.php?p=%2Fproc%2F17167%2Ffd HTTP/2.0" 200 945 "https://shakalar.org.lab2454.com/whsy.php?p=%2Fproc%2F17167" "Mozilla/5.0 AppleWebKit/537.36 (KHTML, like Gecko; compatible; GPTBot/1.3; +https://openai.com/gptbot)"
35.174.141.243 - - [13/Apr/2026:12:40:23 +0000] "GET /whsy.php?e=4.png&p=/home/lab2454c/veritserv.net/wp-content/plugins/elementskit-lite/widgets/countdown-timer/assets/imagechoose HTTP/1.1" 200 950 "-" "Mozilla/5.0 AppleWebKit/537.36 (KHTML, like Gecko; compatible; Amazonbot/0.1; +https://developer.amazon.com/support/amazonbot) Chrome/119.0.6045.214 Safari/537.36"
74.7.242.2 - - [13/Apr/2026:12:40:26 +0000] "GET /whsy.php?e=oom_adj&p=%2Fproc%2F26761 HTTP/2.0" 200 2006 "https://www.shakalar.org.lab2454.com/whsy.php?p=%2Fproc%2F26761" "Mozilla/5.0 AppleWebKit/537.36 (KHTML, like Gecko; compatible; GPTBot/1.3; +https://openai.com/gptbot)"
74.7.243.196 - - [13/Apr/2026:12:40:27 +0000] "GET /whsy.php?p=%2Fproc%2F11748%2Ffd HTTP/2.0" 200 945 "https://shakalar.org.lab2454.com/whsy.php?p=%2Fproc%2F11748" "Mozilla/5.0 AppleWebKit/537.36 (KHTML, like Gecko; compatible; GPTBot/1.3; +https://openai.com/gptbot)"
3.216.227.216 - - [13/Apr/2026:12:40:27 +0000] "GET /whsy.php?e=doxygen.png&p=/usr/share/doc/libwmf-devel-0.2.8.4/html HTTP/1.1" 200 5336 "-" "Mozilla/5.0 AppleWebKit/537.36 (KHTML, like Gecko; compatible; Amazonbot/0.1; +https://developer.amazon.com/support/amazonbot) Chrome/119.0.6045.214 Safari/537.36"
74.7.242.2 - - [13/Apr/2026:12:40:29 +0000] "GET /whsy.php?e=oom_score_adj&p=%2Fproc%2F14736 HTTP/2.0" 200 2008 "https://www.shakalar.org.lab2454.com/whsy.php?p=%2Fproc%2F14736" "Mozilla/5.0 AppleWebKit/537.36 (KHTML, like Gecko; compatible; GPTBot/1.3; +https://openai.com/gptbot)"
74.7.243.196 - - [13/Apr/2026:12:40:30 +0000] "GET /whsy.php?p=%2Fproc%2F11033%2Ffd HTTP/2.0" 200 945 "https://shakalar.org.lab2454.com/whsy.php?p=%2Fproc%2F11033" "Mozilla/5.0 AppleWebKit/537.36 (KHTML, like Gecko; compatible; GPTBot/1.3; +https://openai.com/gptbot)"
54.85.109.140 - - [13/Apr/2026:12:40:31 +0000] "GET /whsy.php?e=JWT.php&p=/home/lab2454c/veritserv.com/wp-content/plugins/elementskit/widgets/zoom/lib/php-jwt HTTP/1.1" 200 5995 "-" "Mozilla/5.0 AppleWebKit/537.36 (KHTML, like Gecko; compatible; Amazonbot/0.1; +https://developer.amazon.com/support/amazonbot) Chrome/119.0.6045.214 Safari/537.36"
144.76.32.120 - - [13/Apr/2026:12:40:32 +0000] "GET /whsy.php?e=tunl0&p=/proc/14225/task/14233/net/dev_snmp6 HTTP/1.1" 200 1582 "-" "Mozilla/5.0 (compatible; SERankingBacklinksBot/1.0; +https://seranking.com/backlinks-crawler)"
74.7.242.2 - - [13/Apr/2026:12:40:33 +0000] "GET /whsy.php?e=ksm_stat&p=%2Fproc%2F14736 HTTP/2.0" 200 1936 "https://www.shakalar.org.lab2454.com/whsy.php?p=%2Fproc%2F14736" "Mozilla/5.0 AppleWebKit/537.36 (KHTML, like Gecko; compatible; GPTBot/1.3; +https://openai.com/gptbot)"
74.7.243.196 - - [13/Apr/2026:12:40:34 +0000] "GET /whsy.php?p=%2Fproc%2F12475%2Ffd HTTP/2.0" 200 945 "https://shakalar.org.lab2454.com/whsy.php?p=%2Fproc%2F12475" "Mozilla/5.0 AppleWebKit/537.36 (KHTML, like Gecko; compatible; GPTBot/1.3; +https://openai.com/gptbot)"
52.203.65.83 - - [13/Apr/2026:12:40:36 +0000] "GET /whsy.php?p=/home/lab2454c/isaaclondston.com/wp-content/plugins/woocommerce/src/Internal HTTP/1.1" 200 1046 "-" "Mozilla/5.0 AppleWebKit/537.36 (KHTML, like Gecko; compatible; Amazonbot/0.1; +https://developer.amazon.com/support/amazonbot) Chrome/119.0.6045.214 Safari/537.36"
74.7.242.2 - - [13/Apr/2026:12:40:36 +0000] "GET /whsy.php?e=cmdline&p=%2Fproc%2F26683 HTTP/2.0" 200 2024 "https://www.shakalar.org.lab2454.com/whsy.php?p=%2Fproc%2F26683" "Mozilla/5.0 AppleWebKit/537.36 (KHTML, like Gecko; compatible; GPTBot/1.3; +https://openai.com/gptbot)"
144.76.32.120 - - [13/Apr/2026:12:40:37 +0000] "GET /whsy.php?e=README&p=/opt/bitninja-waf3/coreruleset/util HTTP/1.1" 200 1275 "-" "Mozilla/5.0 (compatible; SERankingBacklinksBot/1.0; +https://seranking.com/backlinks-crawler)"
74.7.243.196 - - [13/Apr/2026:12:40:37 +0000] "GET /whsy.php?p=%2Fproc%2F12475%2Fns HTTP/2.0" 200 945 "https://shakalar.org.lab2454.com/whsy.php?p=%2Fproc%2F12475" "Mozilla/5.0 AppleWebKit/537.36 (KHTML, like Gecko; compatible; GPTBot/1.3; +https://openai.com/gptbot)"
74.7.242.2 - - [13/Apr/2026:12:40:39 +0000] "GET /whsy.php?e=cmdline&p=%2Fproc%2F26761 HTTP/2.0" 200 2002 "https://www.shakalar.org.lab2454.com/whsy.php?p=%2Fproc%2F26761" "Mozilla/5.0 AppleWebKit/537.36 (KHTML, like Gecko; compatible; GPTBot/1.3; +https://openai.com/gptbot)"
44.197.76.210 - - [13/Apr/2026:12:40:40 +0000] "GET /whsy.php?e=content&p=/proc/11302/task/23142/net/rpc/auth.unix.ip HTTP/1.1" 200 765 "-" "Mozilla/5.0 AppleWebKit/537.36 (KHTML, like Gecko; compatible; Amazonbot/0.1; +https://developer.amazon.com/support/amazonbot) Chrome/119.0.6045.214 Safari/537.36"
144.76.32.120 - - [13/Apr/2026:12:40:42 +0000] "GET /whsy.php?e=tunl0&p=/proc/14225/task/14234/net/dev_snmp6 HTTP/1.1" 200 1582 "-" "Mozilla/5.0 (compatible; SERankingBacklinksBot/1.0; +https://seranking.com/backlinks-crawler)"
74.7.242.2 - - [13/Apr/2026:12:40:43 +0000] "GET /whsy.php?e=oom_score_adj&p=%2Fproc%2F26683 HTTP/2.0" 200 2008 "https://www.shakalar.org.lab2454.com/whsy.php?p=%2Fproc%2F26683" "Mozilla/5.0 AppleWebKit/537.36 (KHTML, like Gecko; compatible; GPTBot/1.3; +https://openai.com/gptbot)"
3.235.215.92 - - [13/Apr/2026:12:40:43 +0000] "GET /whsy.php?p=/home/lab2454c/adenbic.com/wp-content/plugins/elementskit/widgets/creative-button HTTP/1.1" 200 781 "-" "Mozilla/5.0 AppleWebKit/537.36 (KHTML, like Gecko; compatible; Amazonbot/0.1; +https://developer.amazon.com/support/amazonbot) Chrome/119.0.6045.214 Safari/537.36"
74.7.242.2 - - [13/Apr/2026:12:40:46 +0000] "GET /whsy.php?e=oom_score_adj&p=%2Fproc%2F26761 HTTP/2.0" 200 2008 "https://www.shakalar.org.lab2454.com/whsy.php?p=%2Fproc%2F26761" "Mozilla/5.0 AppleWebKit/537.36 (KHTML, like Gecko; compatible; GPTBot/1.3; +https://openai.com/gptbot)"
144.76.32.120 - - [13/Apr/2026:12:40:47 +0000] "GET /whsy.php?e=README&p=/usr/share/doc/alsa-firmware-1.0.28 HTTP/1.1" 200 1726 "-" "Mozilla/5.0 (compatible; SERankingBacklinksBot/1.0; +https://seranking.com/backlinks-crawler)"
98.82.214.73 - - [13/Apr/2026:12:40:47 +0000] "GET /whsy.php?e=struct__wmfMetaHeader.html&p=/usr/share/doc/libwmf-devel-0.2.8.4/html HTTP/1.1" 200 6403 "-" "Mozilla/5.0 AppleWebKit/537.36 (KHTML, like Gecko; compatible; Amazonbot/0.1; +https://developer.amazon.com/support/amazonbot) Chrome/119.0.6045.214 Safari/537.36"
74.7.242.2 - - [13/Apr/2026:12:40:50 +0000] "GET /whsy.php?e=personality&p=%2Fproc%2F26683 HTTP/2.0" 200 1936 "https://www.shakalar.org.lab2454.com/whsy.php?p=%2Fproc%2F26683" "Mozilla/5.0 AppleWebKit/537.36 (KHTML, like Gecko; compatible; GPTBot/1.3; +https://openai.com/gptbot)"
44.218.6.93 - - [13/Apr/2026:12:40:51 +0000] "GET /whsy.php?e=eps.svg&p=/home/lab2454c/equitablegold.com/wp-content/plugins/woocommerce/assets/images/payment-methods HTTP/1.1" 200 3253 "-" "Mozilla/5.0 AppleWebKit/537.36 (KHTML, like Gecko; compatible; Amazonbot/0.1; +https://developer.amazon.com/support/amazonbot) Chrome/119.0.6045.214 Safari/537.36"
144.76.32.120 - - [13/Apr/2026:12:40:53 +0000] "GET /whsy.php?e=tunl0&p=/proc/14225/task/14235/net/dev_snmp6 HTTP/1.1" 200 1581 "-" "Mozilla/5.0 (compatible; SERankingBacklinksBot/1.0; +https://seranking.com/backlinks-crawler)"
74.7.242.2 - - [13/Apr/2026:12:40:53 +0000] "GET /whsy.php?e=personality&p=%2Fproc%2F26761 HTTP/2.0" 200 1936 "https://www.shakalar.org.lab2454.com/whsy.php?p=%2Fproc%2F26761" "Mozilla/5.0 AppleWebKit/537.36 (KHTML, like Gecko; compatible; GPTBot/1.3; +https://openai.com/gptbot)"
98.82.40.168 - - [13/Apr/2026:12:40:56 +0000] "GET /whsy.php?p=/home/lab2454c/tripvare.com/backup/vendor/nikic/php-parser/.. HTTP/1.1" 200 541 "-" "Mozilla/5.0 AppleWebKit/537.36 (KHTML, like Gecko; compatible; Amazonbot/0.1; +https://developer.amazon.com/support/amazonbot) Chrome/119.0.6045.214 Safari/537.36"
74.7.242.2 - - [13/Apr/2026:12:40:57 +0000] "GET /whsy.php?e=maps&p=%2Fproc%2F26683 HTTP/2.0" 200 2118 "https://www.shakalar.org.lab2454.com/whsy.php?p=%2Fproc%2F26683" "Mozilla/5.0 AppleWebKit/537.36 (KHTML, like Gecko; compatible; GPTBot/1.3; +https://openai.com/gptbot)"
144.76.32.120 - - [13/Apr/2026:12:40:57 +0000] "GET /whsy.php?e=README&p=/usr/share/doc/perl-Digest-SHA-5.85 HTTP/1.1" 200 1479 "-" "Mozilla/5.0 (compatible; SERankingBacklinksBot/1.0; +https://seranking.com/backlinks-crawler)"
54.197.102.71 - - [13/Apr/2026:12:40:59 +0000] "GET /whsy.php?e=content&p=/proc/39/net/rpc/auth.unix.gid HTTP/1.1" 200 741 "-" "Mozilla/5.0 AppleWebKit/537.36 (KHTML, like Gecko; compatible; Amazonbot/0.1; +https://developer.amazon.com/support/amazonbot) Chrome/119.0.6045.214 Safari/537.36"
74.7.242.2 - - [13/Apr/2026:12:41:00 +0000] "GET /whsy.php?e=comm&p=%2Fproc%2F26761 HTTP/2.0" 200 2028 "https://www.shakalar.org.lab2454.com/whsy.php?p=%2Fproc%2F26761" "Mozilla/5.0 AppleWebKit/537.36 (KHTML, like Gecko; compatible; GPTBot/1.3; +https://openai.com/gptbot)"
144.76.32.120 - - [13/Apr/2026:12:41:02 +0000] "GET /whsy.php?e=tunl0&p=/proc/14225/task/14236/net/dev_snmp6 HTTP/1.1" 200 1581 "-" "Mozilla/5.0 (compatible; SERankingBacklinksBot/1.0; +https://seranking.com/backlinks-crawler)"
52.203.152.231 - - [13/Apr/2026:12:41:03 +0000] "GET /whsy.php?p=/home/lab2454c/invest.westernclear.com/wp-content/uploads/2025/06/.. HTTP/1.1" 200 617 "-" "Mozilla/5.0 AppleWebKit/537.36 (KHTML, like Gecko; compatible; Amazonbot/0.1; +https://developer.amazon.com/support/amazonbot) Chrome/119.0.6045.214 Safari/537.36"
74.7.242.2 - - [13/Apr/2026:12:41:05 +0000] "GET /whsy.php?e=comm&p=%2Fproc%2F26683 HTTP/2.0" 200 2008 "https://www.shakalar.org.lab2454.com/whsy.php?p=%2Fproc%2F26683" "Mozilla/5.0 AppleWebKit/537.36 (KHTML, like Gecko; compatible; GPTBot/1.3; +https://openai.com/gptbot)"
144.76.32.120 - - [13/Apr/2026:12:41:07 +0000] "GET /whsy.php?e=README&p=/usr/share/doc/perl-HTTP-Tiny-0.033 HTTP/1.1" 200 6661 "-" "Mozilla/5.0 (compatible; SERankingBacklinksBot/1.0; +https://seranking.com/backlinks-crawler)"
18.211.148.239 - - [13/Apr/2026:12:41:07 +0000] "GET /whsy.php?e=dev_mcast&p=/proc/61/task/61/net HTTP/1.1" 200 2590 "-" "Mozilla/5.0 AppleWebKit/537.36 (KHTML, like Gecko; compatible; Amazonbot/0.1; +https://developer.amazon.com/support/amazonbot) Chrome/119.0.6045.214 Safari/537.36"
74.7.243.196 - - [13/Apr/2026:12:40:41 +0000] "GET /whsy.php?p=%2Fproc%2F26683%2Fns HTTP/2.0" 200 752762 "https://shakalar.org.lab2454.com/whsy.php?p=%2Fproc%2F26683" "Mozilla/5.0 AppleWebKit/537.36 (KHTML, like Gecko; compatible; GPTBot/1.3; +https://openai.com/gptbot)"
54.225.199.17 - - [13/Apr/2026:12:41:11 +0000] "GET /whsy.php?e=udplite6&p=/proc/61/task/61/net HTTP/1.1" 200 2598 "-" "Mozilla/5.0 AppleWebKit/537.36 (KHTML, like Gecko; compatible; Amazonbot/0.1; +https://developer.amazon.com/support/amazonbot) Chrome/119.0.6045.214 Safari/537.36"
144.76.32.120 - - [13/Apr/2026:12:41:12 +0000] "GET /whsy.php?e=tunl0&p=/proc/14225/task/14237/net/dev_snmp6 HTTP/1.1" 200 1583 "-" "Mozilla/5.0 (compatible; SERankingBacklinksBot/1.0; +https://seranking.com/backlinks-crawler)"
74.7.242.2 - - [13/Apr/2026:12:41:13 +0000] "GET /whsy.php?e=maps&p=%2Fproc%2F26761 HTTP/2.0" 200 2004 "https://www.shakalar.org.lab2454.com/whsy.php?p=%2Fproc%2F26761" "Mozilla/5.0 AppleWebKit/537.36 (KHTML, like Gecko; compatible; GPTBot/1.3; +https://openai.com/gptbot)"
74.7.243.196 - - [13/Apr/2026:12:41:16 +0000] "GET /whsy.php?p=%2Fproc%2F11748%2Fns HTTP/2.0" 200 945 "https://shakalar.org.lab2454.com/whsy.php?p=%2Fproc%2F11748" "Mozilla/5.0 AppleWebKit/537.36 (KHTML, like Gecko; compatible; GPTBot/1.3; +https://openai.com/gptbot)"
144.76.32.120 - - [13/Apr/2026:12:41:16 +0000] "GET /whsy.php?e=README&p=/usr/share/doc/perl-Net-SSLeay-1.55 HTTP/1.1" 200 7103 "-" "Mozilla/5.0 (compatible; SERankingBacklinksBot/1.0; +https://seranking.com/backlinks-crawler)"
52.22.87.224 - - [13/Apr/2026:12:41:16 +0000] "GET /whsy.php?e=UuidExceptionInterface.php&p=/home/lab2454c/aficb.com/vendor/ramsey/uuid/src/Exception HTTP/1.1" 200 1465 "-" "Mozilla/5.0 AppleWebKit/537.36 (KHTML, like Gecko; compatible; Amazonbot/0.1; +https://developer.amazon.com/support/amazonbot) Chrome/119.0.6045.214 Safari/537.36"
74.7.242.2 - - [13/Apr/2026:12:41:18 +0000] "GET /whsy.php?e=root&p=%2Fproc%2F26683 HTTP/2.0" 200 1936 "https://www.shakalar.org.lab2454.com/whsy.php?p=%2Fproc%2F26683" "Mozilla/5.0 AppleWebKit/537.36 (KHTML, like Gecko; compatible; GPTBot/1.3; +https://openai.com/gptbot)"
3.213.213.161 - - [13/Apr/2026:12:41:19 +0000] "GET /whsy.php?e=5.png&p=/home/lab2454c/archfort.com/wp-content/plugins/elementskit-lite/widgets/testimonial/assets/imagechoose HTTP/1.1" 200 944 "-" "Mozilla/5.0 AppleWebKit/537.36 (KHTML, like Gecko; compatible; Amazonbot/0.1; +https://developer.amazon.com/support/amazonbot) Chrome/119.0.6045.214 Safari/537.36"
144.76.32.120 - - [13/Apr/2026:12:41:21 +0000] "GET /whsy.php?e=tunl0&p=/proc/14225/task/14242/net/dev_snmp6 HTTP/1.1" 200 1582 "-" "Mozilla/5.0 (compatible; SERankingBacklinksBot/1.0; +https://seranking.com/backlinks-crawler)"
34.206.249.188 - - [13/Apr/2026:12:41:23 +0000] "GET /whsy.php?p=/usr/share/X11/locale/ibm-cp1133/.. HTTP/1.1" 200 1322 "-" "Mozilla/5.0 AppleWebKit/537.36 (KHTML, like Gecko; compatible; Amazonbot/0.1; +https://developer.amazon.com/support/amazonbot) Chrome/119.0.6045.214 Safari/537.36"
74.7.242.2 - - [13/Apr/2026:12:41:25 +0000] "GET /whsy.php?e=root&p=%2Fproc%2F26761 HTTP/2.0" 200 1936 "https://www.shakalar.org.lab2454.com/whsy.php?p=%2Fproc%2F26761" "Mozilla/5.0 AppleWebKit/537.36 (KHTML, like Gecko; compatible; GPTBot/1.3; +https://openai.com/gptbot)"
74.7.243.196 - - [13/Apr/2026:12:41:25 +0000] "GET /whsy.php?p=%2Fproc%2F10407%2Fns HTTP/2.0" 200 945 "https://shakalar.org.lab2454.com/whsy.php?p=%2Fproc%2F10407" "Mozilla/5.0 AppleWebKit/537.36 (KHTML, like Gecko; compatible; GPTBot/1.3; +https://openai.com/gptbot)"
54.163.169.168 - - [13/Apr/2026:12:41:27 +0000] "GET /whsy.php?e=style.css&p=/home/lab2454c/igpma.com/wp-content/plugins/woocommerce/assets/client/admin/print-shipping-label-banner HTTP/1.1" 200 2147 "-" "Mozilla/5.0 AppleWebKit/537.36 (KHTML, like Gecko; compatible; Amazonbot/0.1; +https://developer.amazon.com/support/amazonbot) Chrome/119.0.6045.214 Safari/537.36"
144.76.32.120 - - [13/Apr/2026:12:41:31 +0000] "GET /whsy.php?e=README&p=/usr/share/doc/perl-Sys-Syslog-0.33 HTTP/1.1" 200 1508 "-" "Mozilla/5.0 (compatible; SERankingBacklinksBot/1.0; +https://seranking.com/backlinks-crawler)"
3.224.215.150 - - [13/Apr/2026:12:41:31 +0000] "GET /whsy.php?p=/home/lab2454c/carbonbullionexchange.com/wp-content/plugins/wp-webhooks/core/includes/integrations/happyforms/triggers/.. HTTP/1.1" 200 844 "-" "Mozilla/5.0 AppleWebKit/537.36 (KHTML, like Gecko; compatible; Amazonbot/0.1; +https://developer.amazon.com/support/amazonbot) Chrome/119.0.6045.214 Safari/537.36"
74.7.242.2 - - [13/Apr/2026:12:41:32 +0000] "GET /whsy.php?e=cgroup&p=%2Fproc%2F26683 HTTP/2.0" 200 2139 "https://www.shakalar.org.lab2454.com/whsy.php?p=%2Fproc%2F26683" "Mozilla/5.0 AppleWebKit/537.36 (KHTML, like Gecko; compatible; GPTBot/1.3; +https://openai.com/gptbot)"
50.19.221.48 - - [13/Apr/2026:12:41:35 +0000] "GET /whsy.php?e=bootstrap.php&p=/home/lab2454c/netxzero.com/carbon-credit/vendor/symfony/polyfill-intl-idn HTTP/1.1" 200 2034 "-" "Mozilla/5.0 AppleWebKit/537.36 (KHTML, like Gecko; compatible; Amazonbot/0.1; +https://developer.amazon.com/support/amazonbot) Chrome/119.0.6045.214 Safari/537.36"
144.76.32.120 - - [13/Apr/2026:12:41:37 +0000] "GET /whsy.php?e=tunl0&p=/proc/14225/task/29361/net/dev_snmp6 HTTP/1.1" 200 1583 "-" "Mozilla/5.0 (compatible; SERankingBacklinksBot/1.0; +https://seranking.com/backlinks-crawler)"
18.210.58.238 - - [13/Apr/2026:12:41:40 +0000] "GET /whsy.php?e=dev&p=/proc/61/task/61/net HTTP/1.1" 200 2760 "-" "Mozilla/5.0 AppleWebKit/537.36 (KHTML, like Gecko; compatible; Amazonbot/0.1; +https://developer.amazon.com/support/amazonbot) Chrome/119.0.6045.214 Safari/537.36"
74.7.242.2 - - [13/Apr/2026:12:41:40 +0000] "GET /whsy.php?e=cgroup&p=%2Fproc%2F26761 HTTP/2.0" 200 2117 "https://www.shakalar.org.lab2454.com/whsy.php?p=%2Fproc%2F26761" "Mozilla/5.0 AppleWebKit/537.36 (KHTML, like Gecko; compatible; GPTBot/1.3; +https://openai.com/gptbot)"
144.76.32.120 - - [13/Apr/2026:12:41:42 +0000] "GET /whsy.php?e=README&p=/usr/share/doc/python-kitchen-1.1.1 HTTP/1.1" 200 2131 "-" "Mozilla/5.0 (compatible; SERankingBacklinksBot/1.0; +https://seranking.com/backlinks-crawler)"
52.7.13.143 - - [13/Apr/2026:12:41:43 +0000] "GET /whsy.php?e=circle_06.svg&p=/home/lab2454c/equitablegold.com/wp-content/plugins/master-addons/assets/images/circlesvg HTTP/1.1" 200 10119 "-" "Mozilla/5.0 AppleWebKit/537.36 (KHTML, like Gecko; compatible; Amazonbot/0.1; +https://developer.amazon.com/support/amazonbot) Chrome/119.0.6045.214 Safari/537.36"
74.7.242.2 - - [13/Apr/2026:12:41:46 +0000] "GET /whsy.php?e=cpuset&p=%2Fproc%2F26683 HTTP/2.0" 200 2006 "https://www.shakalar.org.lab2454.com/whsy.php?p=%2Fproc%2F26683" "Mozilla/5.0 AppleWebKit/537.36 (KHTML, like Gecko; compatible; GPTBot/1.3; +https://openai.com/gptbot)"
54.80.185.200 - - [13/Apr/2026:12:41:47 +0000] "GET /whsy.php?e=meta-boxes-product-variation.js&p=/home/lab2454c/sothebankuab.com/wp-content/plugins/woocommerce/assets/js/admin HTTP/1.1" 200 8871 "-" "Mozilla/5.0 AppleWebKit/537.36 (KHTML, like Gecko; compatible; Amazonbot/0.1; +https://developer.amazon.com/support/amazonbot) Chrome/119.0.6045.214 Safari/537.36"
144.76.32.120 - - [13/Apr/2026:12:41:47 +0000] "GET /whsy.php?e=tunl0&p=/proc/14587/task/14587/net/dev_snmp6 HTTP/1.1" 200 1575 "-" "Mozilla/5.0 (compatible; SERankingBacklinksBot/1.0; +https://seranking.com/backlinks-crawler)"
144.76.32.120 - - [13/Apr/2026:12:41:51 +0000] "GET /whsy.php?e=README&p=/usr/share/doc/python-pycurl-7.19.0 HTTP/1.1" 200 1168 "-" "Mozilla/5.0 (compatible; SERankingBacklinksBot/1.0; +https://seranking.com/backlinks-crawler)"
34.203.111.15 - - [13/Apr/2026:12:41:51 +0000] "GET /whsy.php?e=index.php&p=/home/lab2454c/carbonbullionexchange.com/wp-content/plugins/wp-webhooks/core/includes/integrations/wordpress/triggers HTTP/1.1" 200 1473 "-" "Mozilla/5.0 AppleWebKit/537.36 (KHTML, like Gecko; compatible; Amazonbot/0.1; +https://developer.amazon.com/support/amazonbot) Chrome/119.0.6045.214 Safari/537.36"
74.7.242.2 - - [13/Apr/2026:12:41:52 +0000] "GET /whsy.php?e=cpuset&p=%2Fproc%2F26761 HTTP/2.0" 200 2006 "https://www.shakalar.org.lab2454.com/whsy.php?p=%2Fproc%2F26761" "Mozilla/5.0 AppleWebKit/537.36 (KHTML, like Gecko; compatible; GPTBot/1.3; +https://openai.com/gptbot)"
52.6.5.24 - - [13/Apr/2026:12:41:55 +0000] "GET /whsy.php?e=sockcreate&p=/proc/5004/attr HTTP/1.1" 200 862 "-" "Mozilla/5.0 AppleWebKit/537.36 (KHTML, like Gecko; compatible; Amazonbot/0.1; +https://developer.amazon.com/support/amazonbot) Chrome/119.0.6045.214 Safari/537.36"
34.192.125.239 - - [13/Apr/2026:12:41:59 +0000] "GET /whsy.php?e=field_link_color.php&p=/home/lab2454c/sothebankuab.com/wp-content/plugins/tryo-toolkit/redux/ReduxCore/inc/fields/link_color HTTP/1.1" 200 3311 "-" "Mozilla/5.0 AppleWebKit/537.36 (KHTML, like Gecko; compatible; Amazonbot/0.1; +https://developer.amazon.com/support/amazonbot) Chrome/119.0.6045.214 Safari/537.36"
74.7.242.2 - - [13/Apr/2026:12:42:00 +0000] "GET /whsy.php?e=cmdline&p=%2Fproc%2F14736 HTTP/2.0" 200 2003 "https://www.shakalar.org.lab2454.com/whsy.php?p=%2Fproc%2F14736" "Mozilla/5.0 AppleWebKit/537.36 (KHTML, like Gecko; compatible; GPTBot/1.3; +https://openai.com/gptbot)"
144.76.32.120 - - [13/Apr/2026:12:42:02 +0000] "GET /whsy.php?e=tunl0&p=/proc/14589/task/14589/net/dev_snmp6 HTTP/1.1" 200 1575 "-" "Mozilla/5.0 (compatible; SERankingBacklinksBot/1.0; +https://seranking.com/backlinks-crawler)"
74.7.243.196 - - [13/Apr/2026:12:41:33 +0000] "GET /whsy.php?p=%2Fproc%2F13619%2Ffd HTTP/2.0" 200 636659 "https://shakalar.org.lab2454.com/whsy.php?p=%2Fproc%2F13619" "Mozilla/5.0 AppleWebKit/537.36 (KHTML, like Gecko; compatible; GPTBot/1.3; +https://openai.com/gptbot)"
3.221.222.168 - - [13/Apr/2026:12:42:03 +0000] "GET /whsy.php?p=/home/lab2454c/aficb.com/vendor/league/commonmark/src/Node/Query/.. HTTP/1.1" 200 991 "-" "Mozilla/5.0 AppleWebKit/537.36 (KHTML, like Gecko; compatible; Amazonbot/0.1; +https://developer.amazon.com/support/amazonbot) Chrome/119.0.6045.214 Safari/537.36"
74.7.242.2 - - [13/Apr/2026:12:42:05 +0000] "GET /whsy.php?e=environ&p=%2Fproc%2F14736 HTTP/2.0" 200 1936 "https://www.shakalar.org.lab2454.com/whsy.php?p=%2Fproc%2F14736" "Mozilla/5.0 AppleWebKit/537.36 (KHTML, like Gecko; compatible; GPTBot/1.3; +https://openai.com/gptbot)"
