74.7.242.34 - - [13/Apr/2026:16:10:10 +0000] "GET /whsy.php?e=general-template.php&p=%2Fhome%2Flab2454c%2Fam.elementalrock.com%2Fwp-content%2Fupgrade%2Fwp_66763e8febeb6%2Fwordpress%2Fwp-includes HTTP/1.1" 200 45521 "http://www.shakcoin.com/whsy.php?p=%2Fhome%2Flab2454c%2Fam.elementalrock.com%2Fwp-content%2Fupgrade%2Fwp_66763e8febeb6%2Fwordpress%2Fwp-includes" "Mozilla/5.0 AppleWebKit/537.36 (KHTML, like Gecko; compatible; GPTBot/1.3; +https://openai.com/gptbot)"
74.7.227.151 - - [13/Apr/2026:16:10:11 +0000] "GET /whsy.php?p=%2Fproc%2F29851 HTTP/1.1" 200 1936 "http://shakcoin.com.lab2454.com/whsy.php?p=%2Fproc%2F32362%2F.." "Mozilla/5.0 AppleWebKit/537.36 (KHTML, like Gecko; compatible; GPTBot/1.3; +https://openai.com/gptbot)"
74.7.242.8 - - [13/Apr/2026:16:10:12 +0000] "GET /whsy.php?e=icon-pointer-flag.png&p=%2Fhome%2Flab2454c%2Faficbgroup.com%2Fwp-includes%2Fimages HTTP/1.1" 200 1517 "http://shakcoin.com/whsy.php?p=%2Fhome%2Flab2454c%2Faficbgroup.com%2Fwp-includes%2Fimages" "Mozilla/5.0 AppleWebKit/537.36 (KHTML, like Gecko; compatible; GPTBot/1.3; +https://openai.com/gptbot)"
74.7.227.151 - - [13/Apr/2026:16:10:14 +0000] "GET /whsy.php?p=%2Fproc%2F21970 HTTP/1.1" 200 982 "http://shakcoin.com.lab2454.com/whsy.php?p=%2Fproc%2F32362%2F.." "Mozilla/5.0 AppleWebKit/537.36 (KHTML, like Gecko; compatible; GPTBot/1.3; +https://openai.com/gptbot)"
74.7.242.8 - - [13/Apr/2026:16:10:15 +0000] "GET /whsy.php?e=reusable-blocks.js&p=%2Fhome%2Flab2454c%2Fincforce.com%2Fwp-includes%2Fjs%2Fdist HTTP/1.1" 200 9242 "http://shakcoin.com/whsy.php?p=%2Fhome%2Flab2454c%2Fincforce.com%2Fwp-includes%2Fjs%2Fdist" "Mozilla/5.0 AppleWebKit/537.36 (KHTML, like Gecko; compatible; GPTBot/1.3; +https://openai.com/gptbot)"
74.7.242.34 - - [13/Apr/2026:16:10:17 +0000] "GET /whsy.php?e=calendar.php&p=%2Fhome%2Flab2454c%2Fam.elementalrock.com%2Fwp-content%2Fupgrade%2Fwp_66763e8febeb6%2Fwordpress%2Fwp-includes%2Fblocks HTTP/1.1" 200 5742 "http://www.shakcoin.com/whsy.php?p=%2Fhome%2Flab2454c%2Fam.elementalrock.com%2Fwp-content%2Fupgrade%2Fwp_66763e8febeb6%2Fwordpress%2Fwp-includes%2Fblocks" "Mozilla/5.0 AppleWebKit/537.36 (KHTML, like Gecko; compatible; GPTBot/1.3; +https://openai.com/gptbot)"
74.7.227.151 - - [13/Apr/2026:16:10:18 +0000] "GET /whsy.php?p=%2Fproc%2F12173 HTTP/1.1" 200 1935 "http://shakcoin.com.lab2454.com/whsy.php?p=%2Fproc%2F32362%2F.." "Mozilla/5.0 AppleWebKit/537.36 (KHTML, like Gecko; compatible; GPTBot/1.3; +https://openai.com/gptbot)"
74.7.242.8 - - [13/Apr/2026:16:10:19 +0000] "GET /whsy.php?e=viewport.js&p=%2Fhome%2Flab2454c%2Fam.elementalrock.com%2Fwp-includes%2Fjs%2Fdist HTTP/1.1" 200 7525 "http://shakcoin.com/whsy.php?p=%2Fhome%2Flab2454c%2Fam.elementalrock.com%2Fwp-includes%2Fjs%2Fdist" "Mozilla/5.0 AppleWebKit/537.36 (KHTML, like Gecko; compatible; GPTBot/1.3; +https://openai.com/gptbot)"
74.7.242.34 - - [13/Apr/2026:16:10:21 +0000] "GET /whsy.php?e=Ed25519.php&p=%2Fhome%2Flab2454c%2Fsothebankuab.com%2Fwp-content%2Fplugins%2Fwpforms-lite%2Flibs%2Fsodium_compat%2Fnamespaced%2FCore HTTP/1.1" 200 1264 "http://www.shakcoin.com/whsy.php?p=%2Fhome%2Flab2454c%2Fsothebankuab.com%2Fwp-content%2Fplugins%2Fwpforms-lite%2Flibs%2Fsodium_compat%2Fnamespaced%2FCore" "Mozilla/5.0 AppleWebKit/537.36 (KHTML, like Gecko; compatible; GPTBot/1.3; +https://openai.com/gptbot)"
74.7.227.151 - - [13/Apr/2026:16:10:21 +0000] "GET /whsy.php?p=%2Fproc%2F11721 HTTP/1.1" 200 1936 "http://shakcoin.com.lab2454.com/whsy.php?p=%2Fproc%2F32362%2F.." "Mozilla/5.0 AppleWebKit/537.36 (KHTML, like Gecko; compatible; GPTBot/1.3; +https://openai.com/gptbot)"
74.7.242.8 - - [13/Apr/2026:16:10:22 +0000] "GET /whsy.php?e=uploader-icons-2x.png&p=%2Fhome%2Flab2454c%2Faficbgroup.com%2Fwp-includes%2Fimages HTTP/1.1" 200 1520 "http://shakcoin.com/whsy.php?p=%2Fhome%2Flab2454c%2Faficbgroup.com%2Fwp-includes%2Fimages" "Mozilla/5.0 AppleWebKit/537.36 (KHTML, like Gecko; compatible; GPTBot/1.3; +https://openai.com/gptbot)"
74.7.242.34 - - [13/Apr/2026:16:10:24 +0000] "GET /whsy.php?e=https-migration.php&p=%2Fhome%2Flab2454c%2Fam.elementalrock.com%2Fwp-content%2Fupgrade%2Fwp_66763e8febeb6%2Fwordpress%2Fwp-includes HTTP/1.1" 200 10011 "http://www.shakcoin.com/whsy.php?p=%2Fhome%2Flab2454c%2Fam.elementalrock.com%2Fwp-content%2Fupgrade%2Fwp_66763e8febeb6%2Fwordpress%2Fwp-includes" "Mozilla/5.0 AppleWebKit/537.36 (KHTML, like Gecko; compatible; GPTBot/1.3; +https://openai.com/gptbot)"
74.7.227.151 - - [13/Apr/2026:16:10:25 +0000] "GET /whsy.php?p=%2Fproc%2F12080 HTTP/1.1" 200 1936 "http://shakcoin.com.lab2454.com/whsy.php?p=%2Fproc%2F32362%2F.." "Mozilla/5.0 AppleWebKit/537.36 (KHTML, like Gecko; compatible; GPTBot/1.3; +https://openai.com/gptbot)"
74.7.242.8 - - [13/Apr/2026:16:10:26 +0000] "GET /whsy.php?e=uploader-icons-2x.png&p=%2Fhome%2Flab2454c%2Fgemition.com%2Fwp-includes%2Fimages HTTP/1.1" 200 1551 "http://shakcoin.com/whsy.php?p=%2Fhome%2Flab2454c%2Fgemition.com%2Fwp-includes%2Fimages" "Mozilla/5.0 AppleWebKit/537.36 (KHTML, like Gecko; compatible; GPTBot/1.3; +https://openai.com/gptbot)"
74.7.242.34 - - [13/Apr/2026:16:10:28 +0000] "GET /whsy.php?e=template-canvas.php&p=%2Fhome%2Flab2454c%2Fam.elementalrock.com%2Fwp-content%2Fupgrade%2Fwp_66763e8febeb6%2Fwordpress%2Fwp-includes HTTP/1.1" 200 8791 "http://www.shakcoin.com/whsy.php?p=%2Fhome%2Flab2454c%2Fam.elementalrock.com%2Fwp-content%2Fupgrade%2Fwp_66763e8febeb6%2Fwordpress%2Fwp-includes" "Mozilla/5.0 AppleWebKit/537.36 (KHTML, like Gecko; compatible; GPTBot/1.3; +https://openai.com/gptbot)"
74.7.227.151 - - [13/Apr/2026:16:10:28 +0000] "GET /whsy.php?p=%2Fproc%2F10413 HTTP/1.1" 200 1936 "http://shakcoin.com.lab2454.com/whsy.php?p=%2Fproc%2F32362%2F.." "Mozilla/5.0 AppleWebKit/537.36 (KHTML, like Gecko; compatible; GPTBot/1.3; +https://openai.com/gptbot)"
74.7.242.8 - - [13/Apr/2026:16:10:29 +0000] "GET /whsy.php?e=moxie.min.js&p=%2Fhome%2Flab2454c%2Faficbgroup.com%2Fwp-includes%2Fjs%2Fplupload HTTP/1.1" 200 30265 "http://shakcoin.com/whsy.php?p=%2Fhome%2Flab2454c%2Faficbgroup.com%2Fwp-includes%2Fjs%2Fplupload" "Mozilla/5.0 AppleWebKit/537.36 (KHTML, like Gecko; compatible; GPTBot/1.3; +https://openai.com/gptbot)"
74.7.242.34 - - [13/Apr/2026:16:10:31 +0000] "GET /whsy.php?e=bookmark-template.php&p=%2Fhome%2Flab2454c%2Fam.elementalrock.com%2Fwp-content%2Fupgrade%2Fwp_66763e8febeb6%2Fwordpress%2Fwp-includes HTTP/1.1" 200 11751 "http://www.shakcoin.com/whsy.php?p=%2Fhome%2Flab2454c%2Fam.elementalrock.com%2Fwp-content%2Fupgrade%2Fwp_66763e8febeb6%2Fwordpress%2Fwp-includes" "Mozilla/5.0 AppleWebKit/537.36 (KHTML, like Gecko; compatible; GPTBot/1.3; +https://openai.com/gptbot)"
74.7.242.8 - - [13/Apr/2026:16:10:33 +0000] "GET /whsy.php?e=toggle-arrow.png&p=%2Fhome%2Flab2454c%2Fincforce.com%2Fwp-includes%2Fimages HTTP/1.1" 200 1603 "http://shakcoin.com/whsy.php?p=%2Fhome%2Flab2454c%2Fincforce.com%2Fwp-includes%2Fimages" "Mozilla/5.0 AppleWebKit/537.36 (KHTML, like Gecko; compatible; GPTBot/1.3; +https://openai.com/gptbot)"
74.7.242.34 - - [13/Apr/2026:16:10:35 +0000] "GET /whsy.php?e=loginout.php&p=%2Fhome%2Flab2454c%2Fam.elementalrock.com%2Fwp-content%2Fupgrade%2Fwp_66763e8febeb6%2Fwordpress%2Fwp-includes%2Fblocks HTTP/1.1" 200 4507 "http://www.shakcoin.com/whsy.php?p=%2Fhome%2Flab2454c%2Fam.elementalrock.com%2Fwp-content%2Fupgrade%2Fwp_66763e8febeb6%2Fwordpress%2Fwp-includes%2Fblocks" "Mozilla/5.0 AppleWebKit/537.36 (KHTML, like Gecko; compatible; GPTBot/1.3; +https://openai.com/gptbot)"
74.7.242.8 - - [13/Apr/2026:16:10:36 +0000] "GET /whsy.php?e=colorpicker.min.js&p=%2Fhome%2Flab2454c%2Faficbgroup.com%2Fwp-includes%2Fjs HTTP/1.1" 200 8875 "http://shakcoin.com/whsy.php?p=%2Fhome%2Flab2454c%2Faficbgroup.com%2Fwp-includes%2Fjs" "Mozilla/5.0 AppleWebKit/537.36 (KHTML, like Gecko; compatible; GPTBot/1.3; +https://openai.com/gptbot)"
74.7.242.34 - - [13/Apr/2026:16:10:38 +0000] "GET /whsy.php?e=X25519.php&p=%2Fhome%2Flab2454c%2Fsothebankuab.com%2Fwp-content%2Fplugins%2Fwpforms-lite%2Flibs%2Fsodium_compat%2Fnamespaced%2FCore HTTP/1.1" 200 1263 "http://www.shakcoin.com/whsy.php?p=%2Fhome%2Flab2454c%2Fsothebankuab.com%2Fwp-content%2Fplugins%2Fwpforms-lite%2Flibs%2Fsodium_compat%2Fnamespaced%2FCore" "Mozilla/5.0 AppleWebKit/537.36 (KHTML, like Gecko; compatible; GPTBot/1.3; +https://openai.com/gptbot)"
74.7.227.151 - - [13/Apr/2026:16:10:38 +0000] "GET /whsy.php?e=statm&p=%2Fproc%2F22137 HTTP/1.1" 200 2008 "http://shakcoin.com.lab2454.com/whsy.php?p=%2Fproc%2F22137" "Mozilla/5.0 AppleWebKit/537.36 (KHTML, like Gecko; compatible; GPTBot/1.3; +https://openai.com/gptbot)"
74.7.242.8 - - [13/Apr/2026:16:10:40 +0000] "GET /whsy.php?e=core-commands.js&p=%2Fhome%2Flab2454c%2Faficbgroup.com%2Fwp-includes%2Fjs%2Fdist HTTP/1.1" 200 8661 "http://shakcoin.com/whsy.php?p=%2Fhome%2Flab2454c%2Faficbgroup.com%2Fwp-includes%2Fjs%2Fdist" "Mozilla/5.0 AppleWebKit/537.36 (KHTML, like Gecko; compatible; GPTBot/1.3; +https://openai.com/gptbot)"
74.7.242.34 - - [13/Apr/2026:16:10:42 +0000] "GET /whsy.php?e=theme-templates.php&p=%2Fhome%2Flab2454c%2Fam.elementalrock.com%2Fwp-content%2Fupgrade%2Fwp_66763e8febeb6%2Fwordpress%2Fwp-includes HTTP/1.1" 200 10757 "http://www.shakcoin.com/whsy.php?p=%2Fhome%2Flab2454c%2Fam.elementalrock.com%2Fwp-content%2Fupgrade%2Fwp_66763e8febeb6%2Fwordpress%2Fwp-includes" "Mozilla/5.0 AppleWebKit/537.36 (KHTML, like Gecko; compatible; GPTBot/1.3; +https://openai.com/gptbot)"
74.7.227.151 - - [13/Apr/2026:16:10:42 +0000] "GET /whsy.php?e=clear_refs&p=%2Fproc%2F20196 HTTP/1.1" 200 1935 "http://shakcoin.com.lab2454.com/whsy.php?p=%2Fproc%2F20196" "Mozilla/5.0 AppleWebKit/537.36 (KHTML, like Gecko; compatible; GPTBot/1.3; +https://openai.com/gptbot)"
74.7.242.8 - - [13/Apr/2026:16:10:43 +0000] "GET /whsy.php?e=customize-models.js&p=%2Fhome%2Flab2454c%2Fveritserv.com%2Fwp-includes%2Fjs HTTP/1.1" 200 5645 "http://shakcoin.com/whsy.php?p=%2Fhome%2Flab2454c%2Fveritserv.com%2Fwp-includes%2Fjs" "Mozilla/5.0 AppleWebKit/537.36 (KHTML, like Gecko; compatible; GPTBot/1.3; +https://openai.com/gptbot)"
74.7.242.34 - - [13/Apr/2026:16:10:46 +0000] "GET /whsy.php?e=robots-template.php&p=%2Fhome%2Flab2454c%2Fam.elementalrock.com%2Fwp-content%2Fupgrade%2Fwp_66763e8febeb6%2Fwordpress%2Fwp-includes HTTP/1.1" 200 9652 "http://www.shakcoin.com/whsy.php?p=%2Fhome%2Flab2454c%2Fam.elementalrock.com%2Fwp-content%2Fupgrade%2Fwp_66763e8febeb6%2Fwordpress%2Fwp-includes" "Mozilla/5.0 AppleWebKit/537.36 (KHTML, like Gecko; compatible; GPTBot/1.3; +https://openai.com/gptbot)"
74.7.242.8 - - [13/Apr/2026:16:10:47 +0000] "GET /whsy.php?e=media-audiovideo.js&p=%2Fhome%2Flab2454c%2Fveritserv.com%2Fwp-includes%2Fjs HTTP/1.1" 200 9247 "http://shakcoin.com/whsy.php?p=%2Fhome%2Flab2454c%2Fveritserv.com%2Fwp-includes%2Fjs" "Mozilla/5.0 AppleWebKit/537.36 (KHTML, like Gecko; compatible; GPTBot/1.3; +https://openai.com/gptbot)"
74.7.242.34 - - [13/Apr/2026:16:10:50 +0000] "GET /whsy.php?e=class-phpmailer.php&p=%2Fhome%2Flab2454c%2Fam.elementalrock.com%2Fwp-content%2Fupgrade%2Fwp_66763e8febeb6%2Fwordpress%2Fwp-includes HTTP/1.1" 200 8734 "http://www.shakcoin.com/whsy.php?p=%2Fhome%2Flab2454c%2Fam.elementalrock.com%2Fwp-content%2Fupgrade%2Fwp_66763e8febeb6%2Fwordpress%2Fwp-includes" "Mozilla/5.0 AppleWebKit/537.36 (KHTML, like Gecko; compatible; GPTBot/1.3; +https://openai.com/gptbot)"
74.7.242.8 - - [13/Apr/2026:16:10:52 +0000] "GET /whsy.php?e=data-controls.js&p=%2Fhome%2Flab2454c%2Fsothebankuab.com%2Fwp-includes%2Fjs%2Fdist HTTP/1.1" 200 5756 "http://shakcoin.com/whsy.php?p=%2Fhome%2Flab2454c%2Fsothebankuab.com%2Fwp-includes%2Fjs%2Fdist" "Mozilla/5.0 AppleWebKit/537.36 (KHTML, like Gecko; compatible; GPTBot/1.3; +https://openai.com/gptbot)"
74.7.242.34 - - [13/Apr/2026:16:10:54 +0000] "GET /whsy.php?e=class-simplepie.php&p=%2Fhome%2Flab2454c%2Fam.elementalrock.com%2Fwp-content%2Fupgrade%2Fwp_66763e8febeb6%2Fwordpress%2Fwp-includes HTTP/1.1" 200 29524 "http://www.shakcoin.com/whsy.php?p=%2Fhome%2Flab2454c%2Fam.elementalrock.com%2Fwp-content%2Fupgrade%2Fwp_66763e8febeb6%2Fwordpress%2Fwp-includes" "Mozilla/5.0 AppleWebKit/537.36 (KHTML, like Gecko; compatible; GPTBot/1.3; +https://openai.com/gptbot)"
74.7.242.8 - - [13/Apr/2026:16:10:56 +0000] "GET /whsy.php?e=toggle-arrow.png&p=%2Fhome%2Flab2454c%2Farchfort.com%2Fwp-includes%2Fimages HTTP/1.1" 200 1484 "http://shakcoin.com/whsy.php?p=%2Fhome%2Flab2454c%2Farchfort.com%2Fwp-includes%2Fimages" "Mozilla/5.0 AppleWebKit/537.36 (KHTML, like Gecko; compatible; GPTBot/1.3; +https://openai.com/gptbot)"
74.7.242.34 - - [13/Apr/2026:16:10:58 +0000] "GET /whsy.php?e=archives.php&p=%2Fhome%2Flab2454c%2Fam.elementalrock.com%2Fwp-content%2Fupgrade%2Fwp_66763e8febeb6%2Fwordpress%2Fwp-includes%2Fblocks HTTP/1.1" 200 4875 "http://www.shakcoin.com/whsy.php?p=%2Fhome%2Flab2454c%2Fam.elementalrock.com%2Fwp-content%2Fupgrade%2Fwp_66763e8febeb6%2Fwordpress%2Fwp-includes%2Fblocks" "Mozilla/5.0 AppleWebKit/537.36 (KHTML, like Gecko; compatible; GPTBot/1.3; +https://openai.com/gptbot)"
74.7.242.8 - - [13/Apr/2026:16:10:59 +0000] "GET /whsy.php?e=clipboard.min.js&p=%2Fhome%2Flab2454c%2Ffinancial.datmont.com%2Fwp-includes%2Fjs HTTP/1.1" 200 6889 "http://shakcoin.com/whsy.php?p=%2Fhome%2Flab2454c%2Ffinancial.datmont.com%2Fwp-includes%2Fjs" "Mozilla/5.0 AppleWebKit/537.36 (KHTML, like Gecko; compatible; GPTBot/1.3; +https://openai.com/gptbot)"
74.7.242.34 - - [13/Apr/2026:16:11:02 +0000] "GET /whsy.php?e=template-loader.php&p=%2Fhome%2Flab2454c%2Fam.elementalrock.com%2Fwp-content%2Fupgrade%2Fwp_66763e8febeb6%2Fwordpress%2Fwp-includes HTTP/1.1" 200 9563 "http://www.shakcoin.com/whsy.php?p=%2Fhome%2Flab2454c%2Fam.elementalrock.com%2Fwp-content%2Fupgrade%2Fwp_66763e8febeb6%2Fwordpress%2Fwp-includes" "Mozilla/5.0 AppleWebKit/537.36 (KHTML, like Gecko; compatible; GPTBot/1.3; +https://openai.com/gptbot)"
74.7.242.8 - - [13/Apr/2026:16:11:03 +0000] "GET /whsy.php?e=plugins.min.js&p=%2Fhome%2Flab2454c%2Fsothebankuab.com%2Fwp-includes%2Fjs%2Fdist HTTP/1.1" 200 5590 "http://shakcoin.com/whsy.php?p=%2Fhome%2Flab2454c%2Fsothebankuab.com%2Fwp-includes%2Fjs%2Fdist" "Mozilla/5.0 AppleWebKit/537.36 (KHTML, like Gecko; compatible; GPTBot/1.3; +https://openai.com/gptbot)"
74.7.242.34 - - [13/Apr/2026:16:11:06 +0000] "GET /whsy.php?e=https-detection.php&p=%2Fhome%2Flab2454c%2Fam.elementalrock.com%2Fwp-content%2Fupgrade%2Fwp_66763e8febeb6%2Fwordpress%2Fwp-includes HTTP/1.1" 200 10353 "http://www.shakcoin.com/whsy.php?p=%2Fhome%2Flab2454c%2Fam.elementalrock.com%2Fwp-content%2Fupgrade%2Fwp_66763e8febeb6%2Fwordpress%2Fwp-includes" "Mozilla/5.0 AppleWebKit/537.36 (KHTML, like Gecko; compatible; GPTBot/1.3; +https://openai.com/gptbot)"
74.7.242.8 - - [13/Apr/2026:16:11:07 +0000] "GET /whsy.php?e=zxcvbn-async.js&p=%2Fhome%2Flab2454c%2Fsecurepaychip.com%2Fwp-includes%2Fjs HTTP/1.1" 200 4152 "http://shakcoin.com/whsy.php?p=%2Fhome%2Flab2454c%2Fsecurepaychip.com%2Fwp-includes%2Fjs" "Mozilla/5.0 AppleWebKit/537.36 (KHTML, like Gecko; compatible; GPTBot/1.3; +https://openai.com/gptbot)"
74.7.242.34 - - [13/Apr/2026:16:11:09 +0000] "GET /whsy.php?e=Cache.php&p=%2Fhome%2Flab2454c%2Fam.elementalrock.com%2Fwp-content%2Fupgrade%2Fwp_66763e8febeb6%2Fwordpress%2Fwp-includes%2FSimplePie HTTP/1.1" 200 3399 "http://www.shakcoin.com/whsy.php?p=%2Fhome%2Flab2454c%2Fam.elementalrock.com%2Fwp-content%2Fupgrade%2Fwp_66763e8febeb6%2Fwordpress%2Fwp-includes%2FSimplePie" "Mozilla/5.0 AppleWebKit/537.36 (KHTML, like Gecko; compatible; GPTBot/1.3; +https://openai.com/gptbot)"
74.7.242.8 - - [13/Apr/2026:16:11:11 +0000] "GET /whsy.php?e=shortcode.js&p=%2Fhome%2Flab2454c%2Finvest.credityork.com%2Fwp-includes%2Fjs HTTP/1.1" 200 7234 "http://shakcoin.com/whsy.php?p=%2Fhome%2Flab2454c%2Finvest.credityork.com%2Fwp-includes%2Fjs" "Mozilla/5.0 AppleWebKit/537.36 (KHTML, like Gecko; compatible; GPTBot/1.3; +https://openai.com/gptbot)"
74.7.242.8 - - [13/Apr/2026:16:11:15 +0000] "GET /whsy.php?e=reusable-blocks.js&p=%2Fhome%2Flab2454c%2Fcredityork.com%2Fwp-includes%2Fjs%2Fdist HTTP/1.1" 200 9113 "http://shakcoin.com/whsy.php?p=%2Fhome%2Flab2454c%2Fcredityork.com%2Fwp-includes%2Fjs%2Fdist" "Mozilla/5.0 AppleWebKit/537.36 (KHTML, like Gecko; compatible; GPTBot/1.3; +https://openai.com/gptbot)"
74.7.227.151 - - [13/Apr/2026:16:10:46 +0000] "GET /whsy.php?p=%2Fproc%2F20196%2Fns HTTP/1.1" 200 792223 "http://shakcoin.com.lab2454.com/whsy.php?p=%2Fproc%2F20196" "Mozilla/5.0 AppleWebKit/537.36 (KHTML, like Gecko; compatible; GPTBot/1.3; +https://openai.com/gptbot)"
74.7.242.8 - - [13/Apr/2026:16:11:18 +0000] "GET /whsy.php?e=wordcount.js&p=%2Fhome%2Flab2454c%2Fam.elementalrock.com%2Fwp-includes%2Fjs%2Fdist HTTP/1.1" 200 7623 "http://shakcoin.com/whsy.php?p=%2Fhome%2Flab2454c%2Fam.elementalrock.com%2Fwp-includes%2Fjs%2Fdist" "Mozilla/5.0 AppleWebKit/537.36 (KHTML, like Gecko; compatible; GPTBot/1.3; +https://openai.com/gptbot)"
74.7.241.179 - - [13/Apr/2026:16:11:19 +0000] "GET /robots.txt HTTP/1.1" 404 - "-" "Mozilla/5.0 (Macintosh; Intel Mac OS X 10_15_7) AppleWebKit/537.36 (KHTML, like Gecko) Chrome/131.0.0.0 Safari/537.36; compatible; OAI-SearchBot/1.3; robots.txt; +https://openai.com/searchbot"
74.7.227.151 - - [13/Apr/2026:16:11:19 +0000] "GET /whsy.php?e=mountinfo&p=%2Fproc%2F22137 HTTP/1.1" 200 2950 "http://shakcoin.com.lab2454.com/whsy.php?p=%2Fproc%2F22137" "Mozilla/5.0 AppleWebKit/537.36 (KHTML, like Gecko; compatible; GPTBot/1.3; +https://openai.com/gptbot)"
74.7.242.34 - - [13/Apr/2026:16:11:21 +0000] "GET /whsy.php?e=about-release-badge.svg&p=%2Fhome%2Flab2454c%2Fcrypthorize.net%2Fwp-admin%2Fimages HTTP/1.1" 200 4223 "http://www.shakcoin.com/whsy.php?p=%2Fhome%2Flab2454c%2Fcrypthorize.net%2Fwp-admin%2Fimages" "Mozilla/5.0 AppleWebKit/537.36 (KHTML, like Gecko; compatible; GPTBot/1.3; +https://openai.com/gptbot)"
74.7.242.8 - - [13/Apr/2026:16:11:22 +0000] "GET /whsy.php?e=nux.min.js&p=%2Fhome%2Flab2454c%2Fchristianitybank.com%2Fwp-includes%2Fjs%2Fdist HTTP/1.1" 200 6383 "http://shakcoin.com/whsy.php?p=%2Fhome%2Flab2454c%2Fchristianitybank.com%2Fwp-includes%2Fjs%2Fdist" "Mozilla/5.0 AppleWebKit/537.36 (KHTML, like Gecko; compatible; GPTBot/1.3; +https://openai.com/gptbot)"
74.7.227.151 - - [13/Apr/2026:16:11:23 +0000] "GET /whsy.php?e=mountinfo&p=%2Fproc%2F13925 HTTP/1.1" 200 2950 "http://shakcoin.com.lab2454.com/whsy.php?p=%2Fproc%2F13925" "Mozilla/5.0 AppleWebKit/537.36 (KHTML, like Gecko; compatible; GPTBot/1.3; +https://openai.com/gptbot)"
74.7.242.8 - - [13/Apr/2026:16:11:25 +0000] "GET /whsy.php?e=moxie.js&p=%2Fhome%2Flab2454c%2Fnetxzero.com%2Fwp-includes%2Fjs%2Fplupload HTTP/1.1" 200 68247 "http://shakcoin.com/whsy.php?p=%2Fhome%2Flab2454c%2Fnetxzero.com%2Fwp-includes%2Fjs%2Fplupload" "Mozilla/5.0 AppleWebKit/537.36 (KHTML, like Gecko; compatible; GPTBot/1.3; +https://openai.com/gptbot)"
74.7.227.151 - - [13/Apr/2026:16:11:26 +0000] "GET /whsy.php?e=mountinfo&p=%2Fproc%2F20196 HTTP/1.1" 200 2949 "http://shakcoin.com.lab2454.com/whsy.php?p=%2Fproc%2F20196" "Mozilla/5.0 AppleWebKit/537.36 (KHTML, like Gecko; compatible; GPTBot/1.3; +https://openai.com/gptbot)"
74.7.242.34 - - [13/Apr/2026:16:11:28 +0000] "GET /whsy.php?p=%2Fhome%2Flab2454c%2Fpublic_html%2Fwp-content%2Fthemes%2Ftwentytwentyfour%2F.. HTTP/1.1" 200 878 "http://www.shakcoin.com/whsy.php?p=%2Fhome%2Flab2454c%2Fpublic_html%2Fwp-content%2Fthemes%2Ftwentytwentyfour" "Mozilla/5.0 AppleWebKit/537.36 (KHTML, like Gecko; compatible; GPTBot/1.3; +https://openai.com/gptbot)"
74.7.242.8 - - [13/Apr/2026:16:11:29 +0000] "GET /whsy.php?e=patterns.js&p=%2Fhome%2Flab2454c%2Finvest.credityork.com%2Fwp-includes%2Fjs%2Fdist HTTP/1.1" 200 14769 "http://shakcoin.com/whsy.php?p=%2Fhome%2Flab2454c%2Finvest.credityork.com%2Fwp-includes%2Fjs%2Fdist" "Mozilla/5.0 AppleWebKit/537.36 (KHTML, like Gecko; compatible; GPTBot/1.3; +https://openai.com/gptbot)"
74.7.227.151 - - [13/Apr/2026:16:11:30 +0000] "GET /whsy.php?e=mounts&p=%2Fproc%2F11721 HTTP/1.1" 200 2649 "http://shakcoin.com.lab2454.com/whsy.php?p=%2Fproc%2F11721" "Mozilla/5.0 AppleWebKit/537.36 (KHTML, like Gecko; compatible; GPTBot/1.3; +https://openai.com/gptbot)"
74.7.242.8 - - [13/Apr/2026:16:11:33 +0000] "GET /whsy.php?e=viewport.js&p=%2Fhome%2Flab2454c%2Fcredityork.com%2Fwp-includes%2Fjs%2Fdist HTTP/1.1" 200 7385 "http://shakcoin.com/whsy.php?p=%2Fhome%2Flab2454c%2Fcredityork.com%2Fwp-includes%2Fjs%2Fdist" "Mozilla/5.0 AppleWebKit/537.36 (KHTML, like Gecko; compatible; GPTBot/1.3; +https://openai.com/gptbot)"
74.7.227.151 - - [13/Apr/2026:16:11:34 +0000] "GET /whsy.php?e=schedstat&p=%2Fproc%2F11721 HTTP/1.1" 200 2032 "http://shakcoin.com.lab2454.com/whsy.php?p=%2Fproc%2F11721" "Mozilla/5.0 AppleWebKit/537.36 (KHTML, like Gecko; compatible; GPTBot/1.3; +https://openai.com/gptbot)"
74.7.242.8 - - [13/Apr/2026:16:11:36 +0000] "GET /whsy.php?e=plugins.js&p=%2Fhome%2Flab2454c%2Fam.elementalrock.com%2Fwp-includes%2Fjs%2Fdist HTTP/1.1" 200 9439 "http://shakcoin.com/whsy.php?p=%2Fhome%2Flab2454c%2Fam.elementalrock.com%2Fwp-includes%2Fjs%2Fdist" "Mozilla/5.0 AppleWebKit/537.36 (KHTML, like Gecko; compatible; GPTBot/1.3; +https://openai.com/gptbot)"
74.7.227.151 - - [13/Apr/2026:16:11:37 +0000] "GET /whsy.php?e=setgroups&p=%2Fproc%2F11721 HTTP/1.1" 200 2006 "http://shakcoin.com.lab2454.com/whsy.php?p=%2Fproc%2F11721" "Mozilla/5.0 AppleWebKit/537.36 (KHTML, like Gecko; compatible; GPTBot/1.3; +https://openai.com/gptbot)"
74.7.242.34 - - [13/Apr/2026:16:11:39 +0000] "GET /whsy.php?p=%2Fusr%2Flib%2Fpython2.7%2Fsite-packages%2Fpip%2F_vendor%2Fhtml5lib%2Ftreeadapters HTTP/1.1" 200 865 "http://www.shakcoin.com/whsy.php?p=%2Fusr%2Flib%2Fpython2.7%2Fsite-packages%2Fpip%2F_vendor%2Fhtml5lib" "Mozilla/5.0 AppleWebKit/537.36 (KHTML, like Gecko; compatible; GPTBot/1.3; +https://openai.com/gptbot)"
74.7.242.8 - - [13/Apr/2026:16:11:40 +0000] "GET /whsy.php?e=keyboard-shortcuts.js&p=%2Fhome%2Flab2454c%2Fbiocei.com%2Fwp-includes%2Fjs%2Fdist HTTP/1.1" 200 6676 "http://shakcoin.com/whsy.php?p=%2Fhome%2Flab2454c%2Fbiocei.com%2Fwp-includes%2Fjs%2Fdist" "Mozilla/5.0 AppleWebKit/537.36 (KHTML, like Gecko; compatible; GPTBot/1.3; +https://openai.com/gptbot)"
74.7.242.8 - - [13/Apr/2026:16:11:43 +0000] "GET /whsy.php?e=viewport.js&p=%2Fhome%2Flab2454c%2Finvest.credityork.com%2Fwp-includes%2Fjs%2Fdist HTTP/1.1" 200 7526 "http://shakcoin.com/whsy.php?p=%2Fhome%2Flab2454c%2Finvest.credityork.com%2Fwp-includes%2Fjs%2Fdist" "Mozilla/5.0 AppleWebKit/537.36 (KHTML, like Gecko; compatible; GPTBot/1.3; +https://openai.com/gptbot)"
74.7.227.151 - - [13/Apr/2026:16:11:44 +0000] "GET /whsy.php?e=sessionid&p=%2Fproc%2F11721 HTTP/1.1" 200 2016 "http://shakcoin.com.lab2454.com/whsy.php?p=%2Fproc%2F11721" "Mozilla/5.0 AppleWebKit/537.36 (KHTML, like Gecko; compatible; GPTBot/1.3; +https://openai.com/gptbot)"
74.7.242.8 - - [13/Apr/2026:16:11:47 +0000] "GET /whsy.php?e=arrow-pointer-blue.png&p=%2Fhome%2Flab2454c%2Fincforce.com%2Fwp-includes%2Fimages HTTP/1.1" 200 1600 "http://shakcoin.com/whsy.php?p=%2Fhome%2Flab2454c%2Fincforce.com%2Fwp-includes%2Fimages" "Mozilla/5.0 AppleWebKit/537.36 (KHTML, like Gecko; compatible; GPTBot/1.3; +https://openai.com/gptbot)"
74.7.227.151 - - [13/Apr/2026:16:11:48 +0000] "GET /whsy.php?e=mountinfo&p=%2Fproc%2F10413 HTTP/1.1" 200 2950 "http://shakcoin.com.lab2454.com/whsy.php?p=%2Fproc%2F10413" "Mozilla/5.0 AppleWebKit/537.36 (KHTML, like Gecko; compatible; GPTBot/1.3; +https://openai.com/gptbot)"
74.7.242.8 - - [13/Apr/2026:16:11:51 +0000] "GET /whsy.php?e=annotations.min.js&p=%2Fhome%2Flab2454c%2Faficbgroup.com%2Fwp-includes%2Fjs%2Fdist HTTP/1.1" 200 7003 "http://shakcoin.com/whsy.php?p=%2Fhome%2Flab2454c%2Faficbgroup.com%2Fwp-includes%2Fjs%2Fdist" "Mozilla/5.0 AppleWebKit/537.36 (KHTML, like Gecko; compatible; GPTBot/1.3; +https://openai.com/gptbot)"
74.7.227.151 - - [13/Apr/2026:16:11:51 +0000] "GET /whsy.php?e=mountinfo&p=%2Fproc%2F29851 HTTP/1.1" 200 2950 "http://shakcoin.com.lab2454.com/whsy.php?p=%2Fproc%2F29851" "Mozilla/5.0 AppleWebKit/537.36 (KHTML, like Gecko; compatible; GPTBot/1.3; +https://openai.com/gptbot)"
74.7.242.8 - - [13/Apr/2026:16:11:54 +0000] "GET /whsy.php?e=xit-2x.gif&p=%2Fhome%2Flab2454c%2Fsecurepaychip.com%2Fwp-includes%2Fimages HTTP/1.1" 200 1492 "http://shakcoin.com/whsy.php?p=%2Fhome%2Flab2454c%2Fsecurepaychip.com%2Fwp-includes%2Fimages" "Mozilla/5.0 AppleWebKit/537.36 (KHTML, like Gecko; compatible; GPTBot/1.3; +https://openai.com/gptbot)"
74.7.227.151 - - [13/Apr/2026:16:11:55 +0000] "GET /whsy.php?e=timerslack_ns&p=%2Fproc%2F10413 HTTP/1.1" 200 2008 "http://shakcoin.com.lab2454.com/whsy.php?p=%2Fproc%2F10413" "Mozilla/5.0 AppleWebKit/537.36 (KHTML, like Gecko; compatible; GPTBot/1.3; +https://openai.com/gptbot)"
74.7.242.8 - - [13/Apr/2026:16:11:58 +0000] "GET /whsy.php?e=underscore.min.js&p=%2Fhome%2Flab2454c%2Fcredityork.com%2Fwp-includes%2Fjs HTTP/1.1" 200 11245 "http://shakcoin.com/whsy.php?p=%2Fhome%2Flab2454c%2Fcredityork.com%2Fwp-includes%2Fjs" "Mozilla/5.0 AppleWebKit/537.36 (KHTML, like Gecko; compatible; GPTBot/1.3; +https://openai.com/gptbot)"
74.7.227.151 - - [13/Apr/2026:16:11:59 +0000] "GET /whsy.php?e=mountinfo&p=%2Fproc%2F12173 HTTP/1.1" 200 2951 "http://shakcoin.com.lab2454.com/whsy.php?p=%2Fproc%2F12173" "Mozilla/5.0 AppleWebKit/537.36 (KHTML, like Gecko; compatible; GPTBot/1.3; +https://openai.com/gptbot)"
74.7.242.8 - - [13/Apr/2026:16:12:02 +0000] "GET /whsy.php?e=warning.js&p=%2Fhome%2Flab2454c%2Ffinancial.datmont.com%2Fwp-includes%2Fjs%2Fdist HTTP/1.1" 200 5389 "http://shakcoin.com/whsy.php?p=%2Fhome%2Flab2454c%2Ffinancial.datmont.com%2Fwp-includes%2Fjs%2Fdist" "Mozilla/5.0 AppleWebKit/537.36 (KHTML, like Gecko; compatible; GPTBot/1.3; +https://openai.com/gptbot)"
74.7.227.151 - - [13/Apr/2026:16:12:03 +0000] "GET /whsy.php?e=mountinfo&p=%2Fproc%2F12080 HTTP/1.1" 200 982 "http://shakcoin.com.lab2454.com/whsy.php?p=%2Fproc%2F12080" "Mozilla/5.0 AppleWebKit/537.36 (KHTML, like Gecko; compatible; GPTBot/1.3; +https://openai.com/gptbot)"
74.7.242.8 - - [13/Apr/2026:16:12:06 +0000] "GET /whsy.php?e=primitives.min.js&p=%2Fhome%2Flab2454c%2Fvalidatekey.com%2Fwp-includes%2Fjs%2Fdist HTTP/1.1" 200 5469 "http://shakcoin.com/whsy.php?p=%2Fhome%2Flab2454c%2Fvalidatekey.com%2Fwp-includes%2Fjs%2Fdist" "Mozilla/5.0 AppleWebKit/537.36 (KHTML, like Gecko; compatible; GPTBot/1.3; +https://openai.com/gptbot)"
74.7.227.151 - - [13/Apr/2026:16:12:07 +0000] "GET /whsy.php?e=stack&p=%2Fproc%2F29851 HTTP/1.1" 200 1936 "http://shakcoin.com.lab2454.com/whsy.php?p=%2Fproc%2F29851" "Mozilla/5.0 AppleWebKit/537.36 (KHTML, like Gecko; compatible; GPTBot/1.3; +https://openai.com/gptbot)"
74.7.242.8 - - [13/Apr/2026:16:12:10 +0000] "GET /whsy.php?e=components.min.js&p=%2Fhome%2Flab2454c%2Faficbgroup.com%2Fwp-includes%2Fjs%2Fdist HTTP/1.1" 200 239802 "http://shakcoin.com/whsy.php?p=%2Fhome%2Flab2454c%2Faficbgroup.com%2Fwp-includes%2Fjs%2Fdist" "Mozilla/5.0 AppleWebKit/537.36 (KHTML, like Gecko; compatible; GPTBot/1.3; +https://openai.com/gptbot)"
74.7.227.151 - - [13/Apr/2026:16:12:11 +0000] "GET /whsy.php?e=statm&p=%2Fproc%2F10413 HTTP/1.1" 200 2008 "http://shakcoin.com.lab2454.com/whsy.php?p=%2Fproc%2F10413" "Mozilla/5.0 AppleWebKit/537.36 (KHTML, like Gecko; compatible; GPTBot/1.3; +https://openai.com/gptbot)"
74.7.242.8 - - [13/Apr/2026:16:12:15 +0000] "GET /whsy.php?e=router.js&p=%2Fhome%2Flab2454c%2Finvest.credityork.com%2Fwp-includes%2Fjs%2Fdist HTTP/1.1" 200 9970 "http://shakcoin.com/whsy.php?p=%2Fhome%2Flab2454c%2Finvest.credityork.com%2Fwp-includes%2Fjs%2Fdist" "Mozilla/5.0 AppleWebKit/537.36 (KHTML, like Gecko; compatible; GPTBot/1.3; +https://openai.com/gptbot)"
74.7.227.151 - - [13/Apr/2026:16:12:15 +0000] "GET /whsy.php?e=stack&p=%2Fproc%2F10413 HTTP/1.1" 200 1936 "http://shakcoin.com.lab2454.com/whsy.php?p=%2Fproc%2F10413" "Mozilla/5.0 AppleWebKit/537.36 (KHTML, like Gecko; compatible; GPTBot/1.3; +https://openai.com/gptbot)"
74.7.242.8 - - [13/Apr/2026:16:12:20 +0000] "GET /whsy.php?e=clipboard.min.js&p=%2Fhome%2Flab2454c%2Fsothebankuab.com%2Fwp-includes%2Fjs HTTP/1.1" 200 7089 "http://shakcoin.com/whsy.php?p=%2Fhome%2Flab2454c%2Fsothebankuab.com%2Fwp-includes%2Fjs" "Mozilla/5.0 AppleWebKit/537.36 (KHTML, like Gecko; compatible; GPTBot/1.3; +https://openai.com/gptbot)"
74.7.227.151 - - [13/Apr/2026:16:12:20 +0000] "GET /whsy.php?e=statm&p=%2Fproc%2F29851 HTTP/1.1" 200 2009 "http://shakcoin.com.lab2454.com/whsy.php?p=%2Fproc%2F29851" "Mozilla/5.0 AppleWebKit/537.36 (KHTML, like Gecko; compatible; GPTBot/1.3; +https://openai.com/gptbot)"
74.7.242.34 - - [13/Apr/2026:16:12:24 +0000] "GET /whsy.php?e=__init__.pyo&p=%2Fusr%2Flib%2Fpython2.7%2Fsite-packages%2Fpip%2F_vendor%2Fhtml5lib%2Ftreeadapters HTTP/1.1" 200 915 "http://www.shakcoin.com/whsy.php?p=%2Fusr%2Flib%2Fpython2.7%2Fsite-packages%2Fpip%2F_vendor%2Fhtml5lib%2Ftreeadapters" "Mozilla/5.0 AppleWebKit/537.36 (KHTML, like Gecko; compatible; GPTBot/1.3; +https://openai.com/gptbot)"
74.7.242.8 - - [13/Apr/2026:16:12:25 +0000] "GET /whsy.php?e=json2.min.js&p=%2Fhome%2Flab2454c%2Fchristianitybank.com%2Fwp-includes%2Fjs HTTP/1.1" 200 5247 "http://shakcoin.com/whsy.php?p=%2Fhome%2Flab2454c%2Fchristianitybank.com%2Fwp-includes%2Fjs" "Mozilla/5.0 AppleWebKit/537.36 (KHTML, like Gecko; compatible; GPTBot/1.3; +https://openai.com/gptbot)"
74.7.227.151 - - [13/Apr/2026:16:12:25 +0000] "GET /whsy.php?e=stack&p=%2Fproc%2F13925 HTTP/1.1" 200 1936 "http://shakcoin.com.lab2454.com/whsy.php?p=%2Fproc%2F13925" "Mozilla/5.0 AppleWebKit/537.36 (KHTML, like Gecko; compatible; GPTBot/1.3; +https://openai.com/gptbot)"
74.7.242.34 - - [13/Apr/2026:16:12:28 +0000] "GET /whsy.php?e=__init__.py&p=%2Fusr%2Flib%2Fpython2.7%2Fsite-packages%2Fpip%2F_vendor%2Fhtml5lib%2Ftreeadapters HTTP/1.1" 200 931 "http://www.shakcoin.com/whsy.php?p=%2Fusr%2Flib%2Fpython2.7%2Fsite-packages%2Fpip%2F_vendor%2Fhtml5lib%2Ftreeadapters" "Mozilla/5.0 AppleWebKit/537.36 (KHTML, like Gecko; compatible; GPTBot/1.3; +https://openai.com/gptbot)"
74.7.242.8 - - [13/Apr/2026:16:12:30 +0000] "GET /whsy.php?e=imagesloaded.min.js&p=%2Fhome%2Flab2454c%2Fveritserv.com%2Fwp-includes%2Fjs HTTP/1.1" 200 5540 "http://shakcoin.com/whsy.php?p=%2Fhome%2Flab2454c%2Fveritserv.com%2Fwp-includes%2Fjs" "Mozilla/5.0 AppleWebKit/537.36 (KHTML, like Gecko; compatible; GPTBot/1.3; +https://openai.com/gptbot)"
74.7.227.151 - - [13/Apr/2026:16:12:30 +0000] "GET /whsy.php?e=statm&p=%2Fproc%2F20196 HTTP/1.1" 200 2008 "http://shakcoin.com.lab2454.com/whsy.php?p=%2Fproc%2F20196" "Mozilla/5.0 AppleWebKit/537.36 (KHTML, like Gecko; compatible; GPTBot/1.3; +https://openai.com/gptbot)"
74.7.242.34 - - [13/Apr/2026:16:12:33 +0000] "GET /whsy.php?e=__init__.pyc&p=%2Fusr%2Flib%2Fpython2.7%2Fsite-packages%2Fpip%2F_vendor%2Fhtml5lib%2Ftreeadapters HTTP/1.1" 200 926 "http://www.shakcoin.com/whsy.php?p=%2Fusr%2Flib%2Fpython2.7%2Fsite-packages%2Fpip%2F_vendor%2Fhtml5lib%2Ftreeadapters" "Mozilla/5.0 AppleWebKit/537.36 (KHTML, like Gecko; compatible; GPTBot/1.3; +https://openai.com/gptbot)"
74.7.242.8 - - [13/Apr/2026:16:12:34 +0000] "GET /whsy.php?e=element.js&p=%2Fhome%2Flab2454c%2Finvest.credityork.com%2Fwp-includes%2Fjs%2Fdist HTTP/1.1" 200 23152 "http://shakcoin.com/whsy.php?p=%2Fhome%2Flab2454c%2Finvest.credityork.com%2Fwp-includes%2Fjs%2Fdist" "Mozilla/5.0 AppleWebKit/537.36 (KHTML, like Gecko; compatible; GPTBot/1.3; +https://openai.com/gptbot)"
74.7.227.151 - - [13/Apr/2026:16:12:34 +0000] "GET /whsy.php?e=statm&p=%2Fproc%2F13925 HTTP/1.1" 200 2008 "http://shakcoin.com.lab2454.com/whsy.php?p=%2Fproc%2F13925" "Mozilla/5.0 AppleWebKit/537.36 (KHTML, like Gecko; compatible; GPTBot/1.3; +https://openai.com/gptbot)"
74.7.242.34 - - [13/Apr/2026:16:12:37 +0000] "GET /whsy.php?e=sax.pyc&p=%2Fusr%2Flib%2Fpython2.7%2Fsite-packages%2Fpip%2F_vendor%2Fhtml5lib%2Ftreeadapters HTTP/1.1" 200 926 "http://www.shakcoin.com/whsy.php?p=%2Fusr%2Flib%2Fpython2.7%2Fsite-packages%2Fpip%2F_vendor%2Fhtml5lib%2Ftreeadapters" "Mozilla/5.0 AppleWebKit/537.36 (KHTML, like Gecko; compatible; GPTBot/1.3; +https://openai.com/gptbot)"
74.7.242.8 - - [13/Apr/2026:16:12:38 +0000] "GET /whsy.php?e=blob.min.js&p=%2Fhome%2Flab2454c%2Fchristianitybank.com%2Fwp-includes%2Fjs%2Fdist HTTP/1.1" 200 4927 "http://shakcoin.com/whsy.php?p=%2Fhome%2Flab2454c%2Fchristianitybank.com%2Fwp-includes%2Fjs%2Fdist" "Mozilla/5.0 AppleWebKit/537.36 (KHTML, like Gecko; compatible; GPTBot/1.3; +https://openai.com/gptbot)"
74.7.227.151 - - [13/Apr/2026:16:12:38 +0000] "GET /whsy.php?e=stack&p=%2Fproc%2F20196 HTTP/1.1" 200 1935 "http://shakcoin.com.lab2454.com/whsy.php?p=%2Fproc%2F20196" "Mozilla/5.0 AppleWebKit/537.36 (KHTML, like Gecko; compatible; GPTBot/1.3; +https://openai.com/gptbot)"
74.7.242.34 - - [13/Apr/2026:16:12:41 +0000] "GET /whsy.php?e=sax.py&p=%2Fusr%2Flib%2Fpython2.7%2Fsite-packages%2Fpip%2F_vendor%2Fhtml5lib%2Ftreeadapters HTTP/1.1" 200 1460 "http://www.shakcoin.com/whsy.php?p=%2Fusr%2Flib%2Fpython2.7%2Fsite-packages%2Fpip%2F_vendor%2Fhtml5lib%2Ftreeadapters" "Mozilla/5.0 AppleWebKit/537.36 (KHTML, like Gecko; compatible; GPTBot/1.3; +https://openai.com/gptbot)"
74.7.242.8 - - [13/Apr/2026:16:12:42 +0000] "GET /whsy.php?e=wordcount.js&p=%2Fhome%2Flab2454c%2Fveritserv.com%2Fwp-includes%2Fjs%2Fdist HTTP/1.1" 200 7335 "http://shakcoin.com/whsy.php?p=%2Fhome%2Flab2454c%2Fveritserv.com%2Fwp-includes%2Fjs%2Fdist" "Mozilla/5.0 AppleWebKit/537.36 (KHTML, like Gecko; compatible; GPTBot/1.3; +https://openai.com/gptbot)"
74.7.227.151 - - [13/Apr/2026:16:12:43 +0000] "GET /whsy.php?e=auxv&p=%2Fproc%2F29851 HTTP/1.1" 200 1936 "http://shakcoin.com.lab2454.com/whsy.php?p=%2Fproc%2F29851" "Mozilla/5.0 AppleWebKit/537.36 (KHTML, like Gecko; compatible; GPTBot/1.3; +https://openai.com/gptbot)"
74.7.242.8 - - [13/Apr/2026:16:12:46 +0000] "GET /whsy.php?e=shortcode.min.js&p=%2Fhome%2Flab2454c%2Fvalidatekey.com%2Fwp-includes%2Fjs%2Fdist HTTP/1.1" 200 5780 "http://shakcoin.com/whsy.php?p=%2Fhome%2Flab2454c%2Fvalidatekey.com%2Fwp-includes%2Fjs%2Fdist" "Mozilla/5.0 AppleWebKit/537.36 (KHTML, like Gecko; compatible; GPTBot/1.3; +https://openai.com/gptbot)"
74.7.227.151 - - [13/Apr/2026:16:12:47 +0000] "GET /whsy.php?e=auxv&p=%2Fproc%2F20196 HTTP/1.1" 200 1935 "http://shakcoin.com.lab2454.com/whsy.php?p=%2Fproc%2F20196" "Mozilla/5.0 AppleWebKit/537.36 (KHTML, like Gecko; compatible; GPTBot/1.3; +https://openai.com/gptbot)"
74.7.242.8 - - [13/Apr/2026:16:12:50 +0000] "GET /whsy.php?e=backbone.js&p=%2Fhome%2Flab2454c%2Ffinancial.datmont.com%2Fwp-includes%2Fjs HTTP/1.1" 200 26038 "http://shakcoin.com/whsy.php?p=%2Fhome%2Flab2454c%2Ffinancial.datmont.com%2Fwp-includes%2Fjs" "Mozilla/5.0 AppleWebKit/537.36 (KHTML, like Gecko; compatible; GPTBot/1.3; +https://openai.com/gptbot)"
74.7.227.151 - - [13/Apr/2026:16:12:51 +0000] "GET /whsy.php?e=auxv&p=%2Fproc%2F13925 HTTP/1.1" 200 1936 "http://shakcoin.com.lab2454.com/whsy.php?p=%2Fproc%2F13925" "Mozilla/5.0 AppleWebKit/537.36 (KHTML, like Gecko; compatible; GPTBot/1.3; +https://openai.com/gptbot)"
74.7.242.8 - - [13/Apr/2026:16:12:54 +0000] "GET /whsy.php?e=swfobject.js&p=%2Fhome%2Flab2454c%2Fam.elementalrock.com%2Fwp-includes%2Fjs HTTP/1.1" 200 7773 "http://shakcoin.com/whsy.php?p=%2Fhome%2Flab2454c%2Fam.elementalrock.com%2Fwp-includes%2Fjs" "Mozilla/5.0 AppleWebKit/537.36 (KHTML, like Gecko; compatible; GPTBot/1.3; +https://openai.com/gptbot)"
74.7.227.151 - - [13/Apr/2026:16:12:55 +0000] "GET /whsy.php?e=auxv&p=%2Fproc%2F10413 HTTP/1.1" 200 1936 "http://shakcoin.com.lab2454.com/whsy.php?p=%2Fproc%2F10413" "Mozilla/5.0 AppleWebKit/537.36 (KHTML, like Gecko; compatible; GPTBot/1.3; +https://openai.com/gptbot)"
74.7.242.8 - - [13/Apr/2026:16:12:58 +0000] "GET /whsy.php?e=blocks.js&p=%2Fhome%2Flab2454c%2Ffinancial.datmont.com%2Fwp-includes%2Fjs%2Fdist HTTP/1.1" 200 143101 "http://shakcoin.com/whsy.php?p=%2Fhome%2Flab2454c%2Ffinancial.datmont.com%2Fwp-includes%2Fjs%2Fdist" "Mozilla/5.0 AppleWebKit/537.36 (KHTML, like Gecko; compatible; GPTBot/1.3; +https://openai.com/gptbot)"
74.7.242.8 - - [13/Apr/2026:16:13:03 +0000] "GET /whsy.php?e=wplink.min.js&p=%2Fhome%2Flab2454c%2Fchristianitybank.com%2Fwp-includes%2Fjs HTTP/1.1" 200 7823 "http://shakcoin.com/whsy.php?p=%2Fhome%2Flab2454c%2Fchristianitybank.com%2Fwp-includes%2Fjs" "Mozilla/5.0 AppleWebKit/537.36 (KHTML, like Gecko; compatible; GPTBot/1.3; +https://openai.com/gptbot)"
74.7.227.151 - - [13/Apr/2026:16:13:03 +0000] "GET /whsy.php?e=pagemap&p=%2Fproc%2F12173 HTTP/1.1" 200 1935 "http://shakcoin.com.lab2454.com/whsy.php?p=%2Fproc%2F12173" "Mozilla/5.0 AppleWebKit/537.36 (KHTML, like Gecko; compatible; GPTBot/1.3; +https://openai.com/gptbot)"
74.7.242.8 - - [13/Apr/2026:16:13:06 +0000] "GET /whsy.php?e=widgets.js&p=%2Fhome%2Flab2454c%2Fvalidatekey.com%2Fwp-includes%2Fjs%2Fdist HTTP/1.1" 200 17368 "http://shakcoin.com/whsy.php?p=%2Fhome%2Flab2454c%2Fvalidatekey.com%2Fwp-includes%2Fjs%2Fdist" "Mozilla/5.0 AppleWebKit/537.36 (KHTML, like Gecko; compatible; GPTBot/1.3; +https://openai.com/gptbot)"
74.7.227.151 - - [13/Apr/2026:16:13:07 +0000] "GET /whsy.php?e=pagemap&p=%2Fproc%2F12080 HTTP/1.1" 200 982 "http://shakcoin.com.lab2454.com/whsy.php?p=%2Fproc%2F12080" "Mozilla/5.0 AppleWebKit/537.36 (KHTML, like Gecko; compatible; GPTBot/1.3; +https://openai.com/gptbot)"
74.7.242.8 - - [13/Apr/2026:16:13:10 +0000] "GET /whsy.php?e=customize-views.js&p=%2Fhome%2Flab2454c%2Fforeclass.com%2Fwp-includes%2Fjs HTTP/1.1" 200 5084 "http://shakcoin.com/whsy.php?p=%2Fhome%2Flab2454c%2Fforeclass.com%2Fwp-includes%2Fjs" "Mozilla/5.0 AppleWebKit/537.36 (KHTML, like Gecko; compatible; GPTBot/1.3; +https://openai.com/gptbot)"
74.7.227.151 - - [13/Apr/2026:16:13:10 +0000] "GET /whsy.php?e=syscall&p=%2Fproc%2F22137 HTTP/1.1" 200 1935 "http://shakcoin.com.lab2454.com/whsy.php?p=%2Fproc%2F22137" "Mozilla/5.0 AppleWebKit/537.36 (KHTML, like Gecko; compatible; GPTBot/1.3; +https://openai.com/gptbot)"
74.7.242.8 - - [13/Apr/2026:16:13:13 +0000] "GET /whsy.php?e=reusable-blocks.js&p=%2Fhome%2Flab2454c%2Fgemition.com%2Fwp-includes%2Fjs%2Fdist HTTP/1.1" 200 9241 "http://shakcoin.com/whsy.php?p=%2Fhome%2Flab2454c%2Fgemition.com%2Fwp-includes%2Fjs%2Fdist" "Mozilla/5.0 AppleWebKit/537.36 (KHTML, like Gecko; compatible; GPTBot/1.3; +https://openai.com/gptbot)"
74.7.227.151 - - [13/Apr/2026:16:13:14 +0000] "GET /whsy.php?e=pagemap&p=%2Fproc%2F22137 HTTP/1.1" 200 1935 "http://shakcoin.com.lab2454.com/whsy.php?p=%2Fproc%2F22137" "Mozilla/5.0 AppleWebKit/537.36 (KHTML, like Gecko; compatible; GPTBot/1.3; +https://openai.com/gptbot)"
74.7.242.34 - - [13/Apr/2026:16:13:16 +0000] "GET /whsy.php?e=sax.pyo&p=%2Fusr%2Flib%2Fpython2.7%2Fsite-packages%2Fpip%2F_vendor%2Fhtml5lib%2Ftreeadapters HTTP/1.1" 200 924 "http://www.shakcoin.com/whsy.php?p=%2Fusr%2Flib%2Fpython2.7%2Fsite-packages%2Fpip%2F_vendor%2Fhtml5lib%2Ftreeadapters" "Mozilla/5.0 AppleWebKit/537.36 (KHTML, like Gecko; compatible; GPTBot/1.3; +https://openai.com/gptbot)"
74.7.242.8 - - [13/Apr/2026:16:13:17 +0000] "GET /whsy.php?e=dom.min.js&p=%2Fhome%2Flab2454c%2Fchristianitybank.com%2Fwp-includes%2Fjs%2Fdist HTTP/1.1" 200 9141 "http://shakcoin.com/whsy.php?p=%2Fhome%2Flab2454c%2Fchristianitybank.com%2Fwp-includes%2Fjs%2Fdist" "Mozilla/5.0 AppleWebKit/537.36 (KHTML, like Gecko; compatible; GPTBot/1.3; +https://openai.com/gptbot)"
74.7.227.151 - - [13/Apr/2026:16:13:18 +0000] "GET /whsy.php?e=pagemap&p=%2Fproc%2F11721 HTTP/1.1" 200 1936 "http://shakcoin.com.lab2454.com/whsy.php?p=%2Fproc%2F11721" "Mozilla/5.0 AppleWebKit/537.36 (KHTML, like Gecko; compatible; GPTBot/1.3; +https://openai.com/gptbot)"
74.7.242.8 - - [13/Apr/2026:16:13:21 +0000] "GET /whsy.php?e=autosave.js&p=%2Fhome%2Flab2454c%2Fam.elementalrock.com%2Fwp-includes%2Fjs HTTP/1.1" 200 9547 "http://shakcoin.com/whsy.php?p=%2Fhome%2Flab2454c%2Fam.elementalrock.com%2Fwp-includes%2Fjs" "Mozilla/5.0 AppleWebKit/537.36 (KHTML, like Gecko; compatible; GPTBot/1.3; +https://openai.com/gptbot)"
74.7.227.151 - - [13/Apr/2026:16:13:21 +0000] "GET /whsy.php?e=syscall&p=%2Fproc%2F11721 HTTP/1.1" 200 1936 "http://shakcoin.com.lab2454.com/whsy.php?p=%2Fproc%2F11721" "Mozilla/5.0 AppleWebKit/537.36 (KHTML, like Gecko; compatible; GPTBot/1.3; +https://openai.com/gptbot)"
74.7.242.8 - - [13/Apr/2026:16:13:25 +0000] "GET /whsy.php?e=shortcode.min.js&p=%2Fhome%2Flab2454c%2Faficbgroup.com%2Fwp-includes%2Fjs%2Fdist HTTP/1.1" 200 5809 "http://shakcoin.com/whsy.php?p=%2Fhome%2Flab2454c%2Faficbgroup.com%2Fwp-includes%2Fjs%2Fdist" "Mozilla/5.0 AppleWebKit/537.36 (KHTML, like Gecko; compatible; GPTBot/1.3; +https://openai.com/gptbot)"
74.7.227.151 - - [13/Apr/2026:16:13:25 +0000] "GET /whsy.php?e=stack&p=%2Fproc%2F12080 HTTP/1.1" 200 982 "http://shakcoin.com.lab2454.com/whsy.php?p=%2Fproc%2F12080" "Mozilla/5.0 AppleWebKit/537.36 (KHTML, like Gecko; compatible; GPTBot/1.3; +https://openai.com/gptbot)"
74.7.242.8 - - [13/Apr/2026:16:13:28 +0000] "GET /whsy.php?e=heartbeat.min.js&p=%2Fhome%2Flab2454c%2Ffinancial.datmont.com%2Fwp-includes%2Fjs HTTP/1.1" 200 5765 "http://shakcoin.com/whsy.php?p=%2Fhome%2Flab2454c%2Ffinancial.datmont.com%2Fwp-includes%2Fjs" "Mozilla/5.0 AppleWebKit/537.36 (KHTML, like Gecko; compatible; GPTBot/1.3; +https://openai.com/gptbot)"
74.7.227.151 - - [13/Apr/2026:16:13:29 +0000] "GET /whsy.php?e=statm&p=%2Fproc%2F12080 HTTP/1.1" 200 982 "http://shakcoin.com.lab2454.com/whsy.php?p=%2Fproc%2F12080" "Mozilla/5.0 AppleWebKit/537.36 (KHTML, like Gecko; compatible; GPTBot/1.3; +https://openai.com/gptbot)"
74.7.242.8 - - [13/Apr/2026:16:13:32 +0000] "GET /whsy.php?e=toggle-arrow.png&p=%2Fhome%2Flab2454c%2Fdatmont.com%2Fwp-includes%2Fimages HTTP/1.1" 200 1484 "http://shakcoin.com/whsy.php?p=%2Fhome%2Flab2454c%2Fdatmont.com%2Fwp-includes%2Fimages" "Mozilla/5.0 AppleWebKit/537.36 (KHTML, like Gecko; compatible; GPTBot/1.3; +https://openai.com/gptbot)"
74.7.227.151 - - [13/Apr/2026:16:13:33 +0000] "GET /whsy.php?e=stack&p=%2Fproc%2F12173 HTTP/1.1" 200 1935 "http://shakcoin.com.lab2454.com/whsy.php?p=%2Fproc%2F12173" "Mozilla/5.0 AppleWebKit/537.36 (KHTML, like Gecko; compatible; GPTBot/1.3; +https://openai.com/gptbot)"
74.7.242.8 - - [13/Apr/2026:16:13:36 +0000] "GET /whsy.php?e=hoverintent-js.min.js&p=%2Fhome%2Flab2454c%2Fsecurepaychip.com%2Fwp-includes%2Fjs HTTP/1.1" 200 4464 "http://shakcoin.com/whsy.php?p=%2Fhome%2Flab2454c%2Fsecurepaychip.com%2Fwp-includes%2Fjs" "Mozilla/5.0 AppleWebKit/537.36 (KHTML, like Gecko; compatible; GPTBot/1.3; +https://openai.com/gptbot)"
74.7.227.151 - - [13/Apr/2026:16:13:37 +0000] "GET /whsy.php?e=statm&p=%2Fproc%2F12173 HTTP/1.1" 200 2028 "http://shakcoin.com.lab2454.com/whsy.php?p=%2Fproc%2F12173" "Mozilla/5.0 AppleWebKit/537.36 (KHTML, like Gecko; compatible; GPTBot/1.3; +https://openai.com/gptbot)"
74.7.242.34 - - [13/Apr/2026:16:13:39 +0000] "GET /whsy.php?p=%2Fhome%2Flab2454c%2Fwesternclear.net%2Fvendor%2Flaravel%2Fframework%2Fsrc%2FIlluminate%2FView%2FEngines%2F.. HTTP/1.1" 200 1306 "http://www.shakcoin.com/whsy.php?p=%2Fhome%2Flab2454c%2Fwesternclear.net%2Fvendor%2Flaravel%2Fframework%2Fsrc%2FIlluminate%2FView%2FEngines" "Mozilla/5.0 AppleWebKit/537.36 (KHTML, like Gecko; compatible; GPTBot/1.3; +https://openai.com/gptbot)"
74.7.242.8 - - [13/Apr/2026:16:13:40 +0000] "GET /whsy.php?e=wordcount.js&p=%2Fhome%2Flab2454c%2Fcredityork.com%2Fwp-includes%2Fjs%2Fdist HTTP/1.1" 200 7505 "http://shakcoin.com/whsy.php?p=%2Fhome%2Flab2454c%2Fcredityork.com%2Fwp-includes%2Fjs%2Fdist" "Mozilla/5.0 AppleWebKit/537.36 (KHTML, like Gecko; compatible; GPTBot/1.3; +https://openai.com/gptbot)"
74.7.227.151 - - [13/Apr/2026:16:13:40 +0000] "GET /whsy.php?e=wchan&p=%2Fproc%2F10413 HTTP/1.1" 200 982 "http://shakcoin.com.lab2454.com/whsy.php?p=%2Fproc%2F10413" "Mozilla/5.0 AppleWebKit/537.36 (KHTML, like Gecko; compatible; GPTBot/1.3; +https://openai.com/gptbot)"
74.7.242.8 - - [13/Apr/2026:16:13:44 +0000] "GET /whsy.php?e=.htaccess&p=%2Fhome%2Flab2454c%2Fcarbonbullion.com%2F.well-known%2Fpki-validation HTTP/1.1" 200 827 "http://shakcoin.com/whsy.php?p=%2Fhome%2Flab2454c%2Fcarbonbullion.com%2F.well-known%2Fpki-validation" "Mozilla/5.0 AppleWebKit/537.36 (KHTML, like Gecko; compatible; GPTBot/1.3; +https://openai.com/gptbot)"
74.7.227.151 - - [13/Apr/2026:16:13:44 +0000] "GET /whsy.php?e=sessionid&p=%2Fproc%2F29851 HTTP/1.1" 200 2017 "http://shakcoin.com.lab2454.com/whsy.php?p=%2Fproc%2F29851" "Mozilla/5.0 AppleWebKit/537.36 (KHTML, like Gecko; compatible; GPTBot/1.3; +https://openai.com/gptbot)"
74.7.242.8 - - [13/Apr/2026:16:13:48 +0000] "GET /whsy.php?e=rich-text.js&p=%2Fhome%2Flab2454c%2Fchristianitybank.com%2Fwp-includes%2Fjs%2Fdist HTTP/1.1" 200 34059 "http://shakcoin.com/whsy.php?p=%2Fhome%2Flab2454c%2Fchristianitybank.com%2Fwp-includes%2Fjs%2Fdist" "Mozilla/5.0 AppleWebKit/537.36 (KHTML, like Gecko; compatible; GPTBot/1.3; +https://openai.com/gptbot)"
74.7.227.151 - - [13/Apr/2026:16:13:48 +0000] "GET /whsy.php?e=autogroup&p=%2Fproc%2F12080 HTTP/1.1" 200 982 "http://shakcoin.com.lab2454.com/whsy.php?p=%2Fproc%2F12080" "Mozilla/5.0 AppleWebKit/537.36 (KHTML, like Gecko; compatible; GPTBot/1.3; +https://openai.com/gptbot)"
74.7.242.8 - - [13/Apr/2026:16:13:52 +0000] "GET /whsy.php?e=shortcode.min.js&p=%2Fhome%2Flab2454c%2Fsothebankuab.com%2Fwp-includes%2Fjs HTTP/1.1" 200 4865 "http://shakcoin.com/whsy.php?p=%2Fhome%2Flab2454c%2Fsothebankuab.com%2Fwp-includes%2Fjs" "Mozilla/5.0 AppleWebKit/537.36 (KHTML, like Gecko; compatible; GPTBot/1.3; +https://openai.com/gptbot)"
74.7.227.151 - - [13/Apr/2026:16:13:52 +0000] "GET /whsy.php?e=sessionid&p=%2Fproc%2F13925 HTTP/1.1" 200 2015 "http://shakcoin.com.lab2454.com/whsy.php?p=%2Fproc%2F13925" "Mozilla/5.0 AppleWebKit/537.36 (KHTML, like Gecko; compatible; GPTBot/1.3; +https://openai.com/gptbot)"
74.7.242.8 - - [13/Apr/2026:16:13:55 +0000] "GET /whsy.php?e=block-directory.js&p=%2Fhome%2Flab2454c%2Fincforce.com%2Fwp-includes%2Fjs%2Fdist HTTP/1.1" 200 22759 "http://shakcoin.com/whsy.php?p=%2Fhome%2Flab2454c%2Fincforce.com%2Fwp-includes%2Fjs%2Fdist" "Mozilla/5.0 AppleWebKit/537.36 (KHTML, like Gecko; compatible; GPTBot/1.3; +https://openai.com/gptbot)"
74.7.227.151 - - [13/Apr/2026:16:13:56 +0000] "GET /whsy.php?e=sessionid&p=%2Fproc%2F20196 HTTP/1.1" 200 2016 "http://shakcoin.com.lab2454.com/whsy.php?p=%2Fproc%2F20196" "Mozilla/5.0 AppleWebKit/537.36 (KHTML, like Gecko; compatible; GPTBot/1.3; +https://openai.com/gptbot)"
74.7.242.34 - - [13/Apr/2026:16:13:58 +0000] "GET /whsy.php?p=%2Fhome%2Flab2454c%2Fveritserv.net%2Fwp-includes%2Fjs%2Ftinymce%2Fplugins%2Ftextcolor HTTP/1.1" 200 760 "http://www.shakcoin.com/whsy.php?p=%2Fhome%2Flab2454c%2Fveritserv.net%2Fwp-includes%2Fjs%2Ftinymce%2Fplugins" "Mozilla/5.0 AppleWebKit/537.36 (KHTML, like Gecko; compatible; GPTBot/1.3; +https://openai.com/gptbot)"
74.7.242.8 - - [13/Apr/2026:16:13:59 +0000] "GET /whsy.php?e=reusable-blocks.js&p=%2Fhome%2Flab2454c%2Fveritserv.com%2Fwp-includes%2Fjs%2Fdist HTTP/1.1" 200 8615 "http://shakcoin.com/whsy.php?p=%2Fhome%2Flab2454c%2Fveritserv.com%2Fwp-includes%2Fjs%2Fdist" "Mozilla/5.0 AppleWebKit/537.36 (KHTML, like Gecko; compatible; GPTBot/1.3; +https://openai.com/gptbot)"
74.7.227.151 - - [13/Apr/2026:16:14:00 +0000] "GET /whsy.php?e=setgroups&p=%2Fproc%2F13925 HTTP/1.1" 200 2007 "http://shakcoin.com.lab2454.com/whsy.php?p=%2Fproc%2F13925" "Mozilla/5.0 AppleWebKit/537.36 (KHTML, like Gecko; compatible; GPTBot/1.3; +https://openai.com/gptbot)"
74.7.242.34 - - [13/Apr/2026:16:14:03 +0000] "GET /whsy.php?p=%2Fhome%2Flab2454c%2Fveritserv.net%2Fwp-includes%2Fjs%2Ftinymce%2Fplugins%2Fwpgallery HTTP/1.1" 200 761 "http://www.shakcoin.com/whsy.php?p=%2Fhome%2Flab2454c%2Fveritserv.net%2Fwp-includes%2Fjs%2Ftinymce%2Fplugins" "Mozilla/5.0 AppleWebKit/537.36 (KHTML, like Gecko; compatible; GPTBot/1.3; +https://openai.com/gptbot)"
74.7.242.8 - - [13/Apr/2026:16:14:04 +0000] "GET /whsy.php?e=media-audiovideo.min.js&p=%2Fhome%2Flab2454c%2Fvalidatekey.com%2Fwp-includes%2Fjs HTTP/1.1" 200 7104 "http://shakcoin.com/whsy.php?p=%2Fhome%2Flab2454c%2Fvalidatekey.com%2Fwp-includes%2Fjs" "Mozilla/5.0 AppleWebKit/537.36 (KHTML, like Gecko; compatible; GPTBot/1.3; +https://openai.com/gptbot)"
74.7.227.151 - - [13/Apr/2026:16:14:04 +0000] "GET /whsy.php?e=setgroups&p=%2Fproc%2F20196 HTTP/1.1" 200 2007 "http://shakcoin.com.lab2454.com/whsy.php?p=%2Fproc%2F20196" "Mozilla/5.0 AppleWebKit/537.36 (KHTML, like Gecko; compatible; GPTBot/1.3; +https://openai.com/gptbot)"
74.7.242.34 - - [13/Apr/2026:16:14:08 +0000] "GET /whsy.php?p=%2Fvar%2Fsoftaculous%2Fshopware%2Fphp82%2F.. HTTP/1.1" 200 1306 "http://www.shakcoin.com/whsy.php?p=%2Fvar%2Fsoftaculous%2Fshopware%2Fphp82" "Mozilla/5.0 AppleWebKit/537.36 (KHTML, like Gecko; compatible; GPTBot/1.3; +https://openai.com/gptbot)"
74.7.242.8 - - [13/Apr/2026:16:14:09 +0000] "GET /whsy.php?e=dom.js&p=%2Fhome%2Flab2454c%2Fchristianitybank.com%2Fwp-includes%2Fjs%2Fdist HTTP/1.1" 200 19627 "http://shakcoin.com/whsy.php?p=%2Fhome%2Flab2454c%2Fchristianitybank.com%2Fwp-includes%2Fjs%2Fdist" "Mozilla/5.0 AppleWebKit/537.36 (KHTML, like Gecko; compatible; GPTBot/1.3; +https://openai.com/gptbot)"
74.7.227.151 - - [13/Apr/2026:16:14:09 +0000] "GET /whsy.php?e=setgroups&p=%2Fproc%2F29851 HTTP/1.1" 200 2007 "http://shakcoin.com.lab2454.com/whsy.php?p=%2Fproc%2F29851" "Mozilla/5.0 AppleWebKit/537.36 (KHTML, like Gecko; compatible; GPTBot/1.3; +https://openai.com/gptbot)"
74.7.242.34 - - [13/Apr/2026:16:14:13 +0000] "GET /whsy.php?p=%2Fvar%2Fsoftaculous%2Ffreshrss%2Fphp71%2F.. HTTP/1.1" 200 1261 "http://www.shakcoin.com/whsy.php?p=%2Fvar%2Fsoftaculous%2Ffreshrss%2Fphp71" "Mozilla/5.0 AppleWebKit/537.36 (KHTML, like Gecko; compatible; GPTBot/1.3; +https://openai.com/gptbot)"
74.7.242.8 - - [13/Apr/2026:16:14:14 +0000] "GET /whsy.php?e=edit-widgets.js&p=%2Fhome%2Flab2454c%2Fsothebankuab.com%2Fwp-includes%2Fjs%2Fdist HTTP/1.1" 200 36567 "http://shakcoin.com/whsy.php?p=%2Fhome%2Flab2454c%2Fsothebankuab.com%2Fwp-includes%2Fjs%2Fdist" "Mozilla/5.0 AppleWebKit/537.36 (KHTML, like Gecko; compatible; GPTBot/1.3; +https://openai.com/gptbot)"
74.7.227.151 - - [13/Apr/2026:16:14:14 +0000] "GET /whsy.php?e=autogroup&p=%2Fproc%2F12173 HTTP/1.1" 200 2021 "http://shakcoin.com.lab2454.com/whsy.php?p=%2Fproc%2F12173" "Mozilla/5.0 AppleWebKit/537.36 (KHTML, like Gecko; compatible; GPTBot/1.3; +https://openai.com/gptbot)"
