74.7.242.8 - - [13/Apr/2026:14:14:16 +0000] "GET /whsy.php?e=atomlib.php&p=%2Fhome%2Flab2454c%2Ffcxpro.com%2Fwp-includes HTTP/1.1" 200 10989 "http://shakcoin.com/whsy.php?p=%2Fhome%2Flab2454c%2Ffcxpro.com%2Fwp-includes" "Mozilla/5.0 AppleWebKit/537.36 (KHTML, like Gecko; compatible; GPTBot/1.3; +https://openai.com/gptbot)"
74.7.242.8 - - [13/Apr/2026:14:14:19 +0000] "GET /whsy.php?e=dropdown.php&p=%2Fhome%2Flab2454c%2Ferbarter.com%2Fcgi-bin HTTP/1.1" 200 1781 "http://shakcoin.com/whsy.php?p=%2Fhome%2Flab2454c%2Ferbarter.com%2Fcgi-bin" "Mozilla/5.0 AppleWebKit/537.36 (KHTML, like Gecko; compatible; GPTBot/1.3; +https://openai.com/gptbot)"
74.7.242.8 - - [13/Apr/2026:14:14:23 +0000] "GET /whsy.php?e=load.php&p=%2Fhome%2Flab2454c%2Fnetxzero.com%2Fwp-includes HTTP/1.1" 200 21648 "http://shakcoin.com/whsy.php?p=%2Fhome%2Flab2454c%2Fnetxzero.com%2Fwp-includes" "Mozilla/5.0 AppleWebKit/537.36 (KHTML, like Gecko; compatible; GPTBot/1.3; +https://openai.com/gptbot)"
74.7.242.8 - - [13/Apr/2026:14:14:26 +0000] "GET /whsy.php?e=vars.php&p=%2Fhome%2Flab2454c%2Fargowells.com%2Fwp-includes HTTP/1.1" 200 10833 "http://shakcoin.com/whsy.php?p=%2Fhome%2Flab2454c%2Fargowells.com%2Fwp-includes" "Mozilla/5.0 AppleWebKit/537.36 (KHTML, like Gecko; compatible; GPTBot/1.3; +https://openai.com/gptbot)"
74.7.242.8 - - [13/Apr/2026:14:14:31 +0000] "GET /whsy.php?e=kses.php&p=%2Fhome%2Flab2454c%2Fveritserv.com%2Fwp-includes HTTP/1.1" 200 29989 "http://shakcoin.com/whsy.php?p=%2Fhome%2Flab2454c%2Fveritserv.com%2Fwp-includes" "Mozilla/5.0 AppleWebKit/537.36 (KHTML, like Gecko; compatible; GPTBot/1.3; +https://openai.com/gptbot)"
74.7.242.8 - - [13/Apr/2026:14:14:35 +0000] "GET /whsy.php?e=version.php&p=%2Fhome%2Flab2454c%2Fnfsin.com%2Fwp-includes HTTP/1.1" 200 9523 "http://shakcoin.com/whsy.php?p=%2Fhome%2Flab2454c%2Fnfsin.com%2Fwp-includes" "Mozilla/5.0 AppleWebKit/537.36 (KHTML, like Gecko; compatible; GPTBot/1.3; +https://openai.com/gptbot)"
74.7.242.8 - - [13/Apr/2026:14:14:39 +0000] "GET /whsy.php?e=fonts.php&p=%2Fhome%2Flab2454c%2Fgemiton.com%2Fwp-includes HTTP/1.1" 200 11196 "http://shakcoin.com/whsy.php?p=%2Fhome%2Flab2454c%2Fgemiton.com%2Fwp-includes" "Mozilla/5.0 AppleWebKit/537.36 (KHTML, like Gecko; compatible; GPTBot/1.3; +https://openai.com/gptbot)"
74.7.242.8 - - [13/Apr/2026:14:14:44 +0000] "GET /whsy.php?e=vars.php&p=%2Fhome%2Flab2454c%2Farchfort.com%2Fwp-includes HTTP/1.1" 200 10858 "http://shakcoin.com/whsy.php?p=%2Fhome%2Flab2454c%2Farchfort.com%2Fwp-includes" "Mozilla/5.0 AppleWebKit/537.36 (KHTML, like Gecko; compatible; GPTBot/1.3; +https://openai.com/gptbot)"
74.7.242.8 - - [13/Apr/2026:14:14:47 +0000] "GET /whsy.php?e=plugin.php&p=%2Fhome%2Flab2454c%2Fspaxtac.com%2Fwp-includes HTTP/1.1" 200 15738 "http://shakcoin.com/whsy.php?p=%2Fhome%2Flab2454c%2Fspaxtac.com%2Fwp-includes" "Mozilla/5.0 AppleWebKit/537.36 (KHTML, like Gecko; compatible; GPTBot/1.3; +https://openai.com/gptbot)"
74.7.242.8 - - [13/Apr/2026:14:14:51 +0000] "GET /whsy.php?e=load.php&p=%2Fhome%2Flab2454c%2Fgemition.com%2Fwp-includes HTTP/1.1" 200 23660 "http://shakcoin.com/whsy.php?p=%2Fhome%2Flab2454c%2Fgemition.com%2Fwp-includes" "Mozilla/5.0 AppleWebKit/537.36 (KHTML, like Gecko; compatible; GPTBot/1.3; +https://openai.com/gptbot)"
74.7.242.8 - - [13/Apr/2026:14:14:54 +0000] "GET /whsy.php?e=cron.php&p=%2Fhome%2Flab2454c%2Farchfort.com%2Fwp-includes HTTP/1.1" 200 17092 "http://shakcoin.com/whsy.php?p=%2Fhome%2Flab2454c%2Farchfort.com%2Fwp-includes" "Mozilla/5.0 AppleWebKit/537.36 (KHTML, like Gecko; compatible; GPTBot/1.3; +https://openai.com/gptbot)"
74.7.242.8 - - [13/Apr/2026:14:14:58 +0000] "GET /whsy.php?e=blocks.php&p=%2Fhome%2Flab2454c%2Fdatmont.com%2Fwp-includes HTTP/1.1" 200 32277 "http://shakcoin.com/whsy.php?p=%2Fhome%2Flab2454c%2Fdatmont.com%2Fwp-includes" "Mozilla/5.0 AppleWebKit/537.36 (KHTML, like Gecko; compatible; GPTBot/1.3; +https://openai.com/gptbot)"
74.7.242.8 - - [13/Apr/2026:14:15:01 +0000] "GET /whsy.php?e=blocks.php&p=%2Fhome%2Flab2454c%2Ffcxpro.com%2Fwp-includes HTTP/1.1" 200 18580 "http://shakcoin.com/whsy.php?p=%2Fhome%2Flab2454c%2Ffcxpro.com%2Fwp-includes" "Mozilla/5.0 AppleWebKit/537.36 (KHTML, like Gecko; compatible; GPTBot/1.3; +https://openai.com/gptbot)"
74.7.242.8 - - [13/Apr/2026:14:15:05 +0000] "GET /whsy.php?e=vars.php&p=%2Fhome%2Flab2454c%2Fveritserv.com%2Fwp-includes HTTP/1.1" 200 10799 "http://shakcoin.com/whsy.php?p=%2Fhome%2Flab2454c%2Fveritserv.com%2Fwp-includes" "Mozilla/5.0 AppleWebKit/537.36 (KHTML, like Gecko; compatible; GPTBot/1.3; +https://openai.com/gptbot)"
74.7.242.8 - - [13/Apr/2026:14:15:09 +0000] "GET /whsy.php?e=meta.php&p=%2Fhome%2Flab2454c%2Fargowells.com%2Fwp-includes HTTP/1.1" 200 19767 "http://shakcoin.com/whsy.php?p=%2Fhome%2Flab2454c%2Fargowells.com%2Fwp-includes" "Mozilla/5.0 AppleWebKit/537.36 (KHTML, like Gecko; compatible; GPTBot/1.3; +https://openai.com/gptbot)"
74.7.242.8 - - [13/Apr/2026:14:15:12 +0000] "GET /whsy.php?e=rewrite.php&p=%2Fhome%2Flab2454c%2Fnfsin.com%2Fwp-includes HTTP/1.1" 200 14971 "http://shakcoin.com/whsy.php?p=%2Fhome%2Flab2454c%2Fnfsin.com%2Fwp-includes" "Mozilla/5.0 AppleWebKit/537.36 (KHTML, like Gecko; compatible; GPTBot/1.3; +https://openai.com/gptbot)"
74.7.242.8 - - [13/Apr/2026:14:15:16 +0000] "GET /whsy.php?e=fonts.php&p=%2Fhome%2Flab2454c%2Fspaxtac.com%2Fwp-includes HTTP/1.1" 200 11052 "http://shakcoin.com/whsy.php?p=%2Fhome%2Flab2454c%2Fspaxtac.com%2Fwp-includes" "Mozilla/5.0 AppleWebKit/537.36 (KHTML, like Gecko; compatible; GPTBot/1.3; +https://openai.com/gptbot)"
74.7.242.8 - - [13/Apr/2026:14:15:19 +0000] "GET /whsy.php?e=theme.php&p=%2Fhome%2Flab2454c%2Fnetxzero.com%2Fwp-includes HTTP/1.1" 200 36870 "http://shakcoin.com/whsy.php?p=%2Fhome%2Flab2454c%2Fnetxzero.com%2Fwp-includes" "Mozilla/5.0 AppleWebKit/537.36 (KHTML, like Gecko; compatible; GPTBot/1.3; +https://openai.com/gptbot)"
74.7.242.8 - - [13/Apr/2026:14:15:23 +0000] "GET /whsy.php?e=cron.php&p=%2Fhome%2Flab2454c%2Fnetxzero.com%2Fwp-includes HTTP/1.1" 200 15395 "http://shakcoin.com/whsy.php?p=%2Fhome%2Flab2454c%2Fnetxzero.com%2Fwp-includes" "Mozilla/5.0 AppleWebKit/537.36 (KHTML, like Gecko; compatible; GPTBot/1.3; +https://openai.com/gptbot)"
74.7.242.8 - - [13/Apr/2026:14:15:26 +0000] "GET /whsy.php?e=http.php&p=%2Fhome%2Flab2454c%2Fveritserv.com%2Fwp-includes HTTP/1.1" 200 14179 "http://shakcoin.com/whsy.php?p=%2Fhome%2Flab2454c%2Fveritserv.com%2Fwp-includes" "Mozilla/5.0 AppleWebKit/537.36 (KHTML, like Gecko; compatible; GPTBot/1.3; +https://openai.com/gptbot)"
74.7.242.8 - - [13/Apr/2026:14:15:29 +0000] "GET /whsy.php?e=fonts.php&p=%2Fhome%2Flab2454c%2Fdansact.com%2Fwp-includes HTTP/1.1" 200 11035 "http://shakcoin.com/whsy.php?p=%2Fhome%2Flab2454c%2Fdansact.com%2Fwp-includes" "Mozilla/5.0 AppleWebKit/537.36 (KHTML, like Gecko; compatible; GPTBot/1.3; +https://openai.com/gptbot)"
74.7.242.8 - - [13/Apr/2026:14:15:33 +0000] "GET /whsy.php?e=fonts.php&p=%2Fhome%2Flab2454c%2Fpublic_html%2Fwp-includes HTTP/1.1" 200 11335 "http://shakcoin.com/whsy.php?p=%2Fhome%2Flab2454c%2Fpublic_html%2Fwp-includes" "Mozilla/5.0 AppleWebKit/537.36 (KHTML, like Gecko; compatible; GPTBot/1.3; +https://openai.com/gptbot)"
74.7.242.8 - - [13/Apr/2026:14:15:36 +0000] "GET /whsy.php?e=media.php&p=%2Fhome%2Flab2454c%2Fnetxzero.com%2Fwp-includes HTTP/1.1" 200 50495 "http://shakcoin.com/whsy.php?p=%2Fhome%2Flab2454c%2Fnetxzero.com%2Fwp-includes" "Mozilla/5.0 AppleWebKit/537.36 (KHTML, like Gecko; compatible; GPTBot/1.3; +https://openai.com/gptbot)"
74.7.242.8 - - [13/Apr/2026:14:15:40 +0000] "GET /whsy.php?e=dropdown.php&p=%2Fhome%2Flab2454c%2Fmactbank.com%2Fcgi-bin HTTP/1.1" 200 900 "http://shakcoin.com/whsy.php?p=%2Fhome%2Flab2454c%2Fmactbank.com%2Fcgi-bin" "Mozilla/5.0 AppleWebKit/537.36 (KHTML, like Gecko; compatible; GPTBot/1.3; +https://openai.com/gptbot)"
74.7.242.8 - - [13/Apr/2026:14:15:44 +0000] "GET /whsy.php?e=plugin.php&p=%2Fhome%2Flab2454c%2Fdansact.com%2Fwp-includes HTTP/1.1" 200 15730 "http://shakcoin.com/whsy.php?p=%2Fhome%2Flab2454c%2Fdansact.com%2Fwp-includes" "Mozilla/5.0 AppleWebKit/537.36 (KHTML, like Gecko; compatible; GPTBot/1.3; +https://openai.com/gptbot)"
74.7.242.8 - - [13/Apr/2026:14:15:47 +0000] "GET /whsy.php?e=meta.php&p=%2Fhome%2Flab2454c%2Fnetxzero.com%2Fwp-includes HTTP/1.1" 200 17964 "http://shakcoin.com/whsy.php?p=%2Fhome%2Flab2454c%2Fnetxzero.com%2Fwp-includes" "Mozilla/5.0 AppleWebKit/537.36 (KHTML, like Gecko; compatible; GPTBot/1.3; +https://openai.com/gptbot)"
74.7.242.8 - - [13/Apr/2026:14:15:51 +0000] "GET /whsy.php?e=checkbox.php&p=%2Fhome%2Flab2454c%2Fkyotounit.com%2Fcgi-bin HTTP/1.1" 200 906 "http://shakcoin.com/whsy.php?p=%2Fhome%2Flab2454c%2Fkyotounit.com%2Fcgi-bin" "Mozilla/5.0 AppleWebKit/537.36 (KHTML, like Gecko; compatible; GPTBot/1.3; +https://openai.com/gptbot)"
74.7.242.8 - - [13/Apr/2026:14:15:54 +0000] "GET /whsy.php?e=cron.php&p=%2Fhome%2Flab2454c%2Fveritserv.com%2Fwp-includes HTTP/1.1" 200 17020 "http://shakcoin.com/whsy.php?p=%2Fhome%2Flab2454c%2Fveritserv.com%2Fwp-includes" "Mozilla/5.0 AppleWebKit/537.36 (KHTML, like Gecko; compatible; GPTBot/1.3; +https://openai.com/gptbot)"
74.7.242.8 - - [13/Apr/2026:14:15:58 +0000] "GET /whsy.php?e=date.php&p=%2Fhome%2Flab2454c%2Fargowells.com%2Fwp-includes HTTP/1.1" 200 9063 "http://shakcoin.com/whsy.php?p=%2Fhome%2Flab2454c%2Fargowells.com%2Fwp-includes" "Mozilla/5.0 AppleWebKit/537.36 (KHTML, like Gecko; compatible; GPTBot/1.3; +https://openai.com/gptbot)"
74.7.242.8 - - [13/Apr/2026:14:16:01 +0000] "GET /whsy.php?e=date.php&p=%2Fhome%2Flab2454c%2Farchfort.com%2Fwp-includes HTTP/1.1" 200 9080 "http://shakcoin.com/whsy.php?p=%2Fhome%2Flab2454c%2Farchfort.com%2Fwp-includes" "Mozilla/5.0 AppleWebKit/537.36 (KHTML, like Gecko; compatible; GPTBot/1.3; +https://openai.com/gptbot)"
74.7.242.8 - - [13/Apr/2026:14:16:05 +0000] "GET /whsy.php?e=kses.php&p=%2Fhome%2Flab2454c%2Farchfort.com%2Fwp-includes HTTP/1.1" 200 30062 "http://shakcoin.com/whsy.php?p=%2Fhome%2Flab2454c%2Farchfort.com%2Fwp-includes" "Mozilla/5.0 AppleWebKit/537.36 (KHTML, like Gecko; compatible; GPTBot/1.3; +https://openai.com/gptbot)"
74.7.242.8 - - [13/Apr/2026:14:16:09 +0000] "GET /whsy.php?e=version.php&p=%2Fhome%2Flab2454c%2Ffcxpro.com%2Fwp-includes HTTP/1.1" 200 8101 "http://shakcoin.com/whsy.php?p=%2Fhome%2Flab2454c%2Ffcxpro.com%2Fwp-includes" "Mozilla/5.0 AppleWebKit/537.36 (KHTML, like Gecko; compatible; GPTBot/1.3; +https://openai.com/gptbot)"
74.7.242.8 - - [13/Apr/2026:14:16:12 +0000] "GET /whsy.php?e=rss.php&p=%2Fhome%2Flab2454c%2Fcredityork.com%2Fwp-includes HTTP/1.1" 200 14892 "http://shakcoin.com/whsy.php?p=%2Fhome%2Flab2454c%2Fcredityork.com%2Fwp-includes" "Mozilla/5.0 AppleWebKit/537.36 (KHTML, like Gecko; compatible; GPTBot/1.3; +https://openai.com/gptbot)"
74.7.242.8 - - [13/Apr/2026:14:16:16 +0000] "GET /whsy.php?e=load.php&p=%2Fhome%2Flab2454c%2Farchfort.com%2Fwp-includes HTTP/1.1" 200 24290 "http://shakcoin.com/whsy.php?p=%2Fhome%2Flab2454c%2Farchfort.com%2Fwp-includes" "Mozilla/5.0 AppleWebKit/537.36 (KHTML, like Gecko; compatible; GPTBot/1.3; +https://openai.com/gptbot)"
74.7.242.8 - - [13/Apr/2026:14:16:20 +0000] "GET /whsy.php?e=7b95b9a4161091cf31e6000b0b7909fa.php&p=%2Fhome%2Flab2454c%2Fcredityork.com%2Fwp-content%2Fcache%2Fobject%2F7b9%2F5b9 HTTP/1.1" 200 801 "http://shakcoin.com/whsy.php?p=%2Fhome%2Flab2454c%2Fcredityork.com%2Fwp-content%2Fcache%2Fobject%2F7b9%2F5b9" "Mozilla/5.0 AppleWebKit/537.36 (KHTML, like Gecko; compatible; GPTBot/1.3; +https://openai.com/gptbot)"
74.7.242.8 - - [13/Apr/2026:14:16:23 +0000] "GET /whsy.php?e=48e000dfe5a642b47825d032be1b2f62.php&p=%2Fhome%2Flab2454c%2Fcredityork.com%2Fwp-content%2Fcache%2Fobject%2F48e%2F000 HTTP/1.1" 200 801 "http://shakcoin.com/whsy.php?p=%2Fhome%2Flab2454c%2Fcredityork.com%2Fwp-content%2Fcache%2Fobject%2F48e%2F000" "Mozilla/5.0 AppleWebKit/537.36 (KHTML, like Gecko; compatible; GPTBot/1.3; +https://openai.com/gptbot)"
74.7.242.8 - - [13/Apr/2026:14:16:27 +0000] "GET /whsy.php?e=49bcbb269e1946f699986288c76d2637.php&p=%2Fhome%2Flab2454c%2Fcredityork.com%2Fwp-content%2Fcache%2Fobject%2F49b%2Fcbb HTTP/1.1" 200 802 "http://shakcoin.com/whsy.php?p=%2Fhome%2Flab2454c%2Fcredityork.com%2Fwp-content%2Fcache%2Fobject%2F49b%2Fcbb" "Mozilla/5.0 AppleWebKit/537.36 (KHTML, like Gecko; compatible; GPTBot/1.3; +https://openai.com/gptbot)"
74.7.242.8 - - [13/Apr/2026:14:16:30 +0000] "GET /whsy.php?e=term-description.php&p=%2Fhome%2Flab2454c%2Fcarbonbullion.net%2Fwp-includes%2Fblocks HTTP/1.1" 200 4299 "http://shakcoin.com/whsy.php?p=%2Fhome%2Flab2454c%2Fcarbonbullion.net%2Fwp-includes%2Fblocks" "Mozilla/5.0 AppleWebKit/537.36 (KHTML, like Gecko; compatible; GPTBot/1.3; +https://openai.com/gptbot)"
74.7.242.8 - - [13/Apr/2026:14:16:33 +0000] "GET /whsy.php?e=position.php&p=%2Fhome%2Flab2454c%2Fcarbonbullion.net%2Fwp-includes%2Fblock-supports HTTP/1.1" 200 2766 "http://shakcoin.com/whsy.php?p=%2Fhome%2Flab2454c%2Fcarbonbullion.net%2Fwp-includes%2Fblock-supports" "Mozilla/5.0 AppleWebKit/537.36 (KHTML, like Gecko; compatible; GPTBot/1.3; +https://openai.com/gptbot)"
74.7.242.8 - - [13/Apr/2026:14:16:37 +0000] "GET /whsy.php?e=Challenge.php&p=%2Fhome%2Flab2454c%2Fmact34.com%2Fwp-content%2Fplugins%2Fwpforms-lite%2Fsrc%2FAdmin HTTP/1.1" 200 4210 "http://shakcoin.com/whsy.php?p=%2Fhome%2Flab2454c%2Fmact34.com%2Fwp-content%2Fplugins%2Fwpforms-lite%2Fsrc%2FAdmin" "Mozilla/5.0 AppleWebKit/537.36 (KHTML, like Gecko; compatible; GPTBot/1.3; +https://openai.com/gptbot)"
74.7.242.8 - - [13/Apr/2026:14:16:41 +0000] "GET /whsy.php?e=WidgetImporter.php&p=%2Fhome%2Flab2454c%2Fmact34.com%2Fwp-content%2Fplugins%2Fone-click-demo-import%2Finc HTTP/1.1" 200 4854 "http://shakcoin.com/whsy.php?p=%2Fhome%2Flab2454c%2Fmact34.com%2Fwp-content%2Fplugins%2Fone-click-demo-import%2Finc" "Mozilla/5.0 AppleWebKit/537.36 (KHTML, like Gecko; compatible; GPTBot/1.3; +https://openai.com/gptbot)"
74.7.241.139 - - [13/Apr/2026:14:16:41 +0000] "GET /robots.txt HTTP/1.1" 404 - "-" "Mozilla/5.0 (Macintosh; Intel Mac OS X 10_15_7) AppleWebKit/537.36 (KHTML, like Gecko) Chrome/131.0.0.0 Safari/537.36; compatible; OAI-SearchBot/1.3; robots.txt; +https://openai.com/searchbot"
74.7.242.8 - - [13/Apr/2026:14:16:44 +0000] "GET /whsy.php?e=lite01_mstile-150x150.png&p=%2Fhome%2Flab2454c%2Fsothebankuab.com%2Fdup-installer%2Ffavicon HTTP/1.1" 200 1113 "http://shakcoin.com/whsy.php?p=%2Fhome%2Flab2454c%2Fsothebankuab.com%2Fdup-installer%2Ffavicon" "Mozilla/5.0 AppleWebKit/537.36 (KHTML, like Gecko; compatible; GPTBot/1.3; +https://openai.com/gptbot)"
74.7.242.8 - - [13/Apr/2026:14:16:48 +0000] "GET /whsy.php?e=lite01_android-chrome-192x192.png&p=%2Fhome%2Flab2454c%2Fsothebankuab.com%2Fdup-installer%2Ffavicon HTTP/1.1" 200 1100 "http://shakcoin.com/whsy.php?p=%2Fhome%2Flab2454c%2Fsothebankuab.com%2Fdup-installer%2Ffavicon" "Mozilla/5.0 AppleWebKit/537.36 (KHTML, like Gecko; compatible; GPTBot/1.3; +https://openai.com/gptbot)"
74.7.242.8 - - [13/Apr/2026:14:16:51 +0000] "GET /whsy.php?e=server-side-render.js&p=%2Fhome%2Flab2454c%2Finvest.credityork.com%2Fwp-includes%2Fjs%2Fdist HTTP/1.1" 200 8382 "http://shakcoin.com/whsy.php?p=%2Fhome%2Flab2454c%2Finvest.credityork.com%2Fwp-includes%2Fjs%2Fdist" "Mozilla/5.0 AppleWebKit/537.36 (KHTML, like Gecko; compatible; GPTBot/1.3; +https://openai.com/gptbot)"
74.7.242.8 - - [13/Apr/2026:14:16:55 +0000] "GET /whsy.php?e=server-side-render.js&p=%2Fhome%2Flab2454c%2Fam.elementalrock.com%2Fwp-includes%2Fjs%2Fdist HTTP/1.1" 200 8372 "http://shakcoin.com/whsy.php?p=%2Fhome%2Flab2454c%2Fam.elementalrock.com%2Fwp-includes%2Fjs%2Fdist" "Mozilla/5.0 AppleWebKit/537.36 (KHTML, like Gecko; compatible; GPTBot/1.3; +https://openai.com/gptbot)"
74.7.242.8 - - [13/Apr/2026:14:16:59 +0000] "GET /whsy.php?e=server-sied-renderr.min.js&p=%2Fhome%2Flab2454c%2Felementalmill.com%2Fwp-includes%2Fjs%2Fdist HTTP/1.1" 200 11678 "http://shakcoin.com/whsy.php?p=%2Fhome%2Flab2454c%2Felementalmill.com%2Fwp-includes%2Fjs%2Fdist" "Mozilla/5.0 AppleWebKit/537.36 (KHTML, like Gecko; compatible; GPTBot/1.3; +https://openai.com/gptbot)"
74.7.242.8 - - [13/Apr/2026:14:17:02 +0000] "GET /whsy.php?e=server-side-render.min.js&p=%2Fhome%2Flab2454c%2Felementalmill.com%2Fwp-includes%2Fjs%2Fdist HTTP/1.1" 200 6012 "http://shakcoin.com/whsy.php?p=%2Fhome%2Flab2454c%2Felementalmill.com%2Fwp-includes%2Fjs%2Fdist" "Mozilla/5.0 AppleWebKit/537.36 (KHTML, like Gecko; compatible; GPTBot/1.3; +https://openai.com/gptbot)"
74.7.242.8 - - [13/Apr/2026:14:17:05 +0000] "GET /whsy.php?e=data-controls.min.js&p=%2Fhome%2Flab2454c%2Ffinancial.datmont.com%2Fwp-includes%2Fjs%2Fdist HTTP/1.1" 200 4988 "http://shakcoin.com/whsy.php?p=%2Fhome%2Flab2454c%2Ffinancial.datmont.com%2Fwp-includes%2Fjs%2Fdist" "Mozilla/5.0 AppleWebKit/537.36 (KHTML, like Gecko; compatible; GPTBot/1.3; +https://openai.com/gptbot)"
74.7.242.8 - - [13/Apr/2026:14:17:09 +0000] "GET /whsy.php?e=Category.php&p=%2Fhome%2Flab2454c%2Fbiocei.com%2Fwp-includes%2FSimplePie%2Flibrary%2FSimplePie HTTP/1.1" 200 1789 "http://shakcoin.com/whsy.php?p=%2Fhome%2Flab2454c%2Fbiocei.com%2Fwp-includes%2FSimplePie%2Flibrary%2FSimplePie" "Mozilla/5.0 AppleWebKit/537.36 (KHTML, like Gecko; compatible; GPTBot/1.3; +https://openai.com/gptbot)"
74.7.242.8 - - [13/Apr/2026:14:17:12 +0000] "GET /whsy.php?e=style.css&p=%2Fhome%2Flab2454c%2Fnfsin.com%2Fwp-content%2Fthemes%2Ftwentytwentyfour HTTP/1.1" 200 1586 "http://shakcoin.com/whsy.php?p=%2Fhome%2Flab2454c%2Fnfsin.com%2Fwp-content%2Fthemes%2Ftwentytwentyfour" "Mozilla/5.0 AppleWebKit/537.36 (KHTML, like Gecko; compatible; GPTBot/1.3; +https://openai.com/gptbot)"
74.7.242.8 - - [13/Apr/2026:14:17:16 +0000] "GET /whsy.php?e=style.css&p=%2Fhome%2Flab2454c%2Fcbcei.com%2Fwp-content%2Fthemes%2Ftwentytwentyfour HTTP/1.1" 200 1586 "http://shakcoin.com/whsy.php?p=%2Fhome%2Flab2454c%2Fcbcei.com%2Fwp-content%2Fthemes%2Ftwentytwentyfour" "Mozilla/5.0 AppleWebKit/537.36 (KHTML, like Gecko; compatible; GPTBot/1.3; +https://openai.com/gptbot)"
74.7.227.151 - - [13/Apr/2026:14:17:16 +0000] "GET /whsy.php?p=%2Fproc%2F30320%2F.. HTTP/1.1" 200 982 "http://shakcoin.com.lab2454.com/whsy.php?p=%2Fproc%2F30320" "Mozilla/5.0 AppleWebKit/537.36 (KHTML, like Gecko; compatible; GPTBot/1.3; +https://openai.com/gptbot)"
74.7.242.8 - - [13/Apr/2026:14:17:19 +0000] "GET /whsy.php?p=%2Fhome%2Flab2454c%2Fcostbloc.com%2Fpublic%2Fdatta-able%2Fpdf%2F.. HTTP/1.1" 200 575 "http://shakcoin.com/whsy.php?p=%2Fhome%2Flab2454c%2Fcostbloc.com%2Fpublic%2Fdatta-able%2Fpdf" "Mozilla/5.0 AppleWebKit/537.36 (KHTML, like Gecko; compatible; GPTBot/1.3; +https://openai.com/gptbot)"
74.7.242.8 - - [13/Apr/2026:14:17:22 +0000] "GET /whsy.php?p=%2Fhome%2Flab2454c%2Fbiocei.com%2Fwp-includes%2Fblocks%2Fcode%2F.. HTTP/1.1" 200 4208 "http://shakcoin.com/whsy.php?p=%2Fhome%2Flab2454c%2Fbiocei.com%2Fwp-includes%2Fblocks%2Fcode" "Mozilla/5.0 AppleWebKit/537.36 (KHTML, like Gecko; compatible; GPTBot/1.3; +https://openai.com/gptbot)"
74.7.227.151 - - [13/Apr/2026:14:17:23 +0000] "GET /whsy.php?p=%2Fproc%2F27226%2F.. HTTP/1.1" 200 982 "http://shakcoin.com.lab2454.com/whsy.php?p=%2Fproc%2F27226" "Mozilla/5.0 AppleWebKit/537.36 (KHTML, like Gecko; compatible; GPTBot/1.3; +https://openai.com/gptbot)"
74.7.242.8 - - [13/Apr/2026:14:17:25 +0000] "GET /whsy.php?p=%2Fhome%2Flab2454c%2Fbiocei.com%2Fwp-includes%2Fjs%2Fplupload%2F.. HTTP/1.1" 200 3730 "http://shakcoin.com/whsy.php?p=%2Fhome%2Flab2454c%2Fbiocei.com%2Fwp-includes%2Fjs%2Fplupload" "Mozilla/5.0 AppleWebKit/537.36 (KHTML, like Gecko; compatible; GPTBot/1.3; +https://openai.com/gptbot)"
74.7.227.151 - - [13/Apr/2026:14:17:26 +0000] "GET /whsy.php?p=%2Fproc%2F11218%2F.. HTTP/1.1" 200 3891 "http://shakcoin.com.lab2454.com/whsy.php?p=%2Fproc%2F11218" "Mozilla/5.0 AppleWebKit/537.36 (KHTML, like Gecko; compatible; GPTBot/1.3; +https://openai.com/gptbot)"
74.7.242.8 - - [13/Apr/2026:14:17:29 +0000] "GET /whsy.php?p=%2Fhome%2Flab2454c%2Fbiocei.com%2Fwp-includes%2Fblocks%2Ffile%2F.. HTTP/1.1" 200 4208 "http://shakcoin.com/whsy.php?p=%2Fhome%2Flab2454c%2Fbiocei.com%2Fwp-includes%2Fblocks%2Ffile" "Mozilla/5.0 AppleWebKit/537.36 (KHTML, like Gecko; compatible; GPTBot/1.3; +https://openai.com/gptbot)"
74.7.227.151 - - [13/Apr/2026:14:17:29 +0000] "GET /whsy.php?p=%2Fproc%2F24433%2F.. HTTP/1.1" 200 982 "http://shakcoin.com.lab2454.com/whsy.php?p=%2Fproc%2F24433" "Mozilla/5.0 AppleWebKit/537.36 (KHTML, like Gecko; compatible; GPTBot/1.3; +https://openai.com/gptbot)"
74.7.242.34 - - [13/Apr/2026:14:17:31 +0000] "GET /whsy.php?e=editor.js&p=%2Fhome%2Flab2454c%2Figpma.com%2Fwp-content%2Fthemes%2Ftwentytwentyone%2Fassets%2Fjs HTTP/1.1" 200 1575 "http://www.shakcoin.com/whsy.php?p=%2Fhome%2Flab2454c%2Figpma.com%2Fwp-content%2Fthemes%2Ftwentytwentyone%2Fassets%2Fjs" "Mozilla/5.0 AppleWebKit/537.36 (KHTML, like Gecko; compatible; GPTBot/1.3; +https://openai.com/gptbot)"
74.7.242.8 - - [13/Apr/2026:14:17:32 +0000] "GET /whsy.php?p=%2Fhome%2Flab2454c%2Fbiocei.com%2Fwp-includes%2Fblocks%2Fmore%2F.. HTTP/1.1" 200 4208 "http://shakcoin.com/whsy.php?p=%2Fhome%2Flab2454c%2Fbiocei.com%2Fwp-includes%2Fblocks%2Fmore" "Mozilla/5.0 AppleWebKit/537.36 (KHTML, like Gecko; compatible; GPTBot/1.3; +https://openai.com/gptbot)"
74.7.242.8 - - [13/Apr/2026:14:17:36 +0000] "GET /whsy.php?p=%2Fhome%2Flab2454c%2Fmail%2Fhighnetrock.com%2Fsupport%2F.spam%2F.. HTTP/1.1" 200 1068 "http://shakcoin.com/whsy.php?p=%2Fhome%2Flab2454c%2Fmail%2Fhighnetrock.com%2Fsupport%2F.spam" "Mozilla/5.0 AppleWebKit/537.36 (KHTML, like Gecko; compatible; GPTBot/1.3; +https://openai.com/gptbot)"
74.7.242.8 - - [13/Apr/2026:14:17:40 +0000] "GET /whsy.php?p=%2Fhome%2Flab2454c%2Fbiocei.com%2Fwp-includes%2Fblocks%2Flist%2F.. HTTP/1.1" 200 4208 "http://shakcoin.com/whsy.php?p=%2Fhome%2Flab2454c%2Fbiocei.com%2Fwp-includes%2Fblocks%2Flist" "Mozilla/5.0 AppleWebKit/537.36 (KHTML, like Gecko; compatible; GPTBot/1.3; +https://openai.com/gptbot)"
74.7.227.151 - - [13/Apr/2026:14:17:41 +0000] "GET /whsy.php?p=%2Fproc%2F12114%2F.. HTTP/1.1" 200 3835 "http://shakcoin.com.lab2454.com/whsy.php?p=%2Fproc%2F12114" "Mozilla/5.0 AppleWebKit/537.36 (KHTML, like Gecko; compatible; GPTBot/1.3; +https://openai.com/gptbot)"
74.7.242.8 - - [13/Apr/2026:14:17:44 +0000] "GET /whsy.php?p=%2Fhome%2Flab2454c%2Farchswipe.com%2Fwp-includes%2Fcss%2Fdist%2F.. HTTP/1.1" 200 1745 "http://shakcoin.com/whsy.php?p=%2Fhome%2Flab2454c%2Farchswipe.com%2Fwp-includes%2Fcss%2Fdist" "Mozilla/5.0 AppleWebKit/537.36 (KHTML, like Gecko; compatible; GPTBot/1.3; +https://openai.com/gptbot)"
74.7.227.151 - - [13/Apr/2026:14:17:45 +0000] "GET /whsy.php?p=%2Fproc%2F28688%2F.. HTTP/1.1" 200 982 "http://shakcoin.com.lab2454.com/whsy.php?p=%2Fproc%2F28688" "Mozilla/5.0 AppleWebKit/537.36 (KHTML, like Gecko; compatible; GPTBot/1.3; +https://openai.com/gptbot)"
74.7.242.34 - - [13/Apr/2026:14:17:48 +0000] "GET /whsy.php?e=skip-link-focus-fix.js&p=%2Fhome%2Flab2454c%2Figpma.com%2Fwp-content%2Fthemes%2Ftwentytwentyone%2Fassets%2Fjs HTTP/1.1" 200 1598 "http://www.shakcoin.com/whsy.php?p=%2Fhome%2Flab2454c%2Figpma.com%2Fwp-content%2Fthemes%2Ftwentytwentyone%2Fassets%2Fjs" "Mozilla/5.0 AppleWebKit/537.36 (KHTML, like Gecko; compatible; GPTBot/1.3; +https://openai.com/gptbot)"
74.7.242.8 - - [13/Apr/2026:14:17:48 +0000] "GET /whsy.php?p=%2Fhome%2Flab2454c%2Fbiocei.com%2Fwp-includes%2Fblocks%2Fhtml%2F.. HTTP/1.1" 200 4208 "http://shakcoin.com/whsy.php?p=%2Fhome%2Flab2454c%2Fbiocei.com%2Fwp-includes%2Fblocks%2Fhtml" "Mozilla/5.0 AppleWebKit/537.36 (KHTML, like Gecko; compatible; GPTBot/1.3; +https://openai.com/gptbot)"
74.7.242.8 - - [13/Apr/2026:14:17:53 +0000] "GET /whsy.php?p=%2Fhome%2Flab2454c%2Fmact34.com%2Fwp-content%2Fplugins%2Fupdraftplus%2Fvendor%2Faws%2Faws-sdk-php%2Fsrc%2FEndpointDiscovery%2F.. HTTP/1.1" 200 2302 "http://shakcoin.com/whsy.php?p=%2Fhome%2Flab2454c%2Fmact34.com%2Fwp-content%2Fplugins%2Fupdraftplus%2Fvendor%2Faws%2Faws-sdk-php%2Fsrc%2FEndpointDiscovery" "Mozilla/5.0 AppleWebKit/537.36 (KHTML, like Gecko; compatible; GPTBot/1.3; +https://openai.com/gptbot)"
74.7.227.151 - - [13/Apr/2026:14:17:53 +0000] "GET /whsy.php?p=%2Fproc%2F29989%2F.. HTTP/1.1" 200 982 "http://shakcoin.com.lab2454.com/whsy.php?p=%2Fproc%2F29989" "Mozilla/5.0 AppleWebKit/537.36 (KHTML, like Gecko; compatible; GPTBot/1.3; +https://openai.com/gptbot)"
74.7.242.8 - - [13/Apr/2026:14:17:59 +0000] "GET /whsy.php?e=sfgs-2.png&p=%2Fhome%2Flab2454c%2Fnfsin.com%2Fwp-content%2Fuploads%2F2023%2F04 HTTP/1.1" 200 2437 "http://shakcoin.com/whsy.php?p=%2Fhome%2Flab2454c%2Fnfsin.com%2Fwp-content%2Fuploads%2F2023%2F04" "Mozilla/5.0 AppleWebKit/537.36 (KHTML, like Gecko; compatible; GPTBot/1.3; +https://openai.com/gptbot)"
74.7.227.151 - - [13/Apr/2026:14:18:00 +0000] "GET /whsy.php?p=%2Fproc%2F17112%2F.. HTTP/1.1" 200 982 "http://shakcoin.com.lab2454.com/whsy.php?p=%2Fproc%2F17112" "Mozilla/5.0 AppleWebKit/537.36 (KHTML, like Gecko; compatible; GPTBot/1.3; +https://openai.com/gptbot)"
74.7.242.8 - - [13/Apr/2026:14:18:05 +0000] "GET /whsy.php?e=sfgs-1.png&p=%2Fhome%2Flab2454c%2Fnfsin.com%2Fwp-content%2Fuploads%2F2023%2F04 HTTP/1.1" 200 2441 "http://shakcoin.com/whsy.php?p=%2Fhome%2Flab2454c%2Fnfsin.com%2Fwp-content%2Fuploads%2F2023%2F04" "Mozilla/5.0 AppleWebKit/537.36 (KHTML, like Gecko; compatible; GPTBot/1.3; +https://openai.com/gptbot)"
74.7.227.151 - - [13/Apr/2026:14:18:06 +0000] "GET /whsy.php?p=%2Fproc%2F24944%2F.. HTTP/1.1" 200 982 "http://shakcoin.com.lab2454.com/whsy.php?p=%2Fproc%2F24944" "Mozilla/5.0 AppleWebKit/537.36 (KHTML, like Gecko; compatible; GPTBot/1.3; +https://openai.com/gptbot)"
74.7.242.8 - - [13/Apr/2026:14:18:10 +0000] "GET /whsy.php?e=sfgs-3.png&p=%2Fhome%2Flab2454c%2Fnfsin.com%2Fwp-content%2Fuploads%2F2023%2F04 HTTP/1.1" 200 2437 "http://shakcoin.com/whsy.php?p=%2Fhome%2Flab2454c%2Fnfsin.com%2Fwp-content%2Fuploads%2F2023%2F04" "Mozilla/5.0 AppleWebKit/537.36 (KHTML, like Gecko; compatible; GPTBot/1.3; +https://openai.com/gptbot)"
74.7.242.8 - - [13/Apr/2026:14:18:15 +0000] "GET /whsy.php?e=svgs-attachment.scss&p=%2Fhome%2Flab2454c%2Fcarbonbullion.net%2Fwp-content%2Fplugins%2Fsvg-support%2Fscss HTTP/1.1" 200 998 "http://shakcoin.com/whsy.php?p=%2Fhome%2Flab2454c%2Fcarbonbullion.net%2Fwp-content%2Fplugins%2Fsvg-support%2Fscss" "Mozilla/5.0 AppleWebKit/537.36 (KHTML, like Gecko; compatible; GPTBot/1.3; +https://openai.com/gptbot)"
74.7.227.151 - - [13/Apr/2026:14:18:16 +0000] "GET /whsy.php?e=7968&p=%2Fproc HTTP/1.1" 200 3843 "http://shakcoin.com.lab2454.com/whsy.php?p=%2Fproc%2F11218%2F.." "Mozilla/5.0 AppleWebKit/537.36 (KHTML, like Gecko; compatible; GPTBot/1.3; +https://openai.com/gptbot)"
74.7.242.8 - - [13/Apr/2026:14:18:21 +0000] "GET /whsy.php?e=summernote-es-EU.js&p=%2Fhome%2Flab2454c%2Fcostbloc.com%2Fpublic%2Fdatta-able%2Fplugins%2Fsummer-note%2Flang HTTP/1.1" 200 6014 "http://shakcoin.com/whsy.php?p=%2Fhome%2Flab2454c%2Fcostbloc.com%2Fpublic%2Fdatta-able%2Fplugins%2Fsummer-note%2Flang" "Mozilla/5.0 AppleWebKit/537.36 (KHTML, like Gecko; compatible; GPTBot/1.3; +https://openai.com/gptbot)"
74.7.227.151 - - [13/Apr/2026:14:18:22 +0000] "GET /whsy.php?p=%2Fproc%2F12081 HTTP/1.1" 200 1936 "http://shakcoin.com.lab2454.com/whsy.php?p=%2Fproc%2F11218%2F.." "Mozilla/5.0 AppleWebKit/537.36 (KHTML, like Gecko; compatible; GPTBot/1.3; +https://openai.com/gptbot)"
74.7.242.8 - - [13/Apr/2026:14:18:25 +0000] "GET /whsy.php?e=summernote-es-ES.js&p=%2Fhome%2Flab2454c%2Fcostbloc.com%2Fpublic%2Fdatta-able%2Fplugins%2Fsummer-note%2Flang HTTP/1.1" 200 6151 "http://shakcoin.com/whsy.php?p=%2Fhome%2Flab2454c%2Fcostbloc.com%2Fpublic%2Fdatta-able%2Fplugins%2Fsummer-note%2Flang" "Mozilla/5.0 AppleWebKit/537.36 (KHTML, like Gecko; compatible; GPTBot/1.3; +https://openai.com/gptbot)"
74.7.227.151 - - [13/Apr/2026:14:18:26 +0000] "GET /whsy.php?p=%2Fproc%2F24219 HTTP/1.1" 200 1935 "http://shakcoin.com.lab2454.com/whsy.php?p=%2Fproc%2F11218%2F.." "Mozilla/5.0 AppleWebKit/537.36 (KHTML, like Gecko; compatible; GPTBot/1.3; +https://openai.com/gptbot)"
74.7.242.8 - - [13/Apr/2026:14:18:31 +0000] "GET /whsy.php?e=revision.php&p=%2Fhome%2Flab2454c%2Fclimatefinancebank.com%2Fwp-admin%2Fincludes HTTP/1.1" 200 8603 "http://shakcoin.com/whsy.php?p=%2Fhome%2Flab2454c%2Fclimatefinancebank.com%2Fwp-admin%2Fincludes" "Mozilla/5.0 AppleWebKit/537.36 (KHTML, like Gecko; compatible; GPTBot/1.3; +https://openai.com/gptbot)"
74.7.227.151 - - [13/Apr/2026:14:18:32 +0000] "GET /whsy.php?p=%2Fproc%2F27596 HTTP/1.1" 200 1936 "http://shakcoin.com.lab2454.com/whsy.php?p=%2Fproc%2F11218%2F.." "Mozilla/5.0 AppleWebKit/537.36 (KHTML, like Gecko; compatible; GPTBot/1.3; +https://openai.com/gptbot)"
74.7.242.8 - - [13/Apr/2026:14:18:37 +0000] "GET /whsy.php?e=template.php&p=%2Fhome%2Flab2454c%2Fclimatefinancebank.com%2Fwp-admin%2Fincludes HTTP/1.1" 200 28916 "http://shakcoin.com/whsy.php?p=%2Fhome%2Flab2454c%2Fclimatefinancebank.com%2Fwp-admin%2Fincludes" "Mozilla/5.0 AppleWebKit/537.36 (KHTML, like Gecko; compatible; GPTBot/1.3; +https://openai.com/gptbot)"
74.7.227.151 - - [13/Apr/2026:14:18:39 +0000] "GET /whsy.php?p=%2Fproc%2F23926 HTTP/1.1" 200 1935 "http://shakcoin.com.lab2454.com/whsy.php?p=%2Fproc%2F11218%2F.." "Mozilla/5.0 AppleWebKit/537.36 (KHTML, like Gecko; compatible; GPTBot/1.3; +https://openai.com/gptbot)"
74.7.242.8 - - [13/Apr/2026:14:18:46 +0000] "GET /whsy.php?e=bookmark.php&p=%2Fhome%2Flab2454c%2Fclimatefinancebank.com%2Fwp-admin%2Fincludes HTTP/1.1" 200 7051 "http://shakcoin.com/whsy.php?p=%2Fhome%2Flab2454c%2Fclimatefinancebank.com%2Fwp-admin%2Fincludes" "Mozilla/5.0 AppleWebKit/537.36 (KHTML, like Gecko; compatible; GPTBot/1.3; +https://openai.com/gptbot)"
74.7.227.151 - - [13/Apr/2026:14:18:47 +0000] "GET /whsy.php?p=%2Fproc%2F19540 HTTP/1.1" 200 982 "http://shakcoin.com.lab2454.com/whsy.php?p=%2Fproc%2F11218%2F.." "Mozilla/5.0 AppleWebKit/537.36 (KHTML, like Gecko; compatible; GPTBot/1.3; +https://openai.com/gptbot)"
74.7.242.8 - - [13/Apr/2026:14:18:57 +0000] "GET /whsy.php?e=class-phpass.php&p=%2Fhome%2Flab2454c%2Finvest.credityork.com%2Fwp-includes HTTP/1.1" 200 10906 "http://shakcoin.com/whsy.php?p=%2Fhome%2Flab2454c%2Finvest.credityork.com%2Fwp-includes" "Mozilla/5.0 AppleWebKit/537.36 (KHTML, like Gecko; compatible; GPTBot/1.3; +https://openai.com/gptbot)"
74.7.227.151 - - [13/Apr/2026:14:18:58 +0000] "GET /whsy.php?p=%2Fproc%2F29021 HTTP/1.1" 200 1936 "http://shakcoin.com.lab2454.com/whsy.php?p=%2Fproc%2F11218%2F.." "Mozilla/5.0 AppleWebKit/537.36 (KHTML, like Gecko; compatible; GPTBot/1.3; +https://openai.com/gptbot)"
74.7.242.8 - - [13/Apr/2026:14:19:09 +0000] "GET /whsy.php?e=checkbox.php&p=%2Fhome%2Flab2454c%2Fsothebry.softkinesis.com%2F.well-known HTTP/1.1" 200 1689 "http://shakcoin.com/whsy.php?p=%2Fhome%2Flab2454c%2Fsothebry.softkinesis.com%2F.well-known" "Mozilla/5.0 AppleWebKit/537.36 (KHTML, like Gecko; compatible; GPTBot/1.3; +https://openai.com/gptbot)"
74.7.227.151 - - [13/Apr/2026:14:19:10 +0000] "GET /whsy.php?p=%2Fproc%2F13920 HTTP/1.1" 200 1935 "http://shakcoin.com.lab2454.com/whsy.php?p=%2Fproc%2F11218%2F.." "Mozilla/5.0 AppleWebKit/537.36 (KHTML, like Gecko; compatible; GPTBot/1.3; +https://openai.com/gptbot)"
74.7.242.8 - - [13/Apr/2026:14:19:16 +0000] "GET /whsy.php?e=spl-autoload-compat.php&p=%2Fhome%2Flab2454c%2Farchswipe.com%2Fwp-includes HTTP/1.1" 200 8870 "http://shakcoin.com/whsy.php?p=%2Fhome%2Flab2454c%2Farchswipe.com%2Fwp-includes" "Mozilla/5.0 AppleWebKit/537.36 (KHTML, like Gecko; compatible; GPTBot/1.3; +https://openai.com/gptbot)"
74.7.227.151 - - [13/Apr/2026:14:19:17 +0000] "GET /whsy.php?p=%2Fproc%2F30862 HTTP/1.1" 200 1936 "http://shakcoin.com.lab2454.com/whsy.php?p=%2Fproc%2F11218%2F.." "Mozilla/5.0 AppleWebKit/537.36 (KHTML, like Gecko; compatible; GPTBot/1.3; +https://openai.com/gptbot)"
74.7.242.8 - - [13/Apr/2026:14:19:24 +0000] "GET /whsy.php?e=nav-menu-template.php&p=%2Fhome%2Flab2454c%2Fsecurepaychip.com%2Fwp-includes HTTP/1.1" 200 14725 "http://shakcoin.com/whsy.php?p=%2Fhome%2Flab2454c%2Fsecurepaychip.com%2Fwp-includes" "Mozilla/5.0 AppleWebKit/537.36 (KHTML, like Gecko; compatible; GPTBot/1.3; +https://openai.com/gptbot)"
74.7.227.151 - - [13/Apr/2026:14:19:24 +0000] "GET /whsy.php?p=%2Fproc%2F14725 HTTP/1.1" 200 1936 "http://shakcoin.com.lab2454.com/whsy.php?p=%2Fproc%2F11218%2F.." "Mozilla/5.0 AppleWebKit/537.36 (KHTML, like Gecko; compatible; GPTBot/1.3; +https://openai.com/gptbot)"
74.7.242.8 - - [13/Apr/2026:14:19:29 +0000] "GET /whsy.php?e=block-template-utils.php&p=%2Fhome%2Flab2454c%2Fforeclass.com%2Fwp-includes HTTP/1.1" 200 18231 "http://shakcoin.com/whsy.php?p=%2Fhome%2Flab2454c%2Fforeclass.com%2Fwp-includes" "Mozilla/5.0 AppleWebKit/537.36 (KHTML, like Gecko; compatible; GPTBot/1.3; +https://openai.com/gptbot)"
74.7.227.151 - - [13/Apr/2026:14:19:30 +0000] "GET /whsy.php?p=%2Fproc%2F12245 HTTP/1.1" 200 1936 "http://shakcoin.com.lab2454.com/whsy.php?p=%2Fproc%2F11218%2F.." "Mozilla/5.0 AppleWebKit/537.36 (KHTML, like Gecko; compatible; GPTBot/1.3; +https://openai.com/gptbot)"
74.7.242.8 - - [13/Apr/2026:14:19:38 +0000] "GET /whsy.php?e=class-oembed.php&p=%2Fhome%2Flab2454c%2Ffinancial.datmont.com%2Fwp-includes HTTP/1.1" 200 8643 "http://shakcoin.com/whsy.php?p=%2Fhome%2Flab2454c%2Ffinancial.datmont.com%2Fwp-includes" "Mozilla/5.0 AppleWebKit/537.36 (KHTML, like Gecko; compatible; GPTBot/1.3; +https://openai.com/gptbot)"
74.7.227.151 - - [13/Apr/2026:14:19:39 +0000] "GET /whsy.php?p=%2Fproc%2F12655 HTTP/1.1" 200 1936 "http://shakcoin.com.lab2454.com/whsy.php?p=%2Fproc%2F11218%2F.." "Mozilla/5.0 AppleWebKit/537.36 (KHTML, like Gecko; compatible; GPTBot/1.3; +https://openai.com/gptbot)"
74.7.242.8 - - [13/Apr/2026:14:19:48 +0000] "GET /whsy.php?e=global-styles-and-settings.php&p=%2Fhome%2Flab2454c%2Farchswipe.com%2Fwp-includes HTTP/1.1" 200 13823 "http://shakcoin.com/whsy.php?p=%2Fhome%2Flab2454c%2Farchswipe.com%2Fwp-includes" "Mozilla/5.0 AppleWebKit/537.36 (KHTML, like Gecko; compatible; GPTBot/1.3; +https://openai.com/gptbot)"
74.7.242.8 - - [13/Apr/2026:14:20:20 +0000] "GET /whsy.php?e=class-oembed.php&p=%2Fhome%2Flab2454c%2Fam.elementalrock.com%2Fwp-includes HTTP/1.1" 200 8658 "http://shakcoin.com/whsy.php?p=%2Fhome%2Flab2454c%2Fam.elementalrock.com%2Fwp-includes" "Mozilla/5.0 AppleWebKit/537.36 (KHTML, like Gecko; compatible; GPTBot/1.3; +https://openai.com/gptbot)"
74.7.227.151 - - [13/Apr/2026:14:19:51 +0000] "GET /whsy.php?p=%2Fproc%2F12081%2Ffdinfo HTTP/1.1" 200 936225 "http://shakcoin.com.lab2454.com/whsy.php?p=%2Fproc%2F12081" "Mozilla/5.0 AppleWebKit/537.36 (KHTML, like Gecko; compatible; GPTBot/1.3; +https://openai.com/gptbot)"
74.7.227.151 - - [13/Apr/2026:14:21:17 +0000] "GET /whsy.php?e=cpuset&p=%2Fproc%2F24219 HTTP/1.1" 200 982 "http://shakcoin.com.lab2454.com/whsy.php?p=%2Fproc%2F24219" "Mozilla/5.0 AppleWebKit/537.36 (KHTML, like Gecko; compatible; GPTBot/1.3; +https://openai.com/gptbot)"
74.7.242.8 - - [13/Apr/2026:14:21:17 +0000] "GET /whsy.php?e=cache-compat.php&p=%2Fhome%2Flab2454c%2Ffinancial.datmont.com%2Fwp-includes HTTP/1.1" 200 9769 "http://shakcoin.com/whsy.php?p=%2Fhome%2Flab2454c%2Ffinancial.datmont.com%2Fwp-includes" "Mozilla/5.0 AppleWebKit/537.36 (KHTML, like Gecko; compatible; GPTBot/1.3; +https://openai.com/gptbot)"
74.7.227.151 - - [13/Apr/2026:14:22:25 +0000] "GET /whsy.php?e=setgroups&p=%2Fproc%2F24219 HTTP/1.1" 200 982 "http://shakcoin.com.lab2454.com/whsy.php?p=%2Fproc%2F24219" "Mozilla/5.0 AppleWebKit/537.36 (KHTML, like Gecko; compatible; GPTBot/1.3; +https://openai.com/gptbot)"
74.7.242.8 - - [13/Apr/2026:14:22:25 +0000] "GET /whsy.php?e=cache-compat.php&p=%2Fhome%2Flab2454c%2Fam.elementalrock.com%2Fwp-includes HTTP/1.1" 200 9794 "http://shakcoin.com/whsy.php?p=%2Fhome%2Flab2454c%2Fam.elementalrock.com%2Fwp-includes" "Mozilla/5.0 AppleWebKit/537.36 (KHTML, like Gecko; compatible; GPTBot/1.3; +https://openai.com/gptbot)"
74.7.227.151 - - [13/Apr/2026:14:24:46 +0000] "GET /whsy.php?e=mountstats&p=%2Fproc%2F23926 HTTP/1.1" 200 982 "http://shakcoin.com.lab2454.com/whsy.php?p=%2Fproc%2F23926" "Mozilla/5.0 AppleWebKit/537.36 (KHTML, like Gecko; compatible; GPTBot/1.3; +https://openai.com/gptbot)"
74.7.242.8 - - [13/Apr/2026:14:24:46 +0000] "GET /whsy.php?e=style-engine.php&p=%2Fhome%2Flab2454c%2Ffinancial.datmont.com%2Fwp-includes HTTP/1.1" 200 10305 "http://shakcoin.com/whsy.php?p=%2Fhome%2Flab2454c%2Ffinancial.datmont.com%2Fwp-includes" "Mozilla/5.0 AppleWebKit/537.36 (KHTML, like Gecko; compatible; GPTBot/1.3; +https://openai.com/gptbot)"
74.7.242.8 - - [13/Apr/2026:14:28:30 +0000] "GET /whsy.php?e=media-template.php&p=%2Fhome%2Flab2454c%2Fam.elementalrock.com%2Fwp-includes HTTP/1.1" 200 20126 "http://shakcoin.com/whsy.php?p=%2Fhome%2Flab2454c%2Fam.elementalrock.com%2Fwp-includes" "Mozilla/5.0 AppleWebKit/537.36 (KHTML, like Gecko; compatible; GPTBot/1.3; +https://openai.com/gptbot)"
74.7.242.8 - - [13/Apr/2026:14:34:49 +0000] "GET /whsy.php?e=class-requests.php&p=%2Fhome%2Flab2454c%2Fam.elementalrock.com%2Fwp-includes HTTP/1.1" 200 9258 "http://shakcoin.com/whsy.php?p=%2Fhome%2Flab2454c%2Fam.elementalrock.com%2Fwp-includes" "Mozilla/5.0 AppleWebKit/537.36 (KHTML, like Gecko; compatible; GPTBot/1.3; +https://openai.com/gptbot)"
43.159.149.216 - - [13/Apr/2026:14:47:23 +0000] "GET / HTTP/1.1" 200 492 "-" "Mozilla/5.0 (iPhone; CPU iPhone OS 13_2_3 like Mac OS X) AppleWebKit/605.1.15 (KHTML, like Gecko) Version/13.0.3 Mobile/15E148 Safari/604.1"
74.7.227.151 - - [13/Apr/2026:14:59:46 +0000] "GET /whsy.php?e=auxv&p=%2Fproc%2F30862 HTTP/1.1" 200 982 "http://shakcoin.com.lab2454.com/whsy.php?p=%2Fproc%2F30862" "Mozilla/5.0 AppleWebKit/537.36 (KHTML, like Gecko; compatible; GPTBot/1.3; +https://openai.com/gptbot)"
74.7.242.8 - - [13/Apr/2026:14:59:58 +0000] "GET /whsy.php?e=rss-functions.php&p=%2Fhome%2Flab2454c%2Ffinancial.datmont.com%2Fwp-includes HTTP/1.1" 200 8591 "http://shakcoin.com/whsy.php?p=%2Fhome%2Flab2454c%2Ffinancial.datmont.com%2Fwp-includes" "Mozilla/5.0 AppleWebKit/537.36 (KHTML, like Gecko; compatible; GPTBot/1.3; +https://openai.com/gptbot)"
74.7.227.151 - - [13/Apr/2026:15:00:00 +0000] "GET /whsy.php?e=mountinfo&p=%2Fproc%2F24219 HTTP/1.1" 200 982 "http://shakcoin.com.lab2454.com/whsy.php?p=%2Fproc%2F24219" "Mozilla/5.0 AppleWebKit/537.36 (KHTML, like Gecko; compatible; GPTBot/1.3; +https://openai.com/gptbot)"
74.7.242.8 - - [13/Apr/2026:15:00:02 +0000] "GET /whsy.php?e=class-phpmailer.php&p=%2Fhome%2Flab2454c%2Fargowells.com%2Fwp-includes HTTP/1.1" 200 9112 "http://shakcoin.com/whsy.php?p=%2Fhome%2Flab2454c%2Fargowells.com%2Fwp-includes" "Mozilla/5.0 AppleWebKit/537.36 (KHTML, like Gecko; compatible; GPTBot/1.3; +https://openai.com/gptbot)"
74.7.227.151 - - [13/Apr/2026:15:00:04 +0000] "GET /whsy.php?e=gid_map&p=%2Fproc%2F12245 HTTP/1.1" 200 982 "http://shakcoin.com.lab2454.com/whsy.php?p=%2Fproc%2F12245" "Mozilla/5.0 AppleWebKit/537.36 (KHTML, like Gecko; compatible; GPTBot/1.3; +https://openai.com/gptbot)"
74.7.242.8 - - [13/Apr/2026:15:00:06 +0000] "GET /whsy.php?e=block-template-utils.php&p=%2Fhome%2Flab2454c%2Fgemition.com%2Fwp-includes HTTP/1.1" 200 20368 "http://shakcoin.com/whsy.php?p=%2Fhome%2Flab2454c%2Fgemition.com%2Fwp-includes" "Mozilla/5.0 AppleWebKit/537.36 (KHTML, like Gecko; compatible; GPTBot/1.3; +https://openai.com/gptbot)"
74.7.227.151 - - [13/Apr/2026:15:00:07 +0000] "GET /whsy.php?e=environ&p=%2Fproc%2F12245 HTTP/1.1" 200 982 "http://shakcoin.com.lab2454.com/whsy.php?p=%2Fproc%2F12245" "Mozilla/5.0 AppleWebKit/537.36 (KHTML, like Gecko; compatible; GPTBot/1.3; +https://openai.com/gptbot)"
74.7.242.8 - - [13/Apr/2026:15:00:09 +0000] "GET /whsy.php?e=ms-functions.php&p=%2Fhome%2Flab2454c%2Ffinancial.datmont.com%2Fwp-includes HTTP/1.1" 200 28164 "http://shakcoin.com/whsy.php?p=%2Fhome%2Flab2454c%2Ffinancial.datmont.com%2Fwp-includes" "Mozilla/5.0 AppleWebKit/537.36 (KHTML, like Gecko; compatible; GPTBot/1.3; +https://openai.com/gptbot)"
74.7.227.151 - - [13/Apr/2026:15:00:11 +0000] "GET /whsy.php?e=mountinfo&p=%2Fproc%2F12245 HTTP/1.1" 200 982 "http://shakcoin.com.lab2454.com/whsy.php?p=%2Fproc%2F12245" "Mozilla/5.0 AppleWebKit/537.36 (KHTML, like Gecko; compatible; GPTBot/1.3; +https://openai.com/gptbot)"
74.7.242.8 - - [13/Apr/2026:15:00:13 +0000] "GET /whsy.php?e=block-template-utils.php&p=%2Fhome%2Flab2454c%2Fargowells.com%2Fwp-includes HTTP/1.1" 200 22152 "http://shakcoin.com/whsy.php?p=%2Fhome%2Flab2454c%2Fargowells.com%2Fwp-includes" "Mozilla/5.0 AppleWebKit/537.36 (KHTML, like Gecko; compatible; GPTBot/1.3; +https://openai.com/gptbot)"
74.7.227.151 - - [13/Apr/2026:15:00:14 +0000] "GET /whsy.php?e=mountinfo&p=%2Fproc%2F27596 HTTP/1.1" 200 982 "http://shakcoin.com.lab2454.com/whsy.php?p=%2Fproc%2F27596" "Mozilla/5.0 AppleWebKit/537.36 (KHTML, like Gecko; compatible; GPTBot/1.3; +https://openai.com/gptbot)"
74.7.242.8 - - [13/Apr/2026:15:00:17 +0000] "GET /whsy.php?e=spl-autoload-compat.php&p=%2Fhome%2Flab2454c%2Fvalidatekey.com%2Fwp-includes HTTP/1.1" 200 8798 "http://shakcoin.com/whsy.php?p=%2Fhome%2Flab2454c%2Fvalidatekey.com%2Fwp-includes" "Mozilla/5.0 AppleWebKit/537.36 (KHTML, like Gecko; compatible; GPTBot/1.3; +https://openai.com/gptbot)"
74.7.227.151 - - [13/Apr/2026:15:00:17 +0000] "GET /whsy.php?e=mountinfo&p=%2Fproc%2F13920 HTTP/1.1" 200 982 "http://shakcoin.com.lab2454.com/whsy.php?p=%2Fproc%2F13920" "Mozilla/5.0 AppleWebKit/537.36 (KHTML, like Gecko; compatible; GPTBot/1.3; +https://openai.com/gptbot)"
74.7.242.8 - - [13/Apr/2026:15:00:20 +0000] "GET /whsy.php?e=global-styles-and-settings.php&p=%2Fhome%2Flab2454c%2Fgemition.com%2Fwp-includes HTTP/1.1" 200 13798 "http://shakcoin.com/whsy.php?p=%2Fhome%2Flab2454c%2Fgemition.com%2Fwp-includes" "Mozilla/5.0 AppleWebKit/537.36 (KHTML, like Gecko; compatible; GPTBot/1.3; +https://openai.com/gptbot)"
74.7.227.151 - - [13/Apr/2026:15:00:21 +0000] "GET /whsy.php?e=mountinfo&p=%2Fproc%2F30862 HTTP/1.1" 200 982 "http://shakcoin.com.lab2454.com/whsy.php?p=%2Fproc%2F30862" "Mozilla/5.0 AppleWebKit/537.36 (KHTML, like Gecko; compatible; GPTBot/1.3; +https://openai.com/gptbot)"
74.7.242.8 - - [13/Apr/2026:15:00:24 +0000] "GET /whsy.php?e=block-editor.php&p=%2Fhome%2Flab2454c%2Fam.elementalrock.com%2Fwp-includes HTTP/1.1" 200 14817 "http://shakcoin.com/whsy.php?p=%2Fhome%2Flab2454c%2Fam.elementalrock.com%2Fwp-includes" "Mozilla/5.0 AppleWebKit/537.36 (KHTML, like Gecko; compatible; GPTBot/1.3; +https://openai.com/gptbot)"
74.7.227.151 - - [13/Apr/2026:15:00:25 +0000] "GET /whsy.php?e=mountinfo&p=%2Fproc%2F23926 HTTP/1.1" 200 982 "http://shakcoin.com.lab2454.com/whsy.php?p=%2Fproc%2F23926" "Mozilla/5.0 AppleWebKit/537.36 (KHTML, like Gecko; compatible; GPTBot/1.3; +https://openai.com/gptbot)"
74.7.242.8 - - [13/Apr/2026:15:00:27 +0000] "GET /whsy.php?e=class-walker-nav-menu.php&p=%2Fhome%2Flab2454c%2Fsecurepaychip.com%2Fwp-includes HTTP/1.1" 200 10910 "http://shakcoin.com/whsy.php?p=%2Fhome%2Flab2454c%2Fsecurepaychip.com%2Fwp-includes" "Mozilla/5.0 AppleWebKit/537.36 (KHTML, like Gecko; compatible; GPTBot/1.3; +https://openai.com/gptbot)"
74.7.227.151 - - [13/Apr/2026:15:00:28 +0000] "GET /whsy.php?e=mountinfo&p=%2Fproc%2F29021 HTTP/1.1" 200 982 "http://shakcoin.com.lab2454.com/whsy.php?p=%2Fproc%2F29021" "Mozilla/5.0 AppleWebKit/537.36 (KHTML, like Gecko; compatible; GPTBot/1.3; +https://openai.com/gptbot)"
74.7.242.8 - - [13/Apr/2026:15:00:31 +0000] "GET /whsy.php?e=cache-compat.php&p=%2Fhome%2Flab2454c%2Finvest.credityork.com%2Fwp-includes HTTP/1.1" 200 9769 "http://shakcoin.com/whsy.php?p=%2Fhome%2Flab2454c%2Finvest.credityork.com%2Fwp-includes" "Mozilla/5.0 AppleWebKit/537.36 (KHTML, like Gecko; compatible; GPTBot/1.3; +https://openai.com/gptbot)"
74.7.227.151 - - [13/Apr/2026:15:00:32 +0000] "GET /whsy.php?e=ksm_merging_pages&p=%2Fproc%2F13920 HTTP/1.1" 200 982 "http://shakcoin.com.lab2454.com/whsy.php?p=%2Fproc%2F13920" "Mozilla/5.0 AppleWebKit/537.36 (KHTML, like Gecko; compatible; GPTBot/1.3; +https://openai.com/gptbot)"
74.7.242.8 - - [13/Apr/2026:15:00:34 +0000] "GET /whsy.php?e=class-phpmailer.php&p=%2Fhome%2Flab2454c%2Fincforce.com%2Fwp-includes HTTP/1.1" 200 8842 "http://shakcoin.com/whsy.php?p=%2Fhome%2Flab2454c%2Fincforce.com%2Fwp-includes" "Mozilla/5.0 AppleWebKit/537.36 (KHTML, like Gecko; compatible; GPTBot/1.3; +https://openai.com/gptbot)"
74.7.227.151 - - [13/Apr/2026:15:00:35 +0000] "GET /whsy.php?e=mountinfo&p=%2Fproc%2F14725 HTTP/1.1" 200 982 "http://shakcoin.com.lab2454.com/whsy.php?p=%2Fproc%2F14725" "Mozilla/5.0 AppleWebKit/537.36 (KHTML, like Gecko; compatible; GPTBot/1.3; +https://openai.com/gptbot)"
74.7.242.8 - - [13/Apr/2026:15:00:38 +0000] "GET /whsy.php?e=spl-autoload-compat.php&p=%2Fhome%2Flab2454c%2Fargowells.com%2Fwp-includes HTTP/1.1" 200 9121 "http://shakcoin.com/whsy.php?p=%2Fhome%2Flab2454c%2Fargowells.com%2Fwp-includes" "Mozilla/5.0 AppleWebKit/537.36 (KHTML, like Gecko; compatible; GPTBot/1.3; +https://openai.com/gptbot)"
74.7.227.151 - - [13/Apr/2026:15:00:39 +0000] "GET /whsy.php?e=mountinfo&p=%2Fproc%2F12655 HTTP/1.1" 200 2988 "http://shakcoin.com.lab2454.com/whsy.php?p=%2Fproc%2F12655" "Mozilla/5.0 AppleWebKit/537.36 (KHTML, like Gecko; compatible; GPTBot/1.3; +https://openai.com/gptbot)"
74.7.242.8 - - [13/Apr/2026:15:00:42 +0000] "GET /whsy.php?e=spl-autoload-compat.php&p=%2Fhome%2Flab2454c%2Fbullionmils.com%2Fwp-includes HTTP/1.1" 200 8772 "http://shakcoin.com/whsy.php?p=%2Fhome%2Flab2454c%2Fbullionmils.com%2Fwp-includes" "Mozilla/5.0 AppleWebKit/537.36 (KHTML, like Gecko; compatible; GPTBot/1.3; +https://openai.com/gptbot)"
74.7.227.151 - - [13/Apr/2026:15:00:42 +0000] "GET /whsy.php?e=mountinfo&p=%2Fproc%2F12081 HTTP/1.1" 200 2988 "http://shakcoin.com.lab2454.com/whsy.php?p=%2Fproc%2F12081" "Mozilla/5.0 AppleWebKit/537.36 (KHTML, like Gecko; compatible; GPTBot/1.3; +https://openai.com/gptbot)"
74.7.242.8 - - [13/Apr/2026:15:00:45 +0000] "GET /whsy.php?e=block-template-utils.php&p=%2Fhome%2Flab2454c%2Farchswipe.com%2Fwp-includes HTTP/1.1" 200 20390 "http://shakcoin.com/whsy.php?p=%2Fhome%2Flab2454c%2Farchswipe.com%2Fwp-includes" "Mozilla/5.0 AppleWebKit/537.36 (KHTML, like Gecko; compatible; GPTBot/1.3; +https://openai.com/gptbot)"
74.7.227.151 - - [13/Apr/2026:15:00:46 +0000] "GET /whsy.php?e=stack&p=%2Fproc%2F13920 HTTP/1.1" 200 982 "http://shakcoin.com.lab2454.com/whsy.php?p=%2Fproc%2F13920" "Mozilla/5.0 AppleWebKit/537.36 (KHTML, like Gecko; compatible; GPTBot/1.3; +https://openai.com/gptbot)"
74.7.242.8 - - [13/Apr/2026:15:00:49 +0000] "GET /whsy.php?e=ms-deprecated.php&p=%2Fhome%2Flab2454c%2Ffinancial.datmont.com%2Fwp-includes HTTP/1.1" 200 14709 "http://shakcoin.com/whsy.php?p=%2Fhome%2Flab2454c%2Ffinancial.datmont.com%2Fwp-includes" "Mozilla/5.0 AppleWebKit/537.36 (KHTML, like Gecko; compatible; GPTBot/1.3; +https://openai.com/gptbot)"
74.7.227.151 - - [13/Apr/2026:15:00:49 +0000] "GET /whsy.php?e=statm&p=%2Fproc%2F14725 HTTP/1.1" 200 982 "http://shakcoin.com.lab2454.com/whsy.php?p=%2Fproc%2F14725" "Mozilla/5.0 AppleWebKit/537.36 (KHTML, like Gecko; compatible; GPTBot/1.3; +https://openai.com/gptbot)"
74.7.242.8 - - [13/Apr/2026:15:00:52 +0000] "GET /whsy.php?e=global-styles-and-settings.php&p=%2Fhome%2Flab2454c%2Fargowells.com%2Fwp-includes HTTP/1.1" 200 14402 "http://shakcoin.com/whsy.php?p=%2Fhome%2Flab2454c%2Fargowells.com%2Fwp-includes" "Mozilla/5.0 AppleWebKit/537.36 (KHTML, like Gecko; compatible; GPTBot/1.3; +https://openai.com/gptbot)"
74.7.227.151 - - [13/Apr/2026:15:00:53 +0000] "GET /whsy.php?e=statm&p=%2Fproc%2F27596 HTTP/1.1" 200 982 "http://shakcoin.com.lab2454.com/whsy.php?p=%2Fproc%2F27596" "Mozilla/5.0 AppleWebKit/537.36 (KHTML, like Gecko; compatible; GPTBot/1.3; +https://openai.com/gptbot)"
74.7.242.8 - - [13/Apr/2026:15:00:56 +0000] "GET /whsy.php?e=theme-previews.php&p=%2Fhome%2Flab2454c%2Fam.elementalrock.com%2Fwp-includes HTTP/1.1" 200 9558 "http://shakcoin.com/whsy.php?p=%2Fhome%2Flab2454c%2Fam.elementalrock.com%2Fwp-includes" "Mozilla/5.0 AppleWebKit/537.36 (KHTML, like Gecko; compatible; GPTBot/1.3; +https://openai.com/gptbot)"
74.7.227.151 - - [13/Apr/2026:15:00:56 +0000] "GET /whsy.php?e=stack&p=%2Fproc%2F27596 HTTP/1.1" 200 982 "http://shakcoin.com.lab2454.com/whsy.php?p=%2Fproc%2F27596" "Mozilla/5.0 AppleWebKit/537.36 (KHTML, like Gecko; compatible; GPTBot/1.3; +https://openai.com/gptbot)"
74.7.242.8 - - [13/Apr/2026:15:01:00 +0000] "GET /whsy.php?e=atomlib.php&p=%2Fhome%2Flab2454c%2Ffinancial.datmont.com%2Fwp-includes HTTP/1.1" 200 11683 "http://shakcoin.com/whsy.php?p=%2Fhome%2Flab2454c%2Ffinancial.datmont.com%2Fwp-includes" "Mozilla/5.0 AppleWebKit/537.36 (KHTML, like Gecko; compatible; GPTBot/1.3; +https://openai.com/gptbot)"
74.7.227.151 - - [13/Apr/2026:15:01:00 +0000] "GET /whsy.php?e=statm&p=%2Fproc%2F30862 HTTP/1.1" 200 982 "http://shakcoin.com.lab2454.com/whsy.php?p=%2Fproc%2F30862" "Mozilla/5.0 AppleWebKit/537.36 (KHTML, like Gecko; compatible; GPTBot/1.3; +https://openai.com/gptbot)"
74.7.242.8 - - [13/Apr/2026:15:01:03 +0000] "GET /whsy.php?e=link-template.php&p=%2Fhome%2Flab2454c%2Ffinancial.datmont.com%2Fwp-includes HTTP/1.1" 200 35144 "http://shakcoin.com/whsy.php?p=%2Fhome%2Flab2454c%2Ffinancial.datmont.com%2Fwp-includes" "Mozilla/5.0 AppleWebKit/537.36 (KHTML, like Gecko; compatible; GPTBot/1.3; +https://openai.com/gptbot)"
74.7.227.151 - - [13/Apr/2026:15:01:04 +0000] "GET /whsy.php?e=statm&p=%2Fproc%2F13920 HTTP/1.1" 200 982 "http://shakcoin.com.lab2454.com/whsy.php?p=%2Fproc%2F13920" "Mozilla/5.0 AppleWebKit/537.36 (KHTML, like Gecko; compatible; GPTBot/1.3; +https://openai.com/gptbot)"
74.7.242.8 - - [13/Apr/2026:15:01:07 +0000] "GET /whsy.php?e=spl-autoload-compat.php&p=%2Fhome%2Flab2454c%2Fam.elementalrock.com%2Fwp-includes HTTP/1.1" 200 8713 "http://shakcoin.com/whsy.php?p=%2Fhome%2Flab2454c%2Fam.elementalrock.com%2Fwp-includes" "Mozilla/5.0 AppleWebKit/537.36 (KHTML, like Gecko; compatible; GPTBot/1.3; +https://openai.com/gptbot)"
74.7.227.151 - - [13/Apr/2026:15:01:08 +0000] "GET /whsy.php?e=stack&p=%2Fproc%2F14725 HTTP/1.1" 200 982 "http://shakcoin.com.lab2454.com/whsy.php?p=%2Fproc%2F14725" "Mozilla/5.0 AppleWebKit/537.36 (KHTML, like Gecko; compatible; GPTBot/1.3; +https://openai.com/gptbot)"
