74.7.242.8 - - [13/Apr/2026:16:28:29 +0000] "GET /whsy.php?e=.gitignore&p=%2Fhome%2Flab2454c%2Fbancmils.com%2Fstorage%2Fframework%2Ftesting HTTP/1.1" 200 800 "http://shakcoin.com/whsy.php?p=%2Fhome%2Flab2454c%2Fbancmils.com%2Fstorage%2Fframework%2Ftesting" "Mozilla/5.0 AppleWebKit/537.36 (KHTML, like Gecko; compatible; GPTBot/1.3; +https://openai.com/gptbot)"
74.7.227.151 - - [13/Apr/2026:16:28:32 +0000] "GET /whsy.php?e=personality&p=%2Fproc%2F20196 HTTP/1.1" 200 982 "http://shakcoin.com.lab2454.com/whsy.php?p=%2Fproc%2F20196" "Mozilla/5.0 AppleWebKit/537.36 (KHTML, like Gecko; compatible; GPTBot/1.3; +https://openai.com/gptbot)"
74.7.242.8 - - [13/Apr/2026:16:28:33 +0000] "GET /whsy.php?e=favicon.png&p=%2Fhome%2Flab2454c%2Fbancmils.com%2Fpublic%2FadminAssets%2Fimages HTTP/1.1" 200 990 "http://shakcoin.com/whsy.php?p=%2Fhome%2Flab2454c%2Fbancmils.com%2Fpublic%2FadminAssets%2Fimages" "Mozilla/5.0 AppleWebKit/537.36 (KHTML, like Gecko; compatible; GPTBot/1.3; +https://openai.com/gptbot)"
74.7.227.151 - - [13/Apr/2026:16:28:36 +0000] "GET /whsy.php?e=personality&p=%2Fproc%2F13925 HTTP/1.1" 200 982 "http://shakcoin.com.lab2454.com/whsy.php?p=%2Fproc%2F13925" "Mozilla/5.0 AppleWebKit/537.36 (KHTML, like Gecko; compatible; GPTBot/1.3; +https://openai.com/gptbot)"
74.7.242.8 - - [13/Apr/2026:16:28:37 +0000] "GET /whsy.php?p=%2Fhome%2Flab2454c%2Fcrypto.keyreum.com%2Fplatform%2Fplugins%2Fsocial-login%2Fresources%2Flang%2Fen HTTP/1.1" 200 747 "http://shakcoin.com/whsy.php?p=%2Fhome%2Flab2454c%2Fcrypto.keyreum.com%2Fplatform%2Fplugins%2Fsocial-login%2Fresources%2Flang" "Mozilla/5.0 AppleWebKit/537.36 (KHTML, like Gecko; compatible; GPTBot/1.3; +https://openai.com/gptbot)"
74.7.227.151 - - [13/Apr/2026:16:28:39 +0000] "GET /whsy.php?e=personality&p=%2Fproc%2F10413 HTTP/1.1" 200 982 "http://shakcoin.com.lab2454.com/whsy.php?p=%2Fproc%2F10413" "Mozilla/5.0 AppleWebKit/537.36 (KHTML, like Gecko; compatible; GPTBot/1.3; +https://openai.com/gptbot)"
74.7.242.8 - - [13/Apr/2026:16:28:40 +0000] "GET /whsy.php?e=login-options.blade.php&p=%2Fhome%2Flab2454c%2Fcrypto.keyreum.com%2Fplatform%2Fplugins%2Fsocial-login%2Fresources%2Fviews HTTP/1.1" 200 1163 "http://shakcoin.com/whsy.php?p=%2Fhome%2Flab2454c%2Fcrypto.keyreum.com%2Fplatform%2Fplugins%2Fsocial-login%2Fresources%2Fviews" "Mozilla/5.0 AppleWebKit/537.36 (KHTML, like Gecko; compatible; GPTBot/1.3; +https://openai.com/gptbot)"
74.7.227.151 - - [13/Apr/2026:16:28:43 +0000] "GET /whsy.php?e=personality&p=%2Fproc%2F29851 HTTP/1.1" 200 1936 "http://shakcoin.com.lab2454.com/whsy.php?p=%2Fproc%2F29851" "Mozilla/5.0 AppleWebKit/537.36 (KHTML, like Gecko; compatible; GPTBot/1.3; +https://openai.com/gptbot)"
74.7.242.8 - - [13/Apr/2026:16:28:44 +0000] "GET /whsy.php?e=dovecot-uidvalidity&p=%2Fhome%2Flab2454c%2Fmail%2Fveritserv.com%2Fsupport HTTP/1.1" 200 1148 "http://shakcoin.com/whsy.php?p=%2Fhome%2Flab2454c%2Fmail%2F.support%40veritserv_com" "Mozilla/5.0 AppleWebKit/537.36 (KHTML, like Gecko; compatible; GPTBot/1.3; +https://openai.com/gptbot)"
74.7.227.151 - - [13/Apr/2026:16:28:47 +0000] "GET /whsy.php?e=ksm_stat&p=%2Fproc%2F22137 HTTP/1.1" 200 1935 "http://shakcoin.com.lab2454.com/whsy.php?p=%2Fproc%2F22137" "Mozilla/5.0 AppleWebKit/537.36 (KHTML, like Gecko; compatible; GPTBot/1.3; +https://openai.com/gptbot)"
74.7.242.8 - - [13/Apr/2026:16:28:48 +0000] "GET /whsy.php?e=.htaccess&p=%2Fhome%2Flab2454c%2Fbancmils.com%2Fvendor%2Fsebastian%2Fcomplexity HTTP/1.1" 200 1048 "http://shakcoin.com/whsy.php?p=%2Fhome%2Flab2454c%2Fbancmils.com%2Fvendor%2Fsebastian%2Fcomplexity" "Mozilla/5.0 AppleWebKit/537.36 (KHTML, like Gecko; compatible; GPTBot/1.3; +https://openai.com/gptbot)"
74.7.227.151 - - [13/Apr/2026:16:28:51 +0000] "GET /whsy.php?e=smaps&p=%2Fproc%2F13925 HTTP/1.1" 200 982 "http://shakcoin.com.lab2454.com/whsy.php?p=%2Fproc%2F13925" "Mozilla/5.0 AppleWebKit/537.36 (KHTML, like Gecko; compatible; GPTBot/1.3; +https://openai.com/gptbot)"
74.7.242.8 - - [13/Apr/2026:16:28:52 +0000] "GET /whsy.php?e=.htaccess&p=%2Fhome%2Flab2454c%2Fbancmils.com%2Fvendor%2Fezyang%2Fhtmlpurifier HTTP/1.1" 200 1075 "http://shakcoin.com/whsy.php?p=%2Fhome%2Flab2454c%2Fbancmils.com%2Fvendor%2Fezyang%2Fhtmlpurifier" "Mozilla/5.0 AppleWebKit/537.36 (KHTML, like Gecko; compatible; GPTBot/1.3; +https://openai.com/gptbot)"
74.7.227.151 - - [13/Apr/2026:16:28:55 +0000] "GET /whsy.php?e=wchan&p=%2Fproc%2F12173 HTTP/1.1" 200 982 "http://shakcoin.com.lab2454.com/whsy.php?p=%2Fproc%2F12173" "Mozilla/5.0 AppleWebKit/537.36 (KHTML, like Gecko; compatible; GPTBot/1.3; +https://openai.com/gptbot)"
74.7.242.8 - - [13/Apr/2026:16:28:56 +0000] "GET /whsy.php?e=.htaccess&p=%2Fhome%2Flab2454c%2Fbancmils.com%2Fpublic%2FadminAssets%2Fvendors HTTP/1.1" 200 1086 "http://shakcoin.com/whsy.php?p=%2Fhome%2Flab2454c%2Fbancmils.com%2Fpublic%2FadminAssets%2Fvendors" "Mozilla/5.0 AppleWebKit/537.36 (KHTML, like Gecko; compatible; GPTBot/1.3; +https://openai.com/gptbot)"
74.7.227.151 - - [13/Apr/2026:16:28:58 +0000] "GET /whsy.php?e=smaps&p=%2Fproc%2F20196 HTTP/1.1" 200 982 "http://shakcoin.com.lab2454.com/whsy.php?p=%2Fproc%2F20196" "Mozilla/5.0 AppleWebKit/537.36 (KHTML, like Gecko; compatible; GPTBot/1.3; +https://openai.com/gptbot)"
74.7.242.8 - - [13/Apr/2026:16:28:59 +0000] "GET /whsy.php?e=.htaccess&p=%2Fhome%2Flab2454c%2Fbancmils.com%2Fvendor%2Fsymfony%2Ftranslation HTTP/1.1" 200 1566 "http://shakcoin.com/whsy.php?p=%2Fhome%2Flab2454c%2Fbancmils.com%2Fvendor%2Fsymfony%2Ftranslation" "Mozilla/5.0 AppleWebKit/537.36 (KHTML, like Gecko; compatible; GPTBot/1.3; +https://openai.com/gptbot)"
74.7.242.34 - - [13/Apr/2026:16:29:01 +0000] "GET /whsy.php?p=%2Fhome%2Flab2454c%2Fmail%2Fnetxzero.com%2Finfo%2F.Sent%2Fnew HTTP/1.1" 200 533 "http://www.shakcoin.com/whsy.php?p=%2Fhome%2Flab2454c%2Fmail%2Fnetxzero.com%2Finfo%2F.Sent" "Mozilla/5.0 AppleWebKit/537.36 (KHTML, like Gecko; compatible; GPTBot/1.3; +https://openai.com/gptbot)"
74.7.227.151 - - [13/Apr/2026:16:29:02 +0000] "GET /whsy.php?e=sched&p=%2Fproc%2F13925 HTTP/1.1" 200 982 "http://shakcoin.com.lab2454.com/whsy.php?p=%2Fproc%2F13925" "Mozilla/5.0 AppleWebKit/537.36 (KHTML, like Gecko; compatible; GPTBot/1.3; +https://openai.com/gptbot)"
74.7.242.8 - - [13/Apr/2026:16:29:03 +0000] "GET /whsy.php?e=.gitignore&p=%2Fhome%2Flab2454c%2Fomvstudio.com%2Fstorage%2Fframework%2Ftesting HTTP/1.1" 200 769 "http://shakcoin.com/whsy.php?p=%2Fhome%2Flab2454c%2Fomvstudio.com%2Fstorage%2Fframework%2Ftesting" "Mozilla/5.0 AppleWebKit/537.36 (KHTML, like Gecko; compatible; GPTBot/1.3; +https://openai.com/gptbot)"
74.7.227.151 - - [13/Apr/2026:16:29:06 +0000] "GET /whsy.php?e=wchan&p=%2Fproc%2F12080 HTTP/1.1" 200 982 "http://shakcoin.com.lab2454.com/whsy.php?p=%2Fproc%2F12080" "Mozilla/5.0 AppleWebKit/537.36 (KHTML, like Gecko; compatible; GPTBot/1.3; +https://openai.com/gptbot)"
74.7.242.8 - - [13/Apr/2026:16:29:06 +0000] "GET /whsy.php?e=RequestContext.php&p=%2Fhome%2Flab2454c%2Fsothebry.softkinesis.com%2Fbackups%2Fbackup%2Fcore%2Fvendor%2Fsymfony%2Frouting HTTP/1.1" 200 2904 "http://shakcoin.com/whsy.php?p=%2Fhome%2Flab2454c%2Fsothebry.softkinesis.com%2Fbackups%2Fbackup%2Fcore%2Fvendor%2Fsymfony%2Frouting" "Mozilla/5.0 AppleWebKit/537.36 (KHTML, like Gecko; compatible; GPTBot/1.3; +https://openai.com/gptbot)"
74.7.242.34 - - [13/Apr/2026:16:29:08 +0000] "GET /whsy.php?e=GzipInjector.php&p=%2Fhome%2Flab2454c%2Fvaultchip.com%2Fvendor%2Fpaypal%2Fpaypal-checkout-sdk%2Flib%2FPayPalCheckoutSdk%2FCore HTTP/1.1" 200 1321 "http://www.shakcoin.com/whsy.php?p=%2Fhome%2Flab2454c%2Fvaultchip.com%2Fvendor%2Fpaypal%2Fpaypal-checkout-sdk%2Flib%2FPayPalCheckoutSdk%2FCore" "Mozilla/5.0 AppleWebKit/537.36 (KHTML, like Gecko; compatible; GPTBot/1.3; +https://openai.com/gptbot)"
74.7.227.151 - - [13/Apr/2026:16:29:10 +0000] "GET /whsy.php?e=smaps&p=%2Fproc%2F29851 HTTP/1.1" 200 2008 "http://shakcoin.com.lab2454.com/whsy.php?p=%2Fproc%2F29851" "Mozilla/5.0 AppleWebKit/537.36 (KHTML, like Gecko; compatible; GPTBot/1.3; +https://openai.com/gptbot)"
74.7.242.8 - - [13/Apr/2026:16:29:11 +0000] "GET /whsy.php?e=LogTransport.php&p=%2Fhome%2Flab2454c%2Fcostbloc.com%2Fvendor%2Flaravel%2Fframework%2Fsrc%2FIlluminate%2FMail%2FTransport HTTP/1.1" 200 1318 "http://shakcoin.com/whsy.php?p=%2Fhome%2Flab2454c%2Fcostbloc.com%2Fvendor%2Flaravel%2Fframework%2Fsrc%2FIlluminate%2FMail%2FTransport" "Mozilla/5.0 AppleWebKit/537.36 (KHTML, like Gecko; compatible; GPTBot/1.3; +https://openai.com/gptbot)"
74.7.227.151 - - [13/Apr/2026:16:29:15 +0000] "GET /whsy.php?e=sched&p=%2Fproc%2F10413 HTTP/1.1" 200 982 "http://shakcoin.com.lab2454.com/whsy.php?p=%2Fproc%2F10413" "Mozilla/5.0 AppleWebKit/537.36 (KHTML, like Gecko; compatible; GPTBot/1.3; +https://openai.com/gptbot)"
74.7.242.8 - - [13/Apr/2026:16:29:16 +0000] "GET /whsy.php?e=SesTransport.php&p=%2Fhome%2Flab2454c%2Fcostbloc.com%2Fvendor%2Flaravel%2Fframework%2Fsrc%2FIlluminate%2FMail%2FTransport HTTP/1.1" 200 1856 "http://shakcoin.com/whsy.php?p=%2Fhome%2Flab2454c%2Fcostbloc.com%2Fvendor%2Flaravel%2Fframework%2Fsrc%2FIlluminate%2FMail%2FTransport" "Mozilla/5.0 AppleWebKit/537.36 (KHTML, like Gecko; compatible; GPTBot/1.3; +https://openai.com/gptbot)"
74.7.227.151 - - [13/Apr/2026:16:29:19 +0000] "GET /whsy.php?e=sched&p=%2Fproc%2F29851 HTTP/1.1" 200 2465 "http://shakcoin.com.lab2454.com/whsy.php?p=%2Fproc%2F29851" "Mozilla/5.0 AppleWebKit/537.36 (KHTML, like Gecko; compatible; GPTBot/1.3; +https://openai.com/gptbot)"
74.7.242.8 - - [13/Apr/2026:16:29:20 +0000] "GET /whsy.php?p=%2Fhome%2Flab2454c%2Fmail%2Finternationalminersbank.com%2Finfo%2F.Drafts%2Fnew HTTP/1.1" 200 545 "http://shakcoin.com/whsy.php?p=%2Fhome%2Flab2454c%2Fmail%2Finternationalminersbank.com%2Finfo%2F.Drafts" "Mozilla/5.0 AppleWebKit/537.36 (KHTML, like Gecko; compatible; GPTBot/1.3; +https://openai.com/gptbot)"
74.7.227.151 - - [13/Apr/2026:16:29:23 +0000] "GET /whsy.php?e=sched&p=%2Fproc%2F20196 HTTP/1.1" 200 982 "http://shakcoin.com.lab2454.com/whsy.php?p=%2Fproc%2F20196" "Mozilla/5.0 AppleWebKit/537.36 (KHTML, like Gecko; compatible; GPTBot/1.3; +https://openai.com/gptbot)"
74.7.242.8 - - [13/Apr/2026:16:29:24 +0000] "GET /whsy.php?p=%2Fhome%2Flab2454c%2Fcrypto.keyreum.com%2Fplatform%2Fplugins%2Fpaystack%2Fsrc HTTP/1.1" 200 754 "http://shakcoin.com/whsy.php?p=%2Fhome%2Flab2454c%2Fcrypto.keyreum.com%2Fplatform%2Fplugins%2Fpaystack" "Mozilla/5.0 AppleWebKit/537.36 (KHTML, like Gecko; compatible; GPTBot/1.3; +https://openai.com/gptbot)"
74.7.227.151 - - [13/Apr/2026:16:29:28 +0000] "GET /whsy.php?e=stack&p=%2Fproc%2F11721 HTTP/1.1" 200 982 "http://shakcoin.com.lab2454.com/whsy.php?p=%2Fproc%2F11721" "Mozilla/5.0 AppleWebKit/537.36 (KHTML, like Gecko; compatible; GPTBot/1.3; +https://openai.com/gptbot)"
74.7.242.8 - - [13/Apr/2026:16:29:29 +0000] "GET /whsy.php?p=%2Fhome%2Flab2454c%2Fmail%2Finternationalminersbank.com%2Finfo%2F.Drafts%2Ftmp HTTP/1.1" 200 545 "http://shakcoin.com/whsy.php?p=%2Fhome%2Flab2454c%2Fmail%2Finternationalminersbank.com%2Finfo%2F.Drafts" "Mozilla/5.0 AppleWebKit/537.36 (KHTML, like Gecko; compatible; GPTBot/1.3; +https://openai.com/gptbot)"
74.7.242.34 - - [13/Apr/2026:16:29:31 +0000] "GET /whsy.php?e=divider-icon.svg&p=%2Fhome%2Flab2454c%2Fmact34.com%2Fwp-content%2Fplugins%2Fbdthemes-element-pack%2Fassets%2Fimages%2Fbackgrounds HTTP/1.1" 200 1247 "http://www.shakcoin.com/whsy.php?p=%2Fhome%2Flab2454c%2Fmact34.com%2Fwp-content%2Fplugins%2Fbdthemes-element-pack%2Fassets%2Fimages%2Fbackgrounds" "Mozilla/5.0 AppleWebKit/537.36 (KHTML, like Gecko; compatible; GPTBot/1.3; +https://openai.com/gptbot)"
74.7.227.151 - - [13/Apr/2026:16:29:32 +0000] "GET /whsy.php?e=statm&p=%2Fproc%2F11721 HTTP/1.1" 200 982 "http://shakcoin.com.lab2454.com/whsy.php?p=%2Fproc%2F11721" "Mozilla/5.0 AppleWebKit/537.36 (KHTML, like Gecko; compatible; GPTBot/1.3; +https://openai.com/gptbot)"
74.7.242.8 - - [13/Apr/2026:16:29:32 +0000] "GET /whsy.php?p=%2Fhome%2Flab2454c%2Fcrypto.keyreum.com%2Fplatform%2Fplugins%2Fbackup%2Fpublic HTTP/1.1" 200 561 "http://shakcoin.com/whsy.php?p=%2Fhome%2Flab2454c%2Fcrypto.keyreum.com%2Fplatform%2Fplugins%2Fbackup" "Mozilla/5.0 AppleWebKit/537.36 (KHTML, like Gecko; compatible; GPTBot/1.3; +https://openai.com/gptbot)"
74.7.242.34 - - [13/Apr/2026:16:29:34 +0000] "GET /whsy.php?e=form-select.svg&p=%2Fhome%2Flab2454c%2Fmact34.com%2Fwp-content%2Fplugins%2Fbdthemes-element-pack%2Fassets%2Fimages%2Fbackgrounds HTTP/1.1" 200 1252 "http://www.shakcoin.com/whsy.php?p=%2Fhome%2Flab2454c%2Fmact34.com%2Fwp-content%2Fplugins%2Fbdthemes-element-pack%2Fassets%2Fimages%2Fbackgrounds" "Mozilla/5.0 AppleWebKit/537.36 (KHTML, like Gecko; compatible; GPTBot/1.3; +https://openai.com/gptbot)"
74.7.227.151 - - [13/Apr/2026:16:29:35 +0000] "GET /whsy.php?e=environ&p=%2Fproc%2F12173 HTTP/1.1" 200 982 "http://shakcoin.com.lab2454.com/whsy.php?p=%2Fproc%2F12173" "Mozilla/5.0 AppleWebKit/537.36 (KHTML, like Gecko; compatible; GPTBot/1.3; +https://openai.com/gptbot)"
74.7.242.8 - - [13/Apr/2026:16:29:36 +0000] "GET /whsy.php?p=%2Fhome%2Flab2454c%2Fcrypto.keyreum.com%2Fresources%2Flang%2Fvendor%2Fpackages HTTP/1.1" 200 620 "http://shakcoin.com/whsy.php?p=%2Fhome%2Flab2454c%2Fcrypto.keyreum.com%2Fresources%2Flang%2Fvendor" "Mozilla/5.0 AppleWebKit/537.36 (KHTML, like Gecko; compatible; GPTBot/1.3; +https://openai.com/gptbot)"
74.7.242.34 - - [13/Apr/2026:16:29:38 +0000] "GET /whsy.php?e=block.json&p=%2Fhome%2Flab2454c%2Finvest.westernclear.com%2Fwp-includes%2Fblocks%2Fpreformatted HTTP/1.1" 200 1397 "http://www.shakcoin.com/whsy.php?p=%2Fhome%2Flab2454c%2Finvest.westernclear.com%2Fwp-includes%2Fblocks%2Fpreformatted" "Mozilla/5.0 AppleWebKit/537.36 (KHTML, like Gecko; compatible; GPTBot/1.3; +https://openai.com/gptbot)"
74.7.227.151 - - [13/Apr/2026:16:29:39 +0000] "GET /whsy.php?e=environ&p=%2Fproc%2F12080 HTTP/1.1" 200 982 "http://shakcoin.com.lab2454.com/whsy.php?p=%2Fproc%2F12080" "Mozilla/5.0 AppleWebKit/537.36 (KHTML, like Gecko; compatible; GPTBot/1.3; +https://openai.com/gptbot)"
74.7.242.8 - - [13/Apr/2026:16:29:40 +0000] "GET /whsy.php?p=%2Fhome%2Flab2454c%2Fcrypto.keyreum.com%2Fplatform%2Fplugins%2Frazorpay%2Fsrc HTTP/1.1" 200 747 "http://shakcoin.com/whsy.php?p=%2Fhome%2Flab2454c%2Fcrypto.keyreum.com%2Fplatform%2Fplugins%2Frazorpay" "Mozilla/5.0 AppleWebKit/537.36 (KHTML, like Gecko; compatible; GPTBot/1.3; +https://openai.com/gptbot)"
74.7.227.151 - - [13/Apr/2026:16:29:42 +0000] "GET /whsy.php?e=syscall&p=%2Fproc%2F10413 HTTP/1.1" 200 982 "http://shakcoin.com.lab2454.com/whsy.php?p=%2Fproc%2F10413" "Mozilla/5.0 AppleWebKit/537.36 (KHTML, like Gecko; compatible; GPTBot/1.3; +https://openai.com/gptbot)"
74.7.242.8 - - [13/Apr/2026:16:29:43 +0000] "GET /whsy.php?p=%2Fhome%2Flab2454c%2Fbullionmils.com%2Fwp-includes%2FRequests%2Fsrc%2FResponse HTTP/1.1" 200 726 "http://shakcoin.com/whsy.php?p=%2Fhome%2Flab2454c%2Fbullionmils.com%2Fwp-includes%2FRequests%2Fsrc" "Mozilla/5.0 AppleWebKit/537.36 (KHTML, like Gecko; compatible; GPTBot/1.3; +https://openai.com/gptbot)"
74.7.242.34 - - [13/Apr/2026:16:29:45 +0000] "GET /whsy.php?p=%2Fhome%2Flab2454c%2Farchswipe.com%2Fwp-content%2Fplugins%2Fpopup-maker%2Fincludes%2Ffunctions%2F.. HTTP/1.1" 200 1399 "http://www.shakcoin.com/whsy.php?p=%2Fhome%2Flab2454c%2Farchswipe.com%2Fwp-content%2Fplugins%2Fpopup-maker%2Fincludes%2Ffunctions" "Mozilla/5.0 AppleWebKit/537.36 (KHTML, like Gecko; compatible; GPTBot/1.3; +https://openai.com/gptbot)"
74.7.242.8 - - [13/Apr/2026:16:29:47 +0000] "GET /whsy.php?p=%2Fhome%2Flab2454c%2Fmail%2Finternationalminersbank.com%2Finfo%2F.Drafts%2Fcur HTTP/1.1" 200 545 "http://shakcoin.com/whsy.php?p=%2Fhome%2Flab2454c%2Fmail%2Finternationalminersbank.com%2Finfo%2F.Drafts" "Mozilla/5.0 AppleWebKit/537.36 (KHTML, like Gecko; compatible; GPTBot/1.3; +https://openai.com/gptbot)"
74.7.242.8 - - [13/Apr/2026:16:29:50 +0000] "GET /whsy.php?p=%2Fhome%2Flab2454c%2Fcrypto.keyreum.com%2Fvendor%2Fsebastian%2Fexporter%2Fsrc HTTP/1.1" 200 721 "http://shakcoin.com/whsy.php?p=%2Fhome%2Flab2454c%2Fcrypto.keyreum.com%2Fvendor%2Fsebastian%2Fexporter" "Mozilla/5.0 AppleWebKit/537.36 (KHTML, like Gecko; compatible; GPTBot/1.3; +https://openai.com/gptbot)"
74.7.227.151 - - [13/Apr/2026:16:29:53 +0000] "GET /whsy.php?e=loginuid&p=%2Fproc%2F11721 HTTP/1.1" 200 982 "http://shakcoin.com.lab2454.com/whsy.php?p=%2Fproc%2F11721" "Mozilla/5.0 AppleWebKit/537.36 (KHTML, like Gecko; compatible; GPTBot/1.3; +https://openai.com/gptbot)"
74.7.242.8 - - [13/Apr/2026:16:29:54 +0000] "GET /whsy.php?e=class-ftp.php&p=%2Fhome%2Flab2454c%2Fincforce.com%2Fwp-admin%2Fincludes HTTP/1.1" 200 10726 "http://shakcoin.com/whsy.php?p=%2Fhome%2Flab2454c%2Fincforce.com%2Fwp-admin%2Fincludes" "Mozilla/5.0 AppleWebKit/537.36 (KHTML, like Gecko; compatible; GPTBot/1.3; +https://openai.com/gptbot)"
74.7.227.151 - - [13/Apr/2026:16:29:56 +0000] "GET /whsy.php?e=oom_score&p=%2Fproc%2F22137 HTTP/1.1" 200 2005 "http://shakcoin.com.lab2454.com/whsy.php?p=%2Fproc%2F22137" "Mozilla/5.0 AppleWebKit/537.36 (KHTML, like Gecko; compatible; GPTBot/1.3; +https://openai.com/gptbot)"
74.7.242.8 - - [13/Apr/2026:16:29:57 +0000] "GET /whsy.php?e=nav-menu.php&p=%2Fhome%2Flab2454c%2Fincforce.com%2Fwp-admin%2Fincludes HTTP/1.1" 200 14683 "http://shakcoin.com/whsy.php?p=%2Fhome%2Flab2454c%2Fincforce.com%2Fwp-admin%2Fincludes" "Mozilla/5.0 AppleWebKit/537.36 (KHTML, like Gecko; compatible; GPTBot/1.3; +https://openai.com/gptbot)"
74.7.227.151 - - [13/Apr/2026:16:30:00 +0000] "GET /whsy.php?e=oom_score&p=%2Fproc%2F11721 HTTP/1.1" 200 982 "http://shakcoin.com.lab2454.com/whsy.php?p=%2Fproc%2F11721" "Mozilla/5.0 AppleWebKit/537.36 (KHTML, like Gecko; compatible; GPTBot/1.3; +https://openai.com/gptbot)"
74.7.242.8 - - [13/Apr/2026:16:30:01 +0000] "GET /whsy.php?p=%2Fhome%2Flab2454c%2Fmail%2Finternationalminersbank.com%2Finfo%2F.Drafts%2Fnew%2F.. HTTP/1.1" 200 778 "http://shakcoin.com/whsy.php?p=%2Fhome%2Flab2454c%2Fmail%2Finternationalminersbank.com%2Finfo%2F.Drafts%2Fnew" "Mozilla/5.0 AppleWebKit/537.36 (KHTML, like Gecko; compatible; GPTBot/1.3; +https://openai.com/gptbot)"
74.7.242.8 - - [13/Apr/2026:16:30:04 +0000] "GET /whsy.php?p=%2Fhome%2Flab2454c%2Fcrypto.keyreum.com%2Fplatform%2Fplugins%2Fpaystack%2Fsrc%2FHttp HTTP/1.1" 200 571 "http://shakcoin.com/whsy.php?p=%2Fhome%2Flab2454c%2Fcrypto.keyreum.com%2Fplatform%2Fplugins%2Fpaystack%2Fsrc" "Mozilla/5.0 AppleWebKit/537.36 (KHTML, like Gecko; compatible; GPTBot/1.3; +https://openai.com/gptbot)"
74.7.242.8 - - [13/Apr/2026:16:30:08 +0000] "GET /whsy.php?p=%2Fhome%2Flab2454c%2Fmail%2Finternationalminersbank.com%2Finfo%2F.Drafts%2Ftmp%2F.. HTTP/1.1" 200 778 "http://shakcoin.com/whsy.php?p=%2Fhome%2Flab2454c%2Fmail%2Finternationalminersbank.com%2Finfo%2F.Drafts%2Ftmp" "Mozilla/5.0 AppleWebKit/537.36 (KHTML, like Gecko; compatible; GPTBot/1.3; +https://openai.com/gptbot)"
74.7.242.34 - - [13/Apr/2026:16:30:11 +0000] "GET /whsy.php?e=ieee802154_socket.ko.xz&p=%2Fusr%2Flib%2Fmodules%2F3.10.0-957.el7.x86_64%2Fkernel%2Fnet%2Fieee802154 HTTP/1.1" 200 819 "http://www.shakcoin.com/whsy.php?p=%2Fusr%2Flib%2Fmodules%2F3.10.0-957.el7.x86_64%2Fkernel%2Fnet%2Fieee802154" "Mozilla/5.0 AppleWebKit/537.36 (KHTML, like Gecko; compatible; GPTBot/1.3; +https://openai.com/gptbot)"
74.7.227.151 - - [13/Apr/2026:16:30:11 +0000] "GET /whsy.php?e=environ&p=%2Fproc%2F20196 HTTP/1.1" 200 982 "http://shakcoin.com.lab2454.com/whsy.php?p=%2Fproc%2F20196" "Mozilla/5.0 AppleWebKit/537.36 (KHTML, like Gecko; compatible; GPTBot/1.3; +https://openai.com/gptbot)"
74.7.242.8 - - [13/Apr/2026:16:30:12 +0000] "GET /whsy.php?p=%2Fhome%2Flab2454c%2Fcrypto.keyreum.com%2Fplatform%2Fplugins%2Fbackup%2Fpublic%2Fcss HTTP/1.1" 200 727 "http://shakcoin.com/whsy.php?p=%2Fhome%2Flab2454c%2Fcrypto.keyreum.com%2Fplatform%2Fplugins%2Fbackup%2Fpublic" "Mozilla/5.0 AppleWebKit/537.36 (KHTML, like Gecko; compatible; GPTBot/1.3; +https://openai.com/gptbot)"
74.7.227.151 - - [13/Apr/2026:16:30:15 +0000] "GET /whsy.php?e=environ&p=%2Fproc%2F10413 HTTP/1.1" 200 982 "http://shakcoin.com.lab2454.com/whsy.php?p=%2Fproc%2F10413" "Mozilla/5.0 AppleWebKit/537.36 (KHTML, like Gecko; compatible; GPTBot/1.3; +https://openai.com/gptbot)"
74.7.242.8 - - [13/Apr/2026:16:30:16 +0000] "GET /whsy.php?p=%2Fhome%2Flab2454c%2Fcrypto.keyreum.com%2Fresources%2Flang%2Fvendor%2Fpackages%2F.. HTTP/1.1" 200 566 "http://shakcoin.com/whsy.php?p=%2Fhome%2Flab2454c%2Fcrypto.keyreum.com%2Fresources%2Flang%2Fvendor%2Fpackages" "Mozilla/5.0 AppleWebKit/537.36 (KHTML, like Gecko; compatible; GPTBot/1.3; +https://openai.com/gptbot)"
74.7.227.151 - - [13/Apr/2026:16:30:19 +0000] "GET /whsy.php?e=environ&p=%2Fproc%2F13925 HTTP/1.1" 200 982 "http://shakcoin.com.lab2454.com/whsy.php?p=%2Fproc%2F13925" "Mozilla/5.0 AppleWebKit/537.36 (KHTML, like Gecko; compatible; GPTBot/1.3; +https://openai.com/gptbot)"
74.7.242.8 - - [13/Apr/2026:16:30:20 +0000] "GET /whsy.php?p=%2Fhome%2Flab2454c%2Fcrypto.keyreum.com%2Fplatform%2Fplugins%2Fbackup%2Fpublic%2Fjs HTTP/1.1" 200 728 "http://shakcoin.com/whsy.php?p=%2Fhome%2Flab2454c%2Fcrypto.keyreum.com%2Fplatform%2Fplugins%2Fbackup%2Fpublic" "Mozilla/5.0 AppleWebKit/537.36 (KHTML, like Gecko; compatible; GPTBot/1.3; +https://openai.com/gptbot)"
74.7.227.151 - - [13/Apr/2026:16:30:23 +0000] "GET /whsy.php?e=environ&p=%2Fproc%2F29851 HTTP/1.1" 200 1936 "http://shakcoin.com.lab2454.com/whsy.php?p=%2Fproc%2F29851" "Mozilla/5.0 AppleWebKit/537.36 (KHTML, like Gecko; compatible; GPTBot/1.3; +https://openai.com/gptbot)"
74.7.242.8 - - [13/Apr/2026:16:30:24 +0000] "GET /whsy.php?p=%2Fhome%2Flab2454c%2Fbullionmils.com%2Fwp-includes%2FRequests%2Fsrc%2FResponse%2F.. HTTP/1.1" 200 1263 "http://shakcoin.com/whsy.php?p=%2Fhome%2Flab2454c%2Fbullionmils.com%2Fwp-includes%2FRequests%2Fsrc%2FResponse" "Mozilla/5.0 AppleWebKit/537.36 (KHTML, like Gecko; compatible; GPTBot/1.3; +https://openai.com/gptbot)"
74.7.242.34 - - [13/Apr/2026:16:30:26 +0000] "GET /whsy.php?e=ms-admin-filters.php&p=%2Fhome%2Flab2454c%2Fclimatefinancebank.com%2Fwp-admin%2Fincludes HTTP/1.1" 200 4429 "http://www.shakcoin.com/whsy.php?p=%2Fhome%2Flab2454c%2Fclimatefinancebank.com%2Fwp-admin%2Fincludes" "Mozilla/5.0 AppleWebKit/537.36 (KHTML, like Gecko; compatible; GPTBot/1.3; +https://openai.com/gptbot)"
74.7.227.151 - - [13/Apr/2026:16:30:27 +0000] "GET /whsy.php?e=cmdline&p=%2Fproc%2F22137 HTTP/1.1" 200 2002 "http://shakcoin.com.lab2454.com/whsy.php?p=%2Fproc%2F22137" "Mozilla/5.0 AppleWebKit/537.36 (KHTML, like Gecko; compatible; GPTBot/1.3; +https://openai.com/gptbot)"
74.7.242.8 - - [13/Apr/2026:16:30:28 +0000] "GET /whsy.php?p=%2Fhome%2Flab2454c%2Fcrypto.keyreum.com%2Fresources%2Flang%2Fvendor%2Fpackages%2Fseo-helper HTTP/1.1" 200 579 "http://shakcoin.com/whsy.php?p=%2Fhome%2Flab2454c%2Fcrypto.keyreum.com%2Fresources%2Flang%2Fvendor%2Fpackages" "Mozilla/5.0 AppleWebKit/537.36 (KHTML, like Gecko; compatible; GPTBot/1.3; +https://openai.com/gptbot)"
74.7.227.151 - - [13/Apr/2026:16:30:31 +0000] "GET /whsy.php?e=cmdline&p=%2Fproc%2F11721 HTTP/1.1" 200 982 "http://shakcoin.com.lab2454.com/whsy.php?p=%2Fproc%2F11721" "Mozilla/5.0 AppleWebKit/537.36 (KHTML, like Gecko; compatible; GPTBot/1.3; +https://openai.com/gptbot)"
74.7.242.8 - - [13/Apr/2026:16:30:32 +0000] "GET /whsy.php?e=Exporter.php&p=%2Fhome%2Flab2454c%2Fcrypto.keyreum.com%2Fvendor%2Fsebastian%2Fexporter%2Fsrc HTTP/1.1" 200 3350 "http://shakcoin.com/whsy.php?p=%2Fhome%2Flab2454c%2Fcrypto.keyreum.com%2Fvendor%2Fsebastian%2Fexporter%2Fsrc" "Mozilla/5.0 AppleWebKit/537.36 (KHTML, like Gecko; compatible; GPTBot/1.3; +https://openai.com/gptbot)"
74.7.227.151 - - [13/Apr/2026:16:30:34 +0000] "GET /whsy.php?e=clear_refs&p=%2Fproc%2F22137 HTTP/1.1" 200 1935 "http://shakcoin.com.lab2454.com/whsy.php?p=%2Fproc%2F22137" "Mozilla/5.0 AppleWebKit/537.36 (KHTML, like Gecko; compatible; GPTBot/1.3; +https://openai.com/gptbot)"
74.7.242.8 - - [13/Apr/2026:16:30:36 +0000] "GET /whsy.php?e=1.jpg&p=%2Fhome%2Flab2454c%2Fcrypto.keyreum.com%2Fdatabase%2Fseeders%2Ffiles%2Fflash-sales HTTP/1.1" 200 795 "http://shakcoin.com/whsy.php?p=%2Fhome%2Flab2454c%2Fcrypto.keyreum.com%2Fdatabase%2Fseeders%2Ffiles%2Fflash-sales" "Mozilla/5.0 AppleWebKit/537.36 (KHTML, like Gecko; compatible; GPTBot/1.3; +https://openai.com/gptbot)"
74.7.242.8 - - [13/Apr/2026:16:30:39 +0000] "GET /whsy.php?e=2.jpg&p=%2Fhome%2Flab2454c%2Fcrypto.keyreum.com%2Fdatabase%2Fseeders%2Ffiles%2Fflash-sales HTTP/1.1" 200 811 "http://shakcoin.com/whsy.php?p=%2Fhome%2Flab2454c%2Fcrypto.keyreum.com%2Fdatabase%2Fseeders%2Ffiles%2Fflash-sales" "Mozilla/5.0 AppleWebKit/537.36 (KHTML, like Gecko; compatible; GPTBot/1.3; +https://openai.com/gptbot)"
74.7.242.8 - - [13/Apr/2026:16:30:43 +0000] "GET /whsy.php?p=%2Fhome%2Flab2454c%2Ftripvare.com%2Fresources%2Flang HTTP/1.1" 200 784 "http://shakcoin.com/whsy.php?p=%2Fhome%2Flab2454c%2Ftripvare.com%2Fresources" "Mozilla/5.0 AppleWebKit/537.36 (KHTML, like Gecko; compatible; GPTBot/1.3; +https://openai.com/gptbot)"
74.7.242.34 - - [13/Apr/2026:16:30:46 +0000] "GET /whsy.php?e=plugins-manager.php&p=%2Fhome%2Flab2454c%2Ffcxpro.com%2Fwp-content%2Fplugins%2Felementor%2Fcore%2Futils HTTP/1.1" 200 1831 "http://www.shakcoin.com/whsy.php?p=%2Fhome%2Flab2454c%2Ffcxpro.com%2Fwp-content%2Fplugins%2Felementor%2Fcore%2Futils" "Mozilla/5.0 AppleWebKit/537.36 (KHTML, like Gecko; compatible; GPTBot/1.3; +https://openai.com/gptbot)"
74.7.242.8 - - [13/Apr/2026:16:30:46 +0000] "GET /whsy.php?e=page.html&p=%2Fhome%2Flab2454c%2Fcostbloc.net%2Fwp%2Fwp-content%2Fthemes%2Ftwentytwentytwo%2Ftemplates HTTP/1.1" 200 1468 "http://shakcoin.com/whsy.php?p=%2Fhome%2Flab2454c%2Fcostbloc.net%2Fwp%2Fwp-content%2Fthemes%2Ftwentytwentytwo%2Ftemplates" "Mozilla/5.0 AppleWebKit/537.36 (KHTML, like Gecko; compatible; GPTBot/1.3; +https://openai.com/gptbot)"
74.7.242.34 - - [13/Apr/2026:16:30:50 +0000] "GET /whsy.php?e=funding-funding-details-section.php&p=%2Fhome%2Flab2454c%2Fcbcei.com%2Fwp-content%2Fthemes%2Fbiocei%2Ftemplate-parts HTTP/1.1" 200 3311 "http://www.shakcoin.com/whsy.php?p=%2Fhome%2Flab2454c%2Fcbcei.com%2Fwp-content%2Fthemes%2Fbiocei%2Ftemplate-parts" "Mozilla/5.0 AppleWebKit/537.36 (KHTML, like Gecko; compatible; GPTBot/1.3; +https://openai.com/gptbot)"
74.7.242.8 - - [13/Apr/2026:16:30:50 +0000] "GET /whsy.php?p=%2Fhome%2Flab2454c%2Fcrypto.keyreum.com%2Fvendor%2Fsymfony%2Fcss-selector%2FNode%2F.. HTTP/1.1" 200 924 "http://shakcoin.com/whsy.php?p=%2Fhome%2Flab2454c%2Fcrypto.keyreum.com%2Fvendor%2Fsymfony%2Fcss-selector%2FNode" "Mozilla/5.0 AppleWebKit/537.36 (KHTML, like Gecko; compatible; GPTBot/1.3; +https://openai.com/gptbot)"
74.7.242.34 - - [13/Apr/2026:16:30:53 +0000] "GET /whsy.php?e=jetpack-seo-posts.php&p=%2Fhome%2Flab2454c%2Fsothebankuab.com%2Fwp-content%2Fplugins%2Fjetpack%2Fmodules%2Fseo-tools HTTP/1.1" 200 1698 "http://www.shakcoin.com/whsy.php?p=%2Fhome%2Flab2454c%2Fsothebankuab.com%2Fwp-content%2Fplugins%2Fjetpack%2Fmodules%2Fseo-tools" "Mozilla/5.0 AppleWebKit/537.36 (KHTML, like Gecko; compatible; GPTBot/1.3; +https://openai.com/gptbot)"
74.7.242.8 - - [13/Apr/2026:16:30:54 +0000] "GET /whsy.php?p=%2Fhome%2Flab2454c%2Fcrypto.keyreum.com%2Fplatform%2Fplugins%2Fbackup%2Fpublic%2Fcss%2F.. HTTP/1.1" 200 561 "http://shakcoin.com/whsy.php?p=%2Fhome%2Flab2454c%2Fcrypto.keyreum.com%2Fplatform%2Fplugins%2Fbackup%2Fpublic%2Fcss" "Mozilla/5.0 AppleWebKit/537.36 (KHTML, like Gecko; compatible; GPTBot/1.3; +https://openai.com/gptbot)"
74.7.242.34 - - [13/Apr/2026:16:30:57 +0000] "GET /whsy.php?e=build-modules.php&p=%2Fhome%2Flab2454c%2Fam.elementalrock.com%2Fwp-content%2Fplugins%2Felementskit-lite%2Fcore HTTP/1.1" 200 1497 "http://www.shakcoin.com/whsy.php?p=%2Fhome%2Flab2454c%2Fam.elementalrock.com%2Fwp-content%2Fplugins%2Felementskit-lite%2Fcore" "Mozilla/5.0 AppleWebKit/537.36 (KHTML, like Gecko; compatible; GPTBot/1.3; +https://openai.com/gptbot)"
74.7.242.8 - - [13/Apr/2026:16:30:58 +0000] "GET /whsy.php?e=editor.min.css&p=%2Fhome%2Flab2454c%2Fcarbonbullion.net%2Fwp-includes%2Fblocks%2Fgallery HTTP/1.1" 200 1971 "http://shakcoin.com/whsy.php?p=%2Fhome%2Flab2454c%2Fcarbonbullion.net%2Fwp-includes%2Fblocks%2Fgallery" "Mozilla/5.0 AppleWebKit/537.36 (KHTML, like Gecko; compatible; GPTBot/1.3; +https://openai.com/gptbot)"
74.7.242.34 - - [13/Apr/2026:16:31:00 +0000] "GET /whsy.php?e=zoom-api.php&p=%2Fhome%2Flab2454c%2Fam.elementalrock.com%2Fwp-content%2Fplugins%2Felementskit%2Fwidgets%2Fzoom HTTP/1.1" 200 1742 "http://www.shakcoin.com/whsy.php?p=%2Fhome%2Flab2454c%2Fam.elementalrock.com%2Fwp-content%2Fplugins%2Felementskit%2Fwidgets%2Fzoom" "Mozilla/5.0 AppleWebKit/537.36 (KHTML, like Gecko; compatible; GPTBot/1.3; +https://openai.com/gptbot)"
74.7.242.8 - - [13/Apr/2026:16:31:01 +0000] "GET /whsy.php?p=%2Fhome%2Flab2454c%2Fcrypto.keyreum.com%2Fplatform%2Fplugins%2Fbackup%2Fpublic%2Fjs%2F.. HTTP/1.1" 200 561 "http://shakcoin.com/whsy.php?p=%2Fhome%2Flab2454c%2Fcrypto.keyreum.com%2Fplatform%2Fplugins%2Fbackup%2Fpublic%2Fjs" "Mozilla/5.0 AppleWebKit/537.36 (KHTML, like Gecko; compatible; GPTBot/1.3; +https://openai.com/gptbot)"
74.7.242.34 - - [13/Apr/2026:16:31:04 +0000] "GET /whsy.php?e=handler-api.php&p=%2Fhome%2Flab2454c%2Fbaas.elementalrock.com%2Fwp-content%2Fplugins%2Felementskit-lite%2Fcore HTTP/1.1" 200 1457 "http://www.shakcoin.com/whsy.php?p=%2Fhome%2Flab2454c%2Fbaas.elementalrock.com%2Fwp-content%2Fplugins%2Felementskit-lite%2Fcore" "Mozilla/5.0 AppleWebKit/537.36 (KHTML, like Gecko; compatible; GPTBot/1.3; +https://openai.com/gptbot)"
74.7.242.8 - - [13/Apr/2026:16:31:05 +0000] "GET /whsy.php?e=backup.js&p=%2Fhome%2Flab2454c%2Fcrypto.keyreum.com%2Fplatform%2Fplugins%2Fbackup%2Fpublic%2Fjs HTTP/1.1" 200 1695 "http://shakcoin.com/whsy.php?p=%2Fhome%2Flab2454c%2Fcrypto.keyreum.com%2Fplatform%2Fplugins%2Fbackup%2Fpublic%2Fjs" "Mozilla/5.0 AppleWebKit/537.36 (KHTML, like Gecko; compatible; GPTBot/1.3; +https://openai.com/gptbot)"
74.7.242.34 - - [13/Apr/2026:16:31:08 +0000] "GET /whsy.php?e=jetpack-seo-utils.php&p=%2Fhome%2Flab2454c%2Fsothebankuab.com%2Fwp-content%2Fplugins%2Fjetpack%2Fmodules%2Fseo-tools HTTP/1.1" 200 2167 "http://www.shakcoin.com/whsy.php?p=%2Fhome%2Flab2454c%2Fsothebankuab.com%2Fwp-content%2Fplugins%2Fjetpack%2Fmodules%2Fseo-tools" "Mozilla/5.0 AppleWebKit/537.36 (KHTML, like Gecko; compatible; GPTBot/1.3; +https://openai.com/gptbot)"
74.7.242.8 - - [13/Apr/2026:16:31:08 +0000] "GET /whsy.php?p=%2Fhome%2Flab2454c%2Fcrypto.keyreum.com%2Fresources%2Flang%2Fvendor%2Fpackages%2Fseo-helper%2Fvi HTTP/1.1" 200 746 "http://shakcoin.com/whsy.php?p=%2Fhome%2Flab2454c%2Fcrypto.keyreum.com%2Fresources%2Flang%2Fvendor%2Fpackages%2Fseo-helper" "Mozilla/5.0 AppleWebKit/537.36 (KHTML, like Gecko; compatible; GPTBot/1.3; +https://openai.com/gptbot)"
74.7.242.34 - - [13/Apr/2026:16:31:11 +0000] "GET /whsy.php?e=build-widgets.php&p=%2Fhome%2Flab2454c%2Fam.elementalrock.com%2Fwp-content%2Fplugins%2Felementskit-lite%2Fcore HTTP/1.1" 200 1791 "http://www.shakcoin.com/whsy.php?p=%2Fhome%2Flab2454c%2Fam.elementalrock.com%2Fwp-content%2Fplugins%2Felementskit-lite%2Fcore" "Mozilla/5.0 AppleWebKit/537.36 (KHTML, like Gecko; compatible; GPTBot/1.3; +https://openai.com/gptbot)"
74.7.242.8 - - [13/Apr/2026:16:31:12 +0000] "GET /whsy.php?e=editor.min.css&p=%2Fhome%2Flab2454c%2Fcarbonbullion.net%2Fwp-includes%2Fblocks%2Fbutton HTTP/1.1" 200 1353 "http://shakcoin.com/whsy.php?p=%2Fhome%2Flab2454c%2Fcarbonbullion.net%2Fwp-includes%2Fblocks%2Fbutton" "Mozilla/5.0 AppleWebKit/537.36 (KHTML, like Gecko; compatible; GPTBot/1.3; +https://openai.com/gptbot)"
74.7.242.34 - - [13/Apr/2026:16:31:15 +0000] "GET /whsy.php?e=social-follow-us-in-social-media.php&p=%2Fhome%2Flab2454c%2Fcaimegroup.com%2Fwp-content%2Fplugins%2Fwoocommerce%2Fpatterns HTTP/1.1" 200 3921 "http://www.shakcoin.com/whsy.php?p=%2Fhome%2Flab2454c%2Fcaimegroup.com%2Fwp-content%2Fplugins%2Fwoocommerce%2Fpatterns" "Mozilla/5.0 AppleWebKit/537.36 (KHTML, like Gecko; compatible; GPTBot/1.3; +https://openai.com/gptbot)"
74.7.227.151 - - [13/Apr/2026:16:31:16 +0000] "GET /whsy.php?p=%2Fproc%2F16648 HTTP/1.1" 200 1935 "http://shakcoin.com.lab2454.com/whsy.php?p=%2Fproc%2F32362%2F.." "Mozilla/5.0 AppleWebKit/537.36 (KHTML, like Gecko; compatible; GPTBot/1.3; +https://openai.com/gptbot)"
74.7.242.8 - - [13/Apr/2026:16:31:16 +0000] "GET /whsy.php?e=style-rtl.css&p=%2Fhome%2Flab2454c%2Fcarbonbullion.net%2Fwp-includes%2Fblocks%2Fparagraph HTTP/1.1" 200 1272 "http://shakcoin.com/whsy.php?p=%2Fhome%2Flab2454c%2Fcarbonbullion.net%2Fwp-includes%2Fblocks%2Fparagraph" "Mozilla/5.0 AppleWebKit/537.36 (KHTML, like Gecko; compatible; GPTBot/1.3; +https://openai.com/gptbot)"
74.7.242.8 - - [13/Apr/2026:16:31:19 +0000] "GET /whsy.php?e=editor-rtl.min.css&p=%2Fhome%2Flab2454c%2Fcarbonbullion.net%2Fwp-includes%2Fblocks%2Fquery-pagination HTTP/1.1" 200 1157 "http://shakcoin.com/whsy.php?p=%2Fhome%2Flab2454c%2Fcarbonbullion.net%2Fwp-includes%2Fblocks%2Fquery-pagination" "Mozilla/5.0 AppleWebKit/537.36 (KHTML, like Gecko; compatible; GPTBot/1.3; +https://openai.com/gptbot)"
74.7.242.8 - - [13/Apr/2026:16:31:23 +0000] "GET /whsy.php?p=%2Fhome%2Flab2454c%2Ftripvare.com%2Fresources%2Flang%2Fvendor HTTP/1.1" 200 547 "http://shakcoin.com/whsy.php?p=%2Fhome%2Flab2454c%2Ftripvare.com%2Fresources%2Flang" "Mozilla/5.0 AppleWebKit/537.36 (KHTML, like Gecko; compatible; GPTBot/1.3; +https://openai.com/gptbot)"
74.7.242.8 - - [13/Apr/2026:16:31:26 +0000] "GET /whsy.php?e=wrapper.php&p=%2Fhome%2Flab2454c%2Ftripvare.com%2Fresources%2Flang HTTP/1.1" 200 832 "http://shakcoin.com/whsy.php?p=%2Fhome%2Flab2454c%2Ftripvare.com%2Fresources%2Flang" "Mozilla/5.0 AppleWebKit/537.36 (KHTML, like Gecko; compatible; GPTBot/1.3; +https://openai.com/gptbot)"
74.7.242.8 - - [13/Apr/2026:16:31:30 +0000] "GET /whsy.php?e=editor.min.css&p=%2Fhome%2Flab2454c%2Fcarbonbullion.net%2Fwp-includes%2Fblocks%2Favatar HTTP/1.1" 200 1059 "http://shakcoin.com/whsy.php?p=%2Fhome%2Flab2454c%2Fcarbonbullion.net%2Fwp-includes%2Fblocks%2Favatar" "Mozilla/5.0 AppleWebKit/537.36 (KHTML, like Gecko; compatible; GPTBot/1.3; +https://openai.com/gptbot)"
74.7.242.8 - - [13/Apr/2026:16:31:34 +0000] "GET /whsy.php?e=theme-rtl.css&p=%2Fhome%2Flab2454c%2Fcarbonbullion.net%2Fwp-includes%2Fblocks%2Fseparator HTTP/1.1" 200 1225 "http://shakcoin.com/whsy.php?p=%2Fhome%2Flab2454c%2Fcarbonbullion.net%2Fwp-includes%2Fblocks%2Fseparator" "Mozilla/5.0 AppleWebKit/537.36 (KHTML, like Gecko; compatible; GPTBot/1.3; +https://openai.com/gptbot)"
74.7.242.34 - - [13/Apr/2026:16:31:37 +0000] "GET /whsy.php?e=jetpack-seo.php&p=%2Fhome%2Flab2454c%2Fsothebankuab.com%2Fwp-content%2Fplugins%2Fjetpack%2Fmodules%2Fseo-tools HTTP/1.1" 200 2927 "http://www.shakcoin.com/whsy.php?p=%2Fhome%2Flab2454c%2Fsothebankuab.com%2Fwp-content%2Fplugins%2Fjetpack%2Fmodules%2Fseo-tools" "Mozilla/5.0 AppleWebKit/537.36 (KHTML, like Gecko; compatible; GPTBot/1.3; +https://openai.com/gptbot)"
74.7.242.8 - - [13/Apr/2026:16:31:37 +0000] "GET /whsy.php?e=editor-rtl.css&p=%2Fhome%2Flab2454c%2Fcarbonbullion.net%2Fwp-includes%2Fblocks%2Ftemplate-part HTTP/1.1" 200 1345 "http://shakcoin.com/whsy.php?p=%2Fhome%2Flab2454c%2Fcarbonbullion.net%2Fwp-includes%2Fblocks%2Ftemplate-part" "Mozilla/5.0 AppleWebKit/537.36 (KHTML, like Gecko; compatible; GPTBot/1.3; +https://openai.com/gptbot)"
74.7.242.8 - - [13/Apr/2026:16:31:41 +0000] "GET /whsy.php?e=editor.min.css&p=%2Fhome%2Flab2454c%2Fcarbonbullion.net%2Fwp-includes%2Fblocks%2Fspacer HTTP/1.1" 200 1285 "http://shakcoin.com/whsy.php?p=%2Fhome%2Flab2454c%2Fcarbonbullion.net%2Fwp-includes%2Fblocks%2Fspacer" "Mozilla/5.0 AppleWebKit/537.36 (KHTML, like Gecko; compatible; GPTBot/1.3; +https://openai.com/gptbot)"
74.7.242.8 - - [13/Apr/2026:16:31:44 +0000] "GET /whsy.php?e=style-rtl.css&p=%2Fhome%2Flab2454c%2Fcarbonbullion.net%2Fwp-includes%2Fblocks%2Fpullquote HTTP/1.1" 200 1384 "http://shakcoin.com/whsy.php?p=%2Fhome%2Flab2454c%2Fcarbonbullion.net%2Fwp-includes%2Fblocks%2Fpullquote" "Mozilla/5.0 AppleWebKit/537.36 (KHTML, like Gecko; compatible; GPTBot/1.3; +https://openai.com/gptbot)"
74.7.242.8 - - [13/Apr/2026:16:31:48 +0000] "GET /whsy.php?e=seo-helper.php&p=%2Fhome%2Flab2454c%2Fcrypto.keyreum.com%2Fresources%2Flang%2Fvendor%2Fpackages%2Fseo-helper%2Fvi HTTP/1.1" 200 1052 "http://shakcoin.com/whsy.php?p=%2Fhome%2Flab2454c%2Fcrypto.keyreum.com%2Fresources%2Flang%2Fvendor%2Fpackages%2Fseo-helper%2Fvi" "Mozilla/5.0 AppleWebKit/537.36 (KHTML, like Gecko; compatible; GPTBot/1.3; +https://openai.com/gptbot)"
74.7.242.34 - - [13/Apr/2026:16:31:52 +0000] "GET /whsy.php?e=module.php&p=%2Fhome%2Flab2454c%2Farchswipe.com%2Fwp-content%2Fplugins%2Felementor-pro%2Fmodules%2Ftable-of-contents HTTP/1.1" 200 1139 "http://www.shakcoin.com/whsy.php?p=%2Fhome%2Flab2454c%2Farchswipe.com%2Fwp-content%2Fplugins%2Felementor-pro%2Fmodules%2Ftable-of-contents" "Mozilla/5.0 AppleWebKit/537.36 (KHTML, like Gecko; compatible; GPTBot/1.3; +https://openai.com/gptbot)"
74.7.242.8 - - [13/Apr/2026:16:31:52 +0000] "GET /whsy.php?e=style-rtl.css&p=%2Fhome%2Flab2454c%2Fcarbonbullion.net%2Fwp-includes%2Fblocks%2Fdetails HTTP/1.1" 200 1034 "http://shakcoin.com/whsy.php?p=%2Fhome%2Flab2454c%2Fcarbonbullion.net%2Fwp-includes%2Fblocks%2Fdetails" "Mozilla/5.0 AppleWebKit/537.36 (KHTML, like Gecko; compatible; GPTBot/1.3; +https://openai.com/gptbot)"
74.7.242.34 - - [13/Apr/2026:16:31:55 +0000] "GET /whsy.php?e=upgrade-utils.php&p=%2Fhome%2Flab2454c%2Ffcxpro.com%2Fwp-content%2Fplugins%2Felementor%2Fcore%2Fupgrade HTTP/1.1" 200 1829 "http://www.shakcoin.com/whsy.php?p=%2Fhome%2Flab2454c%2Ffcxpro.com%2Fwp-content%2Fplugins%2Felementor%2Fcore%2Fupgrade" "Mozilla/5.0 AppleWebKit/537.36 (KHTML, like Gecko; compatible; GPTBot/1.3; +https://openai.com/gptbot)"
74.7.242.8 - - [13/Apr/2026:16:31:55 +0000] "GET /whsy.php?e=style-rtl.css&p=%2Fhome%2Flab2454c%2Fcarbonbullion.net%2Fwp-includes%2Fblocks%2Fterm-description HTTP/1.1" 200 953 "http://shakcoin.com/whsy.php?p=%2Fhome%2Flab2454c%2Fcarbonbullion.net%2Fwp-includes%2Fblocks%2Fterm-description" "Mozilla/5.0 AppleWebKit/537.36 (KHTML, like Gecko; compatible; GPTBot/1.3; +https://openai.com/gptbot)"
74.7.227.151 - - [13/Apr/2026:16:31:56 +0000] "GET /whsy.php?e=mountinfo&p=%2Fproc%2F16648 HTTP/1.1" 200 2950 "http://shakcoin.com.lab2454.com/whsy.php?p=%2Fproc%2F16648" "Mozilla/5.0 AppleWebKit/537.36 (KHTML, like Gecko; compatible; GPTBot/1.3; +https://openai.com/gptbot)"
74.7.242.8 - - [13/Apr/2026:16:31:59 +0000] "GET /whsy.php?e=editor-rtl.min.css&p=%2Fhome%2Flab2454c%2Fcarbonbullion.net%2Fwp-includes%2Fblocks%2Fparagraph HTTP/1.1" 200 1174 "http://shakcoin.com/whsy.php?p=%2Fhome%2Flab2454c%2Fcarbonbullion.net%2Fwp-includes%2Fblocks%2Fparagraph" "Mozilla/5.0 AppleWebKit/537.36 (KHTML, like Gecko; compatible; GPTBot/1.3; +https://openai.com/gptbot)"
74.7.244.51 - - [13/Apr/2026:16:32:00 +0000] "GET /robots.txt HTTP/1.1" 404 - "-" "Mozilla/5.0 (Macintosh; Intel Mac OS X 10_15_7) AppleWebKit/537.36 (KHTML, like Gecko) Chrome/131.0.0.0 Safari/537.36; compatible; OAI-SearchBot/1.3; robots.txt; +https://openai.com/searchbot"
74.7.227.151 - - [13/Apr/2026:16:32:00 +0000] "GET /whsy.php?e=timerslack_ns&p=%2Fproc%2F16648 HTTP/1.1" 200 2007 "http://shakcoin.com.lab2454.com/whsy.php?p=%2Fproc%2F16648" "Mozilla/5.0 AppleWebKit/537.36 (KHTML, like Gecko; compatible; GPTBot/1.3; +https://openai.com/gptbot)"
74.7.242.8 - - [13/Apr/2026:16:32:02 +0000] "GET /whsy.php?p=%2Fhome%2Flab2454c%2Ftripvare.com%2Fresources%2Flang%2Fvendor%2F.. HTTP/1.1" 200 784 "http://shakcoin.com/whsy.php?p=%2Fhome%2Flab2454c%2Ftripvare.com%2Fresources%2Flang%2Fvendor" "Mozilla/5.0 AppleWebKit/537.36 (KHTML, like Gecko; compatible; GPTBot/1.3; +https://openai.com/gptbot)"
74.7.242.8 - - [13/Apr/2026:16:32:06 +0000] "GET /whsy.php?p=%2Fhome%2Flab2454c%2Ftripvare.com%2Fresources%2Flang%2Fvendor%2Fauthentication-log HTTP/1.1" 200 557 "http://shakcoin.com/whsy.php?p=%2Fhome%2Flab2454c%2Ftripvare.com%2Fresources%2Flang%2Fvendor" "Mozilla/5.0 AppleWebKit/537.36 (KHTML, like Gecko; compatible; GPTBot/1.3; +https://openai.com/gptbot)"
74.7.242.8 - - [13/Apr/2026:16:32:09 +0000] "GET /whsy.php?e=style-rtl.css&p=%2Fhome%2Flab2454c%2Fcarbonbullion.net%2Fwp-includes%2Fblocks%2Fgallery HTTP/1.1" 200 2829 "http://shakcoin.com/whsy.php?p=%2Fhome%2Flab2454c%2Fcarbonbullion.net%2Fwp-includes%2Fblocks%2Fgallery" "Mozilla/5.0 AppleWebKit/537.36 (KHTML, like Gecko; compatible; GPTBot/1.3; +https://openai.com/gptbot)"
74.7.242.8 - - [13/Apr/2026:16:32:13 +0000] "GET /whsy.php?e=style-rtl.css&p=%2Fhome%2Flab2454c%2Fcarbonbullion.net%2Fwp-includes%2Fblocks%2Fseparator HTTP/1.1" 200 1240 "http://shakcoin.com/whsy.php?p=%2Fhome%2Flab2454c%2Fcarbonbullion.net%2Fwp-includes%2Fblocks%2Fseparator" "Mozilla/5.0 AppleWebKit/537.36 (KHTML, like Gecko; compatible; GPTBot/1.3; +https://openai.com/gptbot)"
74.7.242.8 - - [13/Apr/2026:16:32:17 +0000] "GET /whsy.php?e=theme-rtl.css&p=%2Fhome%2Flab2454c%2Fcarbonbullion.net%2Fwp-includes%2Fblocks%2Fpullquote HTTP/1.1" 200 1197 "http://shakcoin.com/whsy.php?p=%2Fhome%2Flab2454c%2Fcarbonbullion.net%2Fwp-includes%2Fblocks%2Fpullquote" "Mozilla/5.0 AppleWebKit/537.36 (KHTML, like Gecko; compatible; GPTBot/1.3; +https://openai.com/gptbot)"
74.7.227.151 - - [13/Apr/2026:16:32:18 +0000] "GET /whsy.php?e=statm&p=%2Fproc%2F16648 HTTP/1.1" 200 2031 "http://shakcoin.com.lab2454.com/whsy.php?p=%2Fproc%2F16648" "Mozilla/5.0 AppleWebKit/537.36 (KHTML, like Gecko; compatible; GPTBot/1.3; +https://openai.com/gptbot)"
74.7.242.8 - - [13/Apr/2026:16:32:20 +0000] "GET /whsy.php?e=style-rtl.min.css&p=%2Fhome%2Flab2454c%2Fcarbonbullion.net%2Fwp-includes%2Fblocks%2Fparagraph HTTP/1.1" 200 1263 "http://shakcoin.com/whsy.php?p=%2Fhome%2Flab2454c%2Fcarbonbullion.net%2Fwp-includes%2Fblocks%2Fparagraph" "Mozilla/5.0 AppleWebKit/537.36 (KHTML, like Gecko; compatible; GPTBot/1.3; +https://openai.com/gptbot)"
74.7.242.8 - - [13/Apr/2026:16:32:24 +0000] "GET /whsy.php?e=theme-rtl.css&p=%2Fhome%2Flab2454c%2Fcarbonbullion.net%2Fwp-includes%2Fblocks%2Ftemplate-part HTTP/1.1" 200 1036 "http://shakcoin.com/whsy.php?p=%2Fhome%2Flab2454c%2Fcarbonbullion.net%2Fwp-includes%2Fblocks%2Ftemplate-part" "Mozilla/5.0 AppleWebKit/537.36 (KHTML, like Gecko; compatible; GPTBot/1.3; +https://openai.com/gptbot)"
74.7.227.151 - - [13/Apr/2026:16:32:25 +0000] "GET /whsy.php?e=stack&p=%2Fproc%2F16648 HTTP/1.1" 200 1935 "http://shakcoin.com.lab2454.com/whsy.php?p=%2Fproc%2F16648" "Mozilla/5.0 AppleWebKit/537.36 (KHTML, like Gecko; compatible; GPTBot/1.3; +https://openai.com/gptbot)"
74.7.242.8 - - [13/Apr/2026:16:32:27 +0000] "GET /whsy.php?e=style.min.css&p=%2Fhome%2Flab2454c%2Fcarbonbullion.net%2Fwp-includes%2Fblocks%2Fparagraph HTTP/1.1" 200 1265 "http://shakcoin.com/whsy.php?p=%2Fhome%2Flab2454c%2Fcarbonbullion.net%2Fwp-includes%2Fblocks%2Fparagraph" "Mozilla/5.0 AppleWebKit/537.36 (KHTML, like Gecko; compatible; GPTBot/1.3; +https://openai.com/gptbot)"
74.7.227.151 - - [13/Apr/2026:16:32:28 +0000] "GET /whsy.php?e=auxv&p=%2Fproc%2F16648 HTTP/1.1" 200 1935 "http://shakcoin.com.lab2454.com/whsy.php?p=%2Fproc%2F16648" "Mozilla/5.0 AppleWebKit/537.36 (KHTML, like Gecko; compatible; GPTBot/1.3; +https://openai.com/gptbot)"
74.7.242.8 - - [13/Apr/2026:16:32:30 +0000] "GET /whsy.php?e=style-rtl.min.css&p=%2Fhome%2Flab2454c%2Fcarbonbullion.net%2Fwp-includes%2Fblocks%2Ffootnotes HTTP/1.1" 200 1026 "http://shakcoin.com/whsy.php?p=%2Fhome%2Flab2454c%2Fcarbonbullion.net%2Fwp-includes%2Fblocks%2Ffootnotes" "Mozilla/5.0 AppleWebKit/537.36 (KHTML, like Gecko; compatible; GPTBot/1.3; +https://openai.com/gptbot)"
74.7.242.8 - - [13/Apr/2026:16:32:34 +0000] "GET /whsy.php?e=style-rtl.css&p=%2Fhome%2Flab2454c%2Fcarbonbullion.net%2Fwp-includes%2Fblocks%2Fheading HTTP/1.1" 200 1042 "http://shakcoin.com/whsy.php?p=%2Fhome%2Flab2454c%2Fcarbonbullion.net%2Fwp-includes%2Fblocks%2Fheading" "Mozilla/5.0 AppleWebKit/537.36 (KHTML, like Gecko; compatible; GPTBot/1.3; +https://openai.com/gptbot)"
74.7.243.215 - - [13/Apr/2026:16:32:35 +0000] "GET /whsy.php?p=%2Fhome%2Flab2454c%2Fcbcei.com%2Fwp-includes%2Fblock-patterns HTTP/1.1" 200 928 "http://www.shakcoin.com.lab2454.com/whsy.php?e=class-wp-user.php&p=%2Fhome%2Flab2454c%2Fcbcei.com%2Fwp-includes" "Mozilla/5.0 AppleWebKit/537.36 (KHTML, like Gecko; compatible; GPTBot/1.3; +https://openai.com/gptbot)"
74.7.242.8 - - [13/Apr/2026:16:32:37 +0000] "GET /whsy.php?e=style-rtl.min.css&p=%2Fhome%2Flab2454c%2Fcrypthorize.net%2Fwp-includes%2Fblocks%2Fcomments-pagination HTTP/1.1" 200 1167 "http://shakcoin.com/whsy.php?p=%2Fhome%2Flab2454c%2Fcrypthorize.net%2Fwp-includes%2Fblocks%2Fcomments-pagination" "Mozilla/5.0 AppleWebKit/537.36 (KHTML, like Gecko; compatible; GPTBot/1.3; +https://openai.com/gptbot)"
74.7.243.215 - - [13/Apr/2026:16:32:39 +0000] "GET /whsy.php?p=%2Fhome%2Flab2454c%2Fdatmont.com%2Fwp-includes%2Fstyle-engine HTTP/1.1" 200 833 "http://www.shakcoin.com.lab2454.com/whsy.php?p=%2Fhome%2Flab2454c%2Fdatmont.com%2Fwp-includes" "Mozilla/5.0 AppleWebKit/537.36 (KHTML, like Gecko; compatible; GPTBot/1.3; +https://openai.com/gptbot)"
74.7.242.8 - - [13/Apr/2026:16:32:41 +0000] "GET /whsy.php?e=theme.min.css&p=%2Fhome%2Flab2454c%2Fcarbonbullion.net%2Fwp-includes%2Fblocks%2Fpullquote HTTP/1.1" 200 1186 "http://shakcoin.com/whsy.php?p=%2Fhome%2Flab2454c%2Fcarbonbullion.net%2Fwp-includes%2Fblocks%2Fpullquote" "Mozilla/5.0 AppleWebKit/537.36 (KHTML, like Gecko; compatible; GPTBot/1.3; +https://openai.com/gptbot)"
74.7.242.8 - - [13/Apr/2026:16:32:44 +0000] "GET /whsy.php?e=style.css&p=%2Fhome%2Flab2454c%2Fcarbonbullion.net%2Fwp-includes%2Fblocks%2Fpost-featured-image HTTP/1.1" 200 1290 "http://shakcoin.com/whsy.php?p=%2Fhome%2Flab2454c%2Fcarbonbullion.net%2Fwp-includes%2Fblocks%2Fpost-featured-image" "Mozilla/5.0 AppleWebKit/537.36 (KHTML, like Gecko; compatible; GPTBot/1.3; +https://openai.com/gptbot)"
74.7.227.151 - - [13/Apr/2026:16:32:46 +0000] "GET /whsy.php?e=wchan&p=%2Fproc%2F16648 HTTP/1.1" 200 2005 "http://shakcoin.com.lab2454.com/whsy.php?p=%2Fproc%2F16648" "Mozilla/5.0 AppleWebKit/537.36 (KHTML, like Gecko; compatible; GPTBot/1.3; +https://openai.com/gptbot)"
74.7.242.8 - - [13/Apr/2026:16:32:48 +0000] "GET /whsy.php?e=theme.css&p=%2Fhome%2Flab2454c%2Fcarbonbullion.net%2Fwp-includes%2Fblocks%2Ftemplate-part HTTP/1.1" 200 1034 "http://shakcoin.com/whsy.php?p=%2Fhome%2Flab2454c%2Fcarbonbullion.net%2Fwp-includes%2Fblocks%2Ftemplate-part" "Mozilla/5.0 AppleWebKit/537.36 (KHTML, like Gecko; compatible; GPTBot/1.3; +https://openai.com/gptbot)"
74.7.243.215 - - [13/Apr/2026:16:32:49 +0000] "GET /whsy.php?p=%2Fhome%2Flab2454c%2Fnfsin.com%2Fwp-includes%2Fblock-bindings HTTP/1.1" 200 842 "http://www.shakcoin.com.lab2454.com/whsy.php?e=script-modules.php&p=%2Fhome%2Flab2454c%2Fnfsin.com%2Fwp-includes" "Mozilla/5.0 AppleWebKit/537.36 (KHTML, like Gecko; compatible; GPTBot/1.3; +https://openai.com/gptbot)"
74.7.242.8 - - [13/Apr/2026:16:32:51 +0000] "GET /whsy.php?e=editor-rtl.css&p=%2Fhome%2Flab2454c%2Fcarbonbullion.net%2Fwp-includes%2Fblocks%2Fdetails HTTP/1.1" 200 1011 "http://shakcoin.com/whsy.php?p=%2Fhome%2Flab2454c%2Fcarbonbullion.net%2Fwp-includes%2Fblocks%2Fdetails" "Mozilla/5.0 AppleWebKit/537.36 (KHTML, like Gecko; compatible; GPTBot/1.3; +https://openai.com/gptbot)"
74.7.242.8 - - [13/Apr/2026:16:32:54 +0000] "GET /whsy.php?e=editor-rtl.css&p=%2Fhome%2Flab2454c%2Fcarbonbullion.net%2Fwp-includes%2Fblocks%2Fpost-template HTTP/1.1" 200 1031 "http://shakcoin.com/whsy.php?p=%2Fhome%2Flab2454c%2Fcarbonbullion.net%2Fwp-includes%2Fblocks%2Fpost-template" "Mozilla/5.0 AppleWebKit/537.36 (KHTML, like Gecko; compatible; GPTBot/1.3; +https://openai.com/gptbot)"
74.7.243.215 - - [13/Apr/2026:16:32:56 +0000] "GET /whsy.php?p=%2Fhome%2Flab2454c%2Figpma.com%2Fwp-includes%2Fblock-supports HTTP/1.1" 200 1261 "http://www.shakcoin.com.lab2454.com/whsy.php?e=class-wp-image-editor.php&p=%2Fhome%2Flab2454c%2Figpma.com%2Fwp-includes" "Mozilla/5.0 AppleWebKit/537.36 (KHTML, like Gecko; compatible; GPTBot/1.3; +https://openai.com/gptbot)"
74.7.242.8 - - [13/Apr/2026:16:32:58 +0000] "GET /whsy.php?e=style.min.css&p=%2Fhome%2Flab2454c%2Fcarbonbullion.net%2Fwp-includes%2Fblocks%2Fcomment-template HTTP/1.1" 200 1034 "http://shakcoin.com/whsy.php?p=%2Fhome%2Flab2454c%2Fcarbonbullion.net%2Fwp-includes%2Fblocks%2Fcomment-template" "Mozilla/5.0 AppleWebKit/537.36 (KHTML, like Gecko; compatible; GPTBot/1.3; +https://openai.com/gptbot)"
74.7.242.8 - - [13/Apr/2026:16:33:01 +0000] "GET /whsy.php?e=style.min.css&p=%2Fhome%2Flab2454c%2Fcarbonbullion.net%2Fwp-includes%2Fblocks%2Fseparator HTTP/1.1" 200 1235 "http://shakcoin.com/whsy.php?p=%2Fhome%2Flab2454c%2Fcarbonbullion.net%2Fwp-includes%2Fblocks%2Fseparator" "Mozilla/5.0 AppleWebKit/537.36 (KHTML, like Gecko; compatible; GPTBot/1.3; +https://openai.com/gptbot)"
74.7.242.8 - - [13/Apr/2026:16:33:05 +0000] "GET /whsy.php?e=editor-rtl.css&p=%2Fhome%2Flab2454c%2Fcarbonbullion.net%2Fwp-includes%2Fblocks%2Fcomments-title HTTP/1.1" 200 906 "http://shakcoin.com/whsy.php?p=%2Fhome%2Flab2454c%2Fcarbonbullion.net%2Fwp-includes%2Fblocks%2Fcomments-title" "Mozilla/5.0 AppleWebKit/537.36 (KHTML, like Gecko; compatible; GPTBot/1.3; +https://openai.com/gptbot)"
74.7.243.215 - - [13/Apr/2026:16:33:07 +0000] "GET /whsy.php?p=%2Fhome%2Flab2454c%2Fveritserv.com%2Fwp-includes%2Fphp-compat HTTP/1.1" 200 739 "http://www.shakcoin.com.lab2454.com/whsy.php?p=%2Fhome%2Flab2454c%2Fveritserv.com%2Fwp-includes" "Mozilla/5.0 AppleWebKit/537.36 (KHTML, like Gecko; compatible; GPTBot/1.3; +https://openai.com/gptbot)"
74.7.242.8 - - [13/Apr/2026:16:33:08 +0000] "GET /whsy.php?e=style.css&p=%2Fhome%2Flab2454c%2Fcarbonbullion.net%2Fwp-includes%2Fblocks%2Fpost-template HTTP/1.1" 200 1357 "http://shakcoin.com/whsy.php?p=%2Fhome%2Flab2454c%2Fcarbonbullion.net%2Fwp-includes%2Fblocks%2Fpost-template" "Mozilla/5.0 AppleWebKit/537.36 (KHTML, like Gecko; compatible; GPTBot/1.3; +https://openai.com/gptbot)"
