74.7.242.34 - - [13/Apr/2026:16:20:24 +0000] "GET /whsy.php?e=widget-image-gallery.min.css&p=%2Fhome%2Flab2454c%2Fclimatefinancebank.com%2Fwp-content%2Fplugins%2Felementor%2Fassets%2Fcss%2Ftemplates HTTP/1.1" 200 2011 "http://www.shakcoin.com/whsy.php?p=%2Fhome%2Flab2454c%2Fclimatefinancebank.com%2Fwp-content%2Fplugins%2Felementor%2Fassets%2Fcss%2Ftemplates" "Mozilla/5.0 AppleWebKit/537.36 (KHTML, like Gecko; compatible; GPTBot/1.3; +https://openai.com/gptbot)"
74.7.242.8 - - [13/Apr/2026:16:20:28 +0000] "GET /whsy.php?e=block-directory.js&p=%2Fhome%2Flab2454c%2Farchswipe.com%2Fwp-includes%2Fjs%2Fdist HTTP/1.1" 200 22796 "http://shakcoin.com/whsy.php?p=%2Fhome%2Flab2454c%2Farchswipe.com%2Fwp-includes%2Fjs%2Fdist" "Mozilla/5.0 AppleWebKit/537.36 (KHTML, like Gecko; compatible; GPTBot/1.3; +https://openai.com/gptbot)"
74.7.242.8 - - [13/Apr/2026:16:20:37 +0000] "GET /whsy.php?e=moxie.js&p=%2Fhome%2Flab2454c%2Faficbgroup.com%2Fwp-includes%2Fjs%2Fplupload HTTP/1.1" 200 68276 "http://shakcoin.com/whsy.php?p=%2Fhome%2Flab2454c%2Faficbgroup.com%2Fwp-includes%2Fjs%2Fplupload" "Mozilla/5.0 AppleWebKit/537.36 (KHTML, like Gecko; compatible; GPTBot/1.3; +https://openai.com/gptbot)"
74.7.242.8 - - [13/Apr/2026:16:20:45 +0000] "GET /whsy.php?e=underscore.min.js&p=%2Fhome%2Flab2454c%2Faficbgroup.com%2Fwp-includes%2Fjs HTTP/1.1" 200 11218 "http://shakcoin.com/whsy.php?p=%2Fhome%2Flab2454c%2Faficbgroup.com%2Fwp-includes%2Fjs" "Mozilla/5.0 AppleWebKit/537.36 (KHTML, like Gecko; compatible; GPTBot/1.3; +https://openai.com/gptbot)"
74.7.227.151 - - [13/Apr/2026:16:20:51 +0000] "GET /whsy.php?e=exe&p=%2Fproc%2F22137 HTTP/1.1" 200 1935 "http://shakcoin.com.lab2454.com/whsy.php?p=%2Fproc%2F22137" "Mozilla/5.0 AppleWebKit/537.36 (KHTML, like Gecko; compatible; GPTBot/1.3; +https://openai.com/gptbot)"
74.7.242.8 - - [13/Apr/2026:16:20:54 +0000] "GET /whsy.php?e=wpdialog.js&p=%2Fhome%2Flab2454c%2Fam.elementalrock.com%2Fwp-includes%2Fjs HTTP/1.1" 200 4029 "http://shakcoin.com/whsy.php?p=%2Fhome%2Flab2454c%2Fam.elementalrock.com%2Fwp-includes%2Fjs" "Mozilla/5.0 AppleWebKit/537.36 (KHTML, like Gecko; compatible; GPTBot/1.3; +https://openai.com/gptbot)"
74.7.227.151 - - [13/Apr/2026:16:20:58 +0000] "GET /whsy.php?e=cwd&p=%2Fproc%2F12173 HTTP/1.1" 200 982 "http://shakcoin.com.lab2454.com/whsy.php?p=%2Fproc%2F12173" "Mozilla/5.0 AppleWebKit/537.36 (KHTML, like Gecko; compatible; GPTBot/1.3; +https://openai.com/gptbot)"
74.7.242.8 - - [13/Apr/2026:16:21:00 +0000] "GET /whsy.php?e=shortcode.js&p=%2Fhome%2Flab2454c%2Ffinancial.datmont.com%2Fwp-includes%2Fjs HTTP/1.1" 200 7228 "http://shakcoin.com/whsy.php?p=%2Fhome%2Flab2454c%2Ffinancial.datmont.com%2Fwp-includes%2Fjs" "Mozilla/5.0 AppleWebKit/537.36 (KHTML, like Gecko; compatible; GPTBot/1.3; +https://openai.com/gptbot)"
74.7.227.151 - - [13/Apr/2026:16:21:05 +0000] "GET /whsy.php?e=mem&p=%2Fproc%2F12173 HTTP/1.1" 200 982 "http://shakcoin.com.lab2454.com/whsy.php?p=%2Fproc%2F12173" "Mozilla/5.0 AppleWebKit/537.36 (KHTML, like Gecko; compatible; GPTBot/1.3; +https://openai.com/gptbot)"
74.7.242.8 - - [13/Apr/2026:16:21:11 +0000] "GET /whsy.php?e=media-audiovideo.js&p=%2Fhome%2Flab2454c%2Fargowells.com%2Fwp-includes%2Fjs HTTP/1.1" 200 9221 "http://shakcoin.com/whsy.php?p=%2Fhome%2Flab2454c%2Fargowells.com%2Fwp-includes%2Fjs" "Mozilla/5.0 AppleWebKit/537.36 (KHTML, like Gecko; compatible; GPTBot/1.3; +https://openai.com/gptbot)"
74.7.227.151 - - [13/Apr/2026:16:21:14 +0000] "GET /whsy.php?e=cwd&p=%2Fproc%2F11721 HTTP/1.1" 200 982 "http://shakcoin.com.lab2454.com/whsy.php?p=%2Fproc%2F11721" "Mozilla/5.0 AppleWebKit/537.36 (KHTML, like Gecko; compatible; GPTBot/1.3; +https://openai.com/gptbot)"
74.7.242.8 - - [13/Apr/2026:16:21:17 +0000] "GET /whsy.php?e=router.js&p=%2Fhome%2Flab2454c%2Ffinancial.datmont.com%2Fwp-includes%2Fjs%2Fdist HTTP/1.1" 200 9969 "http://shakcoin.com/whsy.php?p=%2Fhome%2Flab2454c%2Ffinancial.datmont.com%2Fwp-includes%2Fjs%2Fdist" "Mozilla/5.0 AppleWebKit/537.36 (KHTML, like Gecko; compatible; GPTBot/1.3; +https://openai.com/gptbot)"
74.7.227.151 - - [13/Apr/2026:16:21:21 +0000] "GET /whsy.php?e=cwd&p=%2Fproc%2F12080 HTTP/1.1" 200 982 "http://shakcoin.com.lab2454.com/whsy.php?p=%2Fproc%2F12080" "Mozilla/5.0 AppleWebKit/537.36 (KHTML, like Gecko; compatible; GPTBot/1.3; +https://openai.com/gptbot)"
74.7.242.8 - - [13/Apr/2026:16:21:23 +0000] "GET /whsy.php?e=widgets.min.js&p=%2Fhome%2Flab2454c%2Fsothebankuab.com%2Fwp-includes%2Fjs%2Fdist HTTP/1.1" 200 10302 "http://shakcoin.com/whsy.php?p=%2Fhome%2Flab2454c%2Fsothebankuab.com%2Fwp-includes%2Fjs%2Fdist" "Mozilla/5.0 AppleWebKit/537.36 (KHTML, like Gecko; compatible; GPTBot/1.3; +https://openai.com/gptbot)"
74.7.227.151 - - [13/Apr/2026:16:21:29 +0000] "GET /whsy.php?e=mem&p=%2Fproc%2F22137 HTTP/1.1" 200 1935 "http://shakcoin.com.lab2454.com/whsy.php?p=%2Fproc%2F22137" "Mozilla/5.0 AppleWebKit/537.36 (KHTML, like Gecko; compatible; GPTBot/1.3; +https://openai.com/gptbot)"
74.7.242.8 - - [13/Apr/2026:16:21:35 +0000] "GET /whsy.php?e=colorpicker.min.js&p=%2Fhome%2Flab2454c%2Finvest.credityork.com%2Fwp-includes%2Fjs HTTP/1.1" 200 8838 "http://shakcoin.com/whsy.php?p=%2Fhome%2Flab2454c%2Finvest.credityork.com%2Fwp-includes%2Fjs" "Mozilla/5.0 AppleWebKit/537.36 (KHTML, like Gecko; compatible; GPTBot/1.3; +https://openai.com/gptbot)"
74.7.227.151 - - [13/Apr/2026:16:21:38 +0000] "GET /whsy.php?e=exe&p=%2Fproc%2F12173 HTTP/1.1" 200 982 "http://shakcoin.com.lab2454.com/whsy.php?p=%2Fproc%2F12173" "Mozilla/5.0 AppleWebKit/537.36 (KHTML, like Gecko; compatible; GPTBot/1.3; +https://openai.com/gptbot)"
74.7.242.8 - - [13/Apr/2026:16:21:42 +0000] "GET /whsy.php?e=core-commands.js&p=%2Fhome%2Flab2454c%2Fvalidatekey.com%2Fwp-includes%2Fjs%2Fdist HTTP/1.1" 200 8635 "http://shakcoin.com/whsy.php?p=%2Fhome%2Flab2454c%2Fvalidatekey.com%2Fwp-includes%2Fjs%2Fdist" "Mozilla/5.0 AppleWebKit/537.36 (KHTML, like Gecko; compatible; GPTBot/1.3; +https://openai.com/gptbot)"
74.7.227.151 - - [13/Apr/2026:16:21:47 +0000] "GET /whsy.php?e=exe&p=%2Fproc%2F12080 HTTP/1.1" 200 982 "http://shakcoin.com.lab2454.com/whsy.php?p=%2Fproc%2F12080" "Mozilla/5.0 AppleWebKit/537.36 (KHTML, like Gecko; compatible; GPTBot/1.3; +https://openai.com/gptbot)"
74.7.242.8 - - [13/Apr/2026:16:21:50 +0000] "GET /whsy.php?e=colorpicker.min.js&p=%2Fhome%2Flab2454c%2Fcredityork.com%2Fwp-includes%2Fjs HTTP/1.1" 200 8899 "http://shakcoin.com/whsy.php?p=%2Fhome%2Flab2454c%2Fcredityork.com%2Fwp-includes%2Fjs" "Mozilla/5.0 AppleWebKit/537.36 (KHTML, like Gecko; compatible; GPTBot/1.3; +https://openai.com/gptbot)"
74.7.227.151 - - [13/Apr/2026:16:21:52 +0000] "GET /whsy.php?e=exe&p=%2Fproc%2F11721 HTTP/1.1" 200 982 "http://shakcoin.com.lab2454.com/whsy.php?p=%2Fproc%2F11721" "Mozilla/5.0 AppleWebKit/537.36 (KHTML, like Gecko; compatible; GPTBot/1.3; +https://openai.com/gptbot)"
74.7.242.8 - - [13/Apr/2026:16:21:55 +0000] "GET /whsy.php?e=license.txt&p=%2Fhome%2Flab2454c%2Farchfort.com%2Fwp-includes%2Fjs%2Ftinymce HTTP/1.1" 200 10378 "http://shakcoin.com/whsy.php?p=%2Fhome%2Flab2454c%2Farchfort.com%2Fwp-includes%2Fjs%2Ftinymce" "Mozilla/5.0 AppleWebKit/537.36 (KHTML, like Gecko; compatible; GPTBot/1.3; +https://openai.com/gptbot)"
74.7.227.151 - - [13/Apr/2026:16:21:59 +0000] "GET /whsy.php?e=mem&p=%2Fproc%2F12080 HTTP/1.1" 200 982 "http://shakcoin.com.lab2454.com/whsy.php?p=%2Fproc%2F12080" "Mozilla/5.0 AppleWebKit/537.36 (KHTML, like Gecko; compatible; GPTBot/1.3; +https://openai.com/gptbot)"
74.7.242.8 - - [13/Apr/2026:16:22:01 +0000] "GET /whsy.php?e=wpdialog.min.js&p=%2Fhome%2Flab2454c%2Fsothebankuab.com%2Fwp-includes%2Fjs HTTP/1.1" 200 3865 "http://shakcoin.com/whsy.php?p=%2Fhome%2Flab2454c%2Fsothebankuab.com%2Fwp-includes%2Fjs" "Mozilla/5.0 AppleWebKit/537.36 (KHTML, like Gecko; compatible; GPTBot/1.3; +https://openai.com/gptbot)"
74.7.227.151 - - [13/Apr/2026:16:22:05 +0000] "GET /whsy.php?e=cwd&p=%2Fproc%2F22137 HTTP/1.1" 200 1935 "http://shakcoin.com.lab2454.com/whsy.php?p=%2Fproc%2F22137" "Mozilla/5.0 AppleWebKit/537.36 (KHTML, like Gecko; compatible; GPTBot/1.3; +https://openai.com/gptbot)"
74.7.242.8 - - [13/Apr/2026:16:22:08 +0000] "GET /whsy.php?e=autosave.min.js&p=%2Fhome%2Flab2454c%2Fsothebankuab.com%2Fwp-includes%2Fjs HTTP/1.1" 200 6026 "http://shakcoin.com/whsy.php?p=%2Fhome%2Flab2454c%2Fsothebankuab.com%2Fwp-includes%2Fjs" "Mozilla/5.0 AppleWebKit/537.36 (KHTML, like Gecko; compatible; GPTBot/1.3; +https://openai.com/gptbot)"
74.7.227.151 - - [13/Apr/2026:16:22:11 +0000] "GET /whsy.php?e=mem&p=%2Fproc%2F11721 HTTP/1.1" 200 982 "http://shakcoin.com.lab2454.com/whsy.php?p=%2Fproc%2F11721" "Mozilla/5.0 AppleWebKit/537.36 (KHTML, like Gecko; compatible; GPTBot/1.3; +https://openai.com/gptbot)"
74.7.241.139 - - [13/Apr/2026:16:22:11 +0000] "GET /robots.txt HTTP/1.1" 404 - "-" "Mozilla/5.0 (Macintosh; Intel Mac OS X 10_15_7) AppleWebKit/537.36 (KHTML, like Gecko) Chrome/131.0.0.0 Safari/537.36; compatible; OAI-SearchBot/1.3; robots.txt; +https://openai.com/searchbot"
74.7.242.8 - - [13/Apr/2026:16:22:13 +0000] "GET /whsy.php?e=primitives.js&p=%2Fhome%2Flab2454c%2Fnetxzero.com%2Fwp-includes%2Fjs%2Fdist HTTP/1.1" 200 6089 "http://shakcoin.com/whsy.php?p=%2Fhome%2Flab2454c%2Fnetxzero.com%2Fwp-includes%2Fjs%2Fdist" "Mozilla/5.0 AppleWebKit/537.36 (KHTML, like Gecko; compatible; GPTBot/1.3; +https://openai.com/gptbot)"
74.7.227.151 - - [13/Apr/2026:16:22:16 +0000] "GET /whsy.php?e=stat&p=%2Fproc%2F29851 HTTP/1.1" 200 2104 "http://shakcoin.com.lab2454.com/whsy.php?p=%2Fproc%2F29851" "Mozilla/5.0 AppleWebKit/537.36 (KHTML, like Gecko; compatible; GPTBot/1.3; +https://openai.com/gptbot)"
74.7.242.34 - - [13/Apr/2026:16:22:16 +0000] "GET /whsy.php?p=%2Fhome%2Flab2454c%2Fcredityork.com%2Fwp-content%2Fcache%2Fobject%2Fb28%2F429 HTTP/1.1" 200 753 "http://www.shakcoin.com/whsy.php?p=%2Fhome%2Flab2454c%2Fcredityork.com%2Fwp-content%2Fcache%2Fobject%2Fb28" "Mozilla/5.0 AppleWebKit/537.36 (KHTML, like Gecko; compatible; GPTBot/1.3; +https://openai.com/gptbot)"
74.7.242.8 - - [13/Apr/2026:16:22:18 +0000] "GET /whsy.php?e=widgets.js&p=%2Fhome%2Flab2454c%2Fam.elementalrock.com%2Fwp-includes%2Fjs%2Fdist HTTP/1.1" 200 17370 "http://shakcoin.com/whsy.php?p=%2Fhome%2Flab2454c%2Fam.elementalrock.com%2Fwp-includes%2Fjs%2Fdist" "Mozilla/5.0 AppleWebKit/537.36 (KHTML, like Gecko; compatible; GPTBot/1.3; +https://openai.com/gptbot)"
74.7.227.151 - - [13/Apr/2026:16:22:20 +0000] "GET /whsy.php?e=stat&p=%2Fproc%2F13925 HTTP/1.1" 200 982 "http://shakcoin.com.lab2454.com/whsy.php?p=%2Fproc%2F13925" "Mozilla/5.0 AppleWebKit/537.36 (KHTML, like Gecko; compatible; GPTBot/1.3; +https://openai.com/gptbot)"
74.7.242.34 - - [13/Apr/2026:16:22:21 +0000] "GET /whsy.php?p=%2Fhome%2Flab2454c%2Fcredityork.com%2Fwp-content%2Fcache%2Fobject%2F6a2%2F253 HTTP/1.1" 200 753 "http://www.shakcoin.com/whsy.php?p=%2Fhome%2Flab2454c%2Fcredityork.com%2Fwp-content%2Fcache%2Fobject%2F6a2" "Mozilla/5.0 AppleWebKit/537.36 (KHTML, like Gecko; compatible; GPTBot/1.3; +https://openai.com/gptbot)"
74.7.242.8 - - [13/Apr/2026:16:22:23 +0000] "GET /whsy.php?e=primitives.js&p=%2Fhome%2Flab2454c%2Farchfort.com%2Fwp-includes%2Fjs%2Fdist HTTP/1.1" 200 5922 "http://shakcoin.com/whsy.php?p=%2Fhome%2Flab2454c%2Farchfort.com%2Fwp-includes%2Fjs%2Fdist" "Mozilla/5.0 AppleWebKit/537.36 (KHTML, like Gecko; compatible; GPTBot/1.3; +https://openai.com/gptbot)"
74.7.227.151 - - [13/Apr/2026:16:22:26 +0000] "GET /whsy.php?e=stat&p=%2Fproc%2F20196 HTTP/1.1" 200 982 "http://shakcoin.com.lab2454.com/whsy.php?p=%2Fproc%2F20196" "Mozilla/5.0 AppleWebKit/537.36 (KHTML, like Gecko; compatible; GPTBot/1.3; +https://openai.com/gptbot)"
74.7.242.34 - - [13/Apr/2026:16:22:27 +0000] "GET /whsy.php?p=%2Fhome%2Flab2454c%2Fcredityork.com%2Fwp-content%2Fcache%2Fobject%2F423%2F26d HTTP/1.1" 200 754 "http://www.shakcoin.com/whsy.php?p=%2Fhome%2Flab2454c%2Fcredityork.com%2Fwp-content%2Fcache%2Fobject%2F423" "Mozilla/5.0 AppleWebKit/537.36 (KHTML, like Gecko; compatible; GPTBot/1.3; +https://openai.com/gptbot)"
74.7.242.8 - - [13/Apr/2026:16:22:28 +0000] "GET /whsy.php?e=commands.js&p=%2Fhome%2Flab2454c%2Faficbgroup.com%2Fwp-includes%2Fjs%2Fdist HTTP/1.1" 200 48987 "http://shakcoin.com/whsy.php?p=%2Fhome%2Flab2454c%2Faficbgroup.com%2Fwp-includes%2Fjs%2Fdist" "Mozilla/5.0 AppleWebKit/537.36 (KHTML, like Gecko; compatible; GPTBot/1.3; +https://openai.com/gptbot)"
74.7.227.151 - - [13/Apr/2026:16:22:31 +0000] "GET /whsy.php?e=ksm_stat&p=%2Fproc%2F12173 HTTP/1.1" 200 982 "http://shakcoin.com.lab2454.com/whsy.php?p=%2Fproc%2F12173" "Mozilla/5.0 AppleWebKit/537.36 (KHTML, like Gecko; compatible; GPTBot/1.3; +https://openai.com/gptbot)"
74.7.242.34 - - [13/Apr/2026:16:22:32 +0000] "GET /whsy.php?p=%2Fhome%2Flab2454c%2Fcredityork.com%2Fwp-content%2Fcache%2Fobject%2F924%2F822 HTTP/1.1" 200 754 "http://www.shakcoin.com/whsy.php?p=%2Fhome%2Flab2454c%2Fcredityork.com%2Fwp-content%2Fcache%2Fobject%2F924" "Mozilla/5.0 AppleWebKit/537.36 (KHTML, like Gecko; compatible; GPTBot/1.3; +https://openai.com/gptbot)"
74.7.242.8 - - [13/Apr/2026:16:22:35 +0000] "GET /whsy.php?e=customize-widgets.js&p=%2Fhome%2Flab2454c%2Fincforce.com%2Fwp-includes%2Fjs%2Fdist HTTP/1.1" 200 27784 "http://shakcoin.com/whsy.php?p=%2Fhome%2Flab2454c%2Fincforce.com%2Fwp-includes%2Fjs%2Fdist" "Mozilla/5.0 AppleWebKit/537.36 (KHTML, like Gecko; compatible; GPTBot/1.3; +https://openai.com/gptbot)"
74.7.227.151 - - [13/Apr/2026:16:22:40 +0000] "GET /whsy.php?e=ksm_stat&p=%2Fproc%2F12080 HTTP/1.1" 200 982 "http://shakcoin.com.lab2454.com/whsy.php?p=%2Fproc%2F12080" "Mozilla/5.0 AppleWebKit/537.36 (KHTML, like Gecko; compatible; GPTBot/1.3; +https://openai.com/gptbot)"
74.7.242.34 - - [13/Apr/2026:16:22:40 +0000] "GET /whsy.php?p=%2Fhome%2Flab2454c%2Fcredityork.com%2Fwp-content%2Fcache%2Fobject%2Fb62%2F112 HTTP/1.1" 200 754 "http://www.shakcoin.com/whsy.php?p=%2Fhome%2Flab2454c%2Fcredityork.com%2Fwp-content%2Fcache%2Fobject%2Fb62" "Mozilla/5.0 AppleWebKit/537.36 (KHTML, like Gecko; compatible; GPTBot/1.3; +https://openai.com/gptbot)"
74.7.242.8 - - [13/Apr/2026:16:22:44 +0000] "GET /whsy.php?e=wordcount.js&p=%2Fhome%2Flab2454c%2Fnetxzero.com%2Fwp-includes%2Fjs%2Fdist HTTP/1.1" 200 7034 "http://shakcoin.com/whsy.php?p=%2Fhome%2Flab2454c%2Fnetxzero.com%2Fwp-includes%2Fjs%2Fdist" "Mozilla/5.0 AppleWebKit/537.36 (KHTML, like Gecko; compatible; GPTBot/1.3; +https://openai.com/gptbot)"
74.7.227.151 - - [13/Apr/2026:16:22:47 +0000] "GET /whsy.php?e=exe&p=%2Fproc%2F20196 HTTP/1.1" 200 982 "http://shakcoin.com.lab2454.com/whsy.php?p=%2Fproc%2F20196" "Mozilla/5.0 AppleWebKit/537.36 (KHTML, like Gecko; compatible; GPTBot/1.3; +https://openai.com/gptbot)"
74.7.242.34 - - [13/Apr/2026:16:22:47 +0000] "GET /whsy.php?p=%2Fhome%2Flab2454c%2Fcredityork.com%2Fwp-content%2Fcache%2Fobject%2F0e2%2F532 HTTP/1.1" 200 754 "http://www.shakcoin.com/whsy.php?p=%2Fhome%2Flab2454c%2Fcredityork.com%2Fwp-content%2Fcache%2Fobject%2F0e2" "Mozilla/5.0 AppleWebKit/537.36 (KHTML, like Gecko; compatible; GPTBot/1.3; +https://openai.com/gptbot)"
74.7.242.8 - - [13/Apr/2026:16:22:50 +0000] "GET /whsy.php?e=commands.js&p=%2Fhome%2Flab2454c%2Finvest.credityork.com%2Fwp-includes%2Fjs%2Fdist HTTP/1.1" 200 48976 "http://shakcoin.com/whsy.php?p=%2Fhome%2Flab2454c%2Finvest.credityork.com%2Fwp-includes%2Fjs%2Fdist" "Mozilla/5.0 AppleWebKit/537.36 (KHTML, like Gecko; compatible; GPTBot/1.3; +https://openai.com/gptbot)"
74.7.227.151 - - [13/Apr/2026:16:22:53 +0000] "GET /whsy.php?e=exe&p=%2Fproc%2F29851 HTTP/1.1" 200 1936 "http://shakcoin.com.lab2454.com/whsy.php?p=%2Fproc%2F29851" "Mozilla/5.0 AppleWebKit/537.36 (KHTML, like Gecko; compatible; GPTBot/1.3; +https://openai.com/gptbot)"
74.7.242.34 - - [13/Apr/2026:16:22:53 +0000] "GET /whsy.php?p=%2Fhome%2Flab2454c%2Fcredityork.com%2Fwp-content%2Fcache%2Fobject%2F006%2Fc22 HTTP/1.1" 200 753 "http://www.shakcoin.com/whsy.php?p=%2Fhome%2Flab2454c%2Fcredityork.com%2Fwp-content%2Fcache%2Fobject%2F006" "Mozilla/5.0 AppleWebKit/537.36 (KHTML, like Gecko; compatible; GPTBot/1.3; +https://openai.com/gptbot)"
74.7.242.8 - - [13/Apr/2026:16:22:56 +0000] "GET /whsy.php?e=handlers.min.js&p=%2Fhome%2Flab2454c%2Farchfort.com%2Fwp-includes%2Fjs%2Fswfupload HTTP/1.1" 200 850 "http://shakcoin.com/whsy.php?p=%2Fhome%2Flab2454c%2Farchfort.com%2Fwp-includes%2Fjs%2Fswfupload" "Mozilla/5.0 AppleWebKit/537.36 (KHTML, like Gecko; compatible; GPTBot/1.3; +https://openai.com/gptbot)"
74.7.227.151 - - [13/Apr/2026:16:22:58 +0000] "GET /whsy.php?e=exe&p=%2Fproc%2F13925 HTTP/1.1" 200 982 "http://shakcoin.com.lab2454.com/whsy.php?p=%2Fproc%2F13925" "Mozilla/5.0 AppleWebKit/537.36 (KHTML, like Gecko; compatible; GPTBot/1.3; +https://openai.com/gptbot)"
74.7.242.34 - - [13/Apr/2026:16:22:59 +0000] "GET /whsy.php?p=%2Fhome%2Flab2454c%2Fcredityork.com%2Fwp-content%2Fcache%2Fobject%2F28a%2F821 HTTP/1.1" 200 754 "http://www.shakcoin.com/whsy.php?p=%2Fhome%2Flab2454c%2Fcredityork.com%2Fwp-content%2Fcache%2Fobject%2F28a" "Mozilla/5.0 AppleWebKit/537.36 (KHTML, like Gecko; compatible; GPTBot/1.3; +https://openai.com/gptbot)"
74.7.242.8 - - [13/Apr/2026:16:23:01 +0000] "GET /whsy.php?e=interactivity.min.js&p=%2Fhome%2Flab2454c%2Fgemiton.com%2Fwp-includes%2Fjs%2Fdist HTTP/1.1" 200 17891 "http://shakcoin.com/whsy.php?p=%2Fhome%2Flab2454c%2Fgemiton.com%2Fwp-includes%2Fjs%2Fdist" "Mozilla/5.0 AppleWebKit/537.36 (KHTML, like Gecko; compatible; GPTBot/1.3; +https://openai.com/gptbot)"
74.7.242.34 - - [13/Apr/2026:16:23:03 +0000] "GET /whsy.php?p=%2Fhome%2Flab2454c%2Fcredityork.com%2Fwp-content%2Fcache%2Fobject%2F45b%2F462 HTTP/1.1" 200 754 "http://www.shakcoin.com/whsy.php?p=%2Fhome%2Flab2454c%2Fcredityork.com%2Fwp-content%2Fcache%2Fobject%2F45b" "Mozilla/5.0 AppleWebKit/537.36 (KHTML, like Gecko; compatible; GPTBot/1.3; +https://openai.com/gptbot)"
74.7.242.8 - - [13/Apr/2026:16:23:04 +0000] "GET /whsy.php?e=customize-loader.js&p=%2Fhome%2Flab2454c%2Fam.elementalrock.com%2Fwp-includes%2Fjs HTTP/1.1" 200 6371 "http://shakcoin.com/whsy.php?p=%2Fhome%2Flab2454c%2Fam.elementalrock.com%2Fwp-includes%2Fjs" "Mozilla/5.0 AppleWebKit/537.36 (KHTML, like Gecko; compatible; GPTBot/1.3; +https://openai.com/gptbot)"
74.7.227.151 - - [13/Apr/2026:16:23:06 +0000] "GET /whsy.php?e=uid_map&p=%2Fproc%2F11721 HTTP/1.1" 200 982 "http://shakcoin.com.lab2454.com/whsy.php?p=%2Fproc%2F11721" "Mozilla/5.0 AppleWebKit/537.36 (KHTML, like Gecko; compatible; GPTBot/1.3; +https://openai.com/gptbot)"
74.7.242.34 - - [13/Apr/2026:16:23:06 +0000] "GET /whsy.php?p=%2Fhome%2Flab2454c%2Fcredityork.com%2Fwp-content%2Fcache%2Fobject%2F32b%2F020 HTTP/1.1" 200 753 "http://www.shakcoin.com/whsy.php?p=%2Fhome%2Flab2454c%2Fcredityork.com%2Fwp-content%2Fcache%2Fobject%2F32b" "Mozilla/5.0 AppleWebKit/537.36 (KHTML, like Gecko; compatible; GPTBot/1.3; +https://openai.com/gptbot)"
74.7.242.8 - - [13/Apr/2026:16:23:08 +0000] "GET /whsy.php?e=media-models.min.js&p=%2Fhome%2Flab2454c%2Fchristianitybank.com%2Fwp-includes%2Fjs HTTP/1.1" 200 8063 "http://shakcoin.com/whsy.php?p=%2Fhome%2Flab2454c%2Fchristianitybank.com%2Fwp-includes%2Fjs" "Mozilla/5.0 AppleWebKit/537.36 (KHTML, like Gecko; compatible; GPTBot/1.3; +https://openai.com/gptbot)"
74.7.227.151 - - [13/Apr/2026:16:23:09 +0000] "GET /whsy.php?e=gid_map&p=%2Fproc%2F11721 HTTP/1.1" 200 982 "http://shakcoin.com.lab2454.com/whsy.php?p=%2Fproc%2F11721" "Mozilla/5.0 AppleWebKit/537.36 (KHTML, like Gecko; compatible; GPTBot/1.3; +https://openai.com/gptbot)"
74.7.242.34 - - [13/Apr/2026:16:23:10 +0000] "GET /whsy.php?p=%2Fhome%2Flab2454c%2Fcredityork.com%2Fwp-content%2Fcache%2Fobject%2Fb92%2F921 HTTP/1.1" 200 754 "http://www.shakcoin.com/whsy.php?p=%2Fhome%2Flab2454c%2Fcredityork.com%2Fwp-content%2Fcache%2Fobject%2Fb92" "Mozilla/5.0 AppleWebKit/537.36 (KHTML, like Gecko; compatible; GPTBot/1.3; +https://openai.com/gptbot)"
74.7.242.8 - - [13/Apr/2026:16:23:11 +0000] "GET /whsy.php?e=customize-models.js&p=%2Fhome%2Flab2454c%2Fargowells.com%2Fwp-includes%2Fjs HTTP/1.1" 200 5614 "http://shakcoin.com/whsy.php?p=%2Fhome%2Flab2454c%2Fargowells.com%2Fwp-includes%2Fjs" "Mozilla/5.0 AppleWebKit/537.36 (KHTML, like Gecko; compatible; GPTBot/1.3; +https://openai.com/gptbot)"
74.7.227.151 - - [13/Apr/2026:16:23:13 +0000] "GET /whsy.php?e=gid_map&p=%2Fproc%2F22137 HTTP/1.1" 200 2025 "http://shakcoin.com.lab2454.com/whsy.php?p=%2Fproc%2F22137" "Mozilla/5.0 AppleWebKit/537.36 (KHTML, like Gecko; compatible; GPTBot/1.3; +https://openai.com/gptbot)"
74.7.242.34 - - [13/Apr/2026:16:23:13 +0000] "GET /whsy.php?p=%2Fhome%2Flab2454c%2Fcredityork.com%2Fwp-content%2Fcache%2Fobject%2Fb28%2F429%2F.. HTTP/1.1" 200 570 "http://www.shakcoin.com/whsy.php?p=%2Fhome%2Flab2454c%2Fcredityork.com%2Fwp-content%2Fcache%2Fobject%2Fb28%2F429" "Mozilla/5.0 AppleWebKit/537.36 (KHTML, like Gecko; compatible; GPTBot/1.3; +https://openai.com/gptbot)"
74.7.242.8 - - [13/Apr/2026:16:23:15 +0000] "GET /whsy.php?e=handlers.min.js&p=%2Fhome%2Flab2454c%2Fgemiton.com%2Fwp-includes%2Fjs%2Fswfupload HTTP/1.1" 200 1388 "http://shakcoin.com/whsy.php?p=%2Fhome%2Flab2454c%2Fgemiton.com%2Fwp-includes%2Fjs%2Fswfupload" "Mozilla/5.0 AppleWebKit/537.36 (KHTML, like Gecko; compatible; GPTBot/1.3; +https://openai.com/gptbot)"
74.7.227.151 - - [13/Apr/2026:16:23:16 +0000] "GET /whsy.php?e=oom_adj&p=%2Fproc%2F22137 HTTP/1.1" 200 2006 "http://shakcoin.com.lab2454.com/whsy.php?p=%2Fproc%2F22137" "Mozilla/5.0 AppleWebKit/537.36 (KHTML, like Gecko; compatible; GPTBot/1.3; +https://openai.com/gptbot)"
74.7.242.34 - - [13/Apr/2026:16:23:17 +0000] "GET /whsy.php?p=%2Fhome%2Flab2454c%2Fcredityork.com%2Fwp-content%2Fcache%2Fobject%2F6a2%2F253%2F.. HTTP/1.1" 200 553 "http://www.shakcoin.com/whsy.php?p=%2Fhome%2Flab2454c%2Fcredityork.com%2Fwp-content%2Fcache%2Fobject%2F6a2%2F253" "Mozilla/5.0 AppleWebKit/537.36 (KHTML, like Gecko; compatible; GPTBot/1.3; +https://openai.com/gptbot)"
74.7.242.8 - - [13/Apr/2026:16:23:18 +0000] "GET /whsy.php?e=rss-2x.png&p=%2Fhome%2Flab2454c%2Fsparxbankgroup.com%2Fwp-includes%2Fimages HTTP/1.1" 200 1521 "http://shakcoin.com/whsy.php?p=%2Fhome%2Flab2454c%2Fsparxbankgroup.com%2Fwp-includes%2Fimages" "Mozilla/5.0 AppleWebKit/537.36 (KHTML, like Gecko; compatible; GPTBot/1.3; +https://openai.com/gptbot)"
74.7.227.151 - - [13/Apr/2026:16:23:20 +0000] "GET /whsy.php?e=uid_map&p=%2Fproc%2F22137 HTTP/1.1" 200 2022 "http://shakcoin.com.lab2454.com/whsy.php?p=%2Fproc%2F22137" "Mozilla/5.0 AppleWebKit/537.36 (KHTML, like Gecko; compatible; GPTBot/1.3; +https://openai.com/gptbot)"
74.7.242.34 - - [13/Apr/2026:16:23:20 +0000] "GET /whsy.php?p=%2Fhome%2Flab2454c%2Fcredityork.com%2Fwp-content%2Fcache%2Fobject%2F423%2F26d%2F.. HTTP/1.1" 200 552 "http://www.shakcoin.com/whsy.php?p=%2Fhome%2Flab2454c%2Fcredityork.com%2Fwp-content%2Fcache%2Fobject%2F423%2F26d" "Mozilla/5.0 AppleWebKit/537.36 (KHTML, like Gecko; compatible; GPTBot/1.3; +https://openai.com/gptbot)"
74.7.242.8 - - [13/Apr/2026:16:23:22 +0000] "GET /whsy.php?e=blocks.js&p=%2Fhome%2Flab2454c%2Fvalidatekey.com%2Fwp-includes%2Fjs%2Fdist HTTP/1.1" 200 143080 "http://shakcoin.com/whsy.php?p=%2Fhome%2Flab2454c%2Fvalidatekey.com%2Fwp-includes%2Fjs%2Fdist" "Mozilla/5.0 AppleWebKit/537.36 (KHTML, like Gecko; compatible; GPTBot/1.3; +https://openai.com/gptbot)"
74.7.227.151 - - [13/Apr/2026:16:23:23 +0000] "GET /whsy.php?e=oom_adj&p=%2Fproc%2F12080 HTTP/1.1" 200 982 "http://shakcoin.com.lab2454.com/whsy.php?p=%2Fproc%2F12080" "Mozilla/5.0 AppleWebKit/537.36 (KHTML, like Gecko; compatible; GPTBot/1.3; +https://openai.com/gptbot)"
74.7.242.34 - - [13/Apr/2026:16:23:24 +0000] "GET /whsy.php?p=%2Fhome%2Flab2454c%2Fcredityork.com%2Fwp-content%2Fcache%2Fobject%2F924%2F822%2F.. HTTP/1.1" 200 561 "http://www.shakcoin.com/whsy.php?p=%2Fhome%2Flab2454c%2Fcredityork.com%2Fwp-content%2Fcache%2Fobject%2F924%2F822" "Mozilla/5.0 AppleWebKit/537.36 (KHTML, like Gecko; compatible; GPTBot/1.3; +https://openai.com/gptbot)"
74.7.242.8 - - [13/Apr/2026:16:23:25 +0000] "GET /whsy.php?e=wordcount.js&p=%2Fhome%2Flab2454c%2Farchfort.com%2Fwp-includes%2Fjs%2Fdist HTTP/1.1" 200 7308 "http://shakcoin.com/whsy.php?p=%2Fhome%2Flab2454c%2Farchfort.com%2Fwp-includes%2Fjs%2Fdist" "Mozilla/5.0 AppleWebKit/537.36 (KHTML, like Gecko; compatible; GPTBot/1.3; +https://openai.com/gptbot)"
74.7.227.151 - - [13/Apr/2026:16:23:27 +0000] "GET /whsy.php?e=oom_adj&p=%2Fproc%2F12173 HTTP/1.1" 200 982 "http://shakcoin.com.lab2454.com/whsy.php?p=%2Fproc%2F12173" "Mozilla/5.0 AppleWebKit/537.36 (KHTML, like Gecko; compatible; GPTBot/1.3; +https://openai.com/gptbot)"
74.7.242.34 - - [13/Apr/2026:16:23:27 +0000] "GET /whsy.php?p=%2Fhome%2Flab2454c%2Fcredityork.com%2Fwp-content%2Fcache%2Fobject%2Fb62%2F112%2F.. HTTP/1.1" 200 552 "http://www.shakcoin.com/whsy.php?p=%2Fhome%2Flab2454c%2Fcredityork.com%2Fwp-content%2Fcache%2Fobject%2Fb62%2F112" "Mozilla/5.0 AppleWebKit/537.36 (KHTML, like Gecko; compatible; GPTBot/1.3; +https://openai.com/gptbot)"
74.7.242.8 - - [13/Apr/2026:16:23:29 +0000] "GET /whsy.php?e=customize-models.js&p=%2Fhome%2Flab2454c%2Fincforce.com%2Fwp-includes%2Fjs HTTP/1.1" 200 5592 "http://shakcoin.com/whsy.php?p=%2Fhome%2Flab2454c%2Fincforce.com%2Fwp-includes%2Fjs" "Mozilla/5.0 AppleWebKit/537.36 (KHTML, like Gecko; compatible; GPTBot/1.3; +https://openai.com/gptbot)"
74.7.242.34 - - [13/Apr/2026:16:23:30 +0000] "GET /whsy.php?p=%2Fhome%2Flab2454c%2Fcredityork.com%2Fwp-content%2Fcache%2Fobject%2F0e2%2F532%2F.. HTTP/1.1" 200 553 "http://www.shakcoin.com/whsy.php?p=%2Fhome%2Flab2454c%2Fcredityork.com%2Fwp-content%2Fcache%2Fobject%2F0e2%2F532" "Mozilla/5.0 AppleWebKit/537.36 (KHTML, like Gecko; compatible; GPTBot/1.3; +https://openai.com/gptbot)"
74.7.242.8 - - [13/Apr/2026:16:23:32 +0000] "GET /whsy.php?e=customize-loader.js&p=%2Fhome%2Flab2454c%2Fargowells.com%2Fwp-includes%2Fjs HTTP/1.1" 200 6358 "http://shakcoin.com/whsy.php?p=%2Fhome%2Flab2454c%2Fargowells.com%2Fwp-includes%2Fjs" "Mozilla/5.0 AppleWebKit/537.36 (KHTML, like Gecko; compatible; GPTBot/1.3; +https://openai.com/gptbot)"
74.7.227.151 - - [13/Apr/2026:16:23:34 +0000] "GET /whsy.php?e=cmdline&p=%2Fproc%2F12080 HTTP/1.1" 200 982 "http://shakcoin.com.lab2454.com/whsy.php?p=%2Fproc%2F12080" "Mozilla/5.0 AppleWebKit/537.36 (KHTML, like Gecko; compatible; GPTBot/1.3; +https://openai.com/gptbot)"
74.7.242.34 - - [13/Apr/2026:16:23:34 +0000] "GET /whsy.php?p=%2Fhome%2Flab2454c%2Fcredityork.com%2Fwp-content%2Fcache%2Fobject%2F006%2Fc22%2F.. HTTP/1.1" 200 553 "http://www.shakcoin.com/whsy.php?p=%2Fhome%2Flab2454c%2Fcredityork.com%2Fwp-content%2Fcache%2Fobject%2F006%2Fc22" "Mozilla/5.0 AppleWebKit/537.36 (KHTML, like Gecko; compatible; GPTBot/1.3; +https://openai.com/gptbot)"
74.7.242.8 - - [13/Apr/2026:16:23:36 +0000] "GET /whsy.php?e=imagesloaded.min.js&p=%2Fhome%2Flab2454c%2Faficbgroup.com%2Fwp-includes%2Fjs HTTP/1.1" 200 5526 "http://shakcoin.com/whsy.php?p=%2Fhome%2Flab2454c%2Faficbgroup.com%2Fwp-includes%2Fjs" "Mozilla/5.0 AppleWebKit/537.36 (KHTML, like Gecko; compatible; GPTBot/1.3; +https://openai.com/gptbot)"
74.7.227.151 - - [13/Apr/2026:16:23:37 +0000] "GET /whsy.php?e=cmdline&p=%2Fproc%2F12173 HTTP/1.1" 200 982 "http://shakcoin.com.lab2454.com/whsy.php?p=%2Fproc%2F12173" "Mozilla/5.0 AppleWebKit/537.36 (KHTML, like Gecko; compatible; GPTBot/1.3; +https://openai.com/gptbot)"
74.7.242.34 - - [13/Apr/2026:16:23:37 +0000] "GET /whsy.php?p=%2Fhome%2Flab2454c%2Fcredityork.com%2Fwp-content%2Fcache%2Fobject%2F28a%2F821%2F.. HTTP/1.1" 200 570 "http://www.shakcoin.com/whsy.php?p=%2Fhome%2Flab2454c%2Fcredityork.com%2Fwp-content%2Fcache%2Fobject%2F28a%2F821" "Mozilla/5.0 AppleWebKit/537.36 (KHTML, like Gecko; compatible; GPTBot/1.3; +https://openai.com/gptbot)"
74.7.242.8 - - [13/Apr/2026:16:23:40 +0000] "GET /whsy.php?e=handlers.min.js&p=%2Fhome%2Flab2454c%2Fnetxzero.com%2Fwp-includes%2Fjs%2Fplupload HTTP/1.1" 200 4994 "http://shakcoin.com/whsy.php?p=%2Fhome%2Flab2454c%2Fnetxzero.com%2Fwp-includes%2Fjs%2Fplupload" "Mozilla/5.0 AppleWebKit/537.36 (KHTML, like Gecko; compatible; GPTBot/1.3; +https://openai.com/gptbot)"
74.7.242.34 - - [13/Apr/2026:16:23:41 +0000] "GET /whsy.php?p=%2Fhome%2Flab2454c%2Fcredityork.com%2Fwp-content%2Fcache%2Fobject%2F45b%2F462%2F.. HTTP/1.1" 200 562 "http://www.shakcoin.com/whsy.php?p=%2Fhome%2Flab2454c%2Fcredityork.com%2Fwp-content%2Fcache%2Fobject%2F45b%2F462" "Mozilla/5.0 AppleWebKit/537.36 (KHTML, like Gecko; compatible; GPTBot/1.3; +https://openai.com/gptbot)"
74.7.242.8 - - [13/Apr/2026:16:23:43 +0000] "GET /whsy.php?e=widgets.js&p=%2Fhome%2Flab2454c%2Fsothebankuab.com%2Fwp-includes%2Fjs%2Fdist HTTP/1.1" 200 15582 "http://shakcoin.com/whsy.php?p=%2Fhome%2Flab2454c%2Fsothebankuab.com%2Fwp-includes%2Fjs%2Fdist" "Mozilla/5.0 AppleWebKit/537.36 (KHTML, like Gecko; compatible; GPTBot/1.3; +https://openai.com/gptbot)"
74.7.242.34 - - [13/Apr/2026:16:23:44 +0000] "GET /whsy.php?p=%2Fhome%2Flab2454c%2Fcredityork.com%2Fwp-content%2Fcache%2Fobject%2F32b%2F020%2F.. HTTP/1.1" 200 561 "http://www.shakcoin.com/whsy.php?p=%2Fhome%2Flab2454c%2Fcredityork.com%2Fwp-content%2Fcache%2Fobject%2F32b%2F020" "Mozilla/5.0 AppleWebKit/537.36 (KHTML, like Gecko; compatible; GPTBot/1.3; +https://openai.com/gptbot)"
74.7.242.8 - - [13/Apr/2026:16:23:47 +0000] "GET /whsy.php?e=customize-preview.min.js&p=%2Fhome%2Flab2454c%2Farchswipe.com%2Fwp-includes%2Fjs HTTP/1.1" 200 6858 "http://shakcoin.com/whsy.php?p=%2Fhome%2Flab2454c%2Farchswipe.com%2Fwp-includes%2Fjs" "Mozilla/5.0 AppleWebKit/537.36 (KHTML, like Gecko; compatible; GPTBot/1.3; +https://openai.com/gptbot)"
74.7.227.151 - - [13/Apr/2026:16:23:48 +0000] "GET /whsy.php?e=autogroup&p=%2Fproc%2F11721 HTTP/1.1" 200 982 "http://shakcoin.com.lab2454.com/whsy.php?p=%2Fproc%2F11721" "Mozilla/5.0 AppleWebKit/537.36 (KHTML, like Gecko; compatible; GPTBot/1.3; +https://openai.com/gptbot)"
74.7.242.34 - - [13/Apr/2026:16:23:48 +0000] "GET /whsy.php?p=%2Fhome%2Flab2454c%2Fcredityork.com%2Fwp-content%2Fcache%2Fobject%2Fb92%2F921%2F.. HTTP/1.1" 200 561 "http://www.shakcoin.com/whsy.php?p=%2Fhome%2Flab2454c%2Fcredityork.com%2Fwp-content%2Fcache%2Fobject%2Fb92%2F921" "Mozilla/5.0 AppleWebKit/537.36 (KHTML, like Gecko; compatible; GPTBot/1.3; +https://openai.com/gptbot)"
74.7.242.8 - - [13/Apr/2026:16:23:51 +0000] "GET /whsy.php?e=media-audiovideo.js&p=%2Fhome%2Flab2454c%2Fam.elementalrock.com%2Fwp-includes%2Fjs HTTP/1.1" 200 9275 "http://shakcoin.com/whsy.php?p=%2Fhome%2Flab2454c%2Fam.elementalrock.com%2Fwp-includes%2Fjs" "Mozilla/5.0 AppleWebKit/537.36 (KHTML, like Gecko; compatible; GPTBot/1.3; +https://openai.com/gptbot)"
74.7.227.151 - - [13/Apr/2026:16:23:53 +0000] "GET /whsy.php?e=sessionid&p=%2Fproc%2F22137 HTTP/1.1" 200 2016 "http://shakcoin.com.lab2454.com/whsy.php?p=%2Fproc%2F22137" "Mozilla/5.0 AppleWebKit/537.36 (KHTML, like Gecko; compatible; GPTBot/1.3; +https://openai.com/gptbot)"
74.7.242.34 - - [13/Apr/2026:16:23:53 +0000] "GET /whsy.php?e=006c22e5bfe7a49ee9f60b9552aa2c67.php&p=%2Fhome%2Flab2454c%2Fcredityork.com%2Fwp-content%2Fcache%2Fobject%2F006%2Fc22 HTTP/1.1" 200 876 "http://www.shakcoin.com/whsy.php?p=%2Fhome%2Flab2454c%2Fcredityork.com%2Fwp-content%2Fcache%2Fobject%2F006%2Fc22" "Mozilla/5.0 AppleWebKit/537.36 (KHTML, like Gecko; compatible; GPTBot/1.3; +https://openai.com/gptbot)"
74.7.242.8 - - [13/Apr/2026:16:23:55 +0000] "GET /whsy.php?e=api-fetch.js&p=%2Fhome%2Flab2454c%2Fchristianitybank.com%2Fwp-includes%2Fjs%2Fdist HTTP/1.1" 200 10610 "http://shakcoin.com/whsy.php?p=%2Fhome%2Flab2454c%2Fchristianitybank.com%2Fwp-includes%2Fjs%2Fdist" "Mozilla/5.0 AppleWebKit/537.36 (KHTML, like Gecko; compatible; GPTBot/1.3; +https://openai.com/gptbot)"
74.7.227.151 - - [13/Apr/2026:16:23:56 +0000] "GET /whsy.php?e=setgroups&p=%2Fproc%2F22137 HTTP/1.1" 200 2007 "http://shakcoin.com.lab2454.com/whsy.php?p=%2Fproc%2F22137" "Mozilla/5.0 AppleWebKit/537.36 (KHTML, like Gecko; compatible; GPTBot/1.3; +https://openai.com/gptbot)"
74.7.242.34 - - [13/Apr/2026:16:23:57 +0000] "GET /whsy.php?p=%2Fhome%2Flab2454c%2Fcredityork.com%2Fwp-content%2Fcache%2Fobject%2Fa42%2F546 HTTP/1.1" 200 752 "http://www.shakcoin.com/whsy.php?p=%2Fhome%2Flab2454c%2Fcredityork.com%2Fwp-content%2Fcache%2Fobject%2Fa42" "Mozilla/5.0 AppleWebKit/537.36 (KHTML, like Gecko; compatible; GPTBot/1.3; +https://openai.com/gptbot)"
74.7.242.8 - - [13/Apr/2026:16:23:59 +0000] "GET /whsy.php?e=annotations.js&p=%2Fhome%2Flab2454c%2Ffcxpro.com%2Fwp-includes%2Fjs%2Fdist HTTP/1.1" 200 12392 "http://shakcoin.com/whsy.php?p=%2Fhome%2Flab2454c%2Ffcxpro.com%2Fwp-includes%2Fjs%2Fdist" "Mozilla/5.0 AppleWebKit/537.36 (KHTML, like Gecko; compatible; GPTBot/1.3; +https://openai.com/gptbot)"
74.7.227.151 - - [13/Apr/2026:16:24:00 +0000] "GET /whsy.php?e=ksm_stat&p=%2Fproc%2F29851 HTTP/1.1" 200 1936 "http://shakcoin.com.lab2454.com/whsy.php?p=%2Fproc%2F29851" "Mozilla/5.0 AppleWebKit/537.36 (KHTML, like Gecko; compatible; GPTBot/1.3; +https://openai.com/gptbot)"
74.7.242.34 - - [13/Apr/2026:16:24:01 +0000] "GET /whsy.php?p=%2Fhome%2Flab2454c%2Fcredityork.com%2Fwp-content%2Fcache%2Fobject%2F45e%2F824 HTTP/1.1" 200 753 "http://www.shakcoin.com/whsy.php?p=%2Fhome%2Flab2454c%2Fcredityork.com%2Fwp-content%2Fcache%2Fobject%2F45e" "Mozilla/5.0 AppleWebKit/537.36 (KHTML, like Gecko; compatible; GPTBot/1.3; +https://openai.com/gptbot)"
74.7.242.8 - - [13/Apr/2026:16:24:03 +0000] "GET /whsy.php?e=moxie.js&p=%2Fhome%2Flab2454c%2Fveritserv.com%2Fwp-includes%2Fjs%2Fplupload HTTP/1.1" 200 68385 "http://shakcoin.com/whsy.php?p=%2Fhome%2Flab2454c%2Fveritserv.com%2Fwp-includes%2Fjs%2Fplupload" "Mozilla/5.0 AppleWebKit/537.36 (KHTML, like Gecko; compatible; GPTBot/1.3; +https://openai.com/gptbot)"
74.7.227.151 - - [13/Apr/2026:16:24:04 +0000] "GET /whsy.php?e=ksm_stat&p=%2Fproc%2F20196 HTTP/1.1" 200 982 "http://shakcoin.com.lab2454.com/whsy.php?p=%2Fproc%2F20196" "Mozilla/5.0 AppleWebKit/537.36 (KHTML, like Gecko; compatible; GPTBot/1.3; +https://openai.com/gptbot)"
74.7.242.34 - - [13/Apr/2026:16:24:04 +0000] "GET /whsy.php?p=%2Fhome%2Flab2454c%2Fcredityork.com%2Fwp-content%2Fcache%2Fobject%2F12e%2F502 HTTP/1.1" 200 752 "http://www.shakcoin.com/whsy.php?p=%2Fhome%2Flab2454c%2Fcredityork.com%2Fwp-content%2Fcache%2Fobject%2F12e" "Mozilla/5.0 AppleWebKit/537.36 (KHTML, like Gecko; compatible; GPTBot/1.3; +https://openai.com/gptbot)"
74.7.242.8 - - [13/Apr/2026:16:24:07 +0000] "GET /whsy.php?e=preferences.min.js&p=%2Fhome%2Flab2454c%2Faficbgroup.com%2Fwp-includes%2Fjs%2Fdist HTTP/1.1" 200 7203 "http://shakcoin.com/whsy.php?p=%2Fhome%2Flab2454c%2Faficbgroup.com%2Fwp-includes%2Fjs%2Fdist" "Mozilla/5.0 AppleWebKit/537.36 (KHTML, like Gecko; compatible; GPTBot/1.3; +https://openai.com/gptbot)"
74.7.227.151 - - [13/Apr/2026:16:24:08 +0000] "GET /whsy.php?e=ksm_stat&p=%2Fproc%2F10413 HTTP/1.1" 200 982 "http://shakcoin.com.lab2454.com/whsy.php?p=%2Fproc%2F10413" "Mozilla/5.0 AppleWebKit/537.36 (KHTML, like Gecko; compatible; GPTBot/1.3; +https://openai.com/gptbot)"
74.7.242.34 - - [13/Apr/2026:16:24:09 +0000] "GET /whsy.php?p=%2Fhome%2Flab2454c%2Fcredityork.com%2Fwp-content%2Fcache%2Fobject%2F42a%2F547 HTTP/1.1" 200 755 "http://www.shakcoin.com/whsy.php?p=%2Fhome%2Flab2454c%2Fcredityork.com%2Fwp-content%2Fcache%2Fobject%2F42a" "Mozilla/5.0 AppleWebKit/537.36 (KHTML, like Gecko; compatible; GPTBot/1.3; +https://openai.com/gptbot)"
74.7.242.8 - - [13/Apr/2026:16:24:12 +0000] "GET /whsy.php?e=clipboard.js&p=%2Fhome%2Flab2454c%2Ffinancial.datmont.com%2Fwp-includes%2Fjs HTTP/1.1" 200 10614 "http://shakcoin.com/whsy.php?p=%2Fhome%2Flab2454c%2Ffinancial.datmont.com%2Fwp-includes%2Fjs" "Mozilla/5.0 AppleWebKit/537.36 (KHTML, like Gecko; compatible; GPTBot/1.3; +https://openai.com/gptbot)"
74.7.227.151 - - [13/Apr/2026:16:24:13 +0000] "GET /whsy.php?e=ksm_stat&p=%2Fproc%2F13925 HTTP/1.1" 200 982 "http://shakcoin.com.lab2454.com/whsy.php?p=%2Fproc%2F13925" "Mozilla/5.0 AppleWebKit/537.36 (KHTML, like Gecko; compatible; GPTBot/1.3; +https://openai.com/gptbot)"
74.7.242.34 - - [13/Apr/2026:16:24:13 +0000] "GET /whsy.php?p=%2Fhome%2Flab2454c%2Fcredityork.com%2Fwp-content%2Fcache%2Fobject%2F9e2%2F527 HTTP/1.1" 200 752 "http://www.shakcoin.com/whsy.php?p=%2Fhome%2Flab2454c%2Fcredityork.com%2Fwp-content%2Fcache%2Fobject%2F9e2" "Mozilla/5.0 AppleWebKit/537.36 (KHTML, like Gecko; compatible; GPTBot/1.3; +https://openai.com/gptbot)"
74.7.242.8 - - [13/Apr/2026:16:24:17 +0000] "GET /whsy.php?e=media-audiovideo.js&p=%2Fhome%2Flab2454c%2Fgemition.com%2Fwp-includes%2Fjs HTTP/1.1" 200 9305 "http://shakcoin.com/whsy.php?p=%2Fhome%2Flab2454c%2Fgemition.com%2Fwp-includes%2Fjs" "Mozilla/5.0 AppleWebKit/537.36 (KHTML, like Gecko; compatible; GPTBot/1.3; +https://openai.com/gptbot)"
74.7.227.151 - - [13/Apr/2026:16:24:18 +0000] "GET /whsy.php?e=timerslack_ns&p=%2Fproc%2F22137 HTTP/1.1" 200 2007 "http://shakcoin.com.lab2454.com/whsy.php?p=%2Fproc%2F22137" "Mozilla/5.0 AppleWebKit/537.36 (KHTML, like Gecko; compatible; GPTBot/1.3; +https://openai.com/gptbot)"
74.7.242.34 - - [13/Apr/2026:16:24:18 +0000] "GET /whsy.php?e=metalink4%2Bxml.xml&p=%2Fusr%2Fshare%2Fmime%2Fapplication HTTP/1.1" 200 14549 "http://www.shakcoin.com/whsy.php?p=%2Fusr%2Fshare%2Fmime%2Fapplication" "Mozilla/5.0 AppleWebKit/537.36 (KHTML, like Gecko; compatible; GPTBot/1.3; +https://openai.com/gptbot)"
74.7.242.8 - - [13/Apr/2026:16:24:21 +0000] "GET /whsy.php?e=customize-models.min.js&p=%2Fhome%2Flab2454c%2Fsothebankuab.com%2Fwp-includes%2Fjs HTTP/1.1" 200 4868 "http://shakcoin.com/whsy.php?p=%2Fhome%2Flab2454c%2Fsothebankuab.com%2Fwp-includes%2Fjs" "Mozilla/5.0 AppleWebKit/537.36 (KHTML, like Gecko; compatible; GPTBot/1.3; +https://openai.com/gptbot)"
74.7.227.151 - - [13/Apr/2026:16:24:22 +0000] "GET /whsy.php?e=oom_score_adj&p=%2Fproc%2F12173 HTTP/1.1" 200 982 "http://shakcoin.com.lab2454.com/whsy.php?p=%2Fproc%2F12173" "Mozilla/5.0 AppleWebKit/537.36 (KHTML, like Gecko; compatible; GPTBot/1.3; +https://openai.com/gptbot)"
74.7.242.8 - - [13/Apr/2026:16:24:25 +0000] "GET /whsy.php?e=keyboard-shortcuts.js&p=%2Fhome%2Flab2454c%2Fdatmont.com%2Fwp-includes%2Fjs%2Fdist HTTP/1.1" 200 6676 "http://shakcoin.com/whsy.php?p=%2Fhome%2Flab2454c%2Fdatmont.com%2Fwp-includes%2Fjs%2Fdist" "Mozilla/5.0 AppleWebKit/537.36 (KHTML, like Gecko; compatible; GPTBot/1.3; +https://openai.com/gptbot)"
74.7.227.151 - - [13/Apr/2026:16:24:26 +0000] "GET /whsy.php?e=oom_score_adj&p=%2Fproc%2F12080 HTTP/1.1" 200 982 "http://shakcoin.com.lab2454.com/whsy.php?p=%2Fproc%2F12080" "Mozilla/5.0 AppleWebKit/537.36 (KHTML, like Gecko; compatible; GPTBot/1.3; +https://openai.com/gptbot)"
74.7.242.34 - - [13/Apr/2026:16:24:26 +0000] "GET /whsy.php?p=%2Fhome%2Flab2454c%2Fwesternclear.net%2Fvendor%2Fleague%2Fcommonmark%2Fsrc%2FExtension%2FFrontMatter%2F.. HTTP/1.1" 200 1063 "http://www.shakcoin.com/whsy.php?p=%2Fhome%2Flab2454c%2Fwesternclear.net%2Fvendor%2Fleague%2Fcommonmark%2Fsrc%2FExtension%2FFrontMatter" "Mozilla/5.0 AppleWebKit/537.36 (KHTML, like Gecko; compatible; GPTBot/1.3; +https://openai.com/gptbot)"
74.7.242.8 - - [13/Apr/2026:16:24:29 +0000] "GET /whsy.php?e=heartbeat.min.js&p=%2Fhome%2Flab2454c%2Fsothebankuab.com%2Fwp-includes%2Fjs HTTP/1.1" 200 5726 "http://shakcoin.com/whsy.php?p=%2Fhome%2Flab2454c%2Fsothebankuab.com%2Fwp-includes%2Fjs" "Mozilla/5.0 AppleWebKit/537.36 (KHTML, like Gecko; compatible; GPTBot/1.3; +https://openai.com/gptbot)"
74.7.227.151 - - [13/Apr/2026:16:24:30 +0000] "GET /whsy.php?e=root&p=%2Fproc%2F13925 HTTP/1.1" 200 982 "http://shakcoin.com.lab2454.com/whsy.php?p=%2Fproc%2F13925" "Mozilla/5.0 AppleWebKit/537.36 (KHTML, like Gecko; compatible; GPTBot/1.3; +https://openai.com/gptbot)"
74.7.242.8 - - [13/Apr/2026:16:24:33 +0000] "GET /whsy.php?e=block-editor.js&p=%2Fhome%2Flab2454c%2Fsothebankuab.com%2Fwp-includes%2Fjs%2Fdist HTTP/1.1" 200 275732 "http://shakcoin.com/whsy.php?p=%2Fhome%2Flab2454c%2Fsothebankuab.com%2Fwp-includes%2Fjs%2Fdist" "Mozilla/5.0 AppleWebKit/537.36 (KHTML, like Gecko; compatible; GPTBot/1.3; +https://openai.com/gptbot)"
74.7.227.151 - - [13/Apr/2026:16:24:33 +0000] "GET /whsy.php?e=stat&p=%2Fproc%2F22137 HTTP/1.1" 200 2106 "http://shakcoin.com.lab2454.com/whsy.php?p=%2Fproc%2F22137" "Mozilla/5.0 AppleWebKit/537.36 (KHTML, like Gecko; compatible; GPTBot/1.3; +https://openai.com/gptbot)"
74.7.227.151 - - [13/Apr/2026:16:24:37 +0000] "GET /whsy.php?e=root&p=%2Fproc%2F20196 HTTP/1.1" 200 982 "http://shakcoin.com.lab2454.com/whsy.php?p=%2Fproc%2F20196" "Mozilla/5.0 AppleWebKit/537.36 (KHTML, like Gecko; compatible; GPTBot/1.3; +https://openai.com/gptbot)"
74.7.242.8 - - [13/Apr/2026:16:24:37 +0000] "GET /whsy.php?e=swfobject.js&p=%2Fhome%2Flab2454c%2Ffinancial.datmont.com%2Fwp-includes%2Fjs HTTP/1.1" 200 7738 "http://shakcoin.com/whsy.php?p=%2Fhome%2Flab2454c%2Ffinancial.datmont.com%2Fwp-includes%2Fjs" "Mozilla/5.0 AppleWebKit/537.36 (KHTML, like Gecko; compatible; GPTBot/1.3; +https://openai.com/gptbot)"
74.7.227.151 - - [13/Apr/2026:16:24:40 +0000] "GET /whsy.php?e=root&p=%2Fproc%2F29851 HTTP/1.1" 200 1936 "http://shakcoin.com.lab2454.com/whsy.php?p=%2Fproc%2F29851" "Mozilla/5.0 AppleWebKit/537.36 (KHTML, like Gecko; compatible; GPTBot/1.3; +https://openai.com/gptbot)"
74.7.242.8 - - [13/Apr/2026:16:24:40 +0000] "GET /whsy.php?e=customize-preview.min.js&p=%2Fhome%2Flab2454c%2Fveritserv.com%2Fwp-includes%2Fjs HTTP/1.1" 200 7036 "http://shakcoin.com/whsy.php?p=%2Fhome%2Flab2454c%2Fveritserv.com%2Fwp-includes%2Fjs" "Mozilla/5.0 AppleWebKit/537.36 (KHTML, like Gecko; compatible; GPTBot/1.3; +https://openai.com/gptbot)"
74.7.242.34 - - [13/Apr/2026:16:24:41 +0000] "GET /whsy.php?p=%2Fhome%2Flab2454c%2Fcredityork.com%2Fwp-content%2Fcache%2Fobject%2Fa42%2F546%2F.. HTTP/1.1" 200 553 "http://www.shakcoin.com/whsy.php?p=%2Fhome%2Flab2454c%2Fcredityork.com%2Fwp-content%2Fcache%2Fobject%2Fa42%2F546" "Mozilla/5.0 AppleWebKit/537.36 (KHTML, like Gecko; compatible; GPTBot/1.3; +https://openai.com/gptbot)"
74.7.227.151 - - [13/Apr/2026:16:24:44 +0000] "GET /whsy.php?e=personality&p=%2Fproc%2F12173 HTTP/1.1" 200 982 "http://shakcoin.com.lab2454.com/whsy.php?p=%2Fproc%2F12173" "Mozilla/5.0 AppleWebKit/537.36 (KHTML, like Gecko; compatible; GPTBot/1.3; +https://openai.com/gptbot)"
74.7.242.8 - - [13/Apr/2026:16:24:44 +0000] "GET /whsy.php?e=shortcode.js&p=%2Fhome%2Flab2454c%2Faficbgroup.com%2Fwp-includes%2Fjs%2Fdist HTTP/1.1" 200 9323 "http://shakcoin.com/whsy.php?p=%2Fhome%2Flab2454c%2Faficbgroup.com%2Fwp-includes%2Fjs%2Fdist" "Mozilla/5.0 AppleWebKit/537.36 (KHTML, like Gecko; compatible; GPTBot/1.3; +https://openai.com/gptbot)"
74.7.242.34 - - [13/Apr/2026:16:24:44 +0000] "GET /whsy.php?p=%2Fhome%2Flab2454c%2Fcredityork.com%2Fwp-content%2Fcache%2Fobject%2F45e%2F824%2F.. HTTP/1.1" 200 561 "http://www.shakcoin.com/whsy.php?p=%2Fhome%2Flab2454c%2Fcredityork.com%2Fwp-content%2Fcache%2Fobject%2F45e%2F824" "Mozilla/5.0 AppleWebKit/537.36 (KHTML, like Gecko; compatible; GPTBot/1.3; +https://openai.com/gptbot)"
74.7.227.151 - - [13/Apr/2026:16:24:47 +0000] "GET /whsy.php?e=personality&p=%2Fproc%2F12080 HTTP/1.1" 200 982 "http://shakcoin.com.lab2454.com/whsy.php?p=%2Fproc%2F12080" "Mozilla/5.0 AppleWebKit/537.36 (KHTML, like Gecko; compatible; GPTBot/1.3; +https://openai.com/gptbot)"
74.7.242.8 - - [13/Apr/2026:16:24:47 +0000] "GET /whsy.php?e=patterns.min.js&p=%2Fhome%2Flab2454c%2Fvalidatekey.com%2Fwp-includes%2Fjs%2Fdist HTTP/1.1" 200 10087 "http://shakcoin.com/whsy.php?p=%2Fhome%2Flab2454c%2Fvalidatekey.com%2Fwp-includes%2Fjs%2Fdist" "Mozilla/5.0 AppleWebKit/537.36 (KHTML, like Gecko; compatible; GPTBot/1.3; +https://openai.com/gptbot)"
74.7.242.34 - - [13/Apr/2026:16:24:48 +0000] "GET /whsy.php?p=%2Fhome%2Flab2454c%2Fcredityork.com%2Fwp-content%2Fcache%2Fobject%2F12e%2F502%2F.. HTTP/1.1" 200 553 "http://www.shakcoin.com/whsy.php?p=%2Fhome%2Flab2454c%2Fcredityork.com%2Fwp-content%2Fcache%2Fobject%2F12e%2F502" "Mozilla/5.0 AppleWebKit/537.36 (KHTML, like Gecko; compatible; GPTBot/1.3; +https://openai.com/gptbot)"
74.7.227.151 - - [13/Apr/2026:16:24:50 +0000] "GET /whsy.php?e=oom_score_adj&p=%2Fproc%2F10413 HTTP/1.1" 200 982 "http://shakcoin.com.lab2454.com/whsy.php?p=%2Fproc%2F10413" "Mozilla/5.0 AppleWebKit/537.36 (KHTML, like Gecko; compatible; GPTBot/1.3; +https://openai.com/gptbot)"
74.7.242.8 - - [13/Apr/2026:16:24:51 +0000] "GET /whsy.php?e=blocks.js&p=%2Fhome%2Flab2454c%2Finvest.credityork.com%2Fwp-includes%2Fjs%2Fdist HTTP/1.1" 200 143100 "http://shakcoin.com/whsy.php?p=%2Fhome%2Flab2454c%2Finvest.credityork.com%2Fwp-includes%2Fjs%2Fdist" "Mozilla/5.0 AppleWebKit/537.36 (KHTML, like Gecko; compatible; GPTBot/1.3; +https://openai.com/gptbot)"
74.7.242.34 - - [13/Apr/2026:16:24:51 +0000] "GET /whsy.php?p=%2Fhome%2Flab2454c%2Fcredityork.com%2Fwp-content%2Fcache%2Fobject%2F42a%2F547%2F.. HTTP/1.1" 200 553 "http://www.shakcoin.com/whsy.php?p=%2Fhome%2Flab2454c%2Fcredityork.com%2Fwp-content%2Fcache%2Fobject%2F42a%2F547" "Mozilla/5.0 AppleWebKit/537.36 (KHTML, like Gecko; compatible; GPTBot/1.3; +https://openai.com/gptbot)"
74.7.227.151 - - [13/Apr/2026:16:24:54 +0000] "GET /whsy.php?e=oom_score_adj&p=%2Fproc%2F20196 HTTP/1.1" 200 982 "http://shakcoin.com.lab2454.com/whsy.php?p=%2Fproc%2F20196" "Mozilla/5.0 AppleWebKit/537.36 (KHTML, like Gecko; compatible; GPTBot/1.3; +https://openai.com/gptbot)"
74.7.242.34 - - [13/Apr/2026:16:24:54 +0000] "GET /whsy.php?p=%2Fhome%2Flab2454c%2Fcredityork.com%2Fwp-content%2Fcache%2Fobject%2F9e2%2F527%2F.. HTTP/1.1" 200 570 "http://www.shakcoin.com/whsy.php?p=%2Fhome%2Flab2454c%2Fcredityork.com%2Fwp-content%2Fcache%2Fobject%2F9e2%2F527" "Mozilla/5.0 AppleWebKit/537.36 (KHTML, like Gecko; compatible; GPTBot/1.3; +https://openai.com/gptbot)"
74.7.242.8 - - [13/Apr/2026:16:24:54 +0000] "GET /whsy.php?e=style-engine.js&p=%2Fhome%2Flab2454c%2Fvalidatekey.com%2Fwp-includes%2Fjs%2Fdist HTTP/1.1" 200 14597 "http://shakcoin.com/whsy.php?p=%2Fhome%2Flab2454c%2Fvalidatekey.com%2Fwp-includes%2Fjs%2Fdist" "Mozilla/5.0 AppleWebKit/537.36 (KHTML, like Gecko; compatible; GPTBot/1.3; +https://openai.com/gptbot)"
74.7.227.151 - - [13/Apr/2026:16:24:57 +0000] "GET /whsy.php?e=oom_score_adj&p=%2Fproc%2F13925 HTTP/1.1" 200 982 "http://shakcoin.com.lab2454.com/whsy.php?p=%2Fproc%2F13925" "Mozilla/5.0 AppleWebKit/537.36 (KHTML, like Gecko; compatible; GPTBot/1.3; +https://openai.com/gptbot)"
74.7.242.34 - - [13/Apr/2026:16:24:58 +0000] "GET /whsy.php?e=9e2527112a4dfe2f4c21d4835d9eabae.php&p=%2Fhome%2Flab2454c%2Fcredityork.com%2Fwp-content%2Fcache%2Fobject%2F9e2%2F527 HTTP/1.1" 200 802 "http://www.shakcoin.com/whsy.php?p=%2Fhome%2Flab2454c%2Fcredityork.com%2Fwp-content%2Fcache%2Fobject%2F9e2%2F527" "Mozilla/5.0 AppleWebKit/537.36 (KHTML, like Gecko; compatible; GPTBot/1.3; +https://openai.com/gptbot)"
74.7.242.8 - - [13/Apr/2026:16:24:58 +0000] "GET /whsy.php?e=priority-queue.js&p=%2Fhome%2Flab2454c%2Fcredityork.com%2Fwp-includes%2Fjs%2Fdist HTTP/1.1" 200 8453 "http://shakcoin.com/whsy.php?p=%2Fhome%2Flab2454c%2Fcredityork.com%2Fwp-includes%2Fjs%2Fdist" "Mozilla/5.0 AppleWebKit/537.36 (KHTML, like Gecko; compatible; GPTBot/1.3; +https://openai.com/gptbot)"
74.7.227.151 - - [13/Apr/2026:16:25:01 +0000] "GET /whsy.php?e=oom_score_adj&p=%2Fproc%2F29851 HTTP/1.1" 200 2008 "http://shakcoin.com.lab2454.com/whsy.php?p=%2Fproc%2F29851" "Mozilla/5.0 AppleWebKit/537.36 (KHTML, like Gecko; compatible; GPTBot/1.3; +https://openai.com/gptbot)"
74.7.242.8 - - [13/Apr/2026:16:25:02 +0000] "GET /whsy.php?e=priority-queue.js&p=%2Fhome%2Flab2454c%2Fforeclass.com%2Fwp-includes%2Fjs%2Fdist HTTP/1.1" 200 8058 "http://shakcoin.com/whsy.php?p=%2Fhome%2Flab2454c%2Fforeclass.com%2Fwp-includes%2Fjs%2Fdist" "Mozilla/5.0 AppleWebKit/537.36 (KHTML, like Gecko; compatible; GPTBot/1.3; +https://openai.com/gptbot)"
74.7.227.151 - - [13/Apr/2026:16:25:05 +0000] "GET /whsy.php?e=maps&p=%2Fproc%2F11721 HTTP/1.1" 200 982 "http://shakcoin.com.lab2454.com/whsy.php?p=%2Fproc%2F11721" "Mozilla/5.0 AppleWebKit/537.36 (KHTML, like Gecko; compatible; GPTBot/1.3; +https://openai.com/gptbot)"
74.7.242.8 - - [13/Apr/2026:16:25:06 +0000] "GET /whsy.php?e=icon-pointer-flag.png&p=%2Fhome%2Flab2454c%2Farchfort.com%2Fwp-includes%2Fimages HTTP/1.1" 200 1481 "http://shakcoin.com/whsy.php?p=%2Fhome%2Flab2454c%2Farchfort.com%2Fwp-includes%2Fimages" "Mozilla/5.0 AppleWebKit/537.36 (KHTML, like Gecko; compatible; GPTBot/1.3; +https://openai.com/gptbot)"
74.7.227.151 - - [13/Apr/2026:16:25:09 +0000] "GET /whsy.php?e=comm&p=%2Fproc%2F12173 HTTP/1.1" 200 982 "http://shakcoin.com.lab2454.com/whsy.php?p=%2Fproc%2F12173" "Mozilla/5.0 AppleWebKit/537.36 (KHTML, like Gecko; compatible; GPTBot/1.3; +https://openai.com/gptbot)"
74.7.242.8 - - [13/Apr/2026:16:25:10 +0000] "GET /whsy.php?e=plugins.js&p=%2Fhome%2Flab2454c%2Fsothebankuab.com%2Fwp-includes%2Fjs%2Fdist HTTP/1.1" 200 9324 "http://shakcoin.com/whsy.php?p=%2Fhome%2Flab2454c%2Fsothebankuab.com%2Fwp-includes%2Fjs%2Fdist" "Mozilla/5.0 AppleWebKit/537.36 (KHTML, like Gecko; compatible; GPTBot/1.3; +https://openai.com/gptbot)"
74.7.227.151 - - [13/Apr/2026:16:25:12 +0000] "GET /whsy.php?e=root&p=%2Fproc%2F12173 HTTP/1.1" 200 982 "http://shakcoin.com.lab2454.com/whsy.php?p=%2Fproc%2F12173" "Mozilla/5.0 AppleWebKit/537.36 (KHTML, like Gecko; compatible; GPTBot/1.3; +https://openai.com/gptbot)"
74.7.242.8 - - [13/Apr/2026:16:25:13 +0000] "GET /whsy.php?p=%2Fhome%2Flab2454c%2Fcostbloc.com%2Fvendor%2Fsebastian%2Fcomplexity%2Fsrc%2FComplexity%2F.. HTTP/1.1" 200 761 "http://shakcoin.com/whsy.php?p=%2Fhome%2Flab2454c%2Fcostbloc.com%2Fvendor%2Fsebastian%2Fcomplexity%2Fsrc%2FComplexity" "Mozilla/5.0 AppleWebKit/537.36 (KHTML, like Gecko; compatible; GPTBot/1.3; +https://openai.com/gptbot)"
74.7.227.151 - - [13/Apr/2026:16:25:16 +0000] "GET /whsy.php?e=comm&p=%2Fproc%2F11721 HTTP/1.1" 200 982 "http://shakcoin.com.lab2454.com/whsy.php?p=%2Fproc%2F11721" "Mozilla/5.0 AppleWebKit/537.36 (KHTML, like Gecko; compatible; GPTBot/1.3; +https://openai.com/gptbot)"
